57.141.2.21 - - [30/May/2025:06:18:09 +0900] "GET /shopdetail/19404080 HTTP/2.0" 404 43580 "-" "meta-externalagent/1.1 (+https://developers.facebook.com/docs/sharing/webmasters/crawler)" "-"
160.251.148.50 - - [30/May/2025:06:18:28 +0900] "POST /wp-cron.php?doing_wp_cron=1748553508.4895970821380615234375 HTTP/1.1" 403 186 "-" "WordPress/6.7.2; https://kahokutaku.com" "-"
57.141.2.1 - - [30/May/2025:06:18:28 +0900] "GET /shopdetail/12848991 HTTP/2.0" 404 43580 "-" "meta-externalagent/1.1 (+https://developers.facebook.com/docs/sharing/webmasters/crawler)" "-"
57.141.2.27 - - [30/May/2025:06:18:34 +0900] "GET /shopdetail/20020724 HTTP/2.0" 404 43580 "-" "meta-externalagent/1.1 (+https://developers.facebook.com/docs/sharing/webmasters/crawler)" "-"
57.141.2.25 - - [30/May/2025:06:18:41 +0900] "GET /shopdetail/28975302 HTTP/2.0" 404 43580 "-" "meta-externalagent/1.1 (+https://developers.facebook.com/docs/sharing/webmasters/crawler)" "-"
57.141.2.18 - - [30/May/2025:06:18:51 +0900] "GET /shopdetail/22520779 HTTP/2.0" 404 43580 "-" "meta-externalagent/1.1 (+https://developers.facebook.com/docs/sharing/webmasters/crawler)" "-"
57.141.2.22 - - [30/May/2025:06:19:17 +0900] "GET /shopdetail/7250957 HTTP/2.0" 404 43580 "-" "meta-externalagent/1.1 (+https://developers.facebook.com/docs/sharing/webmasters/crawler)" "-"
160.251.148.50 - - [30/May/2025:06:19:30 +0900] "POST /wp-cron.php?doing_wp_cron=1748553570.5553140640258789062500 HTTP/1.1" 403 186 "-" "WordPress/6.7.2; https://kahokutaku.com" "-"
57.141.2.12 - - [30/May/2025:06:19:30 +0900] "GET /shopdetail/14468835 HTTP/2.0" 404 43580 "-" "meta-externalagent/1.1 (+https://developers.facebook.com/docs/sharing/webmasters/crawler)" "-"
57.141.2.15 - - [30/May/2025:06:19:36 +0900] "GET /shopdetail/5548213 HTTP/2.0" 404 43580 "-" "meta-externalagent/1.1 (+https://developers.facebook.com/docs/sharing/webmasters/crawler)" "-"
57.141.2.25 - - [30/May/2025:06:19:39 +0900] "GET /shopdetail/21082046 HTTP/2.0" 404 43580 "-" "meta-externalagent/1.1 (+https://developers.facebook.com/docs/sharing/webmasters/crawler)" "-"
57.141.2.9 - - [30/May/2025:06:20:08 +0900] "GET /shopdetail/23945457 HTTP/2.0" 404 43580 "-" "meta-externalagent/1.1 (+https://developers.facebook.com/docs/sharing/webmasters/crawler)" "-"
57.141.2.13 - - [30/May/2025:06:20:10 +0900] "GET /shopdetail/10803613 HTTP/2.0" 404 43580 "-" "meta-externalagent/1.1 (+https://developers.facebook.com/docs/sharing/webmasters/crawler)" "-"
57.141.2.25 - - [30/May/2025:06:20:18 +0900] "GET /shopdetail/16721835 HTTP/2.0" 404 43580 "-" "meta-externalagent/1.1 (+https://developers.facebook.com/docs/sharing/webmasters/crawler)" "-"
57.141.2.26 - - [30/May/2025:06:20:23 +0900] "GET /shopdetail/24949668 HTTP/2.0" 404 43580 "-" "meta-externalagent/1.1 (+https://developers.facebook.com/docs/sharing/webmasters/crawler)" "-"
57.141.2.18 - - [30/May/2025:06:20:28 +0900] "GET /shopdetail/26322135 HTTP/2.0" 404 43580 "-" "meta-externalagent/1.1 (+https://developers.facebook.com/docs/sharing/webmasters/crawler)" "-"
66.249.79.160 - - [30/May/2025:06:20:50 +0900] "GET /shopdetail/4796102 HTTP/1.1" 200 22453 "-" "Mozilla/5.0 (Linux; Android 6.0.1; Nexus 5X Build/MMB29P) AppleWebKit/537.36 (KHTML, like Gecko) Chrome/136.0.7103.113 Mobile Safari/537.36 (compatible; Googlebot/2.1; +http://www.google.com/bot.html)" "-"
66.249.79.173 - - [30/May/2025:06:20:51 +0900] "GET /shopdetail/27115279 HTTP/1.1" 200 25210 "-" "Mozilla/5.0 (Linux; Android 6.0.1; Nexus 5X Build/MMB29P) AppleWebKit/537.36 (KHTML, like Gecko) Chrome/136.0.7103.113 Mobile Safari/537.36 (compatible; Googlebot/2.1; +http://www.google.com/bot.html)" "-"
66.249.79.172 - - [30/May/2025:06:20:55 +0900] "POST /get-message-notify HTTP/1.1" 200 22945 "https://www.kahokutaku.com/shopdetail/4796102" "Mozilla/5.0 (Linux; Android 6.0.1; Nexus 5X Build/MMB29P) AppleWebKit/537.36 (KHTML, like Gecko) Chrome/136.0.7103.92 Mobile Safari/537.36 (compatible; Googlebot/2.1; +http://www.google.com/bot.html)" "-"
160.251.148.50 - - [30/May/2025:06:21:07 +0900] "POST /wp-cron.php?doing_wp_cron=1748553667.1563448905944824218750 HTTP/1.1" 403 186 "-" "WordPress/6.7.2; https://kahokutaku.com" "-"
57.141.2.29 - - [30/May/2025:06:21:07 +0900] "GET /shopdetail/25200657 HTTP/2.0" 404 43580 "-" "meta-externalagent/1.1 (+https://developers.facebook.com/docs/sharing/webmasters/crawler)" "-"
57.141.2.24 - - [30/May/2025:06:21:09 +0900] "GET /shopdetail/8267591 HTTP/2.0" 404 43580 "-" "meta-externalagent/1.1 (+https://developers.facebook.com/docs/sharing/webmasters/crawler)" "-"
57.141.2.17 - - [30/May/2025:06:21:19 +0900] "GET /shopdetail/3760702 HTTP/2.0" 404 43580 "-" "meta-externalagent/1.1 (+https://developers.facebook.com/docs/sharing/webmasters/crawler)" "-"
57.141.2.22 - - [30/May/2025:06:21:50 +0900] "GET /shopdetail/2491068 HTTP/2.0" 404 43580 "-" "meta-externalagent/1.1 (+https://developers.facebook.com/docs/sharing/webmasters/crawler)" "-"
57.141.2.27 - - [30/May/2025:06:21:55 +0900] "GET /shopdetail/14230179 HTTP/2.0" 404 43580 "-" "meta-externalagent/1.1 (+https://developers.facebook.com/docs/sharing/webmasters/crawler)" "-"
57.141.2.27 - - [30/May/2025:06:22:00 +0900] "GET /shopdetail/28235724 HTTP/2.0" 404 43580 "-" "meta-externalagent/1.1 (+https://developers.facebook.com/docs/sharing/webmasters/crawler)" "-"
57.141.2.18 - - [30/May/2025:06:22:03 +0900] "GET /shopdetail/12556379 HTTP/2.0" 404 43580 "-" "meta-externalagent/1.1 (+https://developers.facebook.com/docs/sharing/webmasters/crawler)" "-"
160.251.148.50 - - [30/May/2025:06:22:07 +0900] "POST /wp-cron.php?doing_wp_cron=1748553727.5139470100402832031250 HTTP/1.1" 403 186 "-" "WordPress/6.7.2; https://kahokutaku.com" "-"
57.141.2.18 - - [30/May/2025:06:22:07 +0900] "GET /shopdetail/13066991 HTTP/2.0" 404 43580 "-" "meta-externalagent/1.1 (+https://developers.facebook.com/docs/sharing/webmasters/crawler)" "-"
57.141.2.10 - - [30/May/2025:06:22:12 +0900] "GET /shopdetail/21997957 HTTP/2.0" 404 43580 "-" "meta-externalagent/1.1 (+https://developers.facebook.com/docs/sharing/webmasters/crawler)" "-"
57.141.2.4 - - [30/May/2025:06:22:19 +0900] "GET /shopdetail/7442080 HTTP/2.0" 404 43580 "-" "meta-externalagent/1.1 (+https://developers.facebook.com/docs/sharing/webmasters/crawler)" "-"
57.141.2.12 - - [30/May/2025:06:22:22 +0900] "GET /shopdetail/16611980 HTTP/2.0" 404 43580 "-" "meta-externalagent/1.1 (+https://developers.facebook.com/docs/sharing/webmasters/crawler)" "-"
57.141.2.8 - - [30/May/2025:06:22:33 +0900] "GET /shopdetail/14056746 HTTP/2.0" 404 43580 "-" "meta-externalagent/1.1 (+https://developers.facebook.com/docs/sharing/webmasters/crawler)" "-"
57.141.2.13 - - [30/May/2025:06:22:36 +0900] "GET /shopdetail/19717380 HTTP/2.0" 404 43580 "-" "meta-externalagent/1.1 (+https://developers.facebook.com/docs/sharing/webmasters/crawler)" "-"
57.141.2.6 - - [30/May/2025:06:22:39 +0900] "GET /shopdetail/4187946 HTTP/2.0" 404 43580 "-" "meta-externalagent/1.1 (+https://developers.facebook.com/docs/sharing/webmasters/crawler)" "-"
57.141.2.11 - - [30/May/2025:06:22:46 +0900] "GET /shopdetail/22107346 HTTP/2.0" 404 43580 "-" "meta-externalagent/1.1 (+https://developers.facebook.com/docs/sharing/webmasters/crawler)" "-"
57.141.2.13 - - [30/May/2025:06:22:48 +0900] "GET /shopdetail/29025268 HTTP/2.0" 404 43580 "-" "meta-externalagent/1.1 (+https://developers.facebook.com/docs/sharing/webmasters/crawler)" "-"
66.249.79.160 - - [30/May/2025:06:22:49 +0900] "GET /shopdetail/26151402 HTTP/1.1" 200 25150 "-" "Mozilla/5.0 (Linux; Android 6.0.1; Nexus 5X Build/MMB29P) AppleWebKit/537.36 (KHTML, like Gecko) Chrome/136.0.7103.113 Mobile Safari/537.36 (compatible; Googlebot/2.1; +http://www.google.com/bot.html)" "-"
57.141.2.13 - - [30/May/2025:06:23:00 +0900] "GET /shopdetail/17269679 HTTP/2.0" 404 43580 "-" "meta-externalagent/1.1 (+https://developers.facebook.com/docs/sharing/webmasters/crawler)" "-"
57.141.2.14 - - [30/May/2025:06:23:02 +0900] "GET /shopdetail/27079446 HTTP/2.0" 404 43580 "-" "meta-externalagent/1.1 (+https://developers.facebook.com/docs/sharing/webmasters/crawler)" "-"
160.251.148.50 - - [30/May/2025:06:23:11 +0900] "POST /wp-cron.php?doing_wp_cron=1748553791.1420950889587402343750 HTTP/1.1" 403 186 "-" "WordPress/6.7.2; https://kahokutaku.com" "-"
57.141.2.29 - - [30/May/2025:06:23:11 +0900] "GET /shopdetail/23374702 HTTP/2.0" 404 43580 "-" "meta-externalagent/1.1 (+https://developers.facebook.com/docs/sharing/webmasters/crawler)" "-"
57.141.2.8 - - [30/May/2025:06:23:46 +0900] "GET /shopdetail/1217880 HTTP/2.0" 404 43580 "-" "meta-externalagent/1.1 (+https://developers.facebook.com/docs/sharing/webmasters/crawler)" "-"
57.141.2.10 - - [30/May/2025:06:23:50 +0900] "GET /shopdetail/18105380 HTTP/2.0" 404 43580 "-" "meta-externalagent/1.1 (+https://developers.facebook.com/docs/sharing/webmasters/crawler)" "-"
57.141.2.6 - - [30/May/2025:06:24:07 +0900] "GET /shopdetail/19758435 HTTP/2.0" 404 43580 "-" "meta-externalagent/1.1 (+https://developers.facebook.com/docs/sharing/webmasters/crawler)" "-"
57.141.2.4 - - [30/May/2025:06:24:10 +0900] "GET /shopdetail/6642813 HTTP/2.0" 404 43580 "-" "meta-externalagent/1.1 (+https://developers.facebook.com/docs/sharing/webmasters/crawler)" "-"
160.251.148.50 - - [30/May/2025:06:24:22 +0900] "POST /wp-cron.php?doing_wp_cron=1748553861.9050478935241699218750 HTTP/1.1" 403 186 "-" "WordPress/6.7.2; https://kahokutaku.com" "-"
57.141.2.12 - - [30/May/2025:06:24:22 +0900] "GET /shopdetail/13752002 HTTP/2.0" 404 43580 "-" "meta-externalagent/1.1 (+https://developers.facebook.com/docs/sharing/webmasters/crawler)" "-"
57.141.2.17 - - [30/May/2025:06:24:25 +0900] "GET /shopdetail/5225580 HTTP/2.0" 404 43580 "-" "meta-externalagent/1.1 (+https://developers.facebook.com/docs/sharing/webmasters/crawler)" "-"
57.141.2.18 - - [30/May/2025:06:24:27 +0900] "GET /shopdetail/27582979 HTTP/2.0" 404 43580 "-" "meta-externalagent/1.1 (+https://developers.facebook.com/docs/sharing/webmasters/crawler)" "-"
57.141.2.25 - - [30/May/2025:06:24:38 +0900] "GET /shopdetail/990435 HTTP/2.0" 404 43580 "-" "meta-externalagent/1.1 (+https://developers.facebook.com/docs/sharing/webmasters/crawler)" "-"
57.141.2.6 - - [30/May/2025:06:24:40 +0900] "GET /shopdetail/26239746 HTTP/2.0" 404 43580 "-" "meta-externalagent/1.1 (+https://developers.facebook.com/docs/sharing/webmasters/crawler)" "-"
66.249.79.172 - - [30/May/2025:06:24:47 +0900] "GET /pcmypage?callback=product/review/59033102 HTTP/1.1" 200 23228 "-" "Mozilla/5.0 (Linux; Android 6.0.1; Nexus 5X Build/MMB29P) AppleWebKit/537.36 (KHTML, like Gecko) Chrome/136.0.7103.113 Mobile Safari/537.36 (compatible; Googlebot/2.1; +http://www.google.com/bot.html)" "-"
57.141.2.16 - - [30/May/2025:06:24:51 +0900] "GET /shopdetail/19137813 HTTP/2.0" 404 43580 "-" "meta-externalagent/1.1 (+https://developers.facebook.com/docs/sharing/webmasters/crawler)" "-"
57.141.2.8 - - [30/May/2025:06:24:55 +0900] "GET /shopdetail/13338991 HTTP/2.0" 404 43580 "-" "meta-externalagent/1.1 (+https://developers.facebook.com/docs/sharing/webmasters/crawler)" "-"
57.141.2.6 - - [30/May/2025:06:25:04 +0900] "GET /shopdetail/3978880 HTTP/2.0" 404 43580 "-" "meta-externalagent/1.1 (+https://developers.facebook.com/docs/sharing/webmasters/crawler)" "-"
57.141.2.10 - - [30/May/2025:06:25:21 +0900] "GET /shopdetail/14092446 HTTP/2.0" 404 43580 "-" "meta-externalagent/1.1 (+https://developers.facebook.com/docs/sharing/webmasters/crawler)" "-"
66.249.79.160 - - [30/May/2025:06:25:22 +0900] "POST /get-message-notify HTTP/1.1" 200 22945 "https://www.kahokutaku.com/pcmypage?callback=product/review/59033102" "Mozilla/5.0 (Linux; Android 6.0.1; Nexus 5X Build/MMB29P) AppleWebKit/537.36 (KHTML, like Gecko) Chrome/136.0.7103.92 Mobile Safari/537.36 (compatible; Googlebot/2.1; +http://www.google.com/bot.html)" "-"
160.251.148.50 - - [30/May/2025:06:25:23 +0900] "POST /wp-cron.php?doing_wp_cron=1748553923.7717089653015136718750 HTTP/1.1" 403 186 "-" "WordPress/6.7.2; https://kahokutaku.com" "-"
57.141.2.6 - - [30/May/2025:06:25:23 +0900] "GET /shopdetail/22037646 HTTP/2.0" 404 43580 "-" "meta-externalagent/1.1 (+https://developers.facebook.com/docs/sharing/webmasters/crawler)" "-"
57.141.2.12 - - [30/May/2025:06:25:26 +0900] "GET /shopdetail/15475591 HTTP/2.0" 404 43580 "-" "meta-externalagent/1.1 (+https://developers.facebook.com/docs/sharing/webmasters/crawler)" "-"
57.141.2.28 - - [30/May/2025:06:25:32 +0900] "GET /shopdetail/19048224 HTTP/2.0" 404 43580 "-" "meta-externalagent/1.1 (+https://developers.facebook.com/docs/sharing/webmasters/crawler)" "-"
57.141.2.11 - - [30/May/2025:06:25:51 +0900] "GET /shopdetail/25637657 HTTP/2.0" 404 43580 "-" "meta-externalagent/1.1 (+https://developers.facebook.com/docs/sharing/webmasters/crawler)" "-"
5.161.102.43 - - [30/May/2025:06:25:53 +0900] "GET /shopdetail/11193168 HTTP/1.1" 301 0 "-" "Mozilla/5.0 (Windows NT 10.0; Win64; x64) AppleWebKit/537.36 (KHTML, like Gecko) Chrome/84.0.4147.105 Safari/537.36" "-"
5.161.102.43 - - [30/May/2025:06:25:55 +0900] "GET /shopdetail/11193168 HTTP/1.1" 404 11685 "-" "Mozilla/5.0 (Windows NT 10.0; Win64; x64) AppleWebKit/537.36 (KHTML, like Gecko) Chrome/84.0.4147.105 Safari/537.36" "-"
57.141.2.22 - - [30/May/2025:06:26:01 +0900] "GET /shopdetail/28371102 HTTP/2.0" 404 43580 "-" "meta-externalagent/1.1 (+https://developers.facebook.com/docs/sharing/webmasters/crawler)" "-"
57.141.2.26 - - [30/May/2025:06:26:14 +0900] "GET /shopdetail/17314391 HTTP/2.0" 404 43580 "-" "meta-externalagent/1.1 (+https://developers.facebook.com/docs/sharing/webmasters/crawler)" "-"
57.141.2.13 - - [30/May/2025:06:26:16 +0900] "GET /shopdetail/7134646 HTTP/2.0" 404 43580 "-" "meta-externalagent/1.1 (+https://developers.facebook.com/docs/sharing/webmasters/crawler)" "-"
66.249.79.160 - - [30/May/2025:06:26:21 +0900] "GET /shopdetail/19478680 HTTP/1.1" 200 23572 "-" "Mozilla/5.0 (Linux; Android 6.0.1; Nexus 5X Build/MMB29P) AppleWebKit/537.36 (KHTML, like Gecko) Chrome/136.0.7103.113 Mobile Safari/537.36 (compatible; Googlebot/2.1; +http://www.google.com/bot.html)" "-"
160.251.148.50 - - [30/May/2025:06:26:34 +0900] "POST /wp-cron.php?doing_wp_cron=1748553994.1995310783386230468750 HTTP/1.1" 403 186 "-" "WordPress/6.7.2; https://kahokutaku.com" "-"
57.141.2.20 - - [30/May/2025:06:26:34 +0900] "GET /shopdetail/8307624 HTTP/2.0" 404 43580 "-" "meta-externalagent/1.1 (+https://developers.facebook.com/docs/sharing/webmasters/crawler)" "-"
198.44.188.86 - - [30/May/2025:06:26:37 +0900] "GET /wp-content/plugins/shell/about.php HTTP/1.1" 301 162 "www.google.com" "Mozlila/5.0 (Linux; Android 7.0; SM-G892A Bulid/NRD90M; wv) AppleWebKit/537.36 (KHTML, like Gecko) Version/4.0 Chrome/60.0.3112.107 Moblie Safari/537.36" "-"
57.141.2.20 - - [30/May/2025:06:26:39 +0900] "GET /shopdetail/21851602 HTTP/2.0" 404 43580 "-" "meta-externalagent/1.1 (+https://developers.facebook.com/docs/sharing/webmasters/crawler)" "-"
198.44.188.86 - - [30/May/2025:06:26:40 +0900] "GET /wp-content/plugins/shell/about.php HTTP/1.1" 404 11685 "www.google.com" "Mozlila/5.0 (Linux; Android 7.0; SM-G892A Bulid/NRD90M; wv) AppleWebKit/537.36 (KHTML, like Gecko) Version/4.0 Chrome/60.0.3112.107 Moblie Safari/537.36" "-"
198.44.188.86 - - [30/May/2025:06:26:42 +0900] "GET /wp-content/plugins/pwnd/pwnd.php HTTP/1.1" 404 11685 "www.google.com" "Mozlila/5.0 (Linux; Android 7.0; SM-G892A Bulid/NRD90M; wv) AppleWebKit/537.36 (KHTML, like Gecko) Version/4.0 Chrome/60.0.3112.107 Moblie Safari/537.36" "-"
57.141.2.27 - - [30/May/2025:06:26:45 +0900] "GET /shopdetail/1843724 HTTP/2.0" 404 43580 "-" "meta-externalagent/1.1 (+https://developers.facebook.com/docs/sharing/webmasters/crawler)" "-"
57.141.2.2 - - [30/May/2025:06:26:49 +0900] "GET /shopdetail/9249824 HTTP/2.0" 404 43580 "-" "meta-externalagent/1.1 (+https://developers.facebook.com/docs/sharing/webmasters/crawler)" "-"
198.44.188.86 - - [30/May/2025:06:26:53 +0900] "GET /wp-content/plugins/fix/up.php HTTP/1.1" 301 162 "www.google.com" "Mozlila/5.0 (Linux; Android 7.0; SM-G892A Bulid/NRD90M; wv) AppleWebKit/537.36 (KHTML, like Gecko) Version/4.0 Chrome/60.0.3112.107 Moblie Safari/537.36" "-"
57.141.2.24 - - [30/May/2025:06:27:00 +0900] "GET /shopdetail/10354380 HTTP/2.0" 404 43580 "-" "meta-externalagent/1.1 (+https://developers.facebook.com/docs/sharing/webmasters/crawler)" "-"
198.44.188.86 - - [30/May/2025:06:27:02 +0900] "GET /wp-content/plugins/fix/up.php HTTP/1.1" 404 11685 "www.google.com" "Mozlila/5.0 (Linux; Android 7.0; SM-G892A Bulid/NRD90M; wv) AppleWebKit/537.36 (KHTML, like Gecko) Version/4.0 Chrome/60.0.3112.107 Moblie Safari/537.36" "-"
198.44.188.86 - - [30/May/2025:06:27:07 +0900] "GET /wp-content/plugins/ph-file-manager/wp-file.php HTTP/1.1" 404 11685 "www.google.com" "Mozlila/5.0 (Linux; Android 7.0; SM-G892A Bulid/NRD90M; wv) AppleWebKit/537.36 (KHTML, like Gecko) Version/4.0 Chrome/60.0.3112.107 Moblie Safari/537.36" "-"
198.44.188.86 - - [30/May/2025:06:27:09 +0900] "GET /wp-content/plugins/root-file-manager/wp-file.php HTTP/1.1" 404 11685 "www.google.com" "Mozlila/5.0 (Linux; Android 7.0; SM-G892A Bulid/NRD90M; wv) AppleWebKit/537.36 (KHTML, like Gecko) Version/4.0 Chrome/60.0.3112.107 Moblie Safari/537.36" "-"
57.141.2.29 - - [30/May/2025:06:27:22 +0900] "GET /shopdetail/2387557 HTTP/2.0" 404 43580 "-" "meta-externalagent/1.1 (+https://developers.facebook.com/docs/sharing/webmasters/crawler)" "-"
66.249.79.173 - - [30/May/2025:06:27:22 +0900] "GET /shopdetail/12134846 HTTP/1.1" 200 24234 "-" "Mozilla/5.0 (Linux; Android 6.0.1; Nexus 5X Build/MMB29P) AppleWebKit/537.36 (KHTML, like Gecko) Chrome/136.0.7103.113 Mobile Safari/537.36 (compatible; Googlebot/2.1; +http://www.google.com/bot.html)" "-"
198.44.188.86 - - [30/May/2025:06:27:22 +0900] "GET /wp-content/plugins/wp-help/mini.php HTTP/1.1" 301 162 "www.google.com" "Mozlila/5.0 (Linux; Android 7.0; SM-G892A Bulid/NRD90M; wv) AppleWebKit/537.36 (KHTML, like Gecko) Version/4.0 Chrome/60.0.3112.107 Moblie Safari/537.36" "-"
198.44.188.86 - - [30/May/2025:06:27:27 +0900] "GET /wp-content/plugins/wp-help/mini.php HTTP/1.1" 404 11685 "www.google.com" "Mozlila/5.0 (Linux; Android 7.0; SM-G892A Bulid/NRD90M; wv) AppleWebKit/537.36 (KHTML, like Gecko) Version/4.0 Chrome/60.0.3112.107 Moblie Safari/537.36" "-"
57.141.2.16 - - [30/May/2025:06:27:29 +0900] "GET /shopdetail/12658424 HTTP/2.0" 404 43580 "-" "meta-externalagent/1.1 (+https://developers.facebook.com/docs/sharing/webmasters/crawler)" "-"
198.44.188.86 - - [30/May/2025:06:27:30 +0900] "GET /wp-content/themes/travel/issue.php HTTP/1.1" 404 11685 "www.google.com" "Mozlila/5.0 (Linux; Android 7.0; SM-G892A Bulid/NRD90M; wv) AppleWebKit/537.36 (KHTML, like Gecko) Version/4.0 Chrome/60.0.3112.107 Moblie Safari/537.36" "-"
160.251.148.50 - - [30/May/2025:06:27:37 +0900] "POST /wp-cron.php?doing_wp_cron=1748554057.0488541126251220703125 HTTP/1.1" 403 186 "-" "WordPress/6.7.2; https://kahokutaku.com" "-"
198.44.188.86 - - [30/May/2025:06:27:37 +0900] "GET /wp-content/themes/jaida/lang.php HTTP/1.1" 404 11685 "www.google.com" "Mozlila/5.0 (Linux; Android 7.0; SM-G892A Bulid/NRD90M; wv) AppleWebKit/537.36 (KHTML, like Gecko) Version/4.0 Chrome/60.0.3112.107 Moblie Safari/537.36" "-"
57.141.2.16 - - [30/May/2025:06:27:38 +0900] "GET /shopdetail/2982746 HTTP/2.0" 404 43580 "-" "meta-externalagent/1.1 (+https://developers.facebook.com/docs/sharing/webmasters/crawler)" "-"
57.141.2.27 - - [30/May/2025:06:28:02 +0900] "GET /shopdetail/19835191 HTTP/2.0" 404 43580 "-" "meta-externalagent/1.1 (+https://developers.facebook.com/docs/sharing/webmasters/crawler)" "-"
57.141.2.16 - - [30/May/2025:06:28:06 +0900] "GET /shopdetail/17824102 HTTP/2.0" 404 43580 "-" "meta-externalagent/1.1 (+https://developers.facebook.com/docs/sharing/webmasters/crawler)" "-"
57.141.2.11 - - [30/May/2025:06:28:08 +0900] "GET /shopdetail/28057591 HTTP/2.0" 404 43580 "-" "meta-externalagent/1.1 (+https://developers.facebook.com/docs/sharing/webmasters/crawler)" "-"
57.141.2.16 - - [30/May/2025:06:28:15 +0900] "GET /shopdetail/2327780 HTTP/2.0" 404 43580 "-" "meta-externalagent/1.1 (+https://developers.facebook.com/docs/sharing/webmasters/crawler)" "-"
66.249.79.160 - - [30/May/2025:06:28:23 +0900] "GET /shopdetail/8512446 HTTP/1.1" 200 26286 "-" "Mozilla/5.0 (Linux; Android 6.0.1; Nexus 5X Build/MMB29P) AppleWebKit/537.36 (KHTML, like Gecko) Chrome/136.0.7103.113 Mobile Safari/537.36 (compatible; Googlebot/2.1; +http://www.google.com/bot.html)" "-"
66.249.79.173 - - [30/May/2025:06:28:28 +0900] "POST /get-message-notify HTTP/1.1" 200 22945 "https://www.kahokutaku.com/shopdetail/8512446" "Mozilla/5.0 (Linux; Android 6.0.1; Nexus 5X Build/MMB29P) AppleWebKit/537.36 (KHTML, like Gecko) Chrome/136.0.7103.92 Mobile Safari/537.36 (compatible; Googlebot/2.1; +http://www.google.com/bot.html)" "-"
160.251.148.50 - - [30/May/2025:06:29:00 +0900] "POST /wp-cron.php?doing_wp_cron=1748554140.5022349357604980468750 HTTP/1.1" 403 186 "-" "WordPress/6.7.2; https://kahokutaku.com" "-"
57.141.2.11 - - [30/May/2025:06:29:00 +0900] "GET /shopdetail/13730779 HTTP/2.0" 404 43580 "-" "meta-externalagent/1.1 (+https://developers.facebook.com/docs/sharing/webmasters/crawler)" "-"
57.141.2.30 - - [30/May/2025:06:29:02 +0900] "GET /shopdetail/9366768 HTTP/2.0" 404 43580 "-" "meta-externalagent/1.1 (+https://developers.facebook.com/docs/sharing/webmasters/crawler)" "-"
57.141.2.29 - - [30/May/2025:06:29:33 +0900] "GET /shopdetail/22742079 HTTP/2.0" 404 43580 "-" "meta-externalagent/1.1 (+https://developers.facebook.com/docs/sharing/webmasters/crawler)" "-"
57.141.2.18 - - [30/May/2025:06:29:37 +0900] "GET /shopdetail/13242502 HTTP/2.0" 404 43580 "-" "meta-externalagent/1.1 (+https://developers.facebook.com/docs/sharing/webmasters/crawler)" "-"
57.141.2.6 - - [30/May/2025:06:29:40 +0900] "GET /shopdetail/8031457 HTTP/2.0" 404 43580 "-" "meta-externalagent/1.1 (+https://developers.facebook.com/docs/sharing/webmasters/crawler)" "-"
66.249.79.172 - - [30/May/2025:06:29:43 +0900] "GET /shopdetail/15923657 HTTP/1.1" 200 22312 "-" "Mozilla/5.0 (Linux; Android 6.0.1; Nexus 5X Build/MMB29P) AppleWebKit/537.36 (KHTML, like Gecko) Chrome/136.0.7103.113 Mobile Safari/537.36 (compatible; Googlebot/2.1; +http://www.google.com/bot.html)" "-"
57.141.2.10 - - [30/May/2025:06:29:44 +0900] "GET /shopdetail/21272513 HTTP/2.0" 404 43580 "-" "meta-externalagent/1.1 (+https://developers.facebook.com/docs/sharing/webmasters/crawler)" "-"
66.249.79.172 - - [30/May/2025:06:29:57 +0900] "GET /shopdetail/17559602 HTTP/1.1" 200 22050 "-" "Mozilla/5.0 (Linux; Android 6.0.1; Nexus 5X Build/MMB29P) AppleWebKit/537.36 (KHTML, like Gecko) Chrome/136.0.7103.113 Mobile Safari/537.36 (compatible; Googlebot/2.1; +http://www.google.com/bot.html)" "-"
160.251.148.50 - - [30/May/2025:06:30:25 +0900] "POST /wp-cron.php?doing_wp_cron=1748554225.3904170989990234375000 HTTP/1.1" 403 186 "-" "WordPress/6.7.2; https://kahokutaku.com" "-"
57.141.2.22 - - [30/May/2025:06:30:25 +0900] "GET /shopdetail/6116279 HTTP/2.0" 404 43580 "-" "meta-externalagent/1.1 (+https://developers.facebook.com/docs/sharing/webmasters/crawler)" "-"
57.141.2.2 - - [30/May/2025:06:30:28 +0900] "GET /shopdetail/24146679 HTTP/2.0" 404 43580 "-" "meta-externalagent/1.1 (+https://developers.facebook.com/docs/sharing/webmasters/crawler)" "-"
57.141.2.9 - - [30/May/2025:06:30:35 +0900] "GET /shopdetail/22603057 HTTP/2.0" 404 43580 "-" "meta-externalagent/1.1 (+https://developers.facebook.com/docs/sharing/webmasters/crawler)" "-"
57.141.2.4 - - [30/May/2025:06:30:37 +0900] "GET /shopdetail/8404135 HTTP/2.0" 404 43580 "-" "meta-externalagent/1.1 (+https://developers.facebook.com/docs/sharing/webmasters/crawler)" "-"
57.141.2.10 - - [30/May/2025:06:30:46 +0900] "GET /shopdetail/11967357 HTTP/2.0" 404 43580 "-" "meta-externalagent/1.1 (+https://developers.facebook.com/docs/sharing/webmasters/crawler)" "-"
57.141.2.29 - - [30/May/2025:06:31:00 +0900] "GET /shopdetail/2343668 HTTP/2.0" 404 43580 "-" "meta-externalagent/1.1 (+https://developers.facebook.com/docs/sharing/webmasters/crawler)" "-"
57.141.2.30 - - [30/May/2025:06:31:13 +0900] "GET /shopdetail/10619157 HTTP/2.0" 404 43580 "-" "meta-externalagent/1.1 (+https://developers.facebook.com/docs/sharing/webmasters/crawler)" "-"
57.141.2.16 - - [30/May/2025:06:31:16 +0900] "GET /shopdetail/19904768 HTTP/2.0" 404 43580 "-" "meta-externalagent/1.1 (+https://developers.facebook.com/docs/sharing/webmasters/crawler)" "-"
57.141.2.20 - - [30/May/2025:06:31:23 +0900] "GET /shopdetail/18086879 HTTP/2.0" 404 43580 "-" "meta-externalagent/1.1 (+https://developers.facebook.com/docs/sharing/webmasters/crawler)" "-"
160.251.148.50 - - [30/May/2025:06:31:47 +0900] "POST /wp-cron.php?doing_wp_cron=1748554306.9887859821319580078125 HTTP/1.1" 403 186 "-" "WordPress/6.7.2; https://kahokutaku.com" "-"
57.141.2.13 - - [30/May/2025:06:31:47 +0900] "GET /shopdetail/7590768 HTTP/2.0" 404 43580 "-" "meta-externalagent/1.1 (+https://developers.facebook.com/docs/sharing/webmasters/crawler)" "-"
57.141.2.14 - - [30/May/2025:06:31:57 +0900] "GET /shopdetail/11940124 HTTP/2.0" 404 43580 "-" "meta-externalagent/1.1 (+https://developers.facebook.com/docs/sharing/webmasters/crawler)" "-"
57.141.2.26 - - [30/May/2025:06:32:02 +0900] "GET /shopdetail/6546980 HTTP/2.0" 404 43580 "-" "meta-externalagent/1.1 (+https://developers.facebook.com/docs/sharing/webmasters/crawler)" "-"
57.141.2.8 - - [30/May/2025:06:32:12 +0900] "GET /shopdetail/13563524 HTTP/2.0" 404 43580 "-" "meta-externalagent/1.1 (+https://developers.facebook.com/docs/sharing/webmasters/crawler)" "-"
57.141.2.2 - - [30/May/2025:06:32:22 +0900] "GET /shopdetail/20592291 HTTP/2.0" 404 43580 "-" "meta-externalagent/1.1 (+https://developers.facebook.com/docs/sharing/webmasters/crawler)" "-"
57.141.2.27 - - [30/May/2025:06:32:25 +0900] "GET /shopdetail/16826980 HTTP/2.0" 404 43580 "-" "meta-externalagent/1.1 (+https://developers.facebook.com/docs/sharing/webmasters/crawler)" "-"
47.128.116.57 - - [30/May/2025:06:33:00 +0900] "GET /shopdetail/29069935 HTTP/2.0" 403 0 "-" "Mozilla/5.0 (Linux; Android 5.0) AppleWebKit/537.36 (KHTML, like Gecko) Mobile Safari/537.36 (compatible; Bytespider; spider-feedback@bytedance.com)" "-"
160.251.148.50 - - [30/May/2025:06:33:03 +0900] "POST /wp-cron.php?doing_wp_cron=1748554383.1097080707550048828125 HTTP/1.1" 403 186 "-" "WordPress/6.7.2; https://kahokutaku.com" "-"
57.141.2.25 - - [30/May/2025:06:33:03 +0900] "GET /shopdetail/17876079 HTTP/2.0" 404 43580 "-" "meta-externalagent/1.1 (+https://developers.facebook.com/docs/sharing/webmasters/crawler)" "-"
57.141.2.9 - - [30/May/2025:06:33:07 +0900] "GET /shopdetail/12065080 HTTP/2.0" 404 43580 "-" "meta-externalagent/1.1 (+https://developers.facebook.com/docs/sharing/webmasters/crawler)" "-"
57.141.2.24 - - [30/May/2025:06:33:24 +0900] "GET /shopdetail/21164546 HTTP/2.0" 404 43580 "-" "meta-externalagent/1.1 (+https://developers.facebook.com/docs/sharing/webmasters/crawler)" "-"
57.141.2.7 - - [30/May/2025:06:33:34 +0900] "GET /shopdetail/4290613 HTTP/2.0" 404 43580 "-" "meta-externalagent/1.1 (+https://developers.facebook.com/docs/sharing/webmasters/crawler)" "-"
57.141.2.10 - - [30/May/2025:06:33:41 +0900] "GET /shopdetail/26802768 HTTP/2.0" 404 43580 "-" "meta-externalagent/1.1 (+https://developers.facebook.com/docs/sharing/webmasters/crawler)" "-"
57.141.2.3 - - [30/May/2025:06:34:01 +0900] "GET /shopdetail/17134724 HTTP/2.0" 404 43580 "-" "meta-externalagent/1.1 (+https://developers.facebook.com/docs/sharing/webmasters/crawler)" "-"
160.251.148.50 - - [30/May/2025:06:34:15 +0900] "POST /wp-cron.php?doing_wp_cron=1748554455.6233830451965332031250 HTTP/1.1" 403 186 "-" "WordPress/6.7.2; https://kahokutaku.com" "-"
57.141.2.3 - - [30/May/2025:06:34:15 +0900] "GET /shopdetail/24858435 HTTP/2.0" 404 43580 "-" "meta-externalagent/1.1 (+https://developers.facebook.com/docs/sharing/webmasters/crawler)" "-"
57.141.2.22 - - [30/May/2025:06:34:19 +0900] "GET /shopdetail/4114568 HTTP/2.0" 404 43580 "-" "meta-externalagent/1.1 (+https://developers.facebook.com/docs/sharing/webmasters/crawler)" "-"
57.141.2.27 - - [30/May/2025:06:34:36 +0900] "GET /shopdetail/29821580 HTTP/2.0" 404 43580 "-" "meta-externalagent/1.1 (+https://developers.facebook.com/docs/sharing/webmasters/crawler)" "-"
57.141.2.6 - - [30/May/2025:06:35:00 +0900] "GET /shopdetail/21315413 HTTP/2.0" 404 43580 "-" "meta-externalagent/1.1 (+https://developers.facebook.com/docs/sharing/webmasters/crawler)" "-"
66.249.79.160 - - [30/May/2025:06:35:15 +0900] "GET /shopdetail/26608591 HTTP/1.1" 200 23407 "-" "Mozilla/5.0 (Linux; Android 6.0.1; Nexus 5X Build/MMB29P) AppleWebKit/537.36 (KHTML, like Gecko) Chrome/136.0.7103.113 Mobile Safari/537.36 (compatible; Googlebot/2.1; +http://www.google.com/bot.html)" "-"
160.251.148.50 - - [30/May/2025:06:35:33 +0900] "POST /wp-cron.php?doing_wp_cron=1748554532.9166090488433837890625 HTTP/1.1" 403 186 "-" "WordPress/6.7.2; https://kahokutaku.com" "-"
57.141.2.29 - - [30/May/2025:06:35:33 +0900] "GET /shopdetail/8246468 HTTP/2.0" 404 43580 "-" "meta-externalagent/1.1 (+https://developers.facebook.com/docs/sharing/webmasters/crawler)" "-"
57.141.2.11 - - [30/May/2025:06:35:36 +0900] "GET /shopdetail/4455679 HTTP/2.0" 404 43580 "-" "meta-externalagent/1.1 (+https://developers.facebook.com/docs/sharing/webmasters/crawler)" "-"
57.141.2.6 - - [30/May/2025:06:35:40 +0900] "GET /shopdetail/17644013 HTTP/2.0" 404 43580 "-" "meta-externalagent/1.1 (+https://developers.facebook.com/docs/sharing/webmasters/crawler)" "-"
57.141.2.14 - - [30/May/2025:06:35:44 +0900] "GET /shopdetail/25676013 HTTP/2.0" 404 43580 "-" "meta-externalagent/1.1 (+https://developers.facebook.com/docs/sharing/webmasters/crawler)" "-"