52.167.144.18 - - [23/May/2025:17:22:42 +0900] "GET /shopdetail/16171679 HTTP/2.0" 200 22232 "-" "Mozilla/5.0 AppleWebKit/537.36 (KHTML, like Gecko; compatible; bingbot/2.0; +http://www.bing.com/bingbot.htm) Chrome/116.0.1938.76 Safari/537.36" "-"
160.251.148.50 - - [23/May/2025:17:23:01 +0900] "POST /wp-cron.php?doing_wp_cron=1747988581.9548330307006835937500 HTTP/1.1" 403 186 "-" "WordPress/6.7.2; https://kahokutaku.com" "-"
147.92.179.109 - - [23/May/2025:17:23:01 +0900] "GET / HTTP/1.1" 200 14124 "-" "facebookexternalhit/1.1;line-poker/1.0" "-"
119.10.213.101 - - [23/May/2025:17:23:03 +0900] "GET / HTTP/2.0" 200 14111 "-" "Mozilla/5.0 (Linux; Android 12; Lenovo TB-J607Z Build/SKQ1.211103.001; wv) AppleWebKit/537.36 (KHTML, like Gecko) Version/4.0 Chrome/136.0.7103.60 Safari/537.36 Line/15.6.1/IAB" "-"
119.10.213.101 - - [23/May/2025:17:23:03 +0900] "GET /wp-includes/blocks/gallery/style.min.css?ver=6.7.2 HTTP/2.0" 200 2194 "https://kahokutaku.com/" "Mozilla/5.0 (Linux; Android 12; Lenovo TB-J607Z Build/SKQ1.211103.001; wv) AppleWebKit/537.36 (KHTML, like Gecko) Version/4.0 Chrome/136.0.7103.60 Safari/537.36 Line/15.6.1/IAB" "-"
119.10.213.101 - - [23/May/2025:17:23:03 +0900] "GET /wp-includes/blocks/navigation/style.min.css?ver=6.7.2 HTTP/2.0" 200 2795 "https://kahokutaku.com/" "Mozilla/5.0 (Linux; Android 12; Lenovo TB-J607Z Build/SKQ1.211103.001; wv) AppleWebKit/537.36 (KHTML, like Gecko) Version/4.0 Chrome/136.0.7103.60 Safari/537.36 Line/15.6.1/IAB" "-"
119.10.213.101 - - [23/May/2025:17:23:03 +0900] "GET /wp-content/uploads/2022/12/%E5%8D%93%E7%90%832.jpeg HTTP/2.0" 200 43024 "https://kahokutaku.com/" "Mozilla/5.0 (Linux; Android 12; Lenovo TB-J607Z Build/SKQ1.211103.001; wv) AppleWebKit/537.36 (KHTML, like Gecko) Version/4.0 Chrome/136.0.7103.60 Safari/537.36 Line/15.6.1/IAB" "-"
119.10.213.101 - - [23/May/2025:17:23:03 +0900] "GET /wp-content/plugins/contact-form-7/includes/css/styles.css?ver=5.7.4 HTTP/2.0" 200 1088 "https://kahokutaku.com/" "Mozilla/5.0 (Linux; Android 12; Lenovo TB-J607Z Build/SKQ1.211103.001; wv) AppleWebKit/537.36 (KHTML, like Gecko) Version/4.0 Chrome/136.0.7103.60 Safari/537.36 Line/15.6.1/IAB" "-"
119.10.213.101 - - [23/May/2025:17:23:03 +0900] "GET /wp-content/plugins/shortcodes-ultimate/vendor/animatecss/animate.css?ver=3.1.1 HTTP/2.0" 200 5940 "https://kahokutaku.com/" "Mozilla/5.0 (Linux; Android 12; Lenovo TB-J607Z Build/SKQ1.211103.001; wv) AppleWebKit/537.36 (KHTML, like Gecko) Version/4.0 Chrome/136.0.7103.60 Safari/537.36 Line/15.6.1/IAB" "-"
119.10.213.101 - - [23/May/2025:17:23:03 +0900] "GET /wp-content/plugins/contact-form-7/includes/swv/js/index.js?ver=5.7.4 HTTP/2.0" 200 3350 "https://kahokutaku.com/" "Mozilla/5.0 (Linux; Android 12; Lenovo TB-J607Z Build/SKQ1.211103.001; wv) AppleWebKit/537.36 (KHTML, like Gecko) Version/4.0 Chrome/136.0.7103.60 Safari/537.36 Line/15.6.1/IAB" "-"
119.10.213.101 - - [23/May/2025:17:23:03 +0900] "GET /wp-includes/js/dist/script-modules/interactivity/index.min.js?ver=907ea3b2f317a78b7b9b HTTP/2.0" 200 15440 "https://kahokutaku.com/" "Mozilla/5.0 (Linux; Android 12; Lenovo TB-J607Z Build/SKQ1.211103.001; wv) AppleWebKit/537.36 (KHTML, like Gecko) Version/4.0 Chrome/136.0.7103.60 Safari/537.36 Line/15.6.1/IAB" "-"
119.10.213.101 - - [23/May/2025:17:23:03 +0900] "GET /wp-content/uploads/2022/12/%E5%8D%93%E7%90%83%EF%BC%91_image-1383.jpeg HTTP/2.0" 200 37938 "https://kahokutaku.com/" "Mozilla/5.0 (Linux; Android 12; Lenovo TB-J607Z Build/SKQ1.211103.001; wv) AppleWebKit/537.36 (KHTML, like Gecko) Version/4.0 Chrome/136.0.7103.60 Safari/537.36 Line/15.6.1/IAB" "-"
119.10.213.101 - - [23/May/2025:17:23:03 +0900] "GET /wp-includes/js/dist/script-modules/block-library/navigation/view.min.js?ver=8ff192874fc8910a284c HTTP/2.0" 200 1206 "https://kahokutaku.com/" "Mozilla/5.0 (Linux; Android 12; Lenovo TB-J607Z Build/SKQ1.211103.001; wv) AppleWebKit/537.36 (KHTML, like Gecko) Version/4.0 Chrome/136.0.7103.60 Safari/537.36 Line/15.6.1/IAB" "-"
119.10.213.101 - - [23/May/2025:17:23:03 +0900] "GET /wp-content/plugins/contact-form-7/includes/js/index.js?ver=5.7.4 HTTP/2.0" 200 4681 "https://kahokutaku.com/" "Mozilla/5.0 (Linux; Android 12; Lenovo TB-J607Z Build/SKQ1.211103.001; wv) AppleWebKit/537.36 (KHTML, like Gecko) Version/4.0 Chrome/136.0.7103.60 Safari/537.36 Line/15.6.1/IAB" "-"
119.10.213.101 - - [23/May/2025:17:23:03 +0900] "GET /wp-includes/js/jquery/jquery-migrate.min.js?ver=3.4.1 HTTP/2.0" 200 5342 "https://kahokutaku.com/" "Mozilla/5.0 (Linux; Android 12; Lenovo TB-J607Z Build/SKQ1.211103.001; wv) AppleWebKit/537.36 (KHTML, like Gecko) Version/4.0 Chrome/136.0.7103.60 Safari/537.36 Line/15.6.1/IAB" "-"
119.10.213.101 - - [23/May/2025:17:23:03 +0900] "GET /wp-includes/js/jquery/jquery.min.js?ver=3.7.1 HTTP/2.0" 200 35438 "https://kahokutaku.com/" "Mozilla/5.0 (Linux; Android 12; Lenovo TB-J607Z Build/SKQ1.211103.001; wv) AppleWebKit/537.36 (KHTML, like Gecko) Version/4.0 Chrome/136.0.7103.60 Safari/537.36 Line/15.6.1/IAB" "-"
119.10.213.101 - - [23/May/2025:17:23:03 +0900] "GET /wp-content/plugins/shortcodes-ultimate/vendor/jquery-inview/jquery-inview.js?ver=1.1.2 HTTP/2.0" 200 780 "https://kahokutaku.com/" "Mozilla/5.0 (Linux; Android 12; Lenovo TB-J607Z Build/SKQ1.211103.001; wv) AppleWebKit/537.36 (KHTML, like Gecko) Version/4.0 Chrome/136.0.7103.60 Safari/537.36 Line/15.6.1/IAB" "-"
119.10.213.101 - - [23/May/2025:17:23:03 +0900] "GET /wp-content/plugins/shortcodes-ultimate/includes/js/shortcodes/index.js?ver=5.12.8 HTTP/2.0" 200 4854 "https://kahokutaku.com/" "Mozilla/5.0 (Linux; Android 12; Lenovo TB-J607Z Build/SKQ1.211103.001; wv) AppleWebKit/537.36 (KHTML, like Gecko) Version/4.0 Chrome/136.0.7103.60 Safari/537.36 Line/15.6.1/IAB" "-"
119.10.213.101 - - [23/May/2025:17:23:03 +0900] "GET /favicon.ico HTTP/2.0" 302 0 "https://kahokutaku.com/" "Mozilla/5.0 (Linux; Android 12; Lenovo TB-J607Z Build/SKQ1.211103.001; wv) AppleWebKit/537.36 (KHTML, like Gecko) Version/4.0 Chrome/136.0.7103.60 Safari/537.36 Line/15.6.1/IAB" "-"
119.10.213.101 - - [23/May/2025:17:23:03 +0900] "GET /wp-includes/images/w-logo-blue-white-bg.png HTTP/2.0" 200 4119 "https://kahokutaku.com/" "Mozilla/5.0 (Linux; Android 12; Lenovo TB-J607Z Build/SKQ1.211103.001; wv) AppleWebKit/537.36 (KHTML, like Gecko) Version/4.0 Chrome/136.0.7103.60 Safari/537.36 Line/15.6.1/IAB" "-"
119.10.213.101 - - [23/May/2025:17:23:06 +0900] "GET /%e7%b7%b4%e7%bf%92%e3%83%bb%e5%a4%a7%e4%bc%9a%e4%ba%88%e5%ae%9a/ HTTP/2.0" 200 12050 "https://kahokutaku.com/" "Mozilla/5.0 (Linux; Android 12; Lenovo TB-J607Z Build/SKQ1.211103.001; wv) AppleWebKit/537.36 (KHTML, like Gecko) Version/4.0 Chrome/136.0.7103.60 Safari/537.36 Line/15.6.1/IAB" "-"
119.10.213.101 - - [23/May/2025:17:23:08 +0900] "GET /favicon.ico HTTP/2.0" 302 0 "https://kahokutaku.com/%e7%b7%b4%e7%bf%92%e3%83%bb%e5%a4%a7%e4%bc%9a%e4%ba%88%e5%ae%9a/" "Mozilla/5.0 (Linux; Android 12; Lenovo TB-J607Z Build/SKQ1.211103.001; wv) AppleWebKit/537.36 (KHTML, like Gecko) Version/4.0 Chrome/136.0.7103.60 Safari/537.36 Line/15.6.1/IAB" "-"
66.249.79.173 - - [23/May/2025:17:25:16 +0900] "GET /product/edit/74243764 HTTP/1.1" 200 24564 "-" "Mozilla/5.0 (Linux; Android 6.0.1; Nexus 5X Build/MMB29P) AppleWebKit/537.36 (KHTML, like Gecko) Chrome/136.0.7103.113 Mobile Safari/537.36 (compatible; Googlebot/2.1; +http://www.google.com/bot.html)" "-"
66.249.79.172 - - [23/May/2025:17:25:24 +0900] "GET /product/edit/69510509 HTTP/1.1" 200 24722 "-" "Mozilla/5.0 (Linux; Android 6.0.1; Nexus 5X Build/MMB29P) AppleWebKit/537.36 (KHTML, like Gecko) Chrome/136.0.7103.113 Mobile Safari/537.36 (compatible; Googlebot/2.1; +http://www.google.com/bot.html)" "-"
66.249.79.172 - - [23/May/2025:17:26:00 +0900] "POST /get-message-notify HTTP/1.1" 200 22944 "https://www.kahokutaku.com/pcmypage?callback=product/review/16100381" "Mozilla/5.0 (Linux; Android 6.0.1; Nexus 5X Build/MMB29P) AppleWebKit/537.36 (KHTML, like Gecko) Chrome/136.0.7103.92 Mobile Safari/537.36 (compatible; Googlebot/2.1; +http://www.google.com/bot.html)" "-"
66.249.79.172 - - [23/May/2025:17:27:15 +0900] "GET /shopdetail/21293646 HTTP/1.1" 200 28242 "-" "Mozilla/5.0 (Linux; Android 6.0.1; Nexus 5X Build/MMB29P) AppleWebKit/537.36 (KHTML, like Gecko) Chrome/136.0.7103.113 Mobile Safari/537.36 (compatible; Googlebot/2.1; +http://www.google.com/bot.html)" "-"
66.249.79.173 - - [23/May/2025:17:29:49 +0900] "GET /shopdetail/9725591 HTTP/1.1" 200 24301 "-" "Mozilla/5.0 (Linux; Android 6.0.1; Nexus 5X Build/MMB29P) AppleWebKit/537.36 (KHTML, like Gecko) Chrome/136.0.7103.113 Mobile Safari/537.36 (compatible; Googlebot/2.1; +http://www.google.com/bot.html)" "-"
66.249.79.172 - - [23/May/2025:17:29:53 +0900] "POST /get-message-notify HTTP/1.1" 200 22944 "https://www.kahokutaku.com/shopdetail/9725591" "Mozilla/5.0 (Linux; Android 6.0.1; Nexus 5X Build/MMB29P) AppleWebKit/537.36 (KHTML, like Gecko) Chrome/136.0.7103.92 Mobile Safari/537.36 (compatible; Googlebot/2.1; +http://www.google.com/bot.html)" "-"
66.249.79.172 - - [23/May/2025:17:30:27 +0900] "GET /shopdetail/7859524 HTTP/1.1" 200 24783 "-" "Mozilla/5.0 (Linux; Android 6.0.1; Nexus 5X Build/MMB29P) AppleWebKit/537.36 (KHTML, like Gecko) Chrome/136.0.7103.113 Mobile Safari/537.36 (compatible; Googlebot/2.1; +http://www.google.com/bot.html)" "-"
66.249.79.173 - - [23/May/2025:17:31:29 +0900] "GET /shopdetail/3685868 HTTP/1.1" 200 24009 "-" "Mozilla/5.0 (compatible; Googlebot/2.1; +http://www.google.com/bot.html)" "-"
180.43.77.131 - - [23/May/2025:17:31:42 +0900] "GET /shopdetail/4743313 HTTP/1.1" 200 415 "https://www.google.co.jp/" "Mozilla/5.0 (Windows NT 10.0; Win64; x64) AppleWebKit/537.36 (KHTML, like Gecko) Chrome/136.0.0.0 Safari/537.36 Edg/136.0.0.0" "-"
180.43.77.131 - - [23/May/2025:17:31:53 +0900] "GET /shopdetail/4743313 HTTP/1.1" 200 415 "https://www.google.co.jp/" "Mozilla/5.0 (Windows NT 10.0; Win64; x64) AppleWebKit/537.36 (KHTML, like Gecko) Chrome/136.0.0.0 Safari/537.36 Edg/136.0.0.0" "-"
104.210.140.139 - - [23/May/2025:17:32:09 +0900] "GET /robots.txt HTTP/2.0" 200 169 "-" "Mozilla/5.0 (Macintosh; Intel Mac OS X 10_15_7) AppleWebKit/537.36 (KHTML, like Gecko) Chrome/131.0.0.0 Safari/537.36; compatible; OAI-SearchBot/1.0; +https://openai.com/searchbot" "-"
66.249.79.172 - - [23/May/2025:17:33:50 +0900] "GET /shopdetail/8682080 HTTP/1.1" 200 24502 "-" "Mozilla/5.0 (Linux; Android 6.0.1; Nexus 5X Build/MMB29P) AppleWebKit/537.36 (KHTML, like Gecko) Chrome/136.0.7103.113 Mobile Safari/537.36 (compatible; Googlebot/2.1; +http://www.google.com/bot.html)" "-"
66.249.79.173 - - [23/May/2025:17:33:57 +0900] "GET /shopdetail/26522346 HTTP/1.1" 200 23206 "-" "Mozilla/5.0 (Linux; Android 6.0.1; Nexus 5X Build/MMB29P) AppleWebKit/537.36 (KHTML, like Gecko) Chrome/136.0.7103.113 Mobile Safari/537.36 (compatible; Googlebot/2.1; +http://www.google.com/bot.html)" "-"
66.249.79.173 - - [23/May/2025:17:34:10 +0900] "GET /shopdetail/2550680 HTTP/1.1" 200 22992 "-" "Mozilla/5.0 (Linux; Android 6.0.1; Nexus 5X Build/MMB29P) AppleWebKit/537.36 (KHTML, like Gecko) Chrome/136.0.7103.113 Mobile Safari/537.36 (compatible; Googlebot/2.1; +http://www.google.com/bot.html)" "-"
125.197.199.48 - - [23/May/2025:17:34:15 +0900] "GET /safe_search/config?return_url=%2Fproduct%2Fdetail%2F96332158 HTTP/2.0" 200 338 "https://search.yahoo.co.jp/" "Mozilla/5.0 (iPhone; CPU iPhone OS 18_4_1 like Mac OS X) AppleWebKit/605.1.15 (KHTML, like Gecko) Version/18.4 Mobile/15E148 Safari/604.1" "-"
66.249.79.173 - - [23/May/2025:17:35:22 +0900] "GET /pcmypage?callback=product/review/51991446 HTTP/1.1" 200 22518 "-" "Mozilla/5.0 (Linux; Android 6.0.1; Nexus 5X Build/MMB29P) AppleWebKit/537.36 (KHTML, like Gecko) Chrome/136.0.7103.113 Mobile Safari/537.36 (compatible; Googlebot/2.1; +http://www.google.com/bot.html)" "-"
66.249.79.172 - - [23/May/2025:17:35:43 +0900] "GET /product/edit/13523469 HTTP/1.1" 200 23659 "-" "Mozilla/5.0 (Linux; Android 6.0.1; Nexus 5X Build/MMB29P) AppleWebKit/537.36 (KHTML, like Gecko) Chrome/136.0.7103.113 Mobile Safari/537.36 (compatible; Googlebot/2.1; +http://www.google.com/bot.html)" "-"
69.171.230.112 - - [23/May/2025:17:36:17 +0900] "GET /robots.txt HTTP/2.0" 206 1028 "-" "facebookexternalhit/1.1 (+http://www.facebook.com/externalhit_uatext.php)" "-"
66.249.79.172 - - [23/May/2025:17:36:58 +0900] "GET /safe_search/config?return_url=%2Fproduct%2Fdetail%2F68585838 HTTP/1.1" 200 22614 "-" "Mozilla/5.0 (compatible; Googlebot/2.1; +http://www.google.com/bot.html)" "-"
66.249.79.172 - - [23/May/2025:17:37:02 +0900] "GET /pcmypage?callback=product/review/37481651 HTTP/1.1" 200 24098 "-" "Mozilla/5.0 (Linux; Android 6.0.1; Nexus 5X Build/MMB29P) AppleWebKit/537.36 (KHTML, like Gecko) Chrome/136.0.7103.113 Mobile Safari/537.36 (compatible; Googlebot/2.1; +http://www.google.com/bot.html)" "-"
52.167.144.177 - - [23/May/2025:17:37:35 +0900] "GET /shopdetail/3449580 HTTP/2.0" 200 26025 "-" "Mozilla/5.0 AppleWebKit/537.36 (KHTML, like Gecko; compatible; bingbot/2.0; +http://www.bing.com/bingbot.htm) Chrome/116.0.1938.76 Safari/537.36" "-"
66.249.79.173 - - [23/May/2025:17:38:09 +0900] "GET /pcmypage?callback=/product%2Fdetail%2F87978466 HTTP/1.1" 200 28718 "-" "Mozilla/5.0 (Linux; Android 6.0.1; Nexus 5X Build/MMB29P) AppleWebKit/537.36 (KHTML, like Gecko) Chrome/136.0.7103.113 Mobile Safari/537.36 (compatible; Googlebot/2.1; +http://www.google.com/bot.html)" "-"
66.249.79.172 - - [23/May/2025:17:39:07 +0900] "GET /pcmypage?callback=/product%2Fdetail%2F50609226 HTTP/1.1" 200 22113 "-" "Mozilla/5.0 (Linux; Android 6.0.1; Nexus 5X Build/MMB29P) AppleWebKit/537.36 (KHTML, like Gecko) Chrome/136.0.7103.113 Mobile Safari/537.36 (compatible; Googlebot/2.1; +http://www.google.com/bot.html)" "-"
40.77.167.151 - - [23/May/2025:17:39:14 +0900] "GET /shopdetail/2680735 HTTP/2.0" 200 23060 "-" "Mozilla/5.0 AppleWebKit/537.36 (KHTML, like Gecko; compatible; bingbot/2.0; +http://www.bing.com/bingbot.htm) Chrome/116.0.1938.76 Safari/537.36" "-"
66.249.79.172 - - [23/May/2025:17:39:59 +0900] "GET /robots.txt HTTP/1.1" 200 180 "-" "Mozilla/5.0 (compatible; Googlebot/2.1; +http://www.google.com/bot.html)" "-"
66.249.79.172 - - [23/May/2025:17:40:00 +0900] "GET /pcmypage?callback=product%2Fdetail%2F53395046 HTTP/1.1" 200 23031 "-" "Mozilla/5.0 (Linux; Android 6.0.1; Nexus 5X Build/MMB29P) AppleWebKit/537.36 (KHTML, like Gecko) Chrome/136.0.7103.113 Mobile Safari/537.36 (compatible; Googlebot/2.1; +http://www.google.com/bot.html)" "-"
66.249.79.172 - - [23/May/2025:17:40:15 +0900] "GET /pcmypage?callback=product/review/72278936 HTTP/1.1" 200 23211 "-" "Mozilla/5.0 (Linux; Android 6.0.1; Nexus 5X Build/MMB29P) AppleWebKit/537.36 (KHTML, like Gecko) Chrome/136.0.7103.113 Mobile Safari/537.36 (compatible; Googlebot/2.1; +http://www.google.com/bot.html)" "-"
66.249.79.160 - - [23/May/2025:17:41:11 +0900] "GET /robots.txt HTTP/1.1" 200 180 "-" "Mozilla/5.0 (compatible; Googlebot/2.1; +http://www.google.com/bot.html)" "-"
66.249.79.160 - - [23/May/2025:17:41:12 +0900] "GET /pcmypage?callback=product/review/31470554 HTTP/1.1" 200 24716 "-" "Mozilla/5.0 (Linux; Android 6.0.1; Nexus 5X Build/MMB29P) AppleWebKit/537.36 (KHTML, like Gecko) Chrome/136.0.7103.113 Mobile Safari/537.36 (compatible; Googlebot/2.1; +http://www.google.com/bot.html)" "-"
66.249.79.173 - - [23/May/2025:17:42:33 +0900] "GET /robots.txt HTTP/1.1" 200 180 "-" "Mozilla/5.0 (compatible; Googlebot/2.1; +http://www.google.com/bot.html)" "-"
66.249.79.160 - - [23/May/2025:17:42:34 +0900] "GET /pcmypage?callback=/product%2Fdetail%2F23625917 HTTP/1.1" 200 24488 "-" "Mozilla/5.0 (Linux; Android 6.0.1; Nexus 5X Build/MMB29P) AppleWebKit/537.36 (KHTML, like Gecko) Chrome/136.0.7103.113 Mobile Safari/537.36 (compatible; Googlebot/2.1; +http://www.google.com/bot.html)" "-"
147.78.240.22 - - [23/May/2025:17:43:29 +0900] "GET /index.php?cf0agjp2023151 HTTP/2.0" 404 50 "-" "Mozilla/5.0 (Windows NT 10.0; Win64; x64) AppleWebKit/537.36 (KHTML, like Gecko) Chrome/119.0.0.0 Safari/537.36" "-"
66.249.79.172 - - [23/May/2025:17:43:29 +0900] "GET /pcmypage?callback=/product%2Fdetail%2F83206859 HTTP/1.1" 200 23835 "-" "Mozilla/5.0 (Linux; Android 6.0.1; Nexus 5X Build/MMB29P) AppleWebKit/537.36 (KHTML, like Gecko) Chrome/136.0.7103.113 Mobile Safari/537.36 (compatible; Googlebot/2.1; +http://www.google.com/bot.html)" "-"
123.6.49.47 - - [23/May/2025:17:43:34 +0900] "GET / HTTP/1.1" 301 162 "-" "Mozilla/5.0 (Linux; Android 11; V2055A) AppleWebKit/537.36 (KHTML, like Gecko) Chrome/91.0.4472.101 Mobile Safari/537.36" "-"
160.251.148.50 - - [23/May/2025:17:43:35 +0900] "POST /wp-cron.php?doing_wp_cron=1747989815.4014871120452880859375 HTTP/1.1" 403 186 "-" "WordPress/6.7.2; https://kahokutaku.com" "-"
123.6.49.44 - - [23/May/2025:17:43:35 +0900] "GET / HTTP/2.0" 301 0 "-" "Mozilla/5.0 (Linux; Android 11; V2055A) AppleWebKit/537.36 (KHTML, like Gecko) Chrome/91.0.4472.101 Mobile Safari/537.36" "-"
147.78.240.22 - - [23/May/2025:17:43:35 +0900] "GET /favicon.ico HTTP/2.0" 302 0 "https://www.kahokutaku.com/index.php?cf0agjp2023151" "Mozilla/5.0 (Windows NT 10.0; Win64; x64) AppleWebKit/537.36 (KHTML, like Gecko) Chrome/119.0.0.0 Safari/537.36" "-"
27.115.124.6 - - [23/May/2025:17:43:35 +0900] "GET /index.php HTTP/2.0" 301 0 "-" "Mozilla/5.0 (Linux; Android 11; V2055A) AppleWebKit/537.36 (KHTML, like Gecko) Chrome/91.0.4472.101 Mobile Safari/537.36" "-"
123.6.49.44 - - [23/May/2025:17:43:36 +0900] "GET / HTTP/2.0" 200 14111 "-" "Mozilla/5.0 (Linux; Android 11; V2055A) AppleWebKit/537.36 (KHTML, like Gecko) Chrome/91.0.4472.101 Mobile Safari/537.36" "-"
27.115.124.6 - - [23/May/2025:17:43:36 +0900] "GET / HTTP/2.0" 200 14111 "-" "Mozilla/5.0 (Linux; Android 11; V2055A) AppleWebKit/537.36 (KHTML, like Gecko) Chrome/91.0.4472.101 Mobile Safari/537.36" "-"
27.115.124.6 - - [23/May/2025:17:43:36 +0900] "GET /wp-includes/blocks/gallery/style.min.css?ver=6.7.2 HTTP/2.0" 200 2194 "https://kahokutaku.com/" "Mozilla/5.0 (Linux; Android 11; V2055A) AppleWebKit/537.36 (KHTML, like Gecko) Chrome/91.0.4472.101 Mobile Safari/537.36" "-"
27.115.124.6 - - [23/May/2025:17:43:36 +0900] "GET /wp-content/plugins/contact-form-7/includes/css/styles.css?ver=5.7.4 HTTP/2.0" 200 1088 "https://kahokutaku.com/" "Mozilla/5.0 (Linux; Android 11; V2055A) AppleWebKit/537.36 (KHTML, like Gecko) Chrome/91.0.4472.101 Mobile Safari/537.36" "-"
27.115.124.6 - - [23/May/2025:17:43:36 +0900] "GET /wp-includes/blocks/navigation/style.min.css?ver=6.7.2 HTTP/2.0" 200 2795 "https://kahokutaku.com/" "Mozilla/5.0 (Linux; Android 11; V2055A) AppleWebKit/537.36 (KHTML, like Gecko) Chrome/91.0.4472.101 Mobile Safari/537.36" "-"
27.115.124.6 - - [23/May/2025:17:43:36 +0900] "GET /wp-content/plugins/shortcodes-ultimate/vendor/animatecss/animate.css?ver=3.1.1 HTTP/2.0" 200 5940 "https://kahokutaku.com/" "Mozilla/5.0 (Linux; Android 11; V2055A) AppleWebKit/537.36 (KHTML, like Gecko) Chrome/91.0.4472.101 Mobile Safari/537.36" "-"
123.6.49.44 - - [23/May/2025:17:43:36 +0900] "GET /wp-includes/blocks/navigation/style.min.css?ver=6.7.2 HTTP/2.0" 200 2795 "https://kahokutaku.com/" "Mozilla/5.0 (Linux; Android 11; V2055A) AppleWebKit/537.36 (KHTML, like Gecko) Chrome/91.0.4472.101 Mobile Safari/537.36" "-"
123.6.49.44 - - [23/May/2025:17:43:36 +0900] "GET /wp-includes/blocks/gallery/style.min.css?ver=6.7.2 HTTP/2.0" 200 2194 "https://kahokutaku.com/" "Mozilla/5.0 (Linux; Android 11; V2055A) AppleWebKit/537.36 (KHTML, like Gecko) Chrome/91.0.4472.101 Mobile Safari/537.36" "-"
123.6.49.44 - - [23/May/2025:17:43:36 +0900] "GET /wp-content/plugins/contact-form-7/includes/css/styles.css?ver=5.7.4 HTTP/2.0" 200 1088 "https://kahokutaku.com/" "Mozilla/5.0 (Linux; Android 11; V2055A) AppleWebKit/537.36 (KHTML, like Gecko) Chrome/91.0.4472.101 Mobile Safari/537.36" "-"
123.6.49.44 - - [23/May/2025:17:43:36 +0900] "GET /wp-content/plugins/shortcodes-ultimate/vendor/animatecss/animate.css?ver=3.1.1 HTTP/2.0" 200 5940 "https://kahokutaku.com/" "Mozilla/5.0 (Linux; Android 11; V2055A) AppleWebKit/537.36 (KHTML, like Gecko) Chrome/91.0.4472.101 Mobile Safari/537.36" "-"
123.6.49.44 - - [23/May/2025:17:43:36 +0900] "GET /wp-content/uploads/2022/12/%E5%8D%93%E7%90%832.jpeg HTTP/2.0" 200 43024 "https://kahokutaku.com/" "Mozilla/5.0 (Linux; Android 11; V2055A) AppleWebKit/537.36 (KHTML, like Gecko) Chrome/91.0.4472.101 Mobile Safari/537.36" "-"
27.115.124.6 - - [23/May/2025:17:43:37 +0900] "GET /wp-includes/js/jquery/jquery-migrate.min.js?ver=3.4.1 HTTP/2.0" 200 5342 "https://kahokutaku.com/" "Mozilla/5.0 (Linux; Android 11; V2055A) AppleWebKit/537.36 (KHTML, like Gecko) Chrome/91.0.4472.101 Mobile Safari/537.36" "-"
27.115.124.6 - - [23/May/2025:17:43:37 +0900] "GET /wp-content/plugins/contact-form-7/includes/js/index.js?ver=5.7.4 HTTP/2.0" 200 4681 "https://kahokutaku.com/" "Mozilla/5.0 (Linux; Android 11; V2055A) AppleWebKit/537.36 (KHTML, like Gecko) Chrome/91.0.4472.101 Mobile Safari/537.36" "-"
27.115.124.6 - - [23/May/2025:17:43:37 +0900] "GET /wp-includes/js/jquery/jquery.min.js?ver=3.7.1 HTTP/2.0" 200 35438 "https://kahokutaku.com/" "Mozilla/5.0 (Linux; Android 11; V2055A) AppleWebKit/537.36 (KHTML, like Gecko) Chrome/91.0.4472.101 Mobile Safari/537.36" "-"
27.115.124.6 - - [23/May/2025:17:43:37 +0900] "GET /wp-content/plugins/contact-form-7/includes/swv/js/index.js?ver=5.7.4 HTTP/2.0" 200 3350 "https://kahokutaku.com/" "Mozilla/5.0 (Linux; Android 11; V2055A) AppleWebKit/537.36 (KHTML, like Gecko) Chrome/91.0.4472.101 Mobile Safari/537.36" "-"
123.6.49.44 - - [23/May/2025:17:43:37 +0900] "GET /wp-content/plugins/contact-form-7/includes/swv/js/index.js?ver=5.7.4 HTTP/2.0" 200 3350 "https://kahokutaku.com/" "Mozilla/5.0 (Linux; Android 11; V2055A) AppleWebKit/537.36 (KHTML, like Gecko) Chrome/91.0.4472.101 Mobile Safari/537.36" "-"
123.6.49.44 - - [23/May/2025:17:43:37 +0900] "GET /wp-content/plugins/contact-form-7/includes/js/index.js?ver=5.7.4 HTTP/2.0" 200 4681 "https://kahokutaku.com/" "Mozilla/5.0 (Linux; Android 11; V2055A) AppleWebKit/537.36 (KHTML, like Gecko) Chrome/91.0.4472.101 Mobile Safari/537.36" "-"
123.6.49.44 - - [23/May/2025:17:43:37 +0900] "GET /wp-includes/js/jquery/jquery.min.js?ver=3.7.1 HTTP/2.0" 200 35438 "https://kahokutaku.com/" "Mozilla/5.0 (Linux; Android 11; V2055A) AppleWebKit/537.36 (KHTML, like Gecko) Chrome/91.0.4472.101 Mobile Safari/537.36" "-"
27.115.124.6 - - [23/May/2025:17:43:37 +0900] "GET /wp-includes/js/dist/script-modules/block-library/navigation/view.min.js?ver=8ff192874fc8910a284c HTTP/2.0" 200 1206 "https://kahokutaku.com/" "Mozilla/5.0 (Linux; Android 11; V2055A) AppleWebKit/537.36 (KHTML, like Gecko) Chrome/91.0.4472.101 Mobile Safari/537.36" "-"
27.115.124.6 - - [23/May/2025:17:43:37 +0900] "GET /wp-includes/js/dist/script-modules/interactivity/index.min.js?ver=907ea3b2f317a78b7b9b HTTP/2.0" 200 15440 "https://kahokutaku.com/" "Mozilla/5.0 (Linux; Android 11; V2055A) AppleWebKit/537.36 (KHTML, like Gecko) Chrome/91.0.4472.101 Mobile Safari/537.36" "-"
27.115.124.6 - - [23/May/2025:17:43:37 +0900] "GET /wp-content/plugins/shortcodes-ultimate/vendor/jquery-inview/jquery-inview.js?ver=1.1.2 HTTP/2.0" 200 780 "https://kahokutaku.com/" "Mozilla/5.0 (Linux; Android 11; V2055A) AppleWebKit/537.36 (KHTML, like Gecko) Chrome/91.0.4472.101 Mobile Safari/537.36" "-"
27.115.124.6 - - [23/May/2025:17:43:37 +0900] "GET /wp-content/plugins/shortcodes-ultimate/includes/js/shortcodes/index.js?ver=5.12.8 HTTP/2.0" 200 4854 "https://kahokutaku.com/" "Mozilla/5.0 (Linux; Android 11; V2055A) AppleWebKit/537.36 (KHTML, like Gecko) Chrome/91.0.4472.101 Mobile Safari/537.36" "-"
27.115.124.6 - - [23/May/2025:17:43:37 +0900] "GET /wp-content/uploads/2022/12/%E5%8D%93%E7%90%832.jpeg HTTP/2.0" 200 43024 "https://kahokutaku.com/" "Mozilla/5.0 (Linux; Android 11; V2055A) AppleWebKit/537.36 (KHTML, like Gecko) Chrome/91.0.4472.101 Mobile Safari/537.36" "-"
27.115.124.6 - - [23/May/2025:17:43:37 +0900] "GET /wp-content/uploads/2022/12/%E5%8D%93%E7%90%83%EF%BC%91_image-1383.jpeg HTTP/2.0" 200 37938 "https://kahokutaku.com/" "Mozilla/5.0 (Linux; Android 11; V2055A) AppleWebKit/537.36 (KHTML, like Gecko) Chrome/91.0.4472.101 Mobile Safari/537.36" "-"
123.6.49.44 - - [23/May/2025:17:43:37 +0900] "GET /wp-includes/js/jquery/jquery-migrate.min.js?ver=3.4.1 HTTP/2.0" 200 5342 "https://kahokutaku.com/" "Mozilla/5.0 (Linux; Android 11; V2055A) AppleWebKit/537.36 (KHTML, like Gecko) Chrome/91.0.4472.101 Mobile Safari/537.36" "-"
123.6.49.44 - - [23/May/2025:17:43:37 +0900] "GET /wp-content/plugins/shortcodes-ultimate/vendor/jquery-inview/jquery-inview.js?ver=1.1.2 HTTP/2.0" 200 780 "https://kahokutaku.com/" "Mozilla/5.0 (Linux; Android 11; V2055A) AppleWebKit/537.36 (KHTML, like Gecko) Chrome/91.0.4472.101 Mobile Safari/537.36" "-"
123.6.49.44 - - [23/May/2025:17:43:37 +0900] "GET /wp-content/plugins/shortcodes-ultimate/includes/js/shortcodes/index.js?ver=5.12.8 HTTP/2.0" 200 4854 "https://kahokutaku.com/" "Mozilla/5.0 (Linux; Android 11; V2055A) AppleWebKit/537.36 (KHTML, like Gecko) Chrome/91.0.4472.101 Mobile Safari/537.36" "-"
123.6.49.44 - - [23/May/2025:17:43:37 +0900] "GET /wp-content/uploads/2022/12/%E5%8D%93%E7%90%83%EF%BC%91_image-1383.jpeg HTTP/2.0" 200 37938 "https://kahokutaku.com/" "Mozilla/5.0 (Linux; Android 11; V2055A) AppleWebKit/537.36 (KHTML, like Gecko) Chrome/91.0.4472.101 Mobile Safari/537.36" "-"
123.6.49.12 - - [23/May/2025:17:43:37 +0900] "GET /wp-includes/js/dist/script-modules/interactivity/index.min.js?ver=907ea3b2f317a78b7b9b HTTP/2.0" 200 15440 "https://kahokutaku.com/" "Mozilla/5.0 (Linux; Android 11; V2055A) AppleWebKit/537.36 (KHTML, like Gecko) Chrome/91.0.4472.101 Mobile Safari/537.36" "-"
123.6.49.12 - - [23/May/2025:17:43:37 +0900] "GET /wp-includes/js/dist/script-modules/block-library/navigation/view.min.js?ver=8ff192874fc8910a284c HTTP/2.0" 200 1206 "https://kahokutaku.com/" "Mozilla/5.0 (Linux; Android 11; V2055A) AppleWebKit/537.36 (KHTML, like Gecko) Chrome/91.0.4472.101 Mobile Safari/537.36" "-"
27.115.124.6 - - [23/May/2025:17:43:37 +0900] "GET /wp-includes/js/wp-emoji-release.min.js?ver=6.7.2 HTTP/2.0" 200 5857 "https://kahokutaku.com/" "Mozilla/5.0 (Linux; Android 11; V2055A) AppleWebKit/537.36 (KHTML, like Gecko) Chrome/91.0.4472.101 Mobile Safari/537.36" "-"
147.78.240.22 - - [23/May/2025:17:43:37 +0900] "GET /wp-includes/images/w-logo-blue-white-bg.png HTTP/2.0" 200 4119 "https://www.kahokutaku.com/" "Mozilla/5.0 (Windows NT 10.0; Win64; x64) AppleWebKit/537.36 (KHTML, like Gecko) Chrome/119.0.0.0 Safari/537.36" "-"
123.6.49.44 - - [23/May/2025:17:43:38 +0900] "GET /wp-includes/js/wp-emoji-release.min.js?ver=6.7.2 HTTP/2.0" 200 5857 "https://kahokutaku.com/" "Mozilla/5.0 (Linux; Android 11; V2055A) AppleWebKit/537.36 (KHTML, like Gecko) Chrome/91.0.4472.101 Mobile Safari/537.36" "-"
27.115.124.6 - - [23/May/2025:17:43:43 +0900] "GET /favicon.ico HTTP/2.0" 302 0 "-" "Mozilla/5.0 (Windows NT 10.0; WOW64) AppleWebKit/537.36 (KHTML, like Gecko) Chrome/78.0.3904.108 Safari/537.36" "-"
123.6.49.44 - - [23/May/2025:17:43:43 +0900] "GET /favicon.ico HTTP/2.0" 302 0 "-" "Mozilla/5.0 (Windows NT 10.0; WOW64) AppleWebKit/537.36 (KHTML, like Gecko) Chrome/78.0.3904.108 Safari/537.36" "-"
27.115.124.45 - - [23/May/2025:17:43:44 +0900] "GET /favicon.ico HTTP/1.1" 302 0 "-" "Mozilla/5.0 (Windows NT 10.0; Win64; x64) AppleWebKit/537.36 (KHTML, like Gecko) Chrome/120.0.0.0 Safari/537.36" "-"
27.115.124.45 - - [23/May/2025:17:43:44 +0900] "GET /wp-includes/images/w-logo-blue-white-bg.png HTTP/1.1" 200 4119 "https://kahokutaku.com/favicon.ico" "Mozilla/5.0 (Windows NT 10.0; Win64; x64) AppleWebKit/537.36 (KHTML, like Gecko) Chrome/120.0.0.0 Safari/537.36" "-"
27.115.124.34 - - [23/May/2025:17:43:45 +0900] "GET /favicon.ico HTTP/1.1" 302 0 "-" "Mozilla/5.0 (Macintosh; Intel Mac OS X 10_7_0) AppleWebKit/535.11 (KHTML, like Gecko) Chrome/17.0.963.56 Safari/535.11" "-"
27.115.124.34 - - [23/May/2025:17:43:45 +0900] "GET /wp-includes/images/w-logo-blue-white-bg.png HTTP/1.1" 200 4119 "https://kahokutaku.com/favicon.ico" "Mozilla/5.0 (Macintosh; Intel Mac OS X 10_7_0) AppleWebKit/535.11 (KHTML, like Gecko) Chrome/17.0.963.56 Safari/535.11" "-"
123.6.49.50 - - [23/May/2025:17:43:45 +0900] "GET /favicon.ico HTTP/1.1" 302 0 "-" "Mozilla/5.0 (Windows NT 10.0; Win64; x64) AppleWebKit/537.36 (KHTML, like Gecko) Chrome/120.0.0.0 Safari/537.36" "-"
123.6.49.50 - - [23/May/2025:17:43:45 +0900] "GET /wp-includes/images/w-logo-blue-white-bg.png HTTP/1.1" 200 4119 "https://kahokutaku.com/favicon.ico" "Mozilla/5.0 (Windows NT 10.0; Win64; x64) AppleWebKit/537.36 (KHTML, like Gecko) Chrome/120.0.0.0 Safari/537.36" "-"
27.115.124.70 - - [23/May/2025:17:43:49 +0900] "GET / HTTP/2.0" 200 14111 "-" "Mozilla/5.0 (Linux; U; Android 8.1.0; zh-cn; MI 8 Build/OPM1.171019.011) AppleWebKit/537.36 (KHTML, like Gecko) Version/4.0 Chrome/57.0.2987.108 Mobile Safari/537.36" "-"
123.6.49.50 - - [23/May/2025:17:43:50 +0900] "GET /sample-page/ HTTP/2.0" 200 12758 "-" "Mozilla/5.0 (Linux; Android 10; HUAWEI P30 Pro) AppleWebKit/537.36 (KHTML, like Gecko) Chrome/89.0.4389.105 Mobile Safari/537.36" "-"
27.115.124.70 - - [23/May/2025:17:43:50 +0900] "GET /wp-includes/blocks/navigation/style.min.css?ver=6.7.2 HTTP/2.0" 200 2795 "https://kahokutaku.com/" "Mozilla/5.0 (Linux; U; Android 8.1.0; zh-cn; MI 8 Build/OPM1.171019.011) AppleWebKit/537.36 (KHTML, like Gecko) Version/4.0 Chrome/57.0.2987.108 Mobile Safari/537.36" "-"
27.115.124.70 - - [23/May/2025:17:43:50 +0900] "GET /wp-includes/blocks/gallery/style.min.css?ver=6.7.2 HTTP/2.0" 200 2194 "https://kahokutaku.com/" "Mozilla/5.0 (Linux; U; Android 8.1.0; zh-cn; MI 8 Build/OPM1.171019.011) AppleWebKit/537.36 (KHTML, like Gecko) Version/4.0 Chrome/57.0.2987.108 Mobile Safari/537.36" "-"
27.115.124.70 - - [23/May/2025:17:43:50 +0900] "GET /wp-content/plugins/contact-form-7/includes/css/styles.css?ver=5.7.4 HTTP/2.0" 200 1088 "https://kahokutaku.com/" "Mozilla/5.0 (Linux; U; Android 8.1.0; zh-cn; MI 8 Build/OPM1.171019.011) AppleWebKit/537.36 (KHTML, like Gecko) Version/4.0 Chrome/57.0.2987.108 Mobile Safari/537.36" "-"
27.115.124.70 - - [23/May/2025:17:43:50 +0900] "GET /wp-content/plugins/shortcodes-ultimate/vendor/animatecss/animate.css?ver=3.1.1 HTTP/2.0" 200 5940 "https://kahokutaku.com/" "Mozilla/5.0 (Linux; U; Android 8.1.0; zh-cn; MI 8 Build/OPM1.171019.011) AppleWebKit/537.36 (KHTML, like Gecko) Version/4.0 Chrome/57.0.2987.108 Mobile Safari/537.36" "-"
27.115.124.70 - - [23/May/2025:17:43:50 +0900] "GET /wp-content/plugins/contact-form-7/includes/swv/js/index.js?ver=5.7.4 HTTP/2.0" 200 3350 "https://kahokutaku.com/" "Mozilla/5.0 (Linux; U; Android 8.1.0; zh-cn; MI 8 Build/OPM1.171019.011) AppleWebKit/537.36 (KHTML, like Gecko) Version/4.0 Chrome/57.0.2987.108 Mobile Safari/537.36" "-"
27.115.124.70 - - [23/May/2025:17:43:50 +0900] "GET /wp-content/plugins/contact-form-7/includes/js/index.js?ver=5.7.4 HTTP/2.0" 200 4681 "https://kahokutaku.com/" "Mozilla/5.0 (Linux; U; Android 8.1.0; zh-cn; MI 8 Build/OPM1.171019.011) AppleWebKit/537.36 (KHTML, like Gecko) Version/4.0 Chrome/57.0.2987.108 Mobile Safari/537.36" "-"
27.115.124.70 - - [23/May/2025:17:43:50 +0900] "GET /wp-includes/js/jquery/jquery.min.js?ver=3.7.1 HTTP/2.0" 200 35438 "https://kahokutaku.com/" "Mozilla/5.0 (Linux; U; Android 8.1.0; zh-cn; MI 8 Build/OPM1.171019.011) AppleWebKit/537.36 (KHTML, like Gecko) Version/4.0 Chrome/57.0.2987.108 Mobile Safari/537.36" "-"
27.115.124.70 - - [23/May/2025:17:43:50 +0900] "GET /wp-includes/js/jquery/jquery-migrate.min.js?ver=3.4.1 HTTP/2.0" 200 5342 "https://kahokutaku.com/" "Mozilla/5.0 (Linux; U; Android 8.1.0; zh-cn; MI 8 Build/OPM1.171019.011) AppleWebKit/537.36 (KHTML, like Gecko) Version/4.0 Chrome/57.0.2987.108 Mobile Safari/537.36" "-"
27.115.124.70 - - [23/May/2025:17:43:50 +0900] "GET /wp-content/plugins/shortcodes-ultimate/vendor/jquery-inview/jquery-inview.js?ver=1.1.2 HTTP/2.0" 200 780 "https://kahokutaku.com/" "Mozilla/5.0 (Linux; U; Android 8.1.0; zh-cn; MI 8 Build/OPM1.171019.011) AppleWebKit/537.36 (KHTML, like Gecko) Version/4.0 Chrome/57.0.2987.108 Mobile Safari/537.36" "-"
27.115.124.70 - - [23/May/2025:17:43:50 +0900] "GET /wp-content/plugins/shortcodes-ultimate/includes/js/shortcodes/index.js?ver=5.12.8 HTTP/2.0" 200 4854 "https://kahokutaku.com/" "Mozilla/5.0 (Linux; U; Android 8.1.0; zh-cn; MI 8 Build/OPM1.171019.011) AppleWebKit/537.36 (KHTML, like Gecko) Version/4.0 Chrome/57.0.2987.108 Mobile Safari/537.36" "-"
27.115.124.70 - - [23/May/2025:17:43:50 +0900] "GET /wp-content/uploads/2022/12/%E5%8D%93%E7%90%832.jpeg HTTP/2.0" 200 43024 "https://kahokutaku.com/" "Mozilla/5.0 (Linux; U; Android 8.1.0; zh-cn; MI 8 Build/OPM1.171019.011) AppleWebKit/537.36 (KHTML, like Gecko) Version/4.0 Chrome/57.0.2987.108 Mobile Safari/537.36" "-"
27.115.124.70 - - [23/May/2025:17:43:50 +0900] "GET /wp-content/uploads/2022/12/%E5%8D%93%E7%90%83%EF%BC%91_image-1383.jpeg HTTP/2.0" 200 37938 "https://kahokutaku.com/" "Mozilla/5.0 (Linux; U; Android 8.1.0; zh-cn; MI 8 Build/OPM1.171019.011) AppleWebKit/537.36 (KHTML, like Gecko) Version/4.0 Chrome/57.0.2987.108 Mobile Safari/537.36" "-"
123.6.49.50 - - [23/May/2025:17:43:50 +0900] "GET /wp-includes/blocks/navigation/style.min.css?ver=6.7.2 HTTP/2.0" 200 2795 "https://kahokutaku.com/sample-page/" "Mozilla/5.0 (Linux; Android 10; HUAWEI P30 Pro) AppleWebKit/537.36 (KHTML, like Gecko) Chrome/89.0.4389.105 Mobile Safari/537.36" "-"
123.6.49.50 - - [23/May/2025:17:43:50 +0900] "GET /wp-content/plugins/contact-form-7/includes/css/styles.css?ver=5.7.4 HTTP/2.0" 200 1088 "https://kahokutaku.com/sample-page/" "Mozilla/5.0 (Linux; Android 10; HUAWEI P30 Pro) AppleWebKit/537.36 (KHTML, like Gecko) Chrome/89.0.4389.105 Mobile Safari/537.36" "-"
123.6.49.50 - - [23/May/2025:17:43:50 +0900] "GET /wp-content/plugins/shortcodes-ultimate/vendor/animatecss/animate.css?ver=3.1.1 HTTP/2.0" 200 5940 "https://kahokutaku.com/sample-page/" "Mozilla/5.0 (Linux; Android 10; HUAWEI P30 Pro) AppleWebKit/537.36 (KHTML, like Gecko) Chrome/89.0.4389.105 Mobile Safari/537.36" "-"
123.6.49.50 - - [23/May/2025:17:43:50 +0900] "GET /wp-content/plugins/contact-form-7/includes/swv/js/index.js?ver=5.7.4 HTTP/2.0" 200 3350 "https://kahokutaku.com/sample-page/" "Mozilla/5.0 (Linux; Android 10; HUAWEI P30 Pro) AppleWebKit/537.36 (KHTML, like Gecko) Chrome/89.0.4389.105 Mobile Safari/537.36" "-"
27.115.124.38 - - [23/May/2025:17:43:50 +0900] "GET /wp-includes/js/dist/script-modules/interactivity/index.min.js?ver=907ea3b2f317a78b7b9b HTTP/2.0" 200 15440 "https://kahokutaku.com/" "Mozilla/5.0 (Linux; U; Android 8.1.0; zh-cn; MI 8 Build/OPM1.171019.011) AppleWebKit/537.36 (KHTML, like Gecko) Version/4.0 Chrome/57.0.2987.108 Mobile Safari/537.36" "-"
123.6.49.50 - - [23/May/2025:17:43:50 +0900] "GET /wp-content/plugins/contact-form-7/includes/js/index.js?ver=5.7.4 HTTP/2.0" 200 4681 "https://kahokutaku.com/sample-page/" "Mozilla/5.0 (Linux; Android 10; HUAWEI P30 Pro) AppleWebKit/537.36 (KHTML, like Gecko) Chrome/89.0.4389.105 Mobile Safari/537.36" "-"
27.115.124.38 - - [23/May/2025:17:43:50 +0900] "GET /wp-includes/js/dist/script-modules/block-library/navigation/view.min.js?ver=8ff192874fc8910a284c HTTP/2.0" 200 1206 "https://kahokutaku.com/" "Mozilla/5.0 (Linux; U; Android 8.1.0; zh-cn; MI 8 Build/OPM1.171019.011) AppleWebKit/537.36 (KHTML, like Gecko) Version/4.0 Chrome/57.0.2987.108 Mobile Safari/537.36" "-"
123.6.49.50 - - [23/May/2025:17:43:50 +0900] "GET /wp-includes/js/jquery/jquery.min.js?ver=3.7.1 HTTP/2.0" 200 35438 "https://kahokutaku.com/sample-page/" "Mozilla/5.0 (Linux; Android 10; HUAWEI P30 Pro) AppleWebKit/537.36 (KHTML, like Gecko) Chrome/89.0.4389.105 Mobile Safari/537.36" "-"
123.6.49.50 - - [23/May/2025:17:43:50 +0900] "GET /wp-includes/js/jquery/jquery-migrate.min.js?ver=3.4.1 HTTP/2.0" 200 5342 "https://kahokutaku.com/sample-page/" "Mozilla/5.0 (Linux; Android 10; HUAWEI P30 Pro) AppleWebKit/537.36 (KHTML, like Gecko) Chrome/89.0.4389.105 Mobile Safari/537.36" "-"
123.6.49.50 - - [23/May/2025:17:43:50 +0900] "GET /wp-content/plugins/shortcodes-ultimate/vendor/jquery-inview/jquery-inview.js?ver=1.1.2 HTTP/2.0" 200 780 "https://kahokutaku.com/sample-page/" "Mozilla/5.0 (Linux; Android 10; HUAWEI P30 Pro) AppleWebKit/537.36 (KHTML, like Gecko) Chrome/89.0.4389.105 Mobile Safari/537.36" "-"
123.6.49.50 - - [23/May/2025:17:43:50 +0900] "GET /wp-content/plugins/shortcodes-ultimate/includes/js/shortcodes/index.js?ver=5.12.8 HTTP/2.0" 200 4854 "https://kahokutaku.com/sample-page/" "Mozilla/5.0 (Linux; Android 10; HUAWEI P30 Pro) AppleWebKit/537.36 (KHTML, like Gecko) Chrome/89.0.4389.105 Mobile Safari/537.36" "-"
123.6.49.12 - - [23/May/2025:17:43:50 +0900] "GET /wp-includes/js/dist/script-modules/interactivity/index.min.js?ver=907ea3b2f317a78b7b9b HTTP/2.0" 200 15440 "https://kahokutaku.com/sample-page/" "Mozilla/5.0 (Linux; Android 10; HUAWEI P30 Pro) AppleWebKit/537.36 (KHTML, like Gecko) Chrome/89.0.4389.105 Mobile Safari/537.36" "-"
123.6.49.12 - - [23/May/2025:17:43:50 +0900] "GET /wp-includes/js/dist/script-modules/block-library/navigation/view.min.js?ver=8ff192874fc8910a284c HTTP/2.0" 200 1206 "https://kahokutaku.com/sample-page/" "Mozilla/5.0 (Linux; Android 10; HUAWEI P30 Pro) AppleWebKit/537.36 (KHTML, like Gecko) Chrome/89.0.4389.105 Mobile Safari/537.36" "-"
27.115.124.70 - - [23/May/2025:17:43:51 +0900] "GET /wp-includes/js/wp-emoji-release.min.js?ver=6.7.2 HTTP/2.0" 200 5857 "https://kahokutaku.com/" "Mozilla/5.0 (Linux; U; Android 8.1.0; zh-cn; MI 8 Build/OPM1.171019.011) AppleWebKit/537.36 (KHTML, like Gecko) Version/4.0 Chrome/57.0.2987.108 Mobile Safari/537.36" "-"
27.115.124.38 - - [23/May/2025:17:43:51 +0900] "GET /%E3%81%9D%E3%81%AE%E4%BB%96/ HTTP/2.0" 200 12020 "-" "Mozilla/5.0 (Linux; U; Android 8.1.0; zh-cn; MI 8 Build/OPM1.171019.011) AppleWebKit/537.36 (KHTML, like Gecko) Version/4.0 Chrome/57.0.2987.108 Mobile Safari/537.36" "-"
123.6.49.50 - - [23/May/2025:17:43:51 +0900] "GET /wp-includes/js/wp-emoji-release.min.js?ver=6.7.2 HTTP/2.0" 200 5857 "https://kahokutaku.com/sample-page/" "Mozilla/5.0 (Linux; Android 10; HUAWEI P30 Pro) AppleWebKit/537.36 (KHTML, like Gecko) Chrome/89.0.4389.105 Mobile Safari/537.36" "-"
27.115.124.38 - - [23/May/2025:17:43:51 +0900] "GET /wp-includes/blocks/navigation/style.min.css?ver=6.7.2 HTTP/2.0" 200 2795 "https://kahokutaku.com/%E3%81%9D%E3%81%AE%E4%BB%96/" "Mozilla/5.0 (Linux; U; Android 8.1.0; zh-cn; MI 8 Build/OPM1.171019.011) AppleWebKit/537.36 (KHTML, like Gecko) Version/4.0 Chrome/57.0.2987.108 Mobile Safari/537.36" "-"
27.115.124.38 - - [23/May/2025:17:43:51 +0900] "GET /wp-content/plugins/contact-form-7/includes/css/styles.css?ver=5.7.4 HTTP/2.0" 200 1088 "https://kahokutaku.com/%E3%81%9D%E3%81%AE%E4%BB%96/" "Mozilla/5.0 (Linux; U; Android 8.1.0; zh-cn; MI 8 Build/OPM1.171019.011) AppleWebKit/537.36 (KHTML, like Gecko) Version/4.0 Chrome/57.0.2987.108 Mobile Safari/537.36" "-"
27.115.124.38 - - [23/May/2025:17:43:51 +0900] "GET /wp-content/plugins/shortcodes-ultimate/vendor/animatecss/animate.css?ver=3.1.1 HTTP/2.0" 200 5940 "https://kahokutaku.com/%E3%81%9D%E3%81%AE%E4%BB%96/" "Mozilla/5.0 (Linux; U; Android 8.1.0; zh-cn; MI 8 Build/OPM1.171019.011) AppleWebKit/537.36 (KHTML, like Gecko) Version/4.0 Chrome/57.0.2987.108 Mobile Safari/537.36" "-"
27.115.124.38 - - [23/May/2025:17:43:51 +0900] "GET /wp-content/plugins/contact-form-7/includes/swv/js/index.js?ver=5.7.4 HTTP/2.0" 200 3350 "https://kahokutaku.com/%E3%81%9D%E3%81%AE%E4%BB%96/" "Mozilla/5.0 (Linux; U; Android 8.1.0; zh-cn; MI 8 Build/OPM1.171019.011) AppleWebKit/537.36 (KHTML, like Gecko) Version/4.0 Chrome/57.0.2987.108 Mobile Safari/537.36" "-"
27.115.124.38 - - [23/May/2025:17:43:51 +0900] "GET /wp-content/plugins/contact-form-7/includes/js/index.js?ver=5.7.4 HTTP/2.0" 200 4681 "https://kahokutaku.com/%E3%81%9D%E3%81%AE%E4%BB%96/" "Mozilla/5.0 (Linux; U; Android 8.1.0; zh-cn; MI 8 Build/OPM1.171019.011) AppleWebKit/537.36 (KHTML, like Gecko) Version/4.0 Chrome/57.0.2987.108 Mobile Safari/537.36" "-"
27.115.124.38 - - [23/May/2025:17:43:51 +0900] "GET /wp-includes/js/jquery/jquery.min.js?ver=3.7.1 HTTP/2.0" 200 35438 "https://kahokutaku.com/%E3%81%9D%E3%81%AE%E4%BB%96/" "Mozilla/5.0 (Linux; U; Android 8.1.0; zh-cn; MI 8 Build/OPM1.171019.011) AppleWebKit/537.36 (KHTML, like Gecko) Version/4.0 Chrome/57.0.2987.108 Mobile Safari/537.36" "-"
27.115.124.38 - - [23/May/2025:17:43:51 +0900] "GET /wp-includes/js/jquery/jquery-migrate.min.js?ver=3.4.1 HTTP/2.0" 200 5342 "https://kahokutaku.com/%E3%81%9D%E3%81%AE%E4%BB%96/" "Mozilla/5.0 (Linux; U; Android 8.1.0; zh-cn; MI 8 Build/OPM1.171019.011) AppleWebKit/537.36 (KHTML, like Gecko) Version/4.0 Chrome/57.0.2987.108 Mobile Safari/537.36" "-"
27.115.124.38 - - [23/May/2025:17:43:51 +0900] "GET /wp-content/plugins/shortcodes-ultimate/vendor/jquery-inview/jquery-inview.js?ver=1.1.2 HTTP/2.0" 200 780 "https://kahokutaku.com/%E3%81%9D%E3%81%AE%E4%BB%96/" "Mozilla/5.0 (Linux; U; Android 8.1.0; zh-cn; MI 8 Build/OPM1.171019.011) AppleWebKit/537.36 (KHTML, like Gecko) Version/4.0 Chrome/57.0.2987.108 Mobile Safari/537.36" "-"
27.115.124.38 - - [23/May/2025:17:43:51 +0900] "GET /wp-content/plugins/shortcodes-ultimate/includes/js/shortcodes/index.js?ver=5.12.8 HTTP/2.0" 200 4854 "https://kahokutaku.com/%E3%81%9D%E3%81%AE%E4%BB%96/" "Mozilla/5.0 (Linux; U; Android 8.1.0; zh-cn; MI 8 Build/OPM1.171019.011) AppleWebKit/537.36 (KHTML, like Gecko) Version/4.0 Chrome/57.0.2987.108 Mobile Safari/537.36" "-"
27.115.124.101 - - [23/May/2025:17:43:52 +0900] "GET /wp-includes/js/dist/script-modules/interactivity/index.min.js?ver=907ea3b2f317a78b7b9b HTTP/2.0" 200 15440 "https://kahokutaku.com/%E3%81%9D%E3%81%AE%E4%BB%96/" "Mozilla/5.0 (Linux; U; Android 8.1.0; zh-cn; MI 8 Build/OPM1.171019.011) AppleWebKit/537.36 (KHTML, like Gecko) Version/4.0 Chrome/57.0.2987.108 Mobile Safari/537.36" "-"
27.115.124.101 - - [23/May/2025:17:43:52 +0900] "GET /wp-includes/js/dist/script-modules/block-library/navigation/view.min.js?ver=8ff192874fc8910a284c HTTP/2.0" 200 1206 "https://kahokutaku.com/%E3%81%9D%E3%81%AE%E4%BB%96/" "Mozilla/5.0 (Linux; U; Android 8.1.0; zh-cn; MI 8 Build/OPM1.171019.011) AppleWebKit/537.36 (KHTML, like Gecko) Version/4.0 Chrome/57.0.2987.108 Mobile Safari/537.36" "-"
27.115.124.38 - - [23/May/2025:17:43:53 +0900] "GET /wp-includes/js/wp-emoji-release.min.js?ver=6.7.2 HTTP/2.0" 200 5857 "https://kahokutaku.com/%E3%81%9D%E3%81%AE%E4%BB%96/" "Mozilla/5.0 (Linux; U; Android 8.1.0; zh-cn; MI 8 Build/OPM1.171019.011) AppleWebKit/537.36 (KHTML, like Gecko) Version/4.0 Chrome/57.0.2987.108 Mobile Safari/537.36" "-"
123.6.49.15 - - [23/May/2025:17:43:53 +0900] "GET /%E7%B7%B4%E7%BF%92%E3%83%BB%E5%A4%A7%E4%BC%9A%E4%BA%88%E5%AE%9A/ HTTP/2.0" 200 12050 "-" "Mozilla/5.0 (Linux; Android 11; V2055A) AppleWebKit/537.36 (KHTML, like Gecko) Chrome/91.0.4472.101 Mobile Safari/537.36" "-"
123.6.49.15 - - [23/May/2025:17:43:54 +0900] "GET /wp-includes/blocks/navigation/style.min.css?ver=6.7.2 HTTP/2.0" 200 2795 "https://kahokutaku.com/%E7%B7%B4%E7%BF%92%E3%83%BB%E5%A4%A7%E4%BC%9A%E4%BA%88%E5%AE%9A/" "Mozilla/5.0 (Linux; Android 11; V2055A) AppleWebKit/537.36 (KHTML, like Gecko) Chrome/91.0.4472.101 Mobile Safari/537.36" "-"
123.6.49.15 - - [23/May/2025:17:43:54 +0900] "GET /wp-content/plugins/contact-form-7/includes/css/styles.css?ver=5.7.4 HTTP/2.0" 200 1088 "https://kahokutaku.com/%E7%B7%B4%E7%BF%92%E3%83%BB%E5%A4%A7%E4%BC%9A%E4%BA%88%E5%AE%9A/" "Mozilla/5.0 (Linux; Android 11; V2055A) AppleWebKit/537.36 (KHTML, like Gecko) Chrome/91.0.4472.101 Mobile Safari/537.36" "-"
123.6.49.15 - - [23/May/2025:17:43:54 +0900] "GET /wp-content/plugins/shortcodes-ultimate/vendor/animatecss/animate.css?ver=3.1.1 HTTP/2.0" 200 5940 "https://kahokutaku.com/%E7%B7%B4%E7%BF%92%E3%83%BB%E5%A4%A7%E4%BC%9A%E4%BA%88%E5%AE%9A/" "Mozilla/5.0 (Linux; Android 11; V2055A) AppleWebKit/537.36 (KHTML, like Gecko) Chrome/91.0.4472.101 Mobile Safari/537.36" "-"
123.6.49.15 - - [23/May/2025:17:43:54 +0900] "GET /wp-content/plugins/contact-form-7/includes/swv/js/index.js?ver=5.7.4 HTTP/2.0" 200 3350 "https://kahokutaku.com/%E7%B7%B4%E7%BF%92%E3%83%BB%E5%A4%A7%E4%BC%9A%E4%BA%88%E5%AE%9A/" "Mozilla/5.0 (Linux; Android 11; V2055A) AppleWebKit/537.36 (KHTML, like Gecko) Chrome/91.0.4472.101 Mobile Safari/537.36" "-"
123.6.49.15 - - [23/May/2025:17:43:54 +0900] "GET /wp-content/plugins/contact-form-7/includes/js/index.js?ver=5.7.4 HTTP/2.0" 200 4681 "https://kahokutaku.com/%E7%B7%B4%E7%BF%92%E3%83%BB%E5%A4%A7%E4%BC%9A%E4%BA%88%E5%AE%9A/" "Mozilla/5.0 (Linux; Android 11; V2055A) AppleWebKit/537.36 (KHTML, like Gecko) Chrome/91.0.4472.101 Mobile Safari/537.36" "-"
123.6.49.15 - - [23/May/2025:17:43:54 +0900] "GET /wp-includes/js/jquery/jquery.min.js?ver=3.7.1 HTTP/2.0" 200 35438 "https://kahokutaku.com/%E7%B7%B4%E7%BF%92%E3%83%BB%E5%A4%A7%E4%BC%9A%E4%BA%88%E5%AE%9A/" "Mozilla/5.0 (Linux; Android 11; V2055A) AppleWebKit/537.36 (KHTML, like Gecko) Chrome/91.0.4472.101 Mobile Safari/537.36" "-"
123.6.49.15 - - [23/May/2025:17:43:54 +0900] "GET /wp-includes/js/jquery/jquery-migrate.min.js?ver=3.4.1 HTTP/2.0" 200 5342 "https://kahokutaku.com/%E7%B7%B4%E7%BF%92%E3%83%BB%E5%A4%A7%E4%BC%9A%E4%BA%88%E5%AE%9A/" "Mozilla/5.0 (Linux; Android 11; V2055A) AppleWebKit/537.36 (KHTML, like Gecko) Chrome/91.0.4472.101 Mobile Safari/537.36" "-"
123.6.49.15 - - [23/May/2025:17:43:54 +0900] "GET /wp-content/plugins/shortcodes-ultimate/vendor/jquery-inview/jquery-inview.js?ver=1.1.2 HTTP/2.0" 200 780 "https://kahokutaku.com/%E7%B7%B4%E7%BF%92%E3%83%BB%E5%A4%A7%E4%BC%9A%E4%BA%88%E5%AE%9A/" "Mozilla/5.0 (Linux; Android 11; V2055A) AppleWebKit/537.36 (KHTML, like Gecko) Chrome/91.0.4472.101 Mobile Safari/537.36" "-"
123.6.49.15 - - [23/May/2025:17:43:54 +0900] "GET /wp-content/plugins/shortcodes-ultimate/includes/js/shortcodes/index.js?ver=5.12.8 HTTP/2.0" 200 4854 "https://kahokutaku.com/%E7%B7%B4%E7%BF%92%E3%83%BB%E5%A4%A7%E4%BC%9A%E4%BA%88%E5%AE%9A/" "Mozilla/5.0 (Linux; Android 11; V2055A) AppleWebKit/537.36 (KHTML, like Gecko) Chrome/91.0.4472.101 Mobile Safari/537.36" "-"
27.115.124.53 - - [23/May/2025:17:43:54 +0900] "GET /favicon.ico HTTP/2.0" 302 0 "-" "Mozilla/5.0 (Windows NT 10.0; WOW64) AppleWebKit/537.36 (KHTML, like Gecko) Chrome/78.0.3904.108 Safari/537.36" "-"
123.6.49.47 - - [23/May/2025:17:43:54 +0900] "GET /wp-includes/js/dist/script-modules/interactivity/index.min.js?ver=907ea3b2f317a78b7b9b HTTP/2.0" 200 15440 "https://kahokutaku.com/%E7%B7%B4%E7%BF%92%E3%83%BB%E5%A4%A7%E4%BC%9A%E4%BA%88%E5%AE%9A/" "Mozilla/5.0 (Linux; Android 11; V2055A) AppleWebKit/537.36 (KHTML, like Gecko) Chrome/91.0.4472.101 Mobile Safari/537.36" "-"
123.6.49.47 - - [23/May/2025:17:43:54 +0900] "GET /wp-includes/js/dist/script-modules/block-library/navigation/view.min.js?ver=8ff192874fc8910a284c HTTP/2.0" 200 1206 "https://kahokutaku.com/%E7%B7%B4%E7%BF%92%E3%83%BB%E5%A4%A7%E4%BC%9A%E4%BA%88%E5%AE%9A/" "Mozilla/5.0 (Linux; Android 11; V2055A) AppleWebKit/537.36 (KHTML, like Gecko) Chrome/91.0.4472.101 Mobile Safari/537.36" "-"
123.6.49.47 - - [23/May/2025:17:43:55 +0900] "GET /favicon.ico HTTP/2.0" 302 0 "-" "Mozilla/5.0 (Windows NT 10.0; WOW64) AppleWebKit/537.36 (KHTML, like Gecko) Chrome/78.0.3904.108 Safari/537.36" "-"
123.6.49.15 - - [23/May/2025:17:43:55 +0900] "GET /wp-includes/js/wp-emoji-release.min.js?ver=6.7.2 HTTP/2.0" 200 5857 "https://kahokutaku.com/%E7%B7%B4%E7%BF%92%E3%83%BB%E5%A4%A7%E4%BC%9A%E4%BA%88%E5%AE%9A/" "Mozilla/5.0 (Linux; Android 11; V2055A) AppleWebKit/537.36 (KHTML, like Gecko) Chrome/91.0.4472.101 Mobile Safari/537.36" "-"
27.115.124.38 - - [23/May/2025:17:43:56 +0900] "GET /favicon.ico HTTP/1.1" 302 0 "-" "Mozilla/5.0 (Windows NT 10.0; Win64; x64) AppleWebKit/537.36 (KHTML, like Gecko) Chrome/120.0.0.0 Safari/537.36" "-"
27.115.124.38 - - [23/May/2025:17:43:56 +0900] "GET /wp-includes/images/w-logo-blue-white-bg.png HTTP/1.1" 200 4119 "https://kahokutaku.com/favicon.ico" "Mozilla/5.0 (Windows NT 10.0; Win64; x64) AppleWebKit/537.36 (KHTML, like Gecko) Chrome/120.0.0.0 Safari/537.36" "-"
27.115.124.53 - - [23/May/2025:17:43:58 +0900] "GET /favicon.ico HTTP/2.0" 302 0 "-" "Mozilla/5.0 (Windows NT 10.0; WOW64) AppleWebKit/537.36 (KHTML, like Gecko) Chrome/78.0.3904.108 Safari/537.36" "-"
123.6.49.50 - - [23/May/2025:17:44:00 +0900] "GET /favicon.ico HTTP/2.0" 302 0 "-" "Mozilla/5.0 (Windows NT 10.0; WOW64) AppleWebKit/537.36 (KHTML, like Gecko) Chrome/78.0.3904.108 Safari/537.36" "-"
27.115.124.101 - - [23/May/2025:17:44:00 +0900] "GET /favicon.ico HTTP/1.1" 302 0 "-" "Mozilla/5.0 (Windows NT 10.0; Win64; x64) AppleWebKit/537.36 (KHTML, like Gecko) Chrome/120.0.0.0 Safari/537.36" "-"
27.115.124.101 - - [23/May/2025:17:44:01 +0900] "GET /wp-includes/images/w-logo-blue-white-bg.png HTTP/1.1" 200 4119 "https://kahokutaku.com/favicon.ico" "Mozilla/5.0 (Windows NT 10.0; Win64; x64) AppleWebKit/537.36 (KHTML, like Gecko) Chrome/120.0.0.0 Safari/537.36" "-"
66.249.79.172 - - [23/May/2025:17:44:40 +0900] "GET /robots.txt HTTP/1.1" 200 180 "-" "Mozilla/5.0 (compatible; Googlebot/2.1; +http://www.google.com/bot.html)" "-"
66.249.79.160 - - [23/May/2025:17:44:41 +0900] "GET /pcmypage?callback=product%2Fdetail%2F11536508 HTTP/1.1" 200 23737 "-" "Mozilla/5.0 (Linux; Android 6.0.1; Nexus 5X Build/MMB29P) AppleWebKit/537.36 (KHTML, like Gecko) Chrome/136.0.7103.113 Mobile Safari/537.36 (compatible; Googlebot/2.1; +http://www.google.com/bot.html)" "-"
40.77.167.243 - - [23/May/2025:17:45:25 +0900] "GET /shopdetail/2620068 HTTP/2.0" 200 24241 "-" "Mozilla/5.0 AppleWebKit/537.36 (KHTML, like Gecko; compatible; bingbot/2.0; +http://www.bing.com/bingbot.htm) Chrome/116.0.1938.76 Safari/537.36" "-"
66.249.79.173 - - [23/May/2025:17:45:26 +0900] "GET /pcmypage?callback=/product%2Fdetail%2F45082844 HTTP/1.1" 200 24874 "-" "Mozilla/5.0 (Linux; Android 6.0.1; Nexus 5X Build/MMB29P) AppleWebKit/537.36 (KHTML, like Gecko) Chrome/136.0.7103.113 Mobile Safari/537.36 (compatible; Googlebot/2.1; +http://www.google.com/bot.html)" "-"
