66.249.79.172 - - [23/May/2025:08:54:33 +0900] "GET /shopdetail/27467557 HTTP/1.1" 200 22604 "-" "Mozilla/5.0 (Linux; Android 6.0.1; Nexus 5X Build/MMB29P) AppleWebKit/537.36 (KHTML, like Gecko) Chrome/136.0.7103.113 Mobile Safari/537.36 (compatible; Googlebot/2.1; +http://www.google.com/bot.html)" "-"
66.249.79.172 - - [23/May/2025:08:58:41 +0900] "GET /shopdetail/11702457 HTTP/1.1" 200 22849 "-" "Mozilla/5.0 (compatible; Googlebot/2.1; +http://www.google.com/bot.html)" "-"
66.249.79.172 - - [23/May/2025:08:58:53 +0900] "GET /shopdetail/18102268 HTTP/1.1" 200 22664 "-" "Mozilla/5.0 (Linux; Android 6.0.1; Nexus 5X Build/MMB29P) AppleWebKit/537.36 (KHTML, like Gecko) Chrome/136.0.7103.113 Mobile Safari/537.36 (compatible; Googlebot/2.1; +http://www.google.com/bot.html)" "-"
160.251.148.50 - - [23/May/2025:09:00:35 +0900] "POST /wp-cron.php?doing_wp_cron=1747958435.0384380817413330078125 HTTP/1.1" 403 186 "-" "WordPress/6.7.2; https://kahokutaku.com" "-"
57.141.2.6 - - [23/May/2025:09:00:35 +0900] "GET /shopdetail/12019168 HTTP/2.0" 404 43580 "-" "meta-externalagent/1.1 (+https://developers.facebook.com/docs/sharing/webmasters/crawler)" "-"
57.141.2.18 - - [23/May/2025:09:00:45 +0900] "GET /shopdetail/9524480 HTTP/2.0" 404 43580 "-" "meta-externalagent/1.1 (+https://developers.facebook.com/docs/sharing/webmasters/crawler)" "-"
57.141.2.30 - - [23/May/2025:09:01:18 +0900] "GET /shopdetail/2359124 HTTP/2.0" 404 43580 "-" "meta-externalagent/1.1 (+https://developers.facebook.com/docs/sharing/webmasters/crawler)" "-"
66.249.79.173 - - [23/May/2025:09:01:51 +0900] "GET /safe_search/config?return_url=%2Fproduct%2Fdetail%2F30716303 HTTP/1.1" 200 22240 "-" "Mozilla/5.0 (Linux; Android 6.0.1; Nexus 5X Build/MMB29P) AppleWebKit/537.36 (KHTML, like Gecko) Chrome/136.0.7103.113 Mobile Safari/537.36 (compatible; Googlebot/2.1; +http://www.google.com/bot.html)" "-"
66.249.79.160 - - [23/May/2025:09:03:44 +0900] "GET /shopdetail/13151935 HTTP/1.1" 200 22833 "-" "Mozilla/5.0 (compatible; Googlebot/2.1; +http://www.google.com/bot.html)" "-"
66.249.79.172 - - [23/May/2025:09:04:11 +0900] "POST /get-message-notify HTTP/1.1" 200 22944 "https://www.kahokutaku.com/shopdetail/27467557" "Mozilla/5.0 (Linux; Android 6.0.1; Nexus 5X Build/MMB29P) AppleWebKit/537.36 (KHTML, like Gecko) Chrome/136.0.7103.92 Mobile Safari/537.36 (compatible; Googlebot/2.1; +http://www.google.com/bot.html)" "-"
66.249.79.160 - - [23/May/2025:09:08:00 +0900] "GET /shopdetail/26430268 HTTP/1.1" 200 22767 "-" "Mozilla/5.0 (Linux; Android 6.0.1; Nexus 5X Build/MMB29P) AppleWebKit/537.36 (KHTML, like Gecko) Chrome/136.0.7103.113 Mobile Safari/537.36 (compatible; Googlebot/2.1; +http://www.google.com/bot.html)" "-"
66.249.79.173 - - [23/May/2025:09:08:13 +0900] "GET /shopdetail/26430268 HTTP/1.1" 200 22767 "-" "Mozilla/5.0 (compatible; Googlebot/2.1; +http://www.google.com/bot.html)" "-"
222.146.176.165 - - [23/May/2025:09:09:25 +0900] "GET /shopdetail/24231080 HTTP/2.0" 200 361 "https://www.google.com/" "Mozilla/5.0 (iPhone; CPU iPhone OS 18_4_1 like Mac OS X) AppleWebKit/605.1.15 (KHTML, like Gecko) Version/18.4 Mobile/15E148 Safari/604.1" "-"
66.249.79.172 - - [23/May/2025:09:10:22 +0900] "GET /shopdetail/25105713 HTTP/1.1" 200 23425 "-" "Mozilla/5.0 (Linux; Android 6.0.1; Nexus 5X Build/MMB29P) AppleWebKit/537.36 (KHTML, like Gecko) Chrome/136.0.7103.113 Mobile Safari/537.36 (compatible; Googlebot/2.1; +http://www.google.com/bot.html)" "-"
43.207.93.118 - - [23/May/2025:09:14:17 +0900] "GET /shopdetail/4252424 HTTP/2.0" 200 391 "https://www.google.com/" "Mozilla/5.0 (Windows NT 10.0; Win64; x64) AppleWebKit/537.36 (KHTML, like Gecko) Chrome/136.0.0.0 Safari/537.36" "-"
52.156.77.150 - - [23/May/2025:09:15:36 +0900] "GET /robots.txt HTTP/2.0" 200 169 "-" "Mozilla/5.0 AppleWebKit/537.36 (KHTML, like Gecko); compatible; ChatGPT-User/1.0; +https://openai.com/bot" "-"
160.251.148.50 - - [23/May/2025:09:15:36 +0900] "POST /wp-cron.php?doing_wp_cron=1747959336.9123289585113525390625 HTTP/1.1" 403 186 "-" "WordPress/6.7.2; https://kahokutaku.com" "-"
52.156.77.158 - - [23/May/2025:09:15:36 +0900] "GET /shopdetail/8100546 HTTP/2.0" 301 0 "-" "Mozilla/5.0 AppleWebKit/537.36 (KHTML, like Gecko); compatible; ChatGPT-User/1.0; +https://openai.com/bot" "-"
160.251.148.50 - - [23/May/2025:09:15:37 +0900] "POST /wp-cron.php?doing_wp_cron=1747959337.0172569751739501953125 HTTP/1.1" 403 186 "-" "WordPress/6.7.2; https://kahokutaku.com" "-"
52.156.77.150 - - [23/May/2025:09:15:37 +0900] "GET / HTTP/2.0" 200 14111 "-" "Mozilla/5.0 AppleWebKit/537.36 (KHTML, like Gecko); compatible; ChatGPT-User/1.0; +https://openai.com/bot" "-"
52.156.77.150 - - [23/May/2025:09:15:37 +0900] "GET /shopdetail/8100546 HTTP/2.0" 404 11672 "-" "Mozilla/5.0 AppleWebKit/537.36 (KHTML, like Gecko); compatible; ChatGPT-User/1.0; +https://openai.com/bot" "-"
47.128.58.207 - - [23/May/2025:09:16:45 +0900] "GET /shopdetail/21016180 HTTP/2.0" 403 0 "-" "Mozilla/5.0 (Linux; Android 5.0) AppleWebKit/537.36 (KHTML, like Gecko) Mobile Safari/537.36 (compatible; Bytespider; spider-feedback@bytedance.com)" "-"
66.249.79.173 - - [23/May/2025:09:18:47 +0900] "GET /safe_search/config?return_url=%2Fproduct%2Fdetail%2F41022878 HTTP/1.1" 200 24081 "-" "Mozilla/5.0 (Linux; Android 6.0.1; Nexus 5X Build/MMB29P) AppleWebKit/537.36 (KHTML, like Gecko) Chrome/136.0.7103.113 Mobile Safari/537.36 (compatible; Googlebot/2.1; +http://www.google.com/bot.html)" "-"
66.249.79.160 - - [23/May/2025:09:20:43 +0900] "POST /get-message-notify HTTP/1.1" 200 22944 "https://www.kahokutaku.com/safe_search/config?return_url=%2Fproduct%2Fdetail%2F41022878" "Mozilla/5.0 (Linux; Android 6.0.1; Nexus 5X Build/MMB29P) AppleWebKit/537.36 (KHTML, like Gecko) Chrome/136.0.7103.92 Mobile Safari/537.36 (compatible; Googlebot/2.1; +http://www.google.com/bot.html)" "-"
66.249.79.172 - - [23/May/2025:09:21:54 +0900] "GET /shopdetail/12753757 HTTP/1.1" 200 22357 "-" "Mozilla/5.0 (compatible; Googlebot/2.1; +http://www.google.com/bot.html)" "-"
203.33.203.148 - - [23/May/2025:09:22:48 +0900] "GET / HTTP/1.1" 301 162 "-" "Mozilla/5.0 (iPhone; CPU iPhone OS 13_2_3 like Mac OS X) AppleWebKit/605.1.15 (KHTML, like Gecko) Version/13.0.3 Mobile/15E148 Safari/604.1" "-"
160.251.148.50 - - [23/May/2025:09:22:51 +0900] "POST /wp-cron.php?doing_wp_cron=1747959770.8646171092987060546875 HTTP/1.1" 403 186 "-" "WordPress/6.7.2; https://kahokutaku.com" "-"
203.33.203.148 - - [23/May/2025:09:22:51 +0900] "GET / HTTP/1.1" 200 14124 "http://kahokutaku.com" "Mozilla/5.0 (iPhone; CPU iPhone OS 13_2_3 like Mac OS X) AppleWebKit/605.1.15 (KHTML, like Gecko) Version/13.0.3 Mobile/15E148 Safari/604.1" "-"
66.249.79.172 - - [23/May/2025:09:23:26 +0900] "GET /pcmypage?callback=product/review/89730138 HTTP/1.1" 200 23913 "-" "Mozilla/5.0 (Linux; Android 6.0.1; Nexus 5X Build/MMB29P) AppleWebKit/537.36 (KHTML, like Gecko) Chrome/136.0.7103.113 Mobile Safari/537.36 (compatible; Googlebot/2.1; +http://www.google.com/bot.html)" "-"
160.251.148.50 - - [23/May/2025:09:24:26 +0900] "POST /wp-cron.php?doing_wp_cron=1747959865.8914999961853027343750 HTTP/1.1" 403 186 "-" "WordPress/6.7.2; https://kahokutaku.com" "-"
57.141.2.1 - - [23/May/2025:09:24:26 +0900] "GET /shopdetail/16944402 HTTP/2.0" 404 43580 "-" "meta-externalagent/1.1 (+https://developers.facebook.com/docs/sharing/webmasters/crawler)" "-"
57.141.2.14 - - [23/May/2025:09:24:31 +0900] "GET /shopdetail/9466768 HTTP/2.0" 404 196 "-" "meta-externalagent/1.1 (+https://developers.facebook.com/docs/sharing/webmasters/crawler)" "-"
172.203.190.128 - - [23/May/2025:09:26:03 +0900] "GET /robots.txt HTTP/2.0" 200 169 "-" "Mozilla/5.0 (Macintosh; Intel Mac OS X 10_15_7) AppleWebKit/537.36 (KHTML, like Gecko) Chrome/131.0.0.0 Safari/537.36; compatible; OAI-SearchBot/1.0; +https://openai.com/searchbot" "-"
40.84.221.214 - - [23/May/2025:09:26:19 +0900] "GET /robots.txt HTTP/2.0" 200 169 "-" "Mozilla/5.0 AppleWebKit/537.36 (KHTML, like Gecko); compatible; ChatGPT-User/1.0; +https://openai.com/bot" "-"
160.251.148.50 - - [23/May/2025:09:26:19 +0900] "POST /wp-cron.php?doing_wp_cron=1747959979.2710518836975097656250 HTTP/1.1" 403 186 "-" "WordPress/6.7.2; https://kahokutaku.com" "-"
40.84.221.217 - - [23/May/2025:09:26:19 +0900] "GET /shopdetail/19923091 HTTP/2.0" 301 0 "-" "Mozilla/5.0 AppleWebKit/537.36 (KHTML, like Gecko); compatible; ChatGPT-User/1.0; +https://openai.com/bot" "-"
40.84.221.214 - - [23/May/2025:09:26:19 +0900] "GET / HTTP/2.0" 200 14111 "-" "Mozilla/5.0 AppleWebKit/537.36 (KHTML, like Gecko); compatible; ChatGPT-User/1.0; +https://openai.com/bot" "-"
40.84.221.218 - - [23/May/2025:09:26:20 +0900] "GET /shopdetail/19923091 HTTP/2.0" 404 11672 "-" "Mozilla/5.0 AppleWebKit/537.36 (KHTML, like Gecko); compatible; ChatGPT-User/1.0; +https://openai.com/bot" "-"
66.249.79.173 - - [23/May/2025:09:26:46 +0900] "GET /shopdetail/19276313 HTTP/1.1" 200 23391 "-" "Mozilla/5.0 (Linux; Android 6.0.1; Nexus 5X Build/MMB29P) AppleWebKit/537.36 (KHTML, like Gecko) Chrome/134.0.6998.88 Mobile Safari/537.36 (compatible; Googlebot/2.1; +http://www.google.com/bot.html)" "-"
66.249.79.172 - - [23/May/2025:09:27:40 +0900] "GET /shopdetail/1443157 HTTP/1.1" 200 22064 "-" "Mozilla/5.0 (Linux; Android 6.0.1; Nexus 5X Build/MMB29P) AppleWebKit/537.36 (KHTML, like Gecko) Chrome/136.0.7103.113 Mobile Safari/537.36 (compatible; Googlebot/2.1; +http://www.google.com/bot.html)" "-"
66.249.79.172 - - [23/May/2025:09:27:50 +0900] "GET /shopdetail/12004213 HTTP/1.1" 200 23571 "-" "Mozilla/5.0 (Linux; Android 6.0.1; Nexus 5X Build/MMB29P) AppleWebKit/537.36 (KHTML, like Gecko) Chrome/136.0.7103.113 Mobile Safari/537.36 (compatible; Googlebot/2.1; +http://www.google.com/bot.html)" "-"
160.251.148.50 - - [23/May/2025:09:28:17 +0900] "POST /wp-cron.php?doing_wp_cron=1747960097.3596339225769042968750 HTTP/1.1" 403 186 "-" "WordPress/6.7.2; https://kahokutaku.com" "-"
5.161.236.43 - - [23/May/2025:09:28:17 +0900] "GET /shopdetail/28690813 HTTP/1.1" 301 0 "-" "Mozilla/5.0 (Windows NT 10.0; Win64; x64) AppleWebKit/537.36 (KHTML, like Gecko) Chrome/84.0.4147.105 Safari/537.36" "-"
5.161.236.43 - - [23/May/2025:09:28:18 +0900] "GET /shopdetail/28690813 HTTP/1.1" 404 11685 "-" "Mozilla/5.0 (Windows NT 10.0; Win64; x64) AppleWebKit/537.36 (KHTML, like Gecko) Chrome/84.0.4147.105 Safari/537.36" "-"
66.249.79.172 - - [23/May/2025:09:28:23 +0900] "GET /shopdetail/1445768 HTTP/1.1" 200 26226 "-" "Mozilla/5.0 (Linux; Android 6.0.1; Nexus 5X Build/MMB29P) AppleWebKit/537.36 (KHTML, like Gecko) Chrome/136.0.7103.113 Mobile Safari/537.36 (compatible; Googlebot/2.1; +http://www.google.com/bot.html)" "-"
160.251.148.50 - - [23/May/2025:09:29:19 +0900] "POST /wp-cron.php?doing_wp_cron=1747960158.9353549480438232421875 HTTP/1.1" 403 186 "-" "WordPress/6.7.2; https://kahokutaku.com" "-"
66.249.82.97 - - [23/May/2025:09:29:19 +0900] "GET /.well-known/traffic-advice HTTP/1.1" 301 0 "-" "Chrome Privacy Preserving Prefetch Proxy" "-"
162.120.184.20 - - [23/May/2025:09:29:19 +0900] "GET /shopdetail/2494713 HTTP/2.0" 200 339 "https://www.google.com/" "Mozilla/5.0 (Windows NT 10.0; Win64; x64) AppleWebKit/537.36 (KHTML, like Gecko) Chrome/136.0.0.0 Safari/537.36" "-"
66.249.79.160 - - [23/May/2025:09:29:33 +0900] "POST /get-message-notify HTTP/1.1" 200 22944 "https://www.kahokutaku.com/pcmypage?callback=product/review/89730138" "Mozilla/5.0 (Linux; Android 6.0.1; Nexus 5X Build/MMB29P) AppleWebKit/537.36 (KHTML, like Gecko) Chrome/136.0.7103.92 Mobile Safari/537.36 (compatible; Googlebot/2.1; +http://www.google.com/bot.html)" "-"
66.249.79.172 - - [23/May/2025:09:30:16 +0900] "GET /shopdetail/6217646 HTTP/1.1" 200 22654 "-" "Mozilla/5.0 (compatible; Googlebot/2.1; +http://www.google.com/bot.html)" "-"
66.249.79.172 - - [23/May/2025:09:31:50 +0900] "GET /shopdetail/11622957 HTTP/1.1" 200 22538 "-" "Mozilla/5.0 (Linux; Android 6.0.1; Nexus 5X Build/MMB29P) AppleWebKit/537.36 (KHTML, like Gecko) Chrome/136.0.7103.113 Mobile Safari/537.36 (compatible; Googlebot/2.1; +http://www.google.com/bot.html)" "-"
160.251.148.50 - - [23/May/2025:09:33:47 +0900] "POST /wp-cron.php?doing_wp_cron=1747960427.3894970417022705078125 HTTP/1.1" 403 186 "-" "WordPress/6.7.2; https://kahokutaku.com" "-"
114.182.169.235 - - [23/May/2025:09:33:47 +0900] "GET /favicon.ico HTTP/2.0" 302 0 "-" "LINE/2025.423.1206 CFNetwork/3826.500.111.2.2 Darwin/24.4.0" "-"
66.249.79.160 - - [23/May/2025:09:34:04 +0900] "GET /shopdetail/6148002 HTTP/1.1" 200 24556 "-" "Mozilla/5.0 (Linux; Android 6.0.1; Nexus 5X Build/MMB29P) AppleWebKit/537.36 (KHTML, like Gecko) Chrome/136.0.7103.113 Mobile Safari/537.36 (compatible; Googlebot/2.1; +http://www.google.com/bot.html)" "-"
66.249.79.160 - - [23/May/2025:09:36:11 +0900] "GET /shopdetail/21445257 HTTP/1.1" 200 25352 "-" "Mozilla/5.0 (Linux; Android 6.0.1; Nexus 5X Build/MMB29P) AppleWebKit/537.36 (KHTML, like Gecko) Chrome/136.0.7103.113 Mobile Safari/537.36 (compatible; Googlebot/2.1; +http://www.google.com/bot.html)" "-"
66.249.79.173 - - [23/May/2025:09:39:03 +0900] "GET /shopdetail/11364191 HTTP/1.1" 200 23361 "-" "Mozilla/5.0 (compatible; Googlebot/2.1; +http://www.google.com/bot.html)" "-"
66.249.79.172 - - [23/May/2025:09:43:31 +0900] "GET /pcmypage?callback=product%2Fdetail%2F32294159 HTTP/1.1" 200 24732 "-" "Mozilla/5.0 (Linux; Android 6.0.1; Nexus 5X Build/MMB29P) AppleWebKit/537.36 (KHTML, like Gecko) Chrome/136.0.7103.113 Mobile Safari/537.36 (compatible; Googlebot/2.1; +http://www.google.com/bot.html)" "-"
126.254.201.29 - - [23/May/2025:09:43:42 +0900] "GET / HTTP/1.1" 301 162 "-" "Mozilla/5.0 (Linux; Android 9; 704HW Build/HUAWEI704HW; wv) AppleWebKit/537.36 (KHTML, like Gecko) Version/4.0 Chrome/136.0.7103.125 Mobile Safari/537.36 Line/15.2.1/IAB" "-"
160.251.148.50 - - [23/May/2025:09:43:43 +0900] "POST /wp-cron.php?doing_wp_cron=1747961022.9647290706634521484375 HTTP/1.1" 403 186 "-" "WordPress/6.7.2; https://kahokutaku.com" "-"
126.254.201.29 - - [23/May/2025:09:43:43 +0900] "GET / HTTP/2.0" 200 14111 "-" "Mozilla/5.0 (Linux; Android 9; 704HW Build/HUAWEI704HW; wv) AppleWebKit/537.36 (KHTML, like Gecko) Version/4.0 Chrome/136.0.7103.125 Mobile Safari/537.36 Line/15.2.1/IAB" "-"
126.254.201.29 - - [23/May/2025:09:43:43 +0900] "GET /wp-includes/blocks/gallery/style.min.css?ver=6.7.2 HTTP/2.0" 200 2194 "https://kahokutaku.com/" "Mozilla/5.0 (Linux; Android 9; 704HW Build/HUAWEI704HW; wv) AppleWebKit/537.36 (KHTML, like Gecko) Version/4.0 Chrome/136.0.7103.125 Mobile Safari/537.36 Line/15.2.1/IAB" "-"
126.254.201.29 - - [23/May/2025:09:43:43 +0900] "GET /wp-includes/blocks/navigation/style.min.css?ver=6.7.2 HTTP/2.0" 200 2795 "https://kahokutaku.com/" "Mozilla/5.0 (Linux; Android 9; 704HW Build/HUAWEI704HW; wv) AppleWebKit/537.36 (KHTML, like Gecko) Version/4.0 Chrome/136.0.7103.125 Mobile Safari/537.36 Line/15.2.1/IAB" "-"
126.254.201.29 - - [23/May/2025:09:43:43 +0900] "GET /wp-content/uploads/2022/12/%E5%8D%93%E7%90%83%EF%BC%91_image-1383.jpeg HTTP/2.0" 200 37938 "https://kahokutaku.com/" "Mozilla/5.0 (Linux; Android 9; 704HW Build/HUAWEI704HW; wv) AppleWebKit/537.36 (KHTML, like Gecko) Version/4.0 Chrome/136.0.7103.125 Mobile Safari/537.36 Line/15.2.1/IAB" "-"
126.254.201.29 - - [23/May/2025:09:43:43 +0900] "GET /wp-content/plugins/contact-form-7/includes/css/styles.css?ver=5.7.4 HTTP/2.0" 200 1088 "https://kahokutaku.com/" "Mozilla/5.0 (Linux; Android 9; 704HW Build/HUAWEI704HW; wv) AppleWebKit/537.36 (KHTML, like Gecko) Version/4.0 Chrome/136.0.7103.125 Mobile Safari/537.36 Line/15.2.1/IAB" "-"
126.254.201.29 - - [23/May/2025:09:43:43 +0900] "GET /wp-includes/js/dist/script-modules/block-library/navigation/view.min.js?ver=8ff192874fc8910a284c HTTP/2.0" 200 1206 "https://kahokutaku.com/" "Mozilla/5.0 (Linux; Android 9; 704HW Build/HUAWEI704HW; wv) AppleWebKit/537.36 (KHTML, like Gecko) Version/4.0 Chrome/136.0.7103.125 Mobile Safari/537.36 Line/15.2.1/IAB" "-"
126.254.201.29 - - [23/May/2025:09:43:43 +0900] "GET /wp-includes/js/dist/script-modules/interactivity/index.min.js?ver=907ea3b2f317a78b7b9b HTTP/2.0" 200 15440 "https://kahokutaku.com/" "Mozilla/5.0 (Linux; Android 9; 704HW Build/HUAWEI704HW; wv) AppleWebKit/537.36 (KHTML, like Gecko) Version/4.0 Chrome/136.0.7103.125 Mobile Safari/537.36 Line/15.2.1/IAB" "-"
126.254.201.29 - - [23/May/2025:09:43:43 +0900] "GET /wp-content/uploads/2022/12/%E5%8D%93%E7%90%832.jpeg HTTP/2.0" 200 43024 "https://kahokutaku.com/" "Mozilla/5.0 (Linux; Android 9; 704HW Build/HUAWEI704HW; wv) AppleWebKit/537.36 (KHTML, like Gecko) Version/4.0 Chrome/136.0.7103.125 Mobile Safari/537.36 Line/15.2.1/IAB" "-"
126.254.201.29 - - [23/May/2025:09:43:43 +0900] "GET /wp-content/plugins/shortcodes-ultimate/vendor/animatecss/animate.css?ver=3.1.1 HTTP/2.0" 200 5940 "https://kahokutaku.com/" "Mozilla/5.0 (Linux; Android 9; 704HW Build/HUAWEI704HW; wv) AppleWebKit/537.36 (KHTML, like Gecko) Version/4.0 Chrome/136.0.7103.125 Mobile Safari/537.36 Line/15.2.1/IAB" "-"
126.254.201.29 - - [23/May/2025:09:43:43 +0900] "GET /wp-content/plugins/contact-form-7/includes/swv/js/index.js?ver=5.7.4 HTTP/2.0" 200 3350 "https://kahokutaku.com/" "Mozilla/5.0 (Linux; Android 9; 704HW Build/HUAWEI704HW; wv) AppleWebKit/537.36 (KHTML, like Gecko) Version/4.0 Chrome/136.0.7103.125 Mobile Safari/537.36 Line/15.2.1/IAB" "-"
126.254.201.29 - - [23/May/2025:09:43:43 +0900] "GET /wp-content/plugins/contact-form-7/includes/js/index.js?ver=5.7.4 HTTP/2.0" 200 4681 "https://kahokutaku.com/" "Mozilla/5.0 (Linux; Android 9; 704HW Build/HUAWEI704HW; wv) AppleWebKit/537.36 (KHTML, like Gecko) Version/4.0 Chrome/136.0.7103.125 Mobile Safari/537.36 Line/15.2.1/IAB" "-"
126.254.201.29 - - [23/May/2025:09:43:43 +0900] "GET /wp-includes/js/jquery/jquery.min.js?ver=3.7.1 HTTP/2.0" 200 35438 "https://kahokutaku.com/" "Mozilla/5.0 (Linux; Android 9; 704HW Build/HUAWEI704HW; wv) AppleWebKit/537.36 (KHTML, like Gecko) Version/4.0 Chrome/136.0.7103.125 Mobile Safari/537.36 Line/15.2.1/IAB" "-"
126.254.201.29 - - [23/May/2025:09:43:43 +0900] "GET /wp-content/plugins/shortcodes-ultimate/vendor/jquery-inview/jquery-inview.js?ver=1.1.2 HTTP/2.0" 200 780 "https://kahokutaku.com/" "Mozilla/5.0 (Linux; Android 9; 704HW Build/HUAWEI704HW; wv) AppleWebKit/537.36 (KHTML, like Gecko) Version/4.0 Chrome/136.0.7103.125 Mobile Safari/537.36 Line/15.2.1/IAB" "-"
126.254.201.29 - - [23/May/2025:09:43:43 +0900] "GET /wp-content/plugins/shortcodes-ultimate/includes/js/shortcodes/index.js?ver=5.12.8 HTTP/2.0" 200 4854 "https://kahokutaku.com/" "Mozilla/5.0 (Linux; Android 9; 704HW Build/HUAWEI704HW; wv) AppleWebKit/537.36 (KHTML, like Gecko) Version/4.0 Chrome/136.0.7103.125 Mobile Safari/537.36 Line/15.2.1/IAB" "-"
126.254.201.29 - - [23/May/2025:09:43:43 +0900] "GET /wp-includes/js/jquery/jquery-migrate.min.js?ver=3.4.1 HTTP/2.0" 200 5342 "https://kahokutaku.com/" "Mozilla/5.0 (Linux; Android 9; 704HW Build/HUAWEI704HW; wv) AppleWebKit/537.36 (KHTML, like Gecko) Version/4.0 Chrome/136.0.7103.125 Mobile Safari/537.36 Line/15.2.1/IAB" "-"
126.254.201.29 - - [23/May/2025:09:43:44 +0900] "GET /favicon.ico HTTP/2.0" 302 0 "https://kahokutaku.com/" "Mozilla/5.0 (Linux; Android 9; 704HW Build/HUAWEI704HW; wv) AppleWebKit/537.36 (KHTML, like Gecko) Version/4.0 Chrome/136.0.7103.125 Mobile Safari/537.36 Line/15.2.1/IAB" "-"
126.254.201.29 - - [23/May/2025:09:43:44 +0900] "GET /wp-includes/images/w-logo-blue-white-bg.png HTTP/2.0" 200 4119 "https://kahokutaku.com/" "Mozilla/5.0 (Linux; Android 9; 704HW Build/HUAWEI704HW; wv) AppleWebKit/537.36 (KHTML, like Gecko) Version/4.0 Chrome/136.0.7103.125 Mobile Safari/537.36 Line/15.2.1/IAB" "-"
126.254.201.29 - - [23/May/2025:09:43:47 +0900] "GET /%e7%b7%b4%e7%bf%92%e3%83%bb%e5%a4%a7%e4%bc%9a%e4%ba%88%e5%ae%9a/ HTTP/2.0" 200 12050 "https://kahokutaku.com/" "Mozilla/5.0 (Linux; Android 9; 704HW Build/HUAWEI704HW; wv) AppleWebKit/537.36 (KHTML, like Gecko) Version/4.0 Chrome/136.0.7103.125 Mobile Safari/537.36 Line/15.2.1/IAB" "-"
126.254.201.29 - - [23/May/2025:09:43:49 +0900] "GET /favicon.ico HTTP/2.0" 302 0 "https://kahokutaku.com/%e7%b7%b4%e7%bf%92%e3%83%bb%e5%a4%a7%e4%bc%9a%e4%ba%88%e5%ae%9a/" "Mozilla/5.0 (Linux; Android 9; 704HW Build/HUAWEI704HW; wv) AppleWebKit/537.36 (KHTML, like Gecko) Version/4.0 Chrome/136.0.7103.125 Mobile Safari/537.36 Line/15.2.1/IAB" "-"
66.249.79.173 - - [23/May/2025:09:44:49 +0900] "GET /product/edit/34585281 HTTP/1.1" 200 24540 "-" "Mozilla/5.0 (Linux; Android 6.0.1; Nexus 5X Build/MMB29P) AppleWebKit/537.36 (KHTML, like Gecko) Chrome/136.0.7103.113 Mobile Safari/537.36 (compatible; Googlebot/2.1; +http://www.google.com/bot.html)" "-"
126.182.135.10 - - [23/May/2025:09:46:33 +0900] "GET /%E3%81%8A%E5%95%8F%E5%90%88%E3%81%9B/ HTTP/2.0" 200 23215 "https://search.yahoo.co.jp/" "Mozilla/5.0 (iPhone; CPU iPhone OS 18_4_1 like Mac OS X) AppleWebKit/605.1.15 (KHTML, like Gecko) Mobile/15E148 YJApp-IOS jp.co.yahoo.ipn.appli/4.138.0" "-"
126.182.135.10 - - [23/May/2025:09:46:34 +0900] "POST /get-message-notify HTTP/2.0" 200 22904 "https://kahokutaku.com/%E3%81%8A%E5%95%8F%E5%90%88%E3%81%9B/" "Mozilla/5.0 (iPhone; CPU iPhone OS 18_4_1 like Mac OS X) AppleWebKit/605.1.15 (KHTML, like Gecko) Mobile/15E148 YJApp-IOS jp.co.yahoo.ipn.appli/4.138.0" "-"
66.249.79.173 - - [23/May/2025:09:47:55 +0900] "GET /shopdetail/30212324 HTTP/1.1" 200 23404 "-" "Mozilla/5.0 (compatible; Googlebot/2.1; +http://www.google.com/bot.html)" "-"
66.249.79.173 - - [23/May/2025:09:49:43 +0900] "GET /shopdetail/6864268 HTTP/1.1" 200 23402 "-" "Mozilla/5.0 (compatible; Googlebot/2.1; +http://www.google.com/bot.html)" "-"
160.251.148.50 - - [23/May/2025:09:50:52 +0900] "POST /wp-cron.php?doing_wp_cron=1747961452.7894289493560791015625 HTTP/1.1" 403 186 "-" "WordPress/6.7.2; https://kahokutaku.com" "-"
49.109.153.87 - - [23/May/2025:09:50:52 +0900] "GET /%e7%b7%b4%e7%bf%92%e3%83%bb%e5%a4%a7%e4%bc%9a%e4%ba%88%e5%ae%9a/ HTTP/2.0" 200 12050 "-" "Mozilla/5.0 (Linux; Android 10; K) AppleWebKit/537.36 (KHTML, like Gecko) Chrome/136.0.0.0 Mobile Safari/537.36" "-"
66.249.79.172 - - [23/May/2025:09:51:17 +0900] "GET /shopdetail/17322268 HTTP/1.1" 200 23988 "-" "Mozilla/5.0 (Linux; Android 6.0.1; Nexus 5X Build/MMB29P) AppleWebKit/537.36 (KHTML, like Gecko) Chrome/136.0.7103.113 Mobile Safari/537.36 (compatible; Googlebot/2.1; +http://www.google.com/bot.html)" "-"
66.249.79.172 - - [23/May/2025:09:51:20 +0900] "GET /shopdetail/3202791 HTTP/1.1" 200 24284 "-" "Mozilla/5.0 (Linux; Android 6.0.1; Nexus 5X Build/MMB29P) AppleWebKit/537.36 (KHTML, like Gecko) Chrome/136.0.7103.113 Mobile Safari/537.36 (compatible; Googlebot/2.1; +http://www.google.com/bot.html)" "-"
126.166.209.45 - - [23/May/2025:09:52:48 +0900] "GET /shopdetail/24034068 HTTP/2.0" 200 385 "https://www.google.com/" "Mozilla/5.0 (Linux; Android 10; K) AppleWebKit/537.36 (KHTML, like Gecko) Chrome/136.0.0.0 Mobile Safari/537.36" "-"
126.166.209.45 - - [23/May/2025:09:52:48 +0900] "GET / HTTP/1.1" 301 162 "-" "Dalvik/2.1.0 (Linux; U; Android 10; 706SH Build/S2005)" "-"
66.249.79.173 - - [23/May/2025:09:55:31 +0900] "GET /pcmypage?callback=/product%2Fdetail%2F75078899 HTTP/1.1" 200 23437 "-" "Mozilla/5.0 (Linux; Android 6.0.1; Nexus 5X Build/MMB29P) AppleWebKit/537.36 (KHTML, like Gecko) Chrome/136.0.7103.113 Mobile Safari/537.36 (compatible; Googlebot/2.1; +http://www.google.com/bot.html)" "-"
66.249.79.172 - - [23/May/2025:09:58:31 +0900] "GET /shopdetail/1293691 HTTP/1.1" 200 22496 "-" "Mozilla/5.0 (Linux; Android 6.0.1; Nexus 5X Build/MMB29P) AppleWebKit/537.36 (KHTML, like Gecko) Chrome/136.0.7103.113 Mobile Safari/537.36 (compatible; Googlebot/2.1; +http://www.google.com/bot.html)" "-"
66.249.79.173 - - [23/May/2025:09:59:04 +0900] "GET /shopdetail/4170491 HTTP/1.1" 200 25563 "-" "Mozilla/5.0 (compatible; Googlebot/2.1; +http://www.google.com/bot.html)" "-"
66.249.79.172 - - [23/May/2025:10:00:15 +0900] "GET /shopdetail/13173568 HTTP/1.1" 200 23505 "-" "Mozilla/5.0 (Linux; Android 6.0.1; Nexus 5X Build/MMB29P) AppleWebKit/537.36 (KHTML, like Gecko) Chrome/136.0.7103.113 Mobile Safari/537.36 (compatible; Googlebot/2.1; +http://www.google.com/bot.html)" "-"
66.249.79.160 - - [23/May/2025:10:02:21 +0900] "GET /shopdetail/2565535 HTTP/1.1" 200 25160 "-" "Mozilla/5.0 (Linux; Android 6.0.1; Nexus 5X Build/MMB29P) AppleWebKit/537.36 (KHTML, like Gecko) Chrome/136.0.7103.113 Mobile Safari/537.36 (compatible; Googlebot/2.1; +http://www.google.com/bot.html)" "-"
66.249.79.160 - - [23/May/2025:10:06:11 +0900] "GET /shopdetail/28952280 HTTP/1.1" 200 23694 "-" "Mozilla/5.0 (compatible; Googlebot/2.1; +http://www.google.com/bot.html)" "-"
66.249.79.173 - - [23/May/2025:10:06:16 +0900] "GET /shopdetail/24016213 HTTP/1.1" 200 22647 "-" "Mozilla/5.0 (compatible; Googlebot/2.1; +http://www.google.com/bot.html)" "-"
66.249.79.172 - - [23/May/2025:10:06:34 +0900] "GET /shopdetail/27626257 HTTP/1.1" 200 23433 "-" "Mozilla/5.0 (Linux; Android 6.0.1; Nexus 5X Build/MMB29P) AppleWebKit/537.36 (KHTML, like Gecko) Chrome/136.0.7103.113 Mobile Safari/537.36 (compatible; Googlebot/2.1; +http://www.google.com/bot.html)" "-"
66.249.79.172 - - [23/May/2025:10:07:28 +0900] "GET /shopdetail/22290246 HTTP/1.1" 200 24292 "-" "Mozilla/5.0 (compatible; Googlebot/2.1; +http://www.google.com/bot.html)" "-"
66.249.79.160 - - [23/May/2025:10:08:44 +0900] "GET /shopdetail/19405691 HTTP/1.1" 200 23437 "-" "Mozilla/5.0 (compatible; Googlebot/2.1; +http://www.google.com/bot.html)" "-"
57.141.2.19 - - [23/May/2025:10:11:01 +0900] "GET /sitemap782.xml HTTP/2.0" 200 141925 "-" "meta-externalagent/1.1 (+https://developers.facebook.com/docs/sharing/webmasters/crawler)" "-"
66.249.79.173 - - [23/May/2025:10:11:29 +0900] "GET /shopdetail/16898924 HTTP/1.1" 200 24222 "-" "Mozilla/5.0 (compatible; Googlebot/2.1; +http://www.google.com/bot.html)" "-"
160.251.148.50 - - [23/May/2025:10:12:40 +0900] "POST /wp-cron.php?doing_wp_cron=1747962760.1465709209442138671875 HTTP/1.1" 403 186 "-" "WordPress/6.7.2; https://kahokutaku.com" "-"
5.161.73.175 - - [23/May/2025:10:12:40 +0900] "GET /shopdetail/23532857 HTTP/1.1" 301 0 "-" "Mozilla/5.0 (Windows NT 10.0; Win64; x64) AppleWebKit/537.36 (KHTML, like Gecko) Chrome/84.0.4147.105 Safari/537.36" "-"
5.161.73.175 - - [23/May/2025:10:12:41 +0900] "GET /shopdetail/23532857 HTTP/1.1" 404 11685 "-" "Mozilla/5.0 (Windows NT 10.0; Win64; x64) AppleWebKit/537.36 (KHTML, like Gecko) Chrome/84.0.4147.105 Safari/537.36" "-"
66.249.79.172 - - [23/May/2025:10:17:33 +0900] "GET /shopdetail/12711602 HTTP/1.1" 200 22934 "-" "Mozilla/5.0 (Linux; Android 6.0.1; Nexus 5X Build/MMB29P) AppleWebKit/537.36 (KHTML, like Gecko) Chrome/136.0.7103.113 Mobile Safari/537.36 (compatible; Googlebot/2.1; +http://www.google.com/bot.html)" "-"
66.249.79.172 - - [23/May/2025:10:17:36 +0900] "POST /get-message-notify HTTP/1.1" 200 22944 "https://www.kahokutaku.com/shopdetail/12711602" "Mozilla/5.0 (Linux; Android 6.0.1; Nexus 5X Build/MMB29P) AppleWebKit/537.36 (KHTML, like Gecko) Chrome/136.0.7103.92 Mobile Safari/537.36 (compatible; Googlebot/2.1; +http://www.google.com/bot.html)" "-"
66.249.79.172 - - [23/May/2025:10:19:04 +0900] "GET /shopdetail/6693535 HTTP/1.1" 200 24007 "-" "Mozilla/5.0 (compatible; Googlebot/2.1; +http://www.google.com/bot.html)" "-"
66.249.79.160 - - [23/May/2025:10:19:04 +0900] "GET /shopdetail/6693535 HTTP/1.1" 200 24007 "-" "Mozilla/5.0 (Linux; Android 6.0.1; Nexus 5X Build/MMB29P) AppleWebKit/537.36 (KHTML, like Gecko) Chrome/136.0.7103.113 Mobile Safari/537.36 (compatible; Googlebot/2.1; +http://www.google.com/bot.html)" "-"
66.249.79.173 - - [23/May/2025:10:19:51 +0900] "GET /shopdetail/16456735 HTTP/1.1" 200 23930 "-" "Mozilla/5.0 (Linux; Android 6.0.1; Nexus 5X Build/MMB29P) AppleWebKit/537.36 (KHTML, like Gecko) Chrome/136.0.7103.113 Mobile Safari/537.36 (compatible; Googlebot/2.1; +http://www.google.com/bot.html)" "-"
66.249.79.173 - - [23/May/2025:10:22:26 +0900] "GET /shopdetail/17964002 HTTP/1.1" 200 23382 "-" "Mozilla/5.0 (Linux; Android 6.0.1; Nexus 5X Build/MMB29P) AppleWebKit/537.36 (KHTML, like Gecko) Chrome/136.0.7103.92 Mobile Safari/537.36 (compatible; Googlebot/2.1; +http://www.google.com/bot.html)" "-"
66.249.79.160 - - [23/May/2025:10:25:20 +0900] "GET /shopdetail/3774224 HTTP/1.1" 200 24055 "-" "Mozilla/5.0 (Linux; Android 6.0.1; Nexus 5X Build/MMB29P) AppleWebKit/537.36 (KHTML, like Gecko) Chrome/136.0.7103.113 Mobile Safari/537.36 (compatible; Googlebot/2.1; +http://www.google.com/bot.html)" "-"
66.249.79.160 - - [23/May/2025:10:25:23 +0900] "POST /get-message-notify HTTP/1.1" 200 22944 "https://www.kahokutaku.com/shopdetail/3774224" "Mozilla/5.0 (Linux; Android 6.0.1; Nexus 5X Build/MMB29P) AppleWebKit/537.36 (KHTML, like Gecko) Chrome/136.0.7103.92 Mobile Safari/537.36 (compatible; Googlebot/2.1; +http://www.google.com/bot.html)" "-"
66.249.79.173 - - [23/May/2025:10:25:28 +0900] "GET /shopdetail/9093313 HTTP/1.1" 200 24322 "-" "Mozilla/5.0 (compatible; Googlebot/2.1; +http://www.google.com/bot.html)" "-"
66.249.79.173 - - [23/May/2025:10:27:02 +0900] "GET /shopdetail/16638291 HTTP/1.1" 200 22020 "-" "Mozilla/5.0 (compatible; Googlebot/2.1; +http://www.google.com/bot.html)" "-"
47.128.24.70 - - [23/May/2025:10:28:52 +0900] "GET /shopdetail/29094113 HTTP/2.0" 403 0 "-" "Mozilla/5.0 (Linux; Android 5.0) AppleWebKit/537.36 (KHTML, like Gecko) Mobile Safari/537.36 (compatible; Bytespider; spider-feedback@bytedance.com)" "-"
66.249.79.173 - - [23/May/2025:10:31:46 +0900] "GET /shopdetail/6376180 HTTP/1.1" 200 22461 "-" "Mozilla/5.0 (compatible; Googlebot/2.1; +http://www.google.com/bot.html)" "-"
160.251.148.50 - - [23/May/2025:10:33:45 +0900] "POST /wp-cron.php?doing_wp_cron=1747964024.9332799911499023437500 HTTP/1.1" 403 186 "-" "WordPress/6.7.2; https://kahokutaku.com" "-"
40.84.221.210 - - [23/May/2025:10:33:45 +0900] "GET /shopdetail/15052724 HTTP/2.0" 301 0 "-" "Mozilla/5.0 AppleWebKit/537.36 (KHTML, like Gecko); compatible; ChatGPT-User/1.0; +https://openai.com/bot" "-"
40.84.221.213 - - [23/May/2025:10:33:46 +0900] "GET /shopdetail/15052724 HTTP/2.0" 404 11672 "-" "Mozilla/5.0 AppleWebKit/537.36 (KHTML, like Gecko); compatible; ChatGPT-User/1.0; +https://openai.com/bot" "-"
66.249.79.172 - - [23/May/2025:10:35:42 +0900] "GET /shopdetail/7814635 HTTP/1.1" 200 23480 "-" "Mozilla/5.0 (Linux; Android 6.0.1; Nexus 5X Build/MMB29P) AppleWebKit/537.36 (KHTML, like Gecko) Chrome/136.0.7103.113 Mobile Safari/537.36 (compatible; Googlebot/2.1; +http://www.google.com/bot.html)" "-"
66.249.79.160 - - [23/May/2025:10:39:42 +0900] "GET /safe_search/config?return_url=%2Fproduct%2Fdetail%2F98773561 HTTP/1.1" 200 22567 "-" "Mozilla/5.0 (compatible; Googlebot/2.1; +http://www.google.com/bot.html)" "-"
66.249.79.173 - - [23/May/2025:10:46:18 +0900] "GET /shopdetail/7247091 HTTP/1.1" 200 24664 "-" "Mozilla/5.0 (Linux; Android 6.0.1; Nexus 5X Build/MMB29P) AppleWebKit/537.36 (KHTML, like Gecko) Chrome/136.0.7103.113 Mobile Safari/537.36 (compatible; Googlebot/2.1; +http://www.google.com/bot.html)" "-"
66.249.79.160 - - [23/May/2025:10:47:21 +0900] "GET /pcmypage?callback=product/review/94656513 HTTP/1.1" 200 23831 "-" "Mozilla/5.0 (Linux; Android 6.0.1; Nexus 5X Build/MMB29P) AppleWebKit/537.36 (KHTML, like Gecko) Chrome/136.0.7103.113 Mobile Safari/537.36 (compatible; Googlebot/2.1; +http://www.google.com/bot.html)" "-"
66.249.79.172 - - [23/May/2025:10:47:56 +0900] "GET /zhHant/product/surugaya/34525220?campaign_uid=f64d716db5e979ed2f947dbaf4296895b951ae7f HTTP/1.1" 200 25031 "-" "Mozilla/5.0 (Linux; Android 6.0.1; Nexus 5X Build/MMB29P) AppleWebKit/537.36 (KHTML, like Gecko) Chrome/136.0.7103.113 Mobile Safari/537.36 (compatible; Googlebot/2.1; +http://www.google.com/bot.html)" "-"
66.249.79.173 - - [23/May/2025:10:48:58 +0900] "GET /shopdetail/28443191 HTTP/1.1" 200 24399 "-" "Mozilla/5.0 (Linux; Android 6.0.1; Nexus 5X Build/MMB29P) AppleWebKit/537.36 (KHTML, like Gecko) Chrome/136.0.7103.113 Mobile Safari/537.36 (compatible; Googlebot/2.1; +http://www.google.com/bot.html)" "-"
66.249.79.173 - - [23/May/2025:10:49:01 +0900] "POST /get-message-notify HTTP/1.1" 200 22944 "https://www.kahokutaku.com/shopdetail/28443191" "Mozilla/5.0 (Linux; Android 6.0.1; Nexus 5X Build/MMB29P) AppleWebKit/537.36 (KHTML, like Gecko) Chrome/136.0.7103.92 Mobile Safari/537.36 (compatible; Googlebot/2.1; +http://www.google.com/bot.html)" "-"
66.249.79.160 - - [23/May/2025:10:52:49 +0900] "GET /product/edit/81072687 HTTP/1.1" 200 22973 "-" "Mozilla/5.0 (Linux; Android 6.0.1; Nexus 5X Build/MMB29P) AppleWebKit/537.36 (KHTML, like Gecko) Chrome/136.0.7103.113 Mobile Safari/537.36 (compatible; Googlebot/2.1; +http://www.google.com/bot.html)" "-"
160.251.148.50 - - [23/May/2025:10:53:32 +0900] "POST /wp-cron.php?doing_wp_cron=1747965212.3892419338226318359375 HTTP/1.1" 403 186 "-" "WordPress/6.7.2; https://kahokutaku.com" "-"
57.141.2.24 - - [23/May/2025:10:53:32 +0900] "GET /shopdetail/20895324 HTTP/2.0" 404 43580 "-" "meta-externalagent/1.1 (+https://developers.facebook.com/docs/sharing/webmasters/crawler)" "-"
57.141.2.3 - - [23/May/2025:10:53:46 +0900] "GET /shopdetail/23723602 HTTP/2.0" 404 43580 "-" "meta-externalagent/1.1 (+https://developers.facebook.com/docs/sharing/webmasters/crawler)" "-"
57.141.2.12 - - [23/May/2025:10:53:50 +0900] "GET /shopdetail/6840502 HTTP/2.0" 404 43580 "-" "meta-externalagent/1.1 (+https://developers.facebook.com/docs/sharing/webmasters/crawler)" "-"
66.249.79.160 - - [23/May/2025:10:54:02 +0900] "GET /shopdetail/14630257 HTTP/1.1" 200 23165 "-" "Mozilla/5.0 (Linux; Android 6.0.1; Nexus 5X Build/MMB29P) AppleWebKit/537.36 (KHTML, like Gecko) Chrome/136.0.7103.113 Mobile Safari/537.36 (compatible; Googlebot/2.1; +http://www.google.com/bot.html)" "-"
57.141.2.21 - - [23/May/2025:10:54:11 +0900] "GET /shopdetail/23427691 HTTP/2.0" 404 43580 "-" "meta-externalagent/1.1 (+https://developers.facebook.com/docs/sharing/webmasters/crawler)" "-"
66.249.79.160 - - [23/May/2025:10:55:06 +0900] "GET /safe_search/config?return_url=%2Fproduct%2Fdetail%2F34734598 HTTP/1.1" 200 24647 "-" "Mozilla/5.0 (compatible; Googlebot/2.1; +http://www.google.com/bot.html)" "-"
66.249.79.172 - - [23/May/2025:10:55:46 +0900] "GET /shopdetail/24920135 HTTP/1.1" 200 22435 "-" "Mozilla/5.0 (Linux; Android 6.0.1; Nexus 5X Build/MMB29P) AppleWebKit/537.36 (KHTML, like Gecko) Chrome/136.0.7103.113 Mobile Safari/537.36 (compatible; Googlebot/2.1; +http://www.google.com/bot.html)" "-"
66.249.79.173 - - [23/May/2025:10:55:49 +0900] "POST /get-message-notify HTTP/1.1" 200 22944 "https://www.kahokutaku.com/shopdetail/24920135" "Mozilla/5.0 (Linux; Android 6.0.1; Nexus 5X Build/MMB29P) AppleWebKit/537.36 (KHTML, like Gecko) Chrome/136.0.7103.92 Mobile Safari/537.36 (compatible; Googlebot/2.1; +http://www.google.com/bot.html)" "-"
66.249.79.160 - - [23/May/2025:10:56:23 +0900] "GET /shopdetail/12688924 HTTP/1.1" 200 23654 "-" "Mozilla/5.0 (Linux; Android 6.0.1; Nexus 5X Build/MMB29P) AppleWebKit/537.36 (KHTML, like Gecko) Chrome/136.0.7103.113 Mobile Safari/537.36 (compatible; Googlebot/2.1; +http://www.google.com/bot.html)" "-"
103.131.71.232 - - [23/May/2025:11:00:46 +0900] "GET /robots.txt HTTP/1.1" 301 162 "-" "Mozilla/5.0 (compatible; coccocbot-web/1.0; +http://help.coccoc.com/searchengine)" "-"
103.131.71.232 - - [23/May/2025:11:00:49 +0900] "GET /robots.txt HTTP/1.1" 200 180 "-" "Mozilla/5.0 (compatible; coccocbot-web/1.0; +http://help.coccoc.com/searchengine)" "-"
66.249.79.173 - - [23/May/2025:11:02:21 +0900] "GET /shopdetail/15506013 HTTP/1.1" 200 22749 "-" "Mozilla/5.0 (compatible; Googlebot/2.1; +http://www.google.com/bot.html)" "-"
147.78.240.22 - - [23/May/2025:11:04:34 +0900] "GET /index.php?bcliyjp2023668 HTTP/2.0" 404 50 "-" "Mozilla/5.0 (Windows NT 10.0; Win64; x64) AppleWebKit/537.36 (KHTML, like Gecko) Chrome/119.0.0.0 Safari/537.36" "-"
160.251.148.50 - - [23/May/2025:11:04:41 +0900] "POST /wp-cron.php?doing_wp_cron=1747965881.2508571147918701171875 HTTP/1.1" 403 186 "-" "WordPress/6.7.2; https://kahokutaku.com" "-"
147.78.240.22 - - [23/May/2025:11:04:41 +0900] "GET /favicon.ico HTTP/2.0" 302 0 "https://www.kahokutaku.com/index.php?bcliyjp2023668" "Mozilla/5.0 (Windows NT 10.0; Win64; x64) AppleWebKit/537.36 (KHTML, like Gecko) Chrome/119.0.0.0 Safari/537.36" "-"
147.78.240.22 - - [23/May/2025:11:04:43 +0900] "GET /wp-includes/images/w-logo-blue-white-bg.png HTTP/2.0" 200 4119 "https://www.kahokutaku.com/" "Mozilla/5.0 (Windows NT 10.0; Win64; x64) AppleWebKit/537.36 (KHTML, like Gecko) Chrome/119.0.0.0 Safari/537.36" "-"
66.249.79.172 - - [23/May/2025:11:05:14 +0900] "GET /shopdetail/17646146 HTTP/1.1" 200 23680 "-" "Mozilla/5.0 (Linux; Android 6.0.1; Nexus 5X Build/MMB29P) AppleWebKit/537.36 (KHTML, like Gecko) Chrome/136.0.7103.113 Mobile Safari/537.36 (compatible; Googlebot/2.1; +http://www.google.com/bot.html)" "-"
66.249.79.173 - - [23/May/2025:11:06:15 +0900] "GET /shopdetail/4639180 HTTP/1.1" 200 23561 "-" "Mozilla/5.0 (Linux; Android 6.0.1; Nexus 5X Build/MMB29P) AppleWebKit/537.36 (KHTML, like Gecko) Chrome/136.0.7103.113 Mobile Safari/537.36 (compatible; Googlebot/2.1; +http://www.google.com/bot.html)" "-"
66.249.79.172 - - [23/May/2025:11:06:20 +0900] "GET /shopdetail/3956191 HTTP/1.1" 200 22843 "-" "Mozilla/5.0 (Linux; Android 6.0.1; Nexus 5X Build/MMB29P) AppleWebKit/537.36 (KHTML, like Gecko) Chrome/136.0.7103.113 Mobile Safari/537.36 (compatible; Googlebot/2.1; +http://www.google.com/bot.html)" "-"
66.249.79.160 - - [23/May/2025:11:07:59 +0900] "GET /pcmypage?callback=/product%2Fdetail%2F26480003 HTTP/1.1" 200 22856 "-" "Mozilla/5.0 (compatible; Googlebot/2.1; +http://www.google.com/bot.html)" "-"
66.249.79.172 - - [23/May/2025:11:08:51 +0900] "GET /shopdetail/22228679 HTTP/1.1" 200 25754 "-" "Mozilla/5.0 (Linux; Android 6.0.1; Nexus 5X Build/MMB29P) AppleWebKit/537.36 (KHTML, like Gecko) Chrome/136.0.7103.113 Mobile Safari/537.36 (compatible; Googlebot/2.1; +http://www.google.com/bot.html)" "-"
66.249.79.173 - - [23/May/2025:11:08:55 +0900] "POST /get-message-notify HTTP/1.1" 200 22944 "https://www.kahokutaku.com/shopdetail/22228679" "Mozilla/5.0 (Linux; Android 6.0.1; Nexus 5X Build/MMB29P) AppleWebKit/537.36 (KHTML, like Gecko) Chrome/136.0.7103.92 Mobile Safari/537.36 (compatible; Googlebot/2.1; +http://www.google.com/bot.html)" "-"
160.251.148.50 - - [23/May/2025:11:09:32 +0900] "POST /wp-cron.php?doing_wp_cron=1747966172.5715079307556152343750 HTTP/1.1" 403 186 "-" "WordPress/6.7.2; https://kahokutaku.com" "-"
57.141.2.10 - - [23/May/2025:11:09:32 +0900] "GET /shopdetail/4235024 HTTP/2.0" 404 43580 "-" "meta-externalagent/1.1 (+https://developers.facebook.com/docs/sharing/webmasters/crawler)" "-"
57.141.2.20 - - [23/May/2025:11:09:38 +0900] "GET /shopdetail/24820280 HTTP/2.0" 404 43580 "-" "meta-externalagent/1.1 (+https://developers.facebook.com/docs/sharing/webmasters/crawler)" "-"
57.141.2.15 - - [23/May/2025:11:09:46 +0900] "GET /shopdetail/2301402 HTTP/2.0" 404 43580 "-" "meta-externalagent/1.1 (+https://developers.facebook.com/docs/sharing/webmasters/crawler)" "-"
57.141.2.28 - - [23/May/2025:11:09:48 +0900] "GET /shopdetail/15245857 HTTP/2.0" 404 43580 "-" "meta-externalagent/1.1 (+https://developers.facebook.com/docs/sharing/webmasters/crawler)" "-"
57.141.2.23 - - [23/May/2025:11:09:52 +0900] "GET /shopdetail/19253202 HTTP/2.0" 404 43580 "-" "meta-externalagent/1.1 (+https://developers.facebook.com/docs/sharing/webmasters/crawler)" "-"
66.249.79.173 - - [23/May/2025:11:09:57 +0900] "GET /shopdetail/13919413 HTTP/1.1" 200 21959 "-" "Mozilla/5.0 (Linux; Android 6.0.1; Nexus 5X Build/MMB29P) AppleWebKit/537.36 (KHTML, like Gecko) Chrome/134.0.6998.88 Mobile Safari/537.36 (compatible; Googlebot/2.1; +http://www.google.com/bot.html)" "-"
57.141.2.20 - - [23/May/2025:11:10:06 +0900] "GET /shopdetail/17954502 HTTP/2.0" 404 43580 "-" "meta-externalagent/1.1 (+https://developers.facebook.com/docs/sharing/webmasters/crawler)" "-"
57.141.2.7 - - [23/May/2025:11:10:09 +0900] "GET /shopdetail/844713 HTTP/2.0" 404 43580 "-" "meta-externalagent/1.1 (+https://developers.facebook.com/docs/sharing/webmasters/crawler)" "-"
160.251.148.50 - - [23/May/2025:11:11:51 +0900] "POST /wp-cron.php?doing_wp_cron=1747966311.4675600528717041015625 HTTP/1.1" 403 186 "-" "WordPress/6.7.2; https://kahokutaku.com" "-"
66.249.79.173 - - [23/May/2025:11:11:51 +0900] "GET /shopdetail/height=323/img/x/product/details/20240325/sd1_c27b968cf445c1544e04e1131732f9b8c4148f63.jpg HTTP/1.1" 301 0 "-" "Googlebot-Image/1.0" "-"
66.249.79.2 - - [23/May/2025:11:11:53 +0900] "GET /shopdetail/height=323/img/x/product/details/20240325/sd1_c27b968cf445c1544e04e1131732f9b8c4148f63.jpg HTTP/1.1" 404 11685 "-" "Googlebot-Image/1.0" "-"
160.251.148.50 - - [23/May/2025:11:13:07 +0900] "POST /wp-cron.php?doing_wp_cron=1747966386.9630520343780517578125 HTTP/1.1" 403 186 "-" "WordPress/6.7.2; https://kahokutaku.com" "-"
47.79.123.182 - - [23/May/2025:11:13:07 +0900] "GET / HTTP/1.1" 200 14124 "https://kahokutaku.com/" "Mozilla/5.0 (Windows NT 10.0; Win64; x64) AppleWebKit/537.36 (KHTML, like Gecko) Chrome/114.0.0.0 Safari/537.36 Edg/114.0.1823.43" "-"
47.128.61.137 - - [23/May/2025:11:13:57 +0900] "GET /shopdetail/4108491 HTTP/2.0" 403 0 "-" "Mozilla/5.0 (Linux; Android 5.0) AppleWebKit/537.36 (KHTML, like Gecko) Mobile Safari/537.36 (compatible; Bytespider; spider-feedback@bytedance.com)" "-"
66.249.79.173 - - [23/May/2025:11:15:35 +0900] "GET /shopdetail/8316679 HTTP/1.1" 200 24103 "-" "Mozilla/5.0 (Linux; Android 6.0.1; Nexus 5X Build/MMB29P) AppleWebKit/537.36 (KHTML, like Gecko) Chrome/136.0.7103.113 Mobile Safari/537.36 (compatible; Googlebot/2.1; +http://www.google.com/bot.html)" "-"
66.249.79.173 - - [23/May/2025:11:19:11 +0900] "GET /shopdetail/24796979 HTTP/1.1" 200 23169 "-" "Mozilla/5.0 (Linux; Android 6.0.1; Nexus 5X Build/MMB29P) AppleWebKit/537.36 (KHTML, like Gecko) Chrome/136.0.7103.113 Mobile Safari/537.36 (compatible; Googlebot/2.1; +http://www.google.com/bot.html)" "-"
160.251.148.50 - - [23/May/2025:11:19:20 +0900] "POST /wp-cron.php?doing_wp_cron=1747966760.0235650539398193359375 HTTP/1.1" 403 186 "-" "WordPress/6.7.2; https://kahokutaku.com" "-"
51.75.131.26 - - [23/May/2025:11:19:20 +0900] "HEAD / HTTP/1.1" 200 0 "-" "Mozilla/5.0 (compatible; DomainChecker/1.0)" "-"
66.249.79.172 - - [23/May/2025:11:22:14 +0900] "GET /shopdetail/20339079 HTTP/1.1" 200 23268 "-" "Mozilla/5.0 (Linux; Android 6.0.1; Nexus 5X Build/MMB29P) AppleWebKit/537.36 (KHTML, like Gecko) Chrome/136.0.7103.113 Mobile Safari/537.36 (compatible; Googlebot/2.1; +http://www.google.com/bot.html)" "-"
66.249.79.172 - - [23/May/2025:11:22:49 +0900] "GET /shopdetail/8602779 HTTP/1.1" 200 22818 "-" "Mozilla/5.0 (Linux; Android 6.0.1; Nexus 5X Build/MMB29P) AppleWebKit/537.36 (KHTML, like Gecko) Chrome/136.0.7103.113 Mobile Safari/537.36 (compatible; Googlebot/2.1; +http://www.google.com/bot.html)" "-"
66.249.79.173 - - [23/May/2025:11:23:05 +0900] "GET /shopdetail/5543191 HTTP/1.1" 200 22520 "-" "Mozilla/5.0 (Linux; Android 6.0.1; Nexus 5X Build/MMB29P) AppleWebKit/537.36 (KHTML, like Gecko) Chrome/136.0.7103.113 Mobile Safari/537.36 (compatible; Googlebot/2.1; +http://www.google.com/bot.html)" "-"
66.249.79.172 - - [23/May/2025:11:23:10 +0900] "POST /get-message-notify HTTP/1.1" 200 22944 "https://www.kahokutaku.com/shopdetail/5543191" "Mozilla/5.0 (Linux; Android 6.0.1; Nexus 5X Build/MMB29P) AppleWebKit/537.36 (KHTML, like Gecko) Chrome/136.0.7103.92 Mobile Safari/537.36 (compatible; Googlebot/2.1; +http://www.google.com/bot.html)" "-"
66.249.79.172 - - [23/May/2025:11:23:44 +0900] "GET /shopdetail/27637791 HTTP/1.1" 200 23099 "-" "Mozilla/5.0 (Linux; Android 6.0.1; Nexus 5X Build/MMB29P) AppleWebKit/537.36 (KHTML, like Gecko) Chrome/136.0.7103.113 Mobile Safari/537.36 (compatible; Googlebot/2.1; +http://www.google.com/bot.html)" "-"
66.249.79.172 - - [23/May/2025:11:23:52 +0900] "GET /shopdetail/21878502 HTTP/1.1" 200 24600 "-" "Mozilla/5.0 (Linux; Android 6.0.1; Nexus 5X Build/MMB29P) AppleWebKit/537.36 (KHTML, like Gecko) Chrome/136.0.7103.113 Mobile Safari/537.36 (compatible; Googlebot/2.1; +http://www.google.com/bot.html)" "-"
163.44.52.242 - - [23/May/2025:11:24:17 +0900] "GET /shopdetail/27671157 HTTP/2.0" 200 392 "https://search.yahoo.co.jp/" "Mozilla/5.0 (Windows NT 10.0; Win64; x64) AppleWebKit/537.36 (KHTML, like Gecko) Chrome/136.0.0.0 Safari/537.36 Edg/136.0.0.0" "-"
66.249.79.173 - - [23/May/2025:11:25:24 +0900] "GET /shopdetail/7256313 HTTP/1.1" 200 22407 "-" "Mozilla/5.0 (Linux; Android 6.0.1; Nexus 5X Build/MMB29P) AppleWebKit/537.36 (KHTML, like Gecko) Chrome/136.0.7103.113 Mobile Safari/537.36 (compatible; Googlebot/2.1; +http://www.google.com/bot.html)" "-"
160.251.148.50 - - [23/May/2025:11:25:53 +0900] "POST /wp-cron.php?doing_wp_cron=1747967153.4427111148834228515625 HTTP/1.1" 403 186 "-" "WordPress/6.7.2; https://kahokutaku.com" "-"
57.141.2.20 - - [23/May/2025:11:25:53 +0900] "GET /shopdetail/22351046 HTTP/2.0" 404 43580 "-" "meta-externalagent/1.1 (+https://developers.facebook.com/docs/sharing/webmasters/crawler)" "-"
57.141.2.19 - - [23/May/2025:11:25:55 +0900] "GET /shopdetail/22243668 HTTP/2.0" 404 43580 "-" "meta-externalagent/1.1 (+https://developers.facebook.com/docs/sharing/webmasters/crawler)" "-"
57.141.2.25 - - [23/May/2025:11:26:02 +0900] "GET /shopdetail/14000680 HTTP/2.0" 404 43580 "-" "meta-externalagent/1.1 (+https://developers.facebook.com/docs/sharing/webmasters/crawler)" "-"
57.141.2.16 - - [23/May/2025:11:26:02 +0900] "GET /shopdetail/20635580 HTTP/2.0" 404 43580 "-" "meta-externalagent/1.1 (+https://developers.facebook.com/docs/sharing/webmasters/crawler)" "-"
66.249.79.172 - - [23/May/2025:11:27:31 +0900] "GET /shopdetail/26125113 HTTP/1.1" 200 23341 "-" "Mozilla/5.0 (compatible; Googlebot/2.1; +http://www.google.com/bot.html)" "-"
167.94.145.98 - - [23/May/2025:11:28:51 +0900] "GET / HTTP/1.1" 301 162 "-" "Mozilla/5.0 (compatible; CensysInspect/1.1; +https://about.censys.io/)" "-"
167.94.145.98 - - [23/May/2025:11:28:58 +0900] "GET /favicon.ico HTTP/1.1" 301 162 "-" "Mozilla/5.0 (compatible; CensysInspect/1.1; +https://about.censys.io/)" "-"
167.94.145.98 - - [23/May/2025:11:28:59 +0900] "GET /favicon.ico HTTP/1.1" 403 0 "http://www.kahokutaku.com/favicon.ico" "Mozilla/5.0 (compatible; CensysInspect/1.1; +https://about.censys.io/)" "-"
66.249.79.160 - - [23/May/2025:11:30:10 +0900] "GET /shopdetail/9742546 HTTP/1.1" 200 23849 "-" "Mozilla/5.0 (compatible; Googlebot/2.1; +http://www.google.com/bot.html)" "-"
66.249.79.173 - - [23/May/2025:11:32:13 +0900] "GET /shopdetail/5832802 HTTP/1.1" 200 30861 "-" "Mozilla/5.0 (Linux; Android 6.0.1; Nexus 5X Build/MMB29P) AppleWebKit/537.36 (KHTML, like Gecko) Chrome/136.0.7103.113 Mobile Safari/537.36 (compatible; Googlebot/2.1; +http://www.google.com/bot.html)" "-"
66.249.79.173 - - [23/May/2025:11:32:16 +0900] "POST /get-message-notify HTTP/1.1" 200 22944 "https://www.kahokutaku.com/shopdetail/5832802" "Mozilla/5.0 (Linux; Android 6.0.1; Nexus 5X Build/MMB29P) AppleWebKit/537.36 (KHTML, like Gecko) Chrome/136.0.7103.92 Mobile Safari/537.36 (compatible; Googlebot/2.1; +http://www.google.com/bot.html)" "-"
66.249.79.173 - - [23/May/2025:11:36:25 +0900] "GET /shopdetail/6329757 HTTP/1.1" 200 24849 "-" "Mozilla/5.0 (Linux; Android 6.0.1; Nexus 5X Build/MMB29P) AppleWebKit/537.36 (KHTML, like Gecko) Chrome/136.0.7103.113 Mobile Safari/537.36 (compatible; Googlebot/2.1; +http://www.google.com/bot.html)" "-"
160.251.148.50 - - [23/May/2025:11:36:40 +0900] "POST /wp-cron.php?doing_wp_cron=1747967799.9384520053863525390625 HTTP/1.1" 403 186 "-" "WordPress/6.7.2; https://kahokutaku.com" "-"
57.141.2.18 - - [23/May/2025:11:36:40 +0900] "GET /shopdetail/5641102 HTTP/2.0" 404 43580 "-" "meta-externalagent/1.1 (+https://developers.facebook.com/docs/sharing/webmasters/crawler)" "-"
66.249.79.172 - - [23/May/2025:11:37:03 +0900] "GET /shopdetail/14039680 HTTP/1.1" 200 23587 "-" "Mozilla/5.0 (compatible; Googlebot/2.1; +http://www.google.com/bot.html)" "-"
66.249.79.173 - - [23/May/2025:11:39:23 +0900] "GET /shopdetail/14706757 HTTP/1.1" 200 22928 "-" "Mozilla/5.0 (Linux; Android 6.0.1; Nexus 5X Build/MMB29P) AppleWebKit/537.36 (KHTML, like Gecko) Chrome/136.0.7103.113 Mobile Safari/537.36 (compatible; Googlebot/2.1; +http://www.google.com/bot.html)" "-"
66.249.79.172 - - [23/May/2025:11:42:48 +0900] "GET /pcmypage?callback=product%2Fdetail%2F98613207 HTTP/1.1" 200 22299 "-" "Mozilla/5.0 (Linux; Android 6.0.1; Nexus 5X Build/MMB29P) AppleWebKit/537.36 (KHTML, like Gecko) Chrome/136.0.7103.113 Mobile Safari/537.36 (compatible; Googlebot/2.1; +http://www.google.com/bot.html)" "-"
66.249.79.172 - - [23/May/2025:11:46:14 +0900] "GET /shopdetail/5369402 HTTP/1.1" 200 24683 "-" "Mozilla/5.0 (compatible; Googlebot/2.1; +http://www.google.com/bot.html)" "-"
66.249.79.172 - - [23/May/2025:11:46:29 +0900] "GET /shopdetail/5369402 HTTP/1.1" 200 24683 "-" "Mozilla/5.0 (Linux; Android 6.0.1; Nexus 5X Build/MMB29P) AppleWebKit/537.36 (KHTML, like Gecko) Chrome/136.0.7103.113 Mobile Safari/537.36 (compatible; Googlebot/2.1; +http://www.google.com/bot.html)" "-"
66.249.79.160 - - [23/May/2025:11:47:02 +0900] "GET /shopdetail/16046402 HTTP/1.1" 200 21932 "-" "Mozilla/5.0 (compatible; Googlebot/2.1; +http://www.google.com/bot.html)" "-"
52.167.144.231 - - [23/May/2025:11:47:32 +0900] "GET /hobby.html HTTP/2.0" 200 22881 "-" "Mozilla/5.0 AppleWebKit/537.36 (KHTML, like Gecko; compatible; bingbot/2.0; +http://www.bing.com/bingbot.htm) Chrome/116.0.1938.76 Safari/537.36" "-"
66.249.79.173 - - [23/May/2025:11:47:53 +0900] "GET /shopdetail/6945179 HTTP/1.1" 200 22395 "-" "Mozilla/5.0 (Linux; Android 6.0.1; Nexus 5X Build/MMB29P) AppleWebKit/537.36 (KHTML, like Gecko) Chrome/136.0.7103.113 Mobile Safari/537.36 (compatible; Googlebot/2.1; +http://www.google.com/bot.html)" "-"
