66.249.79.172 - - [23/May/2025:15:20:25 +0900] "GET /shopdetail/7081413 HTTP/1.1" 200 23129 "-" "Mozilla/5.0 (Linux; Android 6.0.1; Nexus 5X Build/MMB29P) AppleWebKit/537.36 (KHTML, like Gecko) Chrome/136.0.7103.113 Mobile Safari/537.36 (compatible; Googlebot/2.1; +http://www.google.com/bot.html)" "-"
182.22.28.121 - - [23/May/2025:15:21:12 +0900] "GET /robots.txt HTTP/1.1" 301 162 "-" "Y!J-BRW/1.0 (https://support.yahoo-net.jp/PccSearch/s/article/H000007955)" "-"
182.22.28.123 - - [23/May/2025:15:21:13 +0900] "GET /robots.txt HTTP/1.1" 200 180 "-" "Y!J-BRW/1.0 (https://support.yahoo-net.jp/PccSearch/s/article/H000007955)" "-"
182.22.28.72 - - [23/May/2025:15:21:13 +0900] "GET /shopdetail/6522835 HTTP/1.1" 301 162 "-" "Y!J-BRW/1.0 (https://support.yahoo-net.jp/PccSearch/s/article/H000007955)" "-"
182.22.28.117 - - [23/May/2025:15:21:18 +0900] "GET /robots.txt HTTP/1.1" 200 180 "-" "Y!J-BRW/1.0 (https://support.yahoo-net.jp/PccSearch/s/article/H000007955)" "-"
182.22.28.86 - - [23/May/2025:15:21:19 +0900] "GET /shopdetail/6522835 HTTP/1.1" 200 25425 "-" "Y!J-BRW/1.0 (https://support.yahoo-net.jp/PccSearch/s/article/H000007955)" "-"
66.249.79.173 - - [23/May/2025:15:22:18 +0900] "GET /shopdetail/12171846 HTTP/1.1" 200 22947 "-" "Mozilla/5.0 (Linux; Android 6.0.1; Nexus 5X Build/MMB29P) AppleWebKit/537.36 (KHTML, like Gecko) Chrome/136.0.7103.113 Mobile Safari/537.36 (compatible; Googlebot/2.1; +http://www.google.com/bot.html)" "-"
66.249.79.172 - - [23/May/2025:15:24:47 +0900] "GET /shopdetail/16389557 HTTP/1.1" 200 24007 "-" "Mozilla/5.0 (Linux; Android 6.0.1; Nexus 5X Build/MMB29P) AppleWebKit/537.36 (KHTML, like Gecko) Chrome/136.0.7103.113 Mobile Safari/537.36 (compatible; Googlebot/2.1; +http://www.google.com/bot.html)" "-"
66.249.79.160 - - [23/May/2025:15:25:07 +0900] "GET /product/edit/68839752 HTTP/1.1" 200 23990 "-" "Mozilla/5.0 (Linux; Android 6.0.1; Nexus 5X Build/MMB29P) AppleWebKit/537.36 (KHTML, like Gecko) Chrome/136.0.7103.113 Mobile Safari/537.36 (compatible; Googlebot/2.1; +http://www.google.com/bot.html)" "-"
40.77.167.48 - - [23/May/2025:15:29:32 +0900] "GET /shopdetail/3790924 HTTP/2.0" 200 24830 "-" "Mozilla/5.0 AppleWebKit/537.36 (KHTML, like Gecko; compatible; bingbot/2.0; +http://www.bing.com/bingbot.htm) Chrome/116.0.1938.76 Safari/537.36" "-"
66.249.79.160 - - [23/May/2025:15:29:46 +0900] "GET /shopdetail/20162624 HTTP/1.1" 200 21951 "-" "Mozilla/5.0 (Linux; Android 6.0.1; Nexus 5X Build/MMB29P) AppleWebKit/537.36 (KHTML, like Gecko) Chrome/136.0.7103.113 Mobile Safari/537.36 (compatible; Googlebot/2.1; +http://www.google.com/bot.html)" "-"
66.249.79.172 - - [23/May/2025:15:30:48 +0900] "GET /shopdetail/11192279 HTTP/1.1" 200 22435 "-" "Mozilla/5.0 (compatible; Googlebot/2.1; +http://www.google.com/bot.html)" "-"
66.249.79.172 - - [23/May/2025:15:31:17 +0900] "GET /shopdetail/11078157 HTTP/1.1" 200 23102 "-" "Mozilla/5.0 (Linux; Android 6.0.1; Nexus 5X Build/MMB29P) AppleWebKit/537.36 (KHTML, like Gecko) Chrome/136.0.7103.113 Mobile Safari/537.36 (compatible; Googlebot/2.1; +http://www.google.com/bot.html)" "-"
66.249.79.173 - - [23/May/2025:15:32:44 +0900] "GET /shopdetail/16752946 HTTP/1.1" 200 23529 "-" "Mozilla/5.0 (compatible; Googlebot/2.1; +http://www.google.com/bot.html)" "-"
66.249.79.173 - - [23/May/2025:15:32:50 +0900] "GET /shopdetail/8271780 HTTP/1.1" 200 25054 "-" "Mozilla/5.0 (Linux; Android 6.0.1; Nexus 5X Build/MMB29P) AppleWebKit/537.36 (KHTML, like Gecko) Chrome/136.0.7103.113 Mobile Safari/537.36 (compatible; Googlebot/2.1; +http://www.google.com/bot.html)" "-"
66.249.79.160 - - [23/May/2025:15:33:26 +0900] "GET /shopdetail/7310046 HTTP/1.1" 200 27758 "-" "Mozilla/5.0 (Linux; Android 6.0.1; Nexus 5X Build/MMB29P) AppleWebKit/537.36 (KHTML, like Gecko) Chrome/136.0.7103.113 Mobile Safari/537.36 (compatible; Googlebot/2.1; +http://www.google.com/bot.html)" "-"
52.167.144.20 - - [23/May/2025:15:33:32 +0900] "GET /shopdetail/2485579 HTTP/2.0" 200 22535 "-" "Mozilla/5.0 AppleWebKit/537.36 (KHTML, like Gecko; compatible; bingbot/2.0; +http://www.bing.com/bingbot.htm) Chrome/116.0.1938.76 Safari/537.36" "-"
160.251.148.50 - - [23/May/2025:15:34:47 +0900] "POST /wp-cron.php?doing_wp_cron=1747982087.5057570934295654296875 HTTP/1.1" 403 186 "-" "WordPress/6.7.2; https://kahokutaku.com" "-"
66.249.82.97 - - [23/May/2025:15:34:47 +0900] "GET /.well-known/traffic-advice HTTP/1.1" 301 0 "-" "Chrome Privacy Preserving Prefetch Proxy" "-"
162.120.184.21 - - [23/May/2025:15:34:48 +0900] "GET /shopdetail/2373979 HTTP/2.0" 200 356 "https://www.google.co.jp/" "Mozilla/5.0 (Windows NT 10.0; Win64; x64) AppleWebKit/537.36 (KHTML, like Gecko) Chrome/136.0.0.0 Safari/537.36" "-"
66.249.79.173 - - [23/May/2025:15:37:31 +0900] "GET /shopdetail/22751779 HTTP/1.1" 200 23485 "-" "Mozilla/5.0 (Linux; Android 6.0.1; Nexus 5X Build/MMB29P) AppleWebKit/537.36 (KHTML, like Gecko) Chrome/136.0.7103.113 Mobile Safari/537.36 (compatible; Googlebot/2.1; +http://www.google.com/bot.html)" "-"
160.251.148.50 - - [23/May/2025:15:38:45 +0900] "POST /wp-cron.php?doing_wp_cron=1747982325.1056900024414062500000 HTTP/1.1" 403 186 "-" "WordPress/6.7.2; https://kahokutaku.com" "-"
47.82.60.74 - - [23/May/2025:15:38:45 +0900] "GET / HTTP/1.1" 200 14124 "https://kahokutaku.com/" "Mozilla/5.0 (Windows NT 10.0; Win64; x64) AppleWebKit/537.36 (KHTML, like Gecko) Chrome/114.0.0.0 Safari/537.36 Edg/114.0.1823.43" "-"
66.249.79.173 - - [23/May/2025:15:39:04 +0900] "GET /shopdetail/13597268 HTTP/1.1" 200 21706 "-" "Mozilla/5.0 (Linux; Android 6.0.1; Nexus 5X Build/MMB29P) AppleWebKit/537.36 (KHTML, like Gecko) Chrome/136.0.7103.113 Mobile Safari/537.36 (compatible; Googlebot/2.1; +http://www.google.com/bot.html)" "-"
66.249.79.172 - - [23/May/2025:15:41:04 +0900] "GET /shopdetail/7332124 HTTP/1.1" 200 22893 "-" "Mozilla/5.0 (Linux; Android 6.0.1; Nexus 5X Build/MMB29P) AppleWebKit/537.36 (KHTML, like Gecko) Chrome/136.0.7103.113 Mobile Safari/537.36 (compatible; Googlebot/2.1; +http://www.google.com/bot.html)" "-"
49.7.227.204 - - [23/May/2025:15:41:51 +0900] "GET / HTTP/1.1" 301 162 "-" "Mozilla/5.0 (iPhone; CPU iPhone OS 13_2_3 like Mac OS X) AppleWebKit/605.1.15 (KHTML, like Gecko) Version/13.0.3 Mobile/15E148 Safari/604.1" "-"
160.251.148.50 - - [23/May/2025:15:41:53 +0900] "POST /wp-cron.php?doing_wp_cron=1747982513.3926839828491210937500 HTTP/1.1" 403 186 "-" "WordPress/6.7.2; https://kahokutaku.com" "-"
49.7.227.204 - - [23/May/2025:15:41:53 +0900] "GET / HTTP/1.1" 200 14124 "http://kahokutaku.com" "Mozilla/5.0 (iPhone; CPU iPhone OS 13_2_3 like Mac OS X) AppleWebKit/605.1.15 (KHTML, like Gecko) Version/13.0.3 Mobile/15E148 Safari/604.1" "-"
111.237.81.198 - - [23/May/2025:15:43:19 +0900] "GET /shopdetail/10150880 HTTP/2.0" 200 318 "https://www.google.com/" "Mozilla/5.0 (iPhone; CPU iPhone OS 18_5 like Mac OS X) AppleWebKit/605.1.15 (KHTML, like Gecko) Version/18.5 Mobile/15E148 Safari/604.1" "-"
66.249.79.172 - - [23/May/2025:15:43:34 +0900] "GET /pcmypage?callback=product/review/94551870 HTTP/1.1" 200 27471 "-" "Mozilla/5.0 (Linux; Android 6.0.1; Nexus 5X Build/MMB29P) AppleWebKit/537.36 (KHTML, like Gecko) Chrome/136.0.7103.113 Mobile Safari/537.36 (compatible; Googlebot/2.1; +http://www.google.com/bot.html)" "-"
52.167.144.137 - - [23/May/2025:15:44:13 +0900] "GET /shopdetail/14069379 HTTP/2.0" 200 24267 "-" "Mozilla/5.0 AppleWebKit/537.36 (KHTML, like Gecko; compatible; bingbot/2.0; +http://www.bing.com/bingbot.htm) Chrome/116.0.1938.76 Safari/537.36" "-"
66.249.79.173 - - [23/May/2025:15:45:37 +0900] "GET /pcmypage?callback=/product%2Fdetail%2F84411817 HTTP/1.1" 200 25280 "-" "Mozilla/5.0 (Linux; Android 6.0.1; Nexus 5X Build/MMB29P) AppleWebKit/537.36 (KHTML, like Gecko) Chrome/136.0.7103.113 Mobile Safari/537.36 (compatible; Googlebot/2.1; +http://www.google.com/bot.html)" "-"
66.249.79.172 - - [23/May/2025:15:46:41 +0900] "GET /shopdetail/4877324 HTTP/1.1" 200 23157 "-" "Mozilla/5.0 (compatible; Googlebot/2.1; +http://www.google.com/bot.html)" "-"
66.249.79.172 - - [23/May/2025:15:48:04 +0900] "GET /pcmypage?callback=/product%2Fdetail%2F91755272 HTTP/1.1" 200 23415 "-" "Mozilla/5.0 (Linux; Android 6.0.1; Nexus 5X Build/MMB29P) AppleWebKit/537.36 (KHTML, like Gecko) Chrome/136.0.7103.113 Mobile Safari/537.36 (compatible; Googlebot/2.1; +http://www.google.com/bot.html)" "-"
66.249.79.173 - - [23/May/2025:15:48:16 +0900] "GET /shopdetail/11051279 HTTP/1.1" 200 26205 "-" "Mozilla/5.0 (Linux; Android 6.0.1; Nexus 5X Build/MMB29P) AppleWebKit/537.36 (KHTML, like Gecko) Chrome/136.0.7103.113 Mobile Safari/537.36 (compatible; Googlebot/2.1; +http://www.google.com/bot.html)" "-"
66.249.79.173 - - [23/May/2025:15:49:05 +0900] "GET /shopdetail/26952835 HTTP/1.1" 200 22821 "-" "Mozilla/5.0 (Linux; Android 6.0.1; Nexus 5X Build/MMB29P) AppleWebKit/537.36 (KHTML, like Gecko) Chrome/136.0.7103.113 Mobile Safari/537.36 (compatible; Googlebot/2.1; +http://www.google.com/bot.html)" "-"
66.249.79.173 - - [23/May/2025:15:49:30 +0900] "GET /shopdetail/9195157 HTTP/1.1" 200 23206 "-" "Mozilla/5.0 (Linux; Android 6.0.1; Nexus 5X Build/MMB29P) AppleWebKit/537.36 (KHTML, like Gecko) Chrome/136.0.7103.113 Mobile Safari/537.36 (compatible; Googlebot/2.1; +http://www.google.com/bot.html)" "-"
66.249.79.173 - - [23/May/2025:15:50:27 +0900] "GET /pcmypage?callback=product/review/34037502 HTTP/1.1" 200 26925 "-" "Mozilla/5.0 (Linux; Android 6.0.1; Nexus 5X Build/MMB29P) AppleWebKit/537.36 (KHTML, like Gecko) Chrome/136.0.7103.113 Mobile Safari/537.36 (compatible; Googlebot/2.1; +http://www.google.com/bot.html)" "-"
66.249.79.172 - - [23/May/2025:15:52:28 +0900] "GET /pcmypage?callback=product/review/58020538 HTTP/1.1" 200 22378 "-" "Mozilla/5.0 (Linux; Android 6.0.1; Nexus 5X Build/MMB29P) AppleWebKit/537.36 (KHTML, like Gecko) Chrome/136.0.7103.113 Mobile Safari/537.36 (compatible; Googlebot/2.1; +http://www.google.com/bot.html)" "-"
52.167.144.137 - - [23/May/2025:15:52:33 +0900] "GET /shopdetail/25529935 HTTP/2.0" 200 23017 "-" "Mozilla/5.0 AppleWebKit/537.36 (KHTML, like Gecko; compatible; bingbot/2.0; +http://www.bing.com/bingbot.htm) Chrome/116.0.1938.76 Safari/537.36" "-"
52.194.224.158 - - [23/May/2025:15:54:00 +0900] "GET / HTTP/1.1" 301 162 "-" "Mozilla/5.0 (Windows NT 10.0; Win64; x64; rv:89.0) Gecko/20100101 Firefox/89.0" "-"
160.251.148.50 - - [23/May/2025:15:54:00 +0900] "POST /wp-cron.php?doing_wp_cron=1747983240.5304799079895019531250 HTTP/1.1" 403 186 "-" "WordPress/6.7.2; https://kahokutaku.com" "-"
52.194.224.158 - - [23/May/2025:15:54:00 +0900] "GET / HTTP/1.1" 200 14124 "-" "Mozilla/5.0 (Windows NT 10.0; Win64; x64; rv:89.0) Gecko/20100101 Firefox/89.0" "-"
66.249.79.160 - - [23/May/2025:15:55:29 +0900] "GET /shopdetail/20004657 HTTP/1.1" 200 24871 "-" "Mozilla/5.0 (Linux; Android 6.0.1; Nexus 5X Build/MMB29P) AppleWebKit/537.36 (KHTML, like Gecko) Chrome/136.0.7103.113 Mobile Safari/537.36 (compatible; Googlebot/2.1; +http://www.google.com/bot.html)" "-"
40.77.167.33 - - [23/May/2025:15:56:56 +0900] "GET /shopdetail/8168002 HTTP/2.0" 200 24089 "-" "Mozilla/5.0 AppleWebKit/537.36 (KHTML, like Gecko; compatible; bingbot/2.0; +http://www.bing.com/bingbot.htm) Chrome/116.0.1938.76 Safari/537.36" "-"
180.196.173.118 - - [23/May/2025:16:00:31 +0900] "GET /shopdetail/6616568 HTTP/2.0" 200 473 "https://www.google.com/" "Mozilla/5.0 (Linux; Android 10; K) AppleWebKit/537.36 (KHTML, like Gecko) Chrome/136.0.0.0 Mobile Safari/537.36" "-"
66.249.79.172 - - [23/May/2025:16:02:20 +0900] "GET /product/edit/23187395 HTTP/1.1" 200 24363 "-" "Mozilla/5.0 (Linux; Android 6.0.1; Nexus 5X Build/MMB29P) AppleWebKit/537.36 (KHTML, like Gecko) Chrome/136.0.7103.113 Mobile Safari/537.36 (compatible; Googlebot/2.1; +http://www.google.com/bot.html)" "-"
66.249.79.172 - - [23/May/2025:16:04:36 +0900] "GET /shopdetail/9923757 HTTP/1.1" 200 22559 "-" "Mozilla/5.0 (Linux; Android 6.0.1; Nexus 5X Build/MMB29P) AppleWebKit/537.36 (KHTML, like Gecko) Chrome/136.0.7103.113 Mobile Safari/537.36 (compatible; Googlebot/2.1; +http://www.google.com/bot.html)" "-"
52.167.144.189 - - [23/May/2025:16:04:55 +0900] "GET /shopdetail/19994891 HTTP/2.0" 200 21938 "-" "Mozilla/5.0 AppleWebKit/537.36 (KHTML, like Gecko; compatible; bingbot/2.0; +http://www.bing.com/bingbot.htm) Chrome/116.0.1938.76 Safari/537.36" "-"
66.249.79.173 - - [23/May/2025:16:05:48 +0900] "GET /shopdetail/6641535 HTTP/1.1" 200 22301 "-" "Mozilla/5.0 (compatible; Googlebot/2.1; +http://www.google.com/bot.html)" "-"
52.167.144.141 - - [23/May/2025:16:08:05 +0900] "GET /shopdetail/12087757 HTTP/2.0" 200 22960 "-" "Mozilla/5.0 AppleWebKit/537.36 (KHTML, like Gecko; compatible; bingbot/2.0; +http://www.bing.com/bingbot.htm) Chrome/116.0.1938.76 Safari/537.36" "-"
160.251.148.50 - - [23/May/2025:16:08:26 +0900] "POST /wp-cron.php?doing_wp_cron=1747984106.5887000560760498046875 HTTP/1.1" 403 186 "-" "WordPress/6.7.2; https://kahokutaku.com" "-"
162.120.184.5 - - [23/May/2025:16:08:26 +0900] "GET /shopdetail/3941846 HTTP/2.0" 301 0 "https://www.google.com/" "Mozilla/5.0 (Windows NT 10.0; Win64; x64) AppleWebKit/537.36 (KHTML, like Gecko) Chrome/136.0.0.0 Safari/537.36" "-"
64.233.173.98 - - [23/May/2025:16:08:27 +0900] "GET /.well-known/traffic-advice HTTP/1.1" 404 11685 "-" "Chrome Privacy Preserving Prefetch Proxy" "-"
64.233.173.197 - - [23/May/2025:16:08:27 +0900] "GET /.well-known/traffic-advice HTTP/1.1" 404 11685 "-" "Chrome Privacy Preserving Prefetch Proxy" "-"
162.120.184.8 - - [23/May/2025:16:08:28 +0900] "GET /shopdetail/3941846 HTTP/2.0" 404 11672 "https://www.google.com/" "Mozilla/5.0 (Windows NT 10.0; Win64; x64) AppleWebKit/537.36 (KHTML, like Gecko) Chrome/136.0.0.0 Safari/537.36" "-"
180.196.173.118 - - [23/May/2025:16:09:50 +0900] "GET /shopdetail/6616568 HTTP/2.0" 200 473 "https://www.google.com/" "Mozilla/5.0 (Linux; Android 10; K) AppleWebKit/537.36 (KHTML, like Gecko) Chrome/136.0.0.0 Mobile Safari/537.36" "-"
180.196.173.118 - - [23/May/2025:16:10:10 +0900] "GET /shopdetail/6616568 HTTP/2.0" 200 473 "https://www.google.com/" "Mozilla/5.0 (Linux; Android 10; K) AppleWebKit/537.36 (KHTML, like Gecko) Chrome/136.0.0.0 Mobile Safari/537.36" "-"
66.249.79.173 - - [23/May/2025:16:10:19 +0900] "GET /shopdetail/24204157 HTTP/1.1" 200 24559 "-" "Mozilla/5.0 (compatible; Googlebot/2.1; +http://www.google.com/bot.html)" "-"
160.251.148.50 - - [23/May/2025:16:10:49 +0900] "POST /wp-cron.php?doing_wp_cron=1747984249.0352280139923095703125 HTTP/1.1" 403 186 "-" "WordPress/6.7.2; https://kahokutaku.com" "-"
36.243.62.211 - - [23/May/2025:16:10:49 +0900] "GET / HTTP/2.0" 200 14111 "-" "Mozilla/5.0 (iPhone; CPU iPhone OS 18_4 like Mac OS X) AppleWebKit/605.1.15 (KHTML, like Gecko) Mobile/15E148 Safari Line/15.5.0" "-"
36.243.62.211 - - [23/May/2025:16:10:49 +0900] "GET /favicon.ico HTTP/2.0" 302 0 "-" "LINE/2025.423.1206 CFNetwork/3826.500.111.2.2 Darwin/24.4.0" "-"
36.243.62.211 - - [23/May/2025:16:10:50 +0900] "GET /%e7%b7%b4%e7%bf%92%e3%83%bb%e5%a4%a7%e4%bc%9a%e4%ba%88%e5%ae%9a/ HTTP/2.0" 200 12050 "https://kahokutaku.com/" "Mozilla/5.0 (iPhone; CPU iPhone OS 18_4_1 like Mac OS X) AppleWebKit/605.1.15 (KHTML, like Gecko) Mobile/15E148 Safari Line/15.6.0" "-"
36.243.62.211 - - [23/May/2025:16:10:52 +0900] "GET /favicon.ico HTTP/2.0" 302 0 "-" "LINE/2025.423.1206 CFNetwork/3826.500.111.2.2 Darwin/24.4.0" "-"
180.196.173.118 - - [23/May/2025:16:13:18 +0900] "GET /shopdetail/6616568 HTTP/2.0" 200 473 "https://www.google.com/" "Mozilla/5.0 (Linux; Android 10; K) AppleWebKit/537.36 (KHTML, like Gecko) Chrome/136.0.0.0 Mobile Safari/537.36" "-"
180.196.173.118 - - [23/May/2025:16:13:48 +0900] "GET /shopdetail/6616568 HTTP/2.0" 200 473 "https://www.google.com/" "Mozilla/5.0 (Linux; Android 10; K) AppleWebKit/537.36 (KHTML, like Gecko) Chrome/136.0.0.0 Mobile Safari/537.36" "-"
114.51.59.67 - - [23/May/2025:16:15:10 +0900] "GET /shopdetail/6620179 HTTP/2.0" 200 382 "https://search.yahoo.co.jp/" "Mozilla/5.0 (iPhone; CPU iPhone OS 16_7_11 like Mac OS X) AppleWebKit/605.1.15 (KHTML, like Gecko) Version/16.6.1 Mobile/15E148 Safari/604.1" "-"
66.249.79.160 - - [23/May/2025:16:18:21 +0900] "GET /shopdetail/17851268 HTTP/1.1" 200 23800 "-" "Mozilla/5.0 (Linux; Android 6.0.1; Nexus 5X Build/MMB29P) AppleWebKit/537.36 (KHTML, like Gecko) Chrome/136.0.7103.113 Mobile Safari/537.36 (compatible; Googlebot/2.1; +http://www.google.com/bot.html)" "-"
52.167.144.158 - - [23/May/2025:16:18:47 +0900] "GET /shopdetail/20656102 HTTP/2.0" 200 23939 "-" "Mozilla/5.0 AppleWebKit/537.36 (KHTML, like Gecko; compatible; bingbot/2.0; +http://www.bing.com/bingbot.htm) Chrome/116.0.1938.76 Safari/537.36" "-"
160.251.148.50 - - [23/May/2025:16:20:21 +0900] "POST /wp-cron.php?doing_wp_cron=1747984821.6948809623718261718750 HTTP/1.1" 403 186 "-" "WordPress/6.7.2; https://kahokutaku.com" "-"
124.110.143.237 - - [23/May/2025:16:20:21 +0900] "GET /%e7%b7%b4%e7%bf%92%e3%83%bb%e5%a4%a7%e4%bc%9a%e4%ba%88%e5%ae%9a/ HTTP/2.0" 200 12050 "-" "Mozilla/5.0 (Linux; Android 10; K) AppleWebKit/537.36 (KHTML, like Gecko) Chrome/136.0.0.0 Mobile Safari/537.36" "-"
124.110.143.237 - - [23/May/2025:16:20:22 +0900] "GET /wp-includes/blocks/navigation/style.min.css?ver=6.7.2 HTTP/2.0" 304 0 "https://kahokutaku.com/%e7%b7%b4%e7%bf%92%e3%83%bb%e5%a4%a7%e4%bc%9a%e4%ba%88%e5%ae%9a/" "Mozilla/5.0 (Linux; Android 10; K) AppleWebKit/537.36 (KHTML, like Gecko) Chrome/136.0.0.0 Mobile Safari/537.36" "-"
124.110.143.237 - - [23/May/2025:16:20:22 +0900] "GET /wp-includes/js/jquery/jquery.min.js?ver=3.7.1 HTTP/2.0" 304 0 "https://kahokutaku.com/%e7%b7%b4%e7%bf%92%e3%83%bb%e5%a4%a7%e4%bc%9a%e4%ba%88%e5%ae%9a/" "Mozilla/5.0 (Linux; Android 10; K) AppleWebKit/537.36 (KHTML, like Gecko) Chrome/136.0.0.0 Mobile Safari/537.36" "-"
124.110.143.237 - - [23/May/2025:16:20:22 +0900] "GET /wp-includes/js/dist/script-modules/interactivity/index.min.js?ver=907ea3b2f317a78b7b9b HTTP/2.0" 304 0 "https://kahokutaku.com/%e7%b7%b4%e7%bf%92%e3%83%bb%e5%a4%a7%e4%bc%9a%e4%ba%88%e5%ae%9a/" "Mozilla/5.0 (Linux; Android 10; K) AppleWebKit/537.36 (KHTML, like Gecko) Chrome/136.0.0.0 Mobile Safari/537.36" "-"
124.110.143.237 - - [23/May/2025:16:20:22 +0900] "GET /wp-includes/js/dist/script-modules/block-library/navigation/view.min.js?ver=8ff192874fc8910a284c HTTP/2.0" 304 0 "https://kahokutaku.com/%e7%b7%b4%e7%bf%92%e3%83%bb%e5%a4%a7%e4%bc%9a%e4%ba%88%e5%ae%9a/" "Mozilla/5.0 (Linux; Android 10; K) AppleWebKit/537.36 (KHTML, like Gecko) Chrome/136.0.0.0 Mobile Safari/537.36" "-"
124.110.143.237 - - [23/May/2025:16:20:22 +0900] "GET /wp-includes/js/jquery/jquery-migrate.min.js?ver=3.4.1 HTTP/2.0" 304 0 "https://kahokutaku.com/%e7%b7%b4%e7%bf%92%e3%83%bb%e5%a4%a7%e4%bc%9a%e4%ba%88%e5%ae%9a/" "Mozilla/5.0 (Linux; Android 10; K) AppleWebKit/537.36 (KHTML, like Gecko) Chrome/136.0.0.0 Mobile Safari/537.36" "-"
124.110.143.237 - - [23/May/2025:16:20:24 +0900] "GET /favicon.ico HTTP/2.0" 302 0 "https://kahokutaku.com/%e7%b7%b4%e7%bf%92%e3%83%bb%e5%a4%a7%e4%bc%9a%e4%ba%88%e5%ae%9a/" "Mozilla/5.0 (Linux; Android 10; K) AppleWebKit/537.36 (KHTML, like Gecko) Chrome/136.0.0.0 Mobile Safari/537.36" "-"
66.249.79.173 - - [23/May/2025:16:20:47 +0900] "GET /shopdetail/29521257 HTTP/1.1" 200 23261 "-" "Mozilla/5.0 (Linux; Android 6.0.1; Nexus 5X Build/MMB29P) AppleWebKit/537.36 (KHTML, like Gecko) Chrome/136.0.7103.113 Mobile Safari/537.36 (compatible; Googlebot/2.1; +http://www.google.com/bot.html)" "-"
147.92.179.118 - - [23/May/2025:16:20:59 +0900] "GET /%e7%b7%b4%e7%bf%92%e3%83%bb%e5%a4%a7%e4%bc%9a%e4%ba%88%e5%ae%9a/ HTTP/1.1" 200 12063 "-" "facebookexternalhit/1.1;line-poker/1.0" "-"
66.249.79.172 - - [23/May/2025:16:21:23 +0900] "GET /shopdetail/6406324 HTTP/1.1" 200 23792 "-" "Mozilla/5.0 (Linux; Android 6.0.1; Nexus 5X Build/MMB29P) AppleWebKit/537.36 (KHTML, like Gecko) Chrome/136.0.7103.113 Mobile Safari/537.36 (compatible; Googlebot/2.1; +http://www.google.com/bot.html)" "-"
47.128.42.224 - - [23/May/2025:16:21:46 +0900] "GET /shopdetail/24601646 HTTP/2.0" 403 0 "-" "Mozilla/5.0 (Linux; Android 5.0) AppleWebKit/537.36 (KHTML, like Gecko) Mobile Safari/537.36 (compatible; Bytespider; spider-feedback@bytedance.com)" "-"
160.251.148.50 - - [23/May/2025:16:22:29 +0900] "POST /wp-cron.php?doing_wp_cron=1747984949.1864550113677978515625 HTTP/1.1" 403 186 "-" "WordPress/6.7.2; https://kahokutaku.com" "-"
23.137.105.26 - - [23/May/2025:16:22:29 +0900] "GET /wp-content/themes/motors/style.css HTTP/1.1" 404 11685 "www.google.com" "Mozilla/6.4 (Windows NT 11.1) Gecko/2010102 Firefox/99.0" "-"
23.137.105.26 - - [23/May/2025:16:22:31 +0900] "GET /wp-content/themes/motors/CHANGELOG.md HTTP/1.1" 404 11685 "www.google.com" "Mozilla/6.4 (Windows NT 11.1) Gecko/2010102 Firefox/99.0" "-"
66.249.79.172 - - [23/May/2025:16:23:06 +0900] "GET /shopdetail/27294346 HTTP/1.1" 200 22704 "-" "Mozilla/5.0 (compatible; Googlebot/2.1; +http://www.google.com/bot.html)" "-"
40.77.167.243 - - [23/May/2025:16:24:39 +0900] "GET /safe_search/config?return_url=/product/detail/30310350 HTTP/2.0" 200 22612 "-" "Mozilla/5.0 AppleWebKit/537.36 (KHTML, like Gecko; compatible; bingbot/2.0; +http://www.bing.com/bingbot.htm) Chrome/116.0.1938.76 Safari/537.36" "-"
66.249.79.173 - - [23/May/2025:16:28:34 +0900] "GET /shopdetail/17733013 HTTP/1.1" 200 23318 "-" "Mozilla/5.0 (Linux; Android 6.0.1; Nexus 5X Build/MMB29P) AppleWebKit/537.36 (KHTML, like Gecko) Chrome/136.0.7103.113 Mobile Safari/537.36 (compatible; Googlebot/2.1; +http://www.google.com/bot.html)" "-"
66.249.79.160 - - [23/May/2025:16:35:20 +0900] "GET /shopdetail/30667813 HTTP/1.1" 200 23627 "-" "Mozilla/5.0 (Linux; Android 6.0.1; Nexus 5X Build/MMB29P) AppleWebKit/537.36 (KHTML, like Gecko) Chrome/136.0.7103.113 Mobile Safari/537.36 (compatible; Googlebot/2.1; +http://www.google.com/bot.html)" "-"
66.249.79.172 - - [23/May/2025:16:36:43 +0900] "GET /pcmypage?callback=product%2Fdetail%2F39469814 HTTP/1.1" 200 23815 "-" "Mozilla/5.0 (Linux; Android 6.0.1; Nexus 5X Build/MMB29P) AppleWebKit/537.36 (KHTML, like Gecko) Chrome/136.0.7103.113 Mobile Safari/537.36 (compatible; Googlebot/2.1; +http://www.google.com/bot.html)" "-"
66.249.79.172 - - [23/May/2025:16:37:33 +0900] "GET /pcmypage?callback=/product%2Fdetail%2F77982069 HTTP/1.1" 200 25132 "-" "Mozilla/5.0 (Linux; Android 6.0.1; Nexus 5X Build/MMB29P) AppleWebKit/537.36 (KHTML, like Gecko) Chrome/136.0.7103.113 Mobile Safari/537.36 (compatible; Googlebot/2.1; +http://www.google.com/bot.html)" "-"
66.249.79.160 - - [23/May/2025:16:38:18 +0900] "GET /shopdetail/2667024 HTTP/1.1" 200 23172 "-" "Mozilla/5.0 (compatible; Googlebot/2.1; +http://www.google.com/bot.html)" "-"
66.249.79.172 - - [23/May/2025:16:38:49 +0900] "GET /pcmypage?callback=product%2Fdetail%2F42891780 HTTP/1.1" 200 23611 "-" "Mozilla/5.0 (Linux; Android 6.0.1; Nexus 5X Build/MMB29P) AppleWebKit/537.36 (KHTML, like Gecko) Chrome/136.0.7103.113 Mobile Safari/537.36 (compatible; Googlebot/2.1; +http://www.google.com/bot.html)" "-"
66.249.79.172 - - [23/May/2025:16:39:33 +0900] "GET /pcmypage?callback=product%2Fdetail%2F74569776 HTTP/1.1" 200 25242 "-" "Mozilla/5.0 (Linux; Android 6.0.1; Nexus 5X Build/MMB29P) AppleWebKit/537.36 (KHTML, like Gecko) Chrome/136.0.7103.113 Mobile Safari/537.36 (compatible; Googlebot/2.1; +http://www.google.com/bot.html)" "-"
66.249.79.173 - - [23/May/2025:16:40:35 +0900] "GET /shopdetail/10466380 HTTP/1.1" 200 25982 "-" "Mozilla/5.0 (compatible; Googlebot/2.1; +http://www.google.com/bot.html)" "-"
66.249.79.173 - - [23/May/2025:16:41:28 +0900] "POST /get-message-notify HTTP/1.1" 200 22944 "https://www.kahokutaku.com/pcmypage?callback=product%2Fdetail%2F39469814" "Mozilla/5.0 (Linux; Android 6.0.1; Nexus 5X Build/MMB29P) AppleWebKit/537.36 (KHTML, like Gecko) Chrome/136.0.7103.92 Mobile Safari/537.36 (compatible; Googlebot/2.1; +http://www.google.com/bot.html)" "-"
66.249.79.160 - - [23/May/2025:16:42:27 +0900] "POST /get-message-notify HTTP/1.1" 200 22944 "https://www.kahokutaku.com/pcmypage?callback=/product%2Fdetail%2F77982069" "Mozilla/5.0 (Linux; Android 6.0.1; Nexus 5X Build/MMB29P) AppleWebKit/537.36 (KHTML, like Gecko) Chrome/136.0.7103.92 Mobile Safari/537.36 (compatible; Googlebot/2.1; +http://www.google.com/bot.html)" "-"
66.249.79.173 - - [23/May/2025:16:45:09 +0900] "POST /get-message-notify HTTP/1.1" 200 22944 "https://www.kahokutaku.com/pcmypage?callback=product%2Fdetail%2F74569776" "Mozilla/5.0 (Linux; Android 6.0.1; Nexus 5X Build/MMB29P) AppleWebKit/537.36 (KHTML, like Gecko) Chrome/136.0.7103.92 Mobile Safari/537.36 (compatible; Googlebot/2.1; +http://www.google.com/bot.html)" "-"
66.249.79.173 - - [23/May/2025:16:45:11 +0900] "GET /shopdetail/1939280 HTTP/1.1" 200 24166 "-" "Mozilla/5.0 (compatible; Googlebot/2.1; +http://www.google.com/bot.html)" "-"
66.249.79.160 - - [23/May/2025:16:46:53 +0900] "GET /shopdetail/28440202 HTTP/1.1" 200 24572 "-" "Mozilla/5.0 (compatible; Googlebot/2.1; +http://www.google.com/bot.html)" "-"
160.251.148.50 - - [23/May/2025:16:47:40 +0900] "POST /wp-cron.php?doing_wp_cron=1747986459.9109680652618408203125 HTTP/1.1" 403 186 "-" "WordPress/6.7.2; https://kahokutaku.com" "-"
106.155.41.16 - - [23/May/2025:16:47:40 +0900] "GET / HTTP/2.0" 200 14111 "-" "Mozilla/5.0 (iPhone; CPU iPhone OS 18_4_1 like Mac OS X) AppleWebKit/605.1.15 (KHTML, like Gecko) Version/18.4 Mobile/15E148 Safari/604.1" "-"
106.155.41.16 - - [23/May/2025:16:47:40 +0900] "GET /wp-content/plugins/contact-form-7/includes/swv/js/index.js?ver=5.7.4 HTTP/2.0" 200 3350 "https://kahokutaku.com/" "Mozilla/5.0 (iPhone; CPU iPhone OS 18_4_1 like Mac OS X) AppleWebKit/605.1.15 (KHTML, like Gecko) Version/18.4 Mobile/15E148 Safari/604.1" "-"
106.155.41.16 - - [23/May/2025:16:47:40 +0900] "GET /favicon.ico HTTP/2.0" 302 0 "-" "NetworkingExtension/8621.1.15.10.7 Network/4277.102.4 iOS/18.4.1" "-"
106.155.41.16 - - [23/May/2025:16:47:40 +0900] "GET /apple-touch-icon-precomposed.png HTTP/2.0" 404 11672 "-" "NetworkingExtension/8621.1.15.10.7 Network/4277.102.4 iOS/18.4.1" "-"
106.155.41.16 - - [23/May/2025:16:47:40 +0900] "GET /apple-touch-icon.png HTTP/2.0" 404 11672 "-" "NetworkingExtension/8621.1.15.10.7 Network/4277.102.4 iOS/18.4.1" "-"
106.155.41.16 - - [23/May/2025:16:47:40 +0900] "GET /wp-includes/images/w-logo-blue-white-bg.png HTTP/2.0" 200 4119 "-" "NetworkingExtension/8621.1.15.10.7 Network/4277.102.4 iOS/18.4.1" "-"
106.155.41.16 - - [23/May/2025:16:47:45 +0900] "GET /%e7%b7%b4%e7%bf%92%e3%83%bb%e5%a4%a7%e4%bc%9a%e4%ba%88%e5%ae%9a/ HTTP/2.0" 200 12050 "https://kahokutaku.com/" "Mozilla/5.0 (iPhone; CPU iPhone OS 18_4_1 like Mac OS X) AppleWebKit/605.1.15 (KHTML, like Gecko) Version/18.4 Mobile/15E148 Safari/604.1" "-"
66.249.79.173 - - [23/May/2025:16:50:27 +0900] "GET /shopdetail/5755657 HTTP/1.1" 200 23441 "-" "Mozilla/5.0 (Linux; Android 6.0.1; Nexus 5X Build/MMB29P) AppleWebKit/537.36 (KHTML, like Gecko) Chrome/136.0.7103.113 Mobile Safari/537.36 (compatible; Googlebot/2.1; +http://www.google.com/bot.html)" "-"
66.249.79.173 - - [23/May/2025:16:50:28 +0900] "GET /shopdetail/1783857 HTTP/1.1" 200 22873 "-" "Mozilla/5.0 (Linux; Android 6.0.1; Nexus 5X Build/MMB29P) AppleWebKit/537.36 (KHTML, like Gecko) Chrome/136.0.7103.113 Mobile Safari/537.36 (compatible; Googlebot/2.1; +http://www.google.com/bot.html)" "-"
66.249.79.173 - - [23/May/2025:16:51:44 +0900] "GET /shopdetail/25030402 HTTP/1.1" 200 24655 "-" "Mozilla/5.0 (compatible; Googlebot/2.1; +http://www.google.com/bot.html)" "-"
66.249.79.172 - - [23/May/2025:16:53:40 +0900] "GET /shopdetail/21238002 HTTP/1.1" 200 24244 "-" "Mozilla/5.0 (Linux; Android 6.0.1; Nexus 5X Build/MMB29P) AppleWebKit/537.36 (KHTML, like Gecko) Chrome/136.0.7103.113 Mobile Safari/537.36 (compatible; Googlebot/2.1; +http://www.google.com/bot.html)" "-"
160.251.148.50 - - [23/May/2025:16:54:37 +0900] "POST /wp-cron.php?doing_wp_cron=1747986877.0479130744934082031250 HTTP/1.1" 403 186 "-" "WordPress/6.7.2; https://kahokutaku.com" "-"
47.79.117.165 - - [23/May/2025:16:54:37 +0900] "GET / HTTP/1.1" 200 14124 "https://kahokutaku.com/" "Mozilla/5.0 (Windows NT 10.0; Win64; x64) AppleWebKit/537.36 (KHTML, like Gecko) Chrome/114.0.0.0 Safari/537.36 Edg/114.0.1823.43" "-"
14.191.124.84 - - [23/May/2025:16:56:01 +0900] "GET / HTTP/1.1" 301 162 "-" "Mozilla/5.0 (Windows NT 10.0; WOW64) AppleWebKit/537.36 (KHTML, like Gecko) Chrome/114.0.0.0 Safari/537.36 Vivaldi/5.3.2679.68" "-"
160.251.148.50 - - [23/May/2025:16:56:02 +0900] "POST /wp-cron.php?doing_wp_cron=1747986962.4064760208129882812500 HTTP/1.1" 403 186 "-" "WordPress/6.7.2; https://kahokutaku.com" "-"
14.191.124.84 - - [23/May/2025:16:56:02 +0900] "GET / HTTP/1.1" 200 14124 "http://kahokutaku.com" "Mozilla/5.0 (Windows NT 10.0; WOW64) AppleWebKit/537.36 (KHTML, like Gecko) Chrome/114.0.0.0 Safari/537.36 Vivaldi/5.3.2679.68" "-"
14.191.124.84 - - [23/May/2025:16:56:03 +0900] "GET /%e7%b7%b4%e7%bf%92%e3%83%bb%e5%a4%a7%e4%bc%9a%e4%ba%88%e5%ae%9a/ HTTP/1.1" 200 12063 "https://kahokutaku.com/" "Mozilla/5.0 (Windows NT 10.0; WOW64) AppleWebKit/537.36 (KHTML, like Gecko) Chrome/114.0.0.0 Safari/537.36 Vivaldi/5.3.2679.68" "-"
14.191.124.84 - - [23/May/2025:16:56:05 +0900] "GET /comments/feed/ HTTP/1.1" 200 764 "https://kahokutaku.com/" "Mozilla/5.0 (Windows NT 10.0; WOW64) AppleWebKit/537.36 (KHTML, like Gecko) Chrome/114.0.0.0 Safari/537.36 Vivaldi/5.3.2679.68" "-"
14.191.124.84 - - [23/May/2025:16:56:06 +0900] "GET /sample-page/ HTTP/1.1" 200 12771 "https://kahokutaku.com/" "Mozilla/5.0 (Windows NT 10.0; WOW64) AppleWebKit/537.36 (KHTML, like Gecko) Chrome/114.0.0.0 Safari/537.36 Vivaldi/5.3.2679.68" "-"
14.191.124.84 - - [23/May/2025:16:56:07 +0900] "GET /feed/ HTTP/1.1" 200 3066 "https://kahokutaku.com/" "Mozilla/5.0 (Windows NT 10.0; WOW64) AppleWebKit/537.36 (KHTML, like Gecko) Chrome/114.0.0.0 Safari/537.36 Vivaldi/5.3.2679.68" "-"
14.191.124.84 - - [23/May/2025:16:56:08 +0900] "GET /%e3%81%9d%e3%81%ae%e4%bb%96/ HTTP/1.1" 200 12033 "https://kahokutaku.com/" "Mozilla/5.0 (Windows NT 10.0; WOW64) AppleWebKit/537.36 (KHTML, like Gecko) Chrome/114.0.0.0 Safari/537.36 Vivaldi/5.3.2679.68" "-"
14.191.124.84 - - [23/May/2025:16:56:09 +0900] "GET /wp-content/themes/twentytwentythree/assets/fonts/dm-sans/DMSans-Bold-Italic.woff2 HTTP/1.1" 200 19200 "https://kahokutaku.com/" "Mozilla/5.0 (Windows NT 10.0; WOW64) AppleWebKit/537.36 (KHTML, like Gecko) Chrome/114.0.0.0 Safari/537.36 Vivaldi/5.3.2679.68" "-"
14.191.124.84 - - [23/May/2025:16:56:10 +0900] "GET / HTTP/1.1" 200 14124 "https://kahokutaku.com/" "Mozilla/5.0 (Windows NT 10.0; WOW64) AppleWebKit/537.36 (KHTML, like Gecko) Chrome/114.0.0.0 Safari/537.36 Vivaldi/5.3.2679.68" "-"
14.191.124.84 - - [23/May/2025:16:56:11 +0900] "GET /wp-content/themes/twentytwentythree/assets/fonts/dm-sans/DMSans-Bold.woff2 HTTP/1.1" 200 18212 "https://kahokutaku.com/" "Mozilla/5.0 (Windows NT 10.0; WOW64) AppleWebKit/537.36 (KHTML, like Gecko) Chrome/114.0.0.0 Safari/537.36 Vivaldi/5.3.2679.68" "-"
14.191.124.84 - - [23/May/2025:16:56:12 +0900] "GET /%E3%81%8A%E5%95%8F%E5%90%88%E3%81%9B/ HTTP/1.1" 200 12541 "https://kahokutaku.com/" "Mozilla/5.0 (Windows NT 10.0; WOW64) AppleWebKit/537.36 (KHTML, like Gecko) Chrome/114.0.0.0 Safari/537.36 Vivaldi/5.3.2679.68" "-"
14.191.124.84 - - [23/May/2025:16:56:13 +0900] "GET /wp-content/themes/twentytwentythree/assets/fonts/dm-sans/DMSans-Regular-Italic.woff2 HTTP/1.1" 200 19004 "https://kahokutaku.com/" "Mozilla/5.0 (Windows NT 10.0; WOW64) AppleWebKit/537.36 (KHTML, like Gecko) Chrome/114.0.0.0 Safari/537.36 Vivaldi/5.3.2679.68" "-"
14.191.124.84 - - [23/May/2025:16:56:15 +0900] "GET /wp-content/themes/twentytwentythree/assets/fonts/dm-sans/DMSans-Regular.woff2 HTTP/1.1" 200 18096 "https://kahokutaku.com/" "Mozilla/5.0 (Windows NT 10.0; WOW64) AppleWebKit/537.36 (KHTML, like Gecko) Chrome/114.0.0.0 Safari/537.36 Vivaldi/5.3.2679.68" "-"
14.191.124.84 - - [23/May/2025:16:56:16 +0900] "GET /xmlrpc.php?rsd HTTP/1.1" 403 186 "https://kahokutaku.com/" "Mozilla/5.0 (Windows NT 10.0; WOW64) AppleWebKit/537.36 (KHTML, like Gecko) Chrome/114.0.0.0 Safari/537.36 Vivaldi/5.3.2679.68" "-"
14.191.124.84 - - [23/May/2025:16:56:17 +0900] "GET /wp-content/themes/twentytwentythree/assets/fonts/ibm-plex-mono/IBMPlexMono-Bold.woff2 HTTP/1.1" 200 35652 "https://kahokutaku.com/" "Mozilla/5.0 (Windows NT 10.0; WOW64) AppleWebKit/537.36 (KHTML, like Gecko) Chrome/114.0.0.0 Safari/537.36 Vivaldi/5.3.2679.68" "-"
14.191.124.84 - - [23/May/2025:16:56:19 +0900] "GET /wp-json/ HTTP/1.1" 403 186 "https://kahokutaku.com/" "Mozilla/5.0 (Windows NT 10.0; WOW64) AppleWebKit/537.36 (KHTML, like Gecko) Chrome/114.0.0.0 Safari/537.36 Vivaldi/5.3.2679.68" "-"
14.191.124.84 - - [23/May/2025:16:56:19 +0900] "GET /wp-content/themes/twentytwentythree/assets/fonts/ibm-plex-mono/IBMPlexMono-Italic.woff2 HTTP/1.1" 200 38924 "https://kahokutaku.com/" "Mozilla/5.0 (Windows NT 10.0; WOW64) AppleWebKit/537.36 (KHTML, like Gecko) Chrome/114.0.0.0 Safari/537.36 Vivaldi/5.3.2679.68" "-"
14.191.124.84 - - [23/May/2025:16:56:20 +0900] "GET /wp-content/uploads/2022/12/ HTTP/1.1" 403 186 "https://kahokutaku.com/" "Mozilla/5.0 (Windows NT 10.0; WOW64) AppleWebKit/537.36 (KHTML, like Gecko) Chrome/114.0.0.0 Safari/537.36 Vivaldi/5.3.2679.68" "-"
14.191.124.84 - - [23/May/2025:16:56:21 +0900] "GET /wp-content/themes/twentytwentythree/assets/fonts/ibm-plex-mono/IBMPlexMono-Light.woff2 HTTP/1.1" 200 34700 "https://kahokutaku.com/" "Mozilla/5.0 (Windows NT 10.0; WOW64) AppleWebKit/537.36 (KHTML, like Gecko) Chrome/114.0.0.0 Safari/537.36 Vivaldi/5.3.2679.68" "-"
14.191.124.84 - - [23/May/2025:16:56:24 +0900] "GET /wp-content/themes/twentytwentythree/assets/fonts/source-serif-pro/SourceSerif4Variable-Roman.ttf.woff2 HTTP/1.1" 200 428448 "https://kahokutaku.com/" "Mozilla/5.0 (Windows NT 10.0; WOW64) AppleWebKit/537.36 (KHTML, like Gecko) Chrome/114.0.0.0 Safari/537.36 Vivaldi/5.3.2679.68" "-"
14.191.124.84 - - [23/May/2025:16:56:27 +0900] "GET /wp-content/themes/twentytwentythree/assets/fonts/ibm-plex-mono/IBMPlexMono-Regular.woff2 HTTP/1.1" 200 34480 "https://kahokutaku.com/" "Mozilla/5.0 (Windows NT 10.0; WOW64) AppleWebKit/537.36 (KHTML, like Gecko) Chrome/114.0.0.0 Safari/537.36 Vivaldi/5.3.2679.68" "-"
14.191.124.84 - - [23/May/2025:16:56:28 +0900] "GET /wp-content/themes/twentytwentythree/assets/fonts/source-serif-pro/SourceSerif4Variable-Italic.ttf.woff2 HTTP/1.1" 200 346840 "https://kahokutaku.com/" "Mozilla/5.0 (Windows NT 10.0; WOW64) AppleWebKit/537.36 (KHTML, like Gecko) Chrome/114.0.0.0 Safari/537.36 Vivaldi/5.3.2679.68" "-"
14.191.124.84 - - [23/May/2025:16:56:29 +0900] "GET /wp-content/themes/twentytwentythree/assets/fonts/inter/Inter-VariableFont_slnt,wght.ttf HTTP/1.1" 200 803384 "https://kahokutaku.com/" "Mozilla/5.0 (Windows NT 10.0; WOW64) AppleWebKit/537.36 (KHTML, like Gecko) Chrome/114.0.0.0 Safari/537.36 Vivaldi/5.3.2679.68" "-"
40.77.167.72 - - [23/May/2025:16:58:00 +0900] "GET /shopdetail/2437868 HTTP/2.0" 200 23822 "-" "Mozilla/5.0 AppleWebKit/537.36 (KHTML, like Gecko; compatible; bingbot/2.0; +http://www.bing.com/bingbot.htm) Chrome/116.0.1938.76 Safari/537.36" "-"
40.77.167.4 - - [23/May/2025:16:58:59 +0900] "GET /shopdetail/15483980 HTTP/2.0" 200 22857 "-" "Mozilla/5.0 AppleWebKit/537.36 (KHTML, like Gecko; compatible; bingbot/2.0; +http://www.bing.com/bingbot.htm) Chrome/116.0.1938.76 Safari/537.36" "-"
66.249.79.160 - - [23/May/2025:16:59:53 +0900] "GET /shopdetail/27040591 HTTP/1.1" 200 22880 "-" "Mozilla/5.0 (Linux; Android 6.0.1; Nexus 5X Build/MMB29P) AppleWebKit/537.36 (KHTML, like Gecko) Chrome/136.0.7103.113 Mobile Safari/537.36 (compatible; Googlebot/2.1; +http://www.google.com/bot.html)" "-"
66.249.79.172 - - [23/May/2025:17:01:30 +0900] "GET /shopdetail/16984235 HTTP/1.1" 200 22466 "-" "Mozilla/5.0 (Linux; Android 6.0.1; Nexus 5X Build/MMB29P) AppleWebKit/537.36 (KHTML, like Gecko) Chrome/136.0.7103.113 Mobile Safari/537.36 (compatible; Googlebot/2.1; +http://www.google.com/bot.html)" "-"
66.249.79.173 - - [23/May/2025:17:02:03 +0900] "GET /shopdetail/10150324 HTTP/1.1" 200 24495 "-" "Mozilla/5.0 (Linux; Android 6.0.1; Nexus 5X Build/MMB29P) AppleWebKit/537.36 (KHTML, like Gecko) Chrome/136.0.7103.113 Mobile Safari/537.36 (compatible; Googlebot/2.1; +http://www.google.com/bot.html)" "-"
66.249.79.173 - - [23/May/2025:17:06:35 +0900] "GET /pcmypage?callback=/product%2Fdetail%2F73162403 HTTP/1.1" 200 23279 "-" "Mozilla/5.0 (Linux; Android 6.0.1; Nexus 5X Build/MMB29P) AppleWebKit/537.36 (KHTML, like Gecko) Chrome/136.0.7103.113 Mobile Safari/537.36 (compatible; Googlebot/2.1; +http://www.google.com/bot.html)" "-"
66.249.79.172 - - [23/May/2025:17:07:45 +0900] "GET /pcmypage?callback=product/review/62684044 HTTP/1.1" 200 24087 "-" "Mozilla/5.0 (Linux; Android 6.0.1; Nexus 5X Build/MMB29P) AppleWebKit/537.36 (KHTML, like Gecko) Chrome/136.0.7103.113 Mobile Safari/537.36 (compatible; Googlebot/2.1; +http://www.google.com/bot.html)" "-"
66.249.79.160 - - [23/May/2025:17:07:46 +0900] "GET /pcmypage?callback=/product%2Fdetail%2F70940956 HTTP/1.1" 200 22158 "-" "Mozilla/5.0 (Linux; Android 6.0.1; Nexus 5X Build/MMB29P) AppleWebKit/537.36 (KHTML, like Gecko) Chrome/136.0.7103.113 Mobile Safari/537.36 (compatible; Googlebot/2.1; +http://www.google.com/bot.html)" "-"
66.249.79.173 - - [23/May/2025:17:08:39 +0900] "GET /pcmypage?callback=product%2Fdetail%2F62684044 HTTP/1.1" 200 23873 "-" "Mozilla/5.0 (Linux; Android 6.0.1; Nexus 5X Build/MMB29P) AppleWebKit/537.36 (KHTML, like Gecko) Chrome/136.0.7103.113 Mobile Safari/537.36 (compatible; Googlebot/2.1; +http://www.google.com/bot.html)" "-"
66.249.79.172 - - [23/May/2025:17:09:44 +0900] "GET /pcmypage?callback=product/review/41301406 HTTP/1.1" 200 23063 "-" "Mozilla/5.0 (Linux; Android 6.0.1; Nexus 5X Build/MMB29P) AppleWebKit/537.36 (KHTML, like Gecko) Chrome/136.0.7103.113 Mobile Safari/537.36 (compatible; Googlebot/2.1; +http://www.google.com/bot.html)" "-"
170.39.218.58 - - [23/May/2025:17:10:15 +0900] "GET /wp-includes/js/dist/script-modules/interactivity/index.min.js?ver=907ea3b2f317a78b7b9b HTTP/1.1" 200 15453 "-" "Mozilla/5.0 (Windows NT 10.0; Win64; x64) AppleWebKit/537.36 Chrome/121.0.0.0" "-"
66.249.79.160 - - [23/May/2025:17:11:01 +0900] "GET /pcmypage?callback=/product%2Fdetail%2F46268458 HTTP/1.1" 200 23030 "-" "Mozilla/5.0 (Linux; Android 6.0.1; Nexus 5X Build/MMB29P) AppleWebKit/537.36 (KHTML, like Gecko) Chrome/136.0.7103.113 Mobile Safari/537.36 (compatible; Googlebot/2.1; +http://www.google.com/bot.html)" "-"
66.249.79.173 - - [23/May/2025:17:11:47 +0900] "GET /shopdetail/1380980 HTTP/1.1" 200 22222 "-" "Mozilla/5.0 (Linux; Android 6.0.1; Nexus 5X Build/MMB29P) AppleWebKit/537.36 (KHTML, like Gecko) Chrome/136.0.7103.113 Mobile Safari/537.36 (compatible; Googlebot/2.1; +http://www.google.com/bot.html)" "-"
66.249.79.172 - - [23/May/2025:17:11:54 +0900] "GET /pcmypage?callback=product%2Fdetail%2F77529276 HTTP/1.1" 200 23915 "-" "Mozilla/5.0 (Linux; Android 6.0.1; Nexus 5X Build/MMB29P) AppleWebKit/537.36 (KHTML, like Gecko) Chrome/136.0.7103.113 Mobile Safari/537.36 (compatible; Googlebot/2.1; +http://www.google.com/bot.html)" "-"
66.249.79.160 - - [23/May/2025:17:12:44 +0900] "GET /pcmypage?callback=product%2Fdetail%2F73952998 HTTP/1.1" 200 22211 "-" "Mozilla/5.0 (Linux; Android 6.0.1; Nexus 5X Build/MMB29P) AppleWebKit/537.36 (KHTML, like Gecko) Chrome/136.0.7103.113 Mobile Safari/537.36 (compatible; Googlebot/2.1; +http://www.google.com/bot.html)" "-"
66.249.79.160 - - [23/May/2025:17:13:25 +0900] "GET /pcmypage?callback=product/review/73952998 HTTP/1.1" 200 23956 "-" "Mozilla/5.0 (Linux; Android 6.0.1; Nexus 5X Build/MMB29P) AppleWebKit/537.36 (KHTML, like Gecko) Chrome/136.0.7103.113 Mobile Safari/537.36 (compatible; Googlebot/2.1; +http://www.google.com/bot.html)" "-"
40.77.167.73 - - [23/May/2025:17:13:31 +0900] "GET /shopdetail/2390780 HTTP/2.0" 200 22777 "-" "Mozilla/5.0 AppleWebKit/537.36 (KHTML, like Gecko; compatible; bingbot/2.0; +http://www.bing.com/bingbot.htm) Chrome/116.0.1938.76 Safari/537.36" "-"
66.249.79.172 - - [23/May/2025:17:13:42 +0900] "GET /pcmypage?callback=product%2Fdetail%2F67452542 HTTP/1.1" 200 23319 "-" "Mozilla/5.0 (Linux; Android 6.0.1; Nexus 5X Build/MMB29P) AppleWebKit/537.36 (KHTML, like Gecko) Chrome/136.0.7103.113 Mobile Safari/537.36 (compatible; Googlebot/2.1; +http://www.google.com/bot.html)" "-"
40.77.167.57 - - [23/May/2025:17:14:03 +0900] "GET /shopdetail/3821191 HTTP/2.0" 200 22450 "-" "Mozilla/5.0 AppleWebKit/537.36 (KHTML, like Gecko; compatible; bingbot/2.0; +http://www.bing.com/bingbot.htm) Chrome/116.0.1938.76 Safari/537.36" "-"
66.249.79.173 - - [23/May/2025:17:14:20 +0900] "GET /shopdetail/4527779 HTTP/1.1" 200 24534 "-" "Mozilla/5.0 (Linux; Android 6.0.1; Nexus 5X Build/MMB29P) AppleWebKit/537.36 (KHTML, like Gecko) Chrome/136.0.7103.113 Mobile Safari/537.36 (compatible; Googlebot/2.1; +http://www.google.com/bot.html)" "-"
66.249.79.172 - - [23/May/2025:17:14:32 +0900] "GET /pcmypage?callback=product%2Fdetail%2F37498142 HTTP/1.1" 200 22320 "-" "Mozilla/5.0 (Linux; Android 6.0.1; Nexus 5X Build/MMB29P) AppleWebKit/537.36 (KHTML, like Gecko) Chrome/136.0.7103.113 Mobile Safari/537.36 (compatible; Googlebot/2.1; +http://www.google.com/bot.html)" "-"
66.249.79.172 - - [23/May/2025:17:14:58 +0900] "GET /shopdetail/4358346 HTTP/1.1" 200 23041 "-" "Mozilla/5.0 (Linux; Android 6.0.1; Nexus 5X Build/MMB29P) AppleWebKit/537.36 (KHTML, like Gecko) Chrome/136.0.7103.113 Mobile Safari/537.36 (compatible; Googlebot/2.1; +http://www.google.com/bot.html)" "-"
66.249.79.172 - - [23/May/2025:17:15:00 +0900] "GET /shopdetail/19933780 HTTP/1.1" 200 24908 "-" "Mozilla/5.0 (Linux; Android 6.0.1; Nexus 5X Build/MMB29P) AppleWebKit/537.36 (KHTML, like Gecko) Chrome/136.0.7103.113 Mobile Safari/537.36 (compatible; Googlebot/2.1; +http://www.google.com/bot.html)" "-"
66.249.79.172 - - [23/May/2025:17:15:05 +0900] "GET /pcmypage?callback=product/review/73422398 HTTP/1.1" 200 22566 "-" "Mozilla/5.0 (Linux; Android 6.0.1; Nexus 5X Build/MMB29P) AppleWebKit/537.36 (KHTML, like Gecko) Chrome/136.0.7103.113 Mobile Safari/537.36 (compatible; Googlebot/2.1; +http://www.google.com/bot.html)" "-"
66.249.79.172 - - [23/May/2025:17:15:26 +0900] "GET /pcmypage?callback=product%2Fdetail%2F73422398 HTTP/1.1" 200 24357 "-" "Mozilla/5.0 (Linux; Android 6.0.1; Nexus 5X Build/MMB29P) AppleWebKit/537.36 (KHTML, like Gecko) Chrome/136.0.7103.113 Mobile Safari/537.36 (compatible; Googlebot/2.1; +http://www.google.com/bot.html)" "-"
66.249.79.172 - - [23/May/2025:17:16:01 +0900] "GET /pcmypage?callback=/product%2Fdetail%2F80686041 HTTP/1.1" 200 22233 "-" "Mozilla/5.0 (Linux; Android 6.0.1; Nexus 5X Build/MMB29P) AppleWebKit/537.36 (KHTML, like Gecko) Chrome/136.0.7103.113 Mobile Safari/537.36 (compatible; Googlebot/2.1; +http://www.google.com/bot.html)" "-"
69.171.249.113 - - [23/May/2025:17:16:36 +0900] "GET /robots.txt HTTP/2.0" 206 1028 "-" "facebookexternalhit/1.1 (+http://www.facebook.com/externalhit_uatext.php)" "-"
66.249.79.173 - - [23/May/2025:17:16:42 +0900] "GET /pcmypage?callback=product%2Fdetail%2F80686041 HTTP/1.1" 200 22823 "-" "Mozilla/5.0 (Linux; Android 6.0.1; Nexus 5X Build/MMB29P) AppleWebKit/537.36 (KHTML, like Gecko) Chrome/136.0.7103.113 Mobile Safari/537.36 (compatible; Googlebot/2.1; +http://www.google.com/bot.html)" "-"
66.249.79.160 - - [23/May/2025:17:17:11 +0900] "GET /pcmypage?callback=product/review/16100381 HTTP/1.1" 200 27125 "-" "Mozilla/5.0 (Linux; Android 6.0.1; Nexus 5X Build/MMB29P) AppleWebKit/537.36 (KHTML, like Gecko) Chrome/136.0.7103.113 Mobile Safari/537.36 (compatible; Googlebot/2.1; +http://www.google.com/bot.html)" "-"
160.251.148.50 - - [23/May/2025:17:19:45 +0900] "POST /wp-cron.php?doing_wp_cron=1747988385.1975600719451904296875 HTTP/1.1" 403 186 "-" "WordPress/6.7.2; https://kahokutaku.com" "-"
14.9.98.33 - - [23/May/2025:17:19:45 +0900] "GET /%e7%b7%b4%e7%bf%92%e3%83%bb%e5%a4%a7%e4%bc%9a%e4%ba%88%e5%ae%9a/ HTTP/2.0" 200 12050 "-" "Mozilla/5.0 (Linux; Android 12; SO-41A Build/59.2.B.0.426; wv) AppleWebKit/537.36 (KHTML, like Gecko) Version/4.0 Chrome/136.0.7103.60 Mobile Safari/537.36 Line/15.6.1/IAB" "-"
14.9.98.33 - - [23/May/2025:17:19:48 +0900] "GET /favicon.ico HTTP/2.0" 302 0 "https://kahokutaku.com/%e7%b7%b4%e7%bf%92%e3%83%bb%e5%a4%a7%e4%bc%9a%e4%ba%88%e5%ae%9a/" "Mozilla/5.0 (Linux; Android 12; SO-41A Build/59.2.B.0.426; wv) AppleWebKit/537.36 (KHTML, like Gecko) Version/4.0 Chrome/136.0.7103.60 Mobile Safari/537.36 Line/15.6.1/IAB" "-"
147.92.179.118 - - [23/May/2025:17:20:19 +0900] "GET / HTTP/1.1" 301 162 "-" "facebookexternalhit/1.1;line-poker/1.0" "-"
147.92.179.118 - - [23/May/2025:17:20:19 +0900] "GET / HTTP/1.1" 200 14124 "-" "facebookexternalhit/1.1;line-poker/1.0" "-"
49.109.157.119 - - [23/May/2025:17:20:28 +0900] "GET / HTTP/2.0" 200 14111 "-" "Mozilla/5.0 (iPhone; CPU iPhone OS 18_3_1 like Mac OS X) AppleWebKit/605.1.15 (KHTML, like Gecko) Mobile/15E148 Safari Line/15.1.1" "-"
49.109.157.119 - - [23/May/2025:17:20:28 +0900] "GET /wp-content/uploads/2022/12/%E5%8D%93%E7%90%832.jpeg HTTP/2.0" 304 0 "https://kahokutaku.com/" "Mozilla/5.0 (iPhone; CPU iPhone OS 18_5 like Mac OS X) AppleWebKit/605.1.15 (KHTML, like Gecko) Mobile/15E148 Safari Line/15.6.0" "-"
49.109.157.119 - - [23/May/2025:17:20:28 +0900] "GET /wp-content/plugins/contact-form-7/includes/js/index.js?ver=5.7.4 HTTP/2.0" 304 0 "https://kahokutaku.com/" "Mozilla/5.0 (iPhone; CPU iPhone OS 18_5 like Mac OS X) AppleWebKit/605.1.15 (KHTML, like Gecko) Mobile/15E148 Safari Line/15.6.0" "-"
49.109.157.119 - - [23/May/2025:17:20:28 +0900] "GET /wp-content/plugins/shortcodes-ultimate/vendor/animatecss/animate.css?ver=3.1.1 HTTP/2.0" 304 0 "https://kahokutaku.com/" "Mozilla/5.0 (iPhone; CPU iPhone OS 18_5 like Mac OS X) AppleWebKit/605.1.15 (KHTML, like Gecko) Mobile/15E148 Safari Line/15.6.0" "-"
49.109.157.119 - - [23/May/2025:17:20:28 +0900] "GET /wp-content/uploads/2022/12/%E5%8D%93%E7%90%83%EF%BC%91_image-1383.jpeg HTTP/2.0" 304 0 "https://kahokutaku.com/" "Mozilla/5.0 (iPhone; CPU iPhone OS 18_5 like Mac OS X) AppleWebKit/605.1.15 (KHTML, like Gecko) Mobile/15E148 Safari Line/15.6.0" "-"
49.109.157.119 - - [23/May/2025:17:20:28 +0900] "GET /wp-includes/blocks/gallery/style.min.css?ver=6.7.2 HTTP/2.0" 304 0 "https://kahokutaku.com/" "Mozilla/5.0 (iPhone; CPU iPhone OS 18_5 like Mac OS X) AppleWebKit/605.1.15 (KHTML, like Gecko) Mobile/15E148 Safari Line/15.6.0" "-"
49.109.157.119 - - [23/May/2025:17:20:28 +0900] "GET /wp-includes/blocks/navigation/style.min.css?ver=6.7.2 HTTP/2.0" 304 0 "https://kahokutaku.com/" "Mozilla/5.0 (iPhone; CPU iPhone OS 18_5 like Mac OS X) AppleWebKit/605.1.15 (KHTML, like Gecko) Mobile/15E148 Safari Line/15.6.0" "-"
49.109.157.119 - - [23/May/2025:17:20:28 +0900] "GET /wp-content/plugins/contact-form-7/includes/css/styles.css?ver=5.7.4 HTTP/2.0" 304 0 "https://kahokutaku.com/" "Mozilla/5.0 (iPhone; CPU iPhone OS 18_5 like Mac OS X) AppleWebKit/605.1.15 (KHTML, like Gecko) Mobile/15E148 Safari Line/15.6.0" "-"
49.109.157.119 - - [23/May/2025:17:20:28 +0900] "GET /wp-includes/js/dist/script-modules/block-library/navigation/view.min.js?ver=8ff192874fc8910a284c HTTP/2.0" 304 0 "https://kahokutaku.com/" "Mozilla/5.0 (iPhone; CPU iPhone OS 18_5 like Mac OS X) AppleWebKit/605.1.15 (KHTML, like Gecko) Mobile/15E148 Safari Line/15.6.0" "-"
49.109.157.119 - - [23/May/2025:17:20:28 +0900] "GET /wp-content/plugins/contact-form-7/includes/swv/js/index.js?ver=5.7.4 HTTP/2.0" 304 0 "https://kahokutaku.com/" "Mozilla/5.0 (iPhone; CPU iPhone OS 18_5 like Mac OS X) AppleWebKit/605.1.15 (KHTML, like Gecko) Mobile/15E148 Safari Line/15.6.0" "-"
49.109.157.119 - - [23/May/2025:17:20:28 +0900] "GET /wp-content/plugins/shortcodes-ultimate/includes/js/shortcodes/index.js?ver=5.12.8 HTTP/2.0" 304 0 "https://kahokutaku.com/" "Mozilla/5.0 (iPhone; CPU iPhone OS 18_5 like Mac OS X) AppleWebKit/605.1.15 (KHTML, like Gecko) Mobile/15E148 Safari Line/15.6.0" "-"
49.109.157.119 - - [23/May/2025:17:20:28 +0900] "GET /wp-includes/js/jquery/jquery.min.js?ver=3.7.1 HTTP/2.0" 304 0 "https://kahokutaku.com/" "Mozilla/5.0 (iPhone; CPU iPhone OS 18_5 like Mac OS X) AppleWebKit/605.1.15 (KHTML, like Gecko) Mobile/15E148 Safari Line/15.6.0" "-"
49.109.157.119 - - [23/May/2025:17:20:28 +0900] "GET /wp-content/plugins/shortcodes-ultimate/vendor/jquery-inview/jquery-inview.js?ver=1.1.2 HTTP/2.0" 304 0 "https://kahokutaku.com/" "Mozilla/5.0 (iPhone; CPU iPhone OS 18_5 like Mac OS X) AppleWebKit/605.1.15 (KHTML, like Gecko) Mobile/15E148 Safari Line/15.6.0" "-"
49.109.157.119 - - [23/May/2025:17:20:28 +0900] "GET /wp-includes/js/jquery/jquery-migrate.min.js?ver=3.4.1 HTTP/2.0" 304 0 "https://kahokutaku.com/" "Mozilla/5.0 (iPhone; CPU iPhone OS 18_5 like Mac OS X) AppleWebKit/605.1.15 (KHTML, like Gecko) Mobile/15E148 Safari Line/15.6.0" "-"
49.109.157.119 - - [23/May/2025:17:20:28 +0900] "GET /wp-includes/js/dist/script-modules/interactivity/index.min.js?ver=907ea3b2f317a78b7b9b HTTP/2.0" 304 0 "https://kahokutaku.com/" "Mozilla/5.0 (iPhone; CPU iPhone OS 18_5 like Mac OS X) AppleWebKit/605.1.15 (KHTML, like Gecko) Mobile/15E148 Safari Line/15.6.0" "-"
49.109.157.119 - - [23/May/2025:17:20:28 +0900] "GET /favicon.ico HTTP/2.0" 302 0 "-" "LINE/2025.423.1206 CFNetwork/3826.500.131 Darwin/24.5.0" "-"
49.109.157.119 - - [23/May/2025:17:20:30 +0900] "GET /%e7%b7%b4%e7%bf%92%e3%83%bb%e5%a4%a7%e4%bc%9a%e4%ba%88%e5%ae%9a/ HTTP/2.0" 200 12050 "https://kahokutaku.com/" "Mozilla/5.0 (iPhone; CPU iPhone OS 18_5 like Mac OS X) AppleWebKit/605.1.15 (KHTML, like Gecko) Mobile/15E148 Safari Line/15.6.0" "-"
49.109.157.119 - - [23/May/2025:17:20:31 +0900] "GET /favicon.ico HTTP/2.0" 302 0 "-" "LINE/2025.423.1206 CFNetwork/3826.500.131 Darwin/24.5.0" "-"
170.39.218.58 - - [23/May/2025:17:21:34 +0900] "GET /wp-content/plugins/contact-form-7/includes/swv/js/index.js?ver=5.7.4 HTTP/1.1" 200 3362 "-" "Mozilla/5.0 (Macintosh; Intel Mac OS X 10_15_7) AppleWebKit/537.36 Chrome/120.0.0.0" "-"
