57.141.2.29 - - [23/May/2025:05:37:23 +0900] "GET /shopdetail/28305035 HTTP/2.0" 404 43580 "-" "meta-externalagent/1.1 (+https://developers.facebook.com/docs/sharing/webmasters/crawler)" "-"
66.249.79.160 - - [23/May/2025:05:37:26 +0900] "GET /pcmypage?callback=/product%2Fdetail%2F42123774 HTTP/1.1" 200 23466 "-" "Mozilla/5.0 (Linux; Android 6.0.1; Nexus 5X Build/MMB29P) AppleWebKit/537.36 (KHTML, like Gecko) Chrome/136.0.7103.113 Mobile Safari/537.36 (compatible; Googlebot/2.1; +http://www.google.com/bot.html)" "-"
57.141.2.4 - - [23/May/2025:05:37:31 +0900] "GET /shopdetail/6097235 HTTP/2.0" 404 43580 "-" "meta-externalagent/1.1 (+https://developers.facebook.com/docs/sharing/webmasters/crawler)" "-"
57.141.2.28 - - [23/May/2025:05:37:32 +0900] "GET /shopdetail/22783946 HTTP/2.0" 404 43580 "-" "meta-externalagent/1.1 (+https://developers.facebook.com/docs/sharing/webmasters/crawler)" "-"
57.141.2.22 - - [23/May/2025:05:37:39 +0900] "GET /shopdetail/11522913 HTTP/2.0" 404 43580 "-" "meta-externalagent/1.1 (+https://developers.facebook.com/docs/sharing/webmasters/crawler)" "-"
57.141.2.18 - - [23/May/2025:05:37:41 +0900] "GET /shopdetail/5722057 HTTP/2.0" 404 43580 "-" "meta-externalagent/1.1 (+https://developers.facebook.com/docs/sharing/webmasters/crawler)" "-"
57.141.2.21 - - [23/May/2025:05:37:46 +0900] "GET /shopdetail/23130268 HTTP/2.0" 404 43580 "-" "meta-externalagent/1.1 (+https://developers.facebook.com/docs/sharing/webmasters/crawler)" "-"
57.141.2.13 - - [23/May/2025:05:37:51 +0900] "GET /shopdetail/28382780 HTTP/2.0" 404 43580 "-" "meta-externalagent/1.1 (+https://developers.facebook.com/docs/sharing/webmasters/crawler)" "-"
57.141.2.23 - - [23/May/2025:05:37:56 +0900] "GET /shopdetail/20808746 HTTP/2.0" 404 43580 "-" "meta-externalagent/1.1 (+https://developers.facebook.com/docs/sharing/webmasters/crawler)" "-"
57.141.2.26 - - [23/May/2025:05:37:57 +0900] "GET /shopdetail/1075591 HTTP/2.0" 404 43580 "-" "meta-externalagent/1.1 (+https://developers.facebook.com/docs/sharing/webmasters/crawler)" "-"
57.141.2.6 - - [23/May/2025:05:37:59 +0900] "GET /shopdetail/4387402 HTTP/2.0" 404 43580 "-" "meta-externalagent/1.1 (+https://developers.facebook.com/docs/sharing/webmasters/crawler)" "-"
57.141.2.11 - - [23/May/2025:05:38:05 +0900] "GET /shopdetail/19407324 HTTP/2.0" 404 43580 "-" "meta-externalagent/1.1 (+https://developers.facebook.com/docs/sharing/webmasters/crawler)" "-"
160.251.148.50 - - [23/May/2025:05:38:27 +0900] "POST /wp-cron.php?doing_wp_cron=1747946307.2677528858184814453125 HTTP/1.1" 403 186 "-" "WordPress/6.7.2; https://kahokutaku.com" "-"
57.141.2.19 - - [23/May/2025:05:38:27 +0900] "GET /shopdetail/2965180 HTTP/2.0" 404 43580 "-" "meta-externalagent/1.1 (+https://developers.facebook.com/docs/sharing/webmasters/crawler)" "-"
66.249.79.172 - - [23/May/2025:05:40:29 +0900] "GET /shopdetail/21822202 HTTP/1.1" 200 23520 "-" "Mozilla/5.0 (Linux; Android 6.0.1; Nexus 5X Build/MMB29P) AppleWebKit/537.36 (KHTML, like Gecko) Chrome/136.0.7103.113 Mobile Safari/537.36 (compatible; Googlebot/2.1; +http://www.google.com/bot.html)" "-"
66.249.79.172 - - [23/May/2025:05:40:31 +0900] "GET /shopdetail/11251324 HTTP/1.1" 200 22068 "-" "Mozilla/5.0 (compatible; Googlebot/2.1; +http://www.google.com/bot.html)" "-"
66.249.79.160 - - [23/May/2025:05:41:33 +0900] "GET /shopdetail/27244546 HTTP/1.1" 200 22972 "-" "Mozilla/5.0 (Linux; Android 6.0.1; Nexus 5X Build/MMB29P) AppleWebKit/537.36 (KHTML, like Gecko) Chrome/136.0.7103.113 Mobile Safari/537.36 (compatible; Googlebot/2.1; +http://www.google.com/bot.html)" "-"
66.249.79.172 - - [23/May/2025:05:42:13 +0900] "GET /zhHant/product/surugaya/54917345?campaign_uid=f64d716db5e979ed2f947dbaf4296895b951ae7f HTTP/1.1" 200 24926 "-" "Mozilla/5.0 (Linux; Android 6.0.1; Nexus 5X Build/MMB29P) AppleWebKit/537.36 (KHTML, like Gecko) Chrome/136.0.7103.113 Mobile Safari/537.36 (compatible; Googlebot/2.1; +http://www.google.com/bot.html)" "-"
66.249.79.160 - - [23/May/2025:05:42:16 +0900] "POST /get-message-notify HTTP/1.1" 200 22944 "https://www.kahokutaku.com/zhHant/product/surugaya/54917345?campaign_uid=f64d716db5e979ed2f947dbaf4296895b951ae7f" "Mozilla/5.0 (Linux; Android 6.0.1; Nexus 5X Build/MMB29P) AppleWebKit/537.36 (KHTML, like Gecko) Chrome/136.0.7103.92 Mobile Safari/537.36 (compatible; Googlebot/2.1; +http://www.google.com/bot.html)" "-"
66.249.79.160 - - [23/May/2025:05:43:03 +0900] "GET /shopdetail/3244302 HTTP/1.1" 200 22570 "-" "Mozilla/5.0 (compatible; Googlebot/2.1; +http://www.google.com/bot.html)" "-"
160.251.148.50 - - [23/May/2025:05:43:29 +0900] "POST /wp-cron.php?doing_wp_cron=1747946609.4078478813171386718750 HTTP/1.1" 403 186 "-" "WordPress/6.7.2; https://kahokutaku.com" "-"
57.141.2.28 - - [23/May/2025:05:43:29 +0900] "GET /shopdetail/2615380 HTTP/2.0" 404 43580 "-" "meta-externalagent/1.1 (+https://developers.facebook.com/docs/sharing/webmasters/crawler)" "-"
147.92.179.109 - - [23/May/2025:05:43:41 +0900] "GET /%e7%b7%b4%e7%bf%92%e3%83%bb%e5%a4%a7%e4%bc%9a%e4%ba%88%e5%ae%9a/ HTTP/1.1" 200 12063 "-" "facebookexternalhit/1.1;line-poker/1.0" "-"
122.130.106.32 - - [23/May/2025:05:43:54 +0900] "GET /%e7%b7%b4%e7%bf%92%e3%83%bb%e5%a4%a7%e4%bc%9a%e4%ba%88%e5%ae%9a/ HTTP/2.0" 200 12050 "-" "Mozilla/5.0 (iPhone; CPU iPhone OS 18_4_1 like Mac OS X) AppleWebKit/605.1.15 (KHTML, like Gecko) Mobile/15E148 Safari Line/14.21.0" "-"
122.130.106.32 - - [23/May/2025:05:43:54 +0900] "GET /wp-includes/blocks/navigation/style.min.css?ver=6.7.2 HTTP/2.0" 200 2795 "https://kahokutaku.com/%e7%b7%b4%e7%bf%92%e3%83%bb%e5%a4%a7%e4%bc%9a%e4%ba%88%e5%ae%9a/" "Mozilla/5.0 (iPhone; CPU iPhone OS 18_4_1 like Mac OS X) AppleWebKit/605.1.15 (KHTML, like Gecko) Mobile/15E148 Safari Line/14.21.0" "-"
122.130.106.32 - - [23/May/2025:05:43:54 +0900] "GET /wp-content/plugins/shortcodes-ultimate/vendor/animatecss/animate.css?ver=3.1.1 HTTP/2.0" 200 5940 "https://kahokutaku.com/%e7%b7%b4%e7%bf%92%e3%83%bb%e5%a4%a7%e4%bc%9a%e4%ba%88%e5%ae%9a/" "Mozilla/5.0 (iPhone; CPU iPhone OS 18_4_1 like Mac OS X) AppleWebKit/605.1.15 (KHTML, like Gecko) Mobile/15E148 Safari Line/14.21.0" "-"
122.130.106.32 - - [23/May/2025:05:43:54 +0900] "GET /wp-includes/js/dist/script-modules/interactivity/index.min.js?ver=907ea3b2f317a78b7b9b HTTP/2.0" 304 0 "https://kahokutaku.com/%e7%b7%b4%e7%bf%92%e3%83%bb%e5%a4%a7%e4%bc%9a%e4%ba%88%e5%ae%9a/" "Mozilla/5.0 (iPhone; CPU iPhone OS 18_4_1 like Mac OS X) AppleWebKit/605.1.15 (KHTML, like Gecko) Mobile/15E148 Safari Line/14.21.0" "-"
122.130.106.32 - - [23/May/2025:05:43:54 +0900] "GET /favicon.ico HTTP/2.0" 302 0 "-" "LINE/2024.1212.812 CFNetwork/3826.500.111.2.2 Darwin/24.4.0" "-"
122.130.106.32 - - [23/May/2025:05:43:54 +0900] "GET /wp-includes/images/w-logo-blue-white-bg.png HTTP/2.0" 200 4119 "-" "LINE/2024.1212.812 CFNetwork/3826.500.111.2.2 Darwin/24.4.0" "-"
57.141.2.12 - - [23/May/2025:05:44:20 +0900] "GET /shopdetail/6309468 HTTP/2.0" 404 43580 "-" "meta-externalagent/1.1 (+https://developers.facebook.com/docs/sharing/webmasters/crawler)" "-"
66.249.79.172 - - [23/May/2025:05:45:21 +0900] "GET /product/edit/58134838 HTTP/1.1" 200 22934 "-" "Mozilla/5.0 (Linux; Android 6.0.1; Nexus 5X Build/MMB29P) AppleWebKit/537.36 (KHTML, like Gecko) Chrome/136.0.7103.113 Mobile Safari/537.36 (compatible; Googlebot/2.1; +http://www.google.com/bot.html)" "-"
66.249.79.173 - - [23/May/2025:05:45:21 +0900] "GET /shopdetail/12032780 HTTP/1.1" 200 22036 "-" "Mozilla/5.0 (Linux; Android 6.0.1; Nexus 5X Build/MMB29P) AppleWebKit/537.36 (KHTML, like Gecko) Chrome/136.0.7103.113 Mobile Safari/537.36 (compatible; Googlebot/2.1; +http://www.google.com/bot.html)" "-"
66.249.79.173 - - [23/May/2025:05:45:48 +0900] "GET /safe_search/config?return_url=%2Fproduct%2Fdetail%2F31604344 HTTP/1.1" 200 23898 "-" "Mozilla/5.0 (Linux; Android 6.0.1; Nexus 5X Build/MMB29P) AppleWebKit/537.36 (KHTML, like Gecko) Chrome/136.0.7103.113 Mobile Safari/537.36 (compatible; Googlebot/2.1; +http://www.google.com/bot.html)" "-"
66.249.79.172 - - [23/May/2025:05:46:13 +0900] "GET /shopdetail/2534979 HTTP/1.1" 200 24407 "-" "Mozilla/5.0 (compatible; Googlebot/2.1; +http://www.google.com/bot.html)" "-"
160.251.148.50 - - [23/May/2025:05:48:54 +0900] "POST /wp-cron.php?doing_wp_cron=1747946933.8819289207458496093750 HTTP/1.1" 403 186 "-" "WordPress/6.7.2; https://kahokutaku.com" "-"
57.141.2.2 - - [23/May/2025:05:48:54 +0900] "GET /shopdetail/10476868 HTTP/2.0" 404 43580 "-" "meta-externalagent/1.1 (+https://developers.facebook.com/docs/sharing/webmasters/crawler)" "-"
57.141.2.11 - - [23/May/2025:05:48:54 +0900] "GET /shopdetail/2849746 HTTP/2.0" 404 43580 "-" "meta-externalagent/1.1 (+https://developers.facebook.com/docs/sharing/webmasters/crawler)" "-"
5.161.118.34 - - [23/May/2025:05:49:27 +0900] "GET /shopdetail/9918068 HTTP/1.1" 301 0 "-" "Mozilla/5.0 (Windows NT 10.0; Win64; x64) AppleWebKit/537.36 (KHTML, like Gecko) Chrome/84.0.4147.105 Safari/537.36" "-"
5.161.118.34 - - [23/May/2025:05:49:30 +0900] "GET /shopdetail/9918068 HTTP/1.1" 404 11685 "-" "Mozilla/5.0 (Windows NT 10.0; Win64; x64) AppleWebKit/537.36 (KHTML, like Gecko) Chrome/84.0.4147.105 Safari/537.36" "-"
66.249.79.172 - - [23/May/2025:05:49:31 +0900] "POST /get-message-notify HTTP/1.1" 200 22944 "https://www.kahokutaku.com/pcmypage?callback=/product%2Fdetail%2F42123774" "Mozilla/5.0 (Linux; Android 6.0.1; Nexus 5X Build/MMB29P) AppleWebKit/537.36 (KHTML, like Gecko) Chrome/136.0.7103.92 Mobile Safari/537.36 (compatible; Googlebot/2.1; +http://www.google.com/bot.html)" "-"
160.251.148.50 - - [23/May/2025:05:50:10 +0900] "POST /wp-cron.php?doing_wp_cron=1747947009.9419200420379638671875 HTTP/1.1" 403 186 "-" "WordPress/6.7.2; https://kahokutaku.com" "-"
57.141.2.19 - - [23/May/2025:05:50:10 +0900] "GET /shopdetail/2460879 HTTP/2.0" 404 43580 "-" "meta-externalagent/1.1 (+https://developers.facebook.com/docs/sharing/webmasters/crawler)" "-"
57.141.2.23 - - [23/May/2025:05:50:22 +0900] "GET /shopdetail/8214224 HTTP/2.0" 404 43580 "-" "meta-externalagent/1.1 (+https://developers.facebook.com/docs/sharing/webmasters/crawler)" "-"
57.141.2.20 - - [23/May/2025:05:50:25 +0900] "GET /shopdetail/5645680 HTTP/2.0" 404 43580 "-" "meta-externalagent/1.1 (+https://developers.facebook.com/docs/sharing/webmasters/crawler)" "-"
57.141.2.25 - - [23/May/2025:05:50:35 +0900] "GET /shopdetail/3961591 HTTP/2.0" 404 43580 "-" "meta-externalagent/1.1 (+https://developers.facebook.com/docs/sharing/webmasters/crawler)" "-"
66.249.79.173 - - [23/May/2025:05:53:21 +0900] "GET /shopdetail/4481968 HTTP/1.1" 200 24206 "-" "Mozilla/5.0 (Linux; Android 6.0.1; Nexus 5X Build/MMB29P) AppleWebKit/537.36 (KHTML, like Gecko) Chrome/136.0.7103.113 Mobile Safari/537.36 (compatible; Googlebot/2.1; +http://www.google.com/bot.html)" "-"
66.249.79.173 - - [23/May/2025:05:54:29 +0900] "GET /shopdetail/29325313 HTTP/1.1" 200 23831 "-" "Mozilla/5.0 (compatible; Googlebot/2.1; +http://www.google.com/bot.html)" "-"
66.249.79.172 - - [23/May/2025:05:55:35 +0900] "GET /shopdetail/22780880 HTTP/1.1" 200 23400 "-" "Mozilla/5.0 (compatible; Googlebot/2.1; +http://www.google.com/bot.html)" "-"
57.141.2.27 - - [23/May/2025:05:55:50 +0900] "GET /sitemap411.xml HTTP/2.0" 200 142007 "-" "meta-externalagent/1.1 (+https://developers.facebook.com/docs/sharing/webmasters/crawler)" "-"
66.249.79.172 - - [23/May/2025:05:57:22 +0900] "GET /shopdetail/30292057 HTTP/1.1" 200 26950 "-" "Mozilla/5.0 (Linux; Android 6.0.1; Nexus 5X Build/MMB29P) AppleWebKit/537.36 (KHTML, like Gecko) Chrome/136.0.7103.113 Mobile Safari/537.36 (compatible; Googlebot/2.1; +http://www.google.com/bot.html)" "-"
160.251.148.50 - - [23/May/2025:05:58:35 +0900] "POST /wp-cron.php?doing_wp_cron=1747947515.6829569339752197265625 HTTP/1.1" 403 186 "-" "WordPress/6.7.2; https://kahokutaku.com" "-"
5.161.58.50 - - [23/May/2025:05:58:35 +0900] "GET /shopdetail/29069935 HTTP/1.1" 301 0 "-" "Mozilla/5.0 (Windows NT 10.0; Win64; x64) AppleWebKit/537.36 (KHTML, like Gecko) Chrome/84.0.4147.105 Safari/537.36" "-"
5.161.58.50 - - [23/May/2025:05:58:38 +0900] "GET /shopdetail/29069935 HTTP/1.1" 404 11685 "-" "Mozilla/5.0 (Windows NT 10.0; Win64; x64) AppleWebKit/537.36 (KHTML, like Gecko) Chrome/84.0.4147.105 Safari/537.36" "-"
160.251.148.50 - - [23/May/2025:06:01:31 +0900] "POST /wp-cron.php?doing_wp_cron=1747947691.7099258899688720703125 HTTP/1.1" 403 186 "-" "WordPress/6.7.2; https://kahokutaku.com" "-"
57.141.2.1 - - [23/May/2025:06:01:31 +0900] "GET /shopdetail/19423468 HTTP/2.0" 404 43580 "-" "meta-externalagent/1.1 (+https://developers.facebook.com/docs/sharing/webmasters/crawler)" "-"
57.141.2.18 - - [23/May/2025:06:01:35 +0900] "GET /shopdetail/10353346 HTTP/2.0" 404 43580 "-" "meta-externalagent/1.1 (+https://developers.facebook.com/docs/sharing/webmasters/crawler)" "-"
57.141.2.28 - - [23/May/2025:06:01:36 +0900] "GET /shopdetail/4523624 HTTP/2.0" 404 43580 "-" "meta-externalagent/1.1 (+https://developers.facebook.com/docs/sharing/webmasters/crawler)" "-"
57.141.2.24 - - [23/May/2025:06:01:40 +0900] "GET /shopdetail/8925513 HTTP/2.0" 404 43580 "-" "meta-externalagent/1.1 (+https://developers.facebook.com/docs/sharing/webmasters/crawler)" "-"
57.141.2.8 - - [23/May/2025:06:02:10 +0900] "GET /shopdetail/3600102 HTTP/2.0" 404 43580 "-" "meta-externalagent/1.1 (+https://developers.facebook.com/docs/sharing/webmasters/crawler)" "-"
66.249.79.172 - - [23/May/2025:06:02:51 +0900] "GET /shopdetail/23067357 HTTP/1.1" 200 24877 "-" "Mozilla/5.0 (Linux; Android 6.0.1; Nexus 5X Build/MMB29P) AppleWebKit/537.36 (KHTML, like Gecko) Chrome/136.0.7103.113 Mobile Safari/537.36 (compatible; Googlebot/2.1; +http://www.google.com/bot.html)" "-"
160.251.148.50 - - [23/May/2025:06:03:06 +0900] "POST /wp-cron.php?doing_wp_cron=1747947786.4843130111694335937500 HTTP/1.1" 403 186 "-" "WordPress/6.7.2; https://kahokutaku.com" "-"
74.125.213.33 - - [23/May/2025:06:03:06 +0900] "GET /.well-known/traffic-advice HTTP/1.1" 301 0 "-" "Chrome Privacy Preserving Prefetch Proxy" "-"
162.120.185.234 - - [23/May/2025:06:03:08 +0900] "GET /shopdetail/7064235 HTTP/2.0" 301 0 "https://www.google.com/" "Mozilla/5.0 (Windows NT 10.0; Win64; x64) AppleWebKit/537.36 (KHTML, like Gecko) Chrome/136.0.0.0 Safari/537.36" "-"
186.193.236.50 - - [23/May/2025:06:03:08 +0900] "GET /shopdetail/7064235 HTTP/2.0" 301 0 "https://www.google.com/" "Mozilla/5.0 (Windows NT 10.0; Win64; x64) AppleWebKit/537.36 (KHTML, like Gecko) Chrome/136.0.0.0 Safari/537.36" "-"
66.249.88.136 - - [23/May/2025:06:03:09 +0900] "GET /.well-known/traffic-advice HTTP/1.1" 404 11685 "-" "Chrome Privacy Preserving Prefetch Proxy" "-"
186.193.236.50 - - [23/May/2025:06:03:10 +0900] "GET /shopdetail/7064235 HTTP/2.0" 404 11672 "https://www.google.com/" "Mozilla/5.0 (Windows NT 10.0; Win64; x64) AppleWebKit/537.36 (KHTML, like Gecko) Chrome/136.0.0.0 Safari/537.36" "-"
193.186.4.241 - - [23/May/2025:06:03:10 +0900] "GET /shopdetail/7064235 HTTP/2.0" 404 11672 "https://www.google.com/" "Mozilla/5.0 (Windows NT 10.0; Win64; x64) AppleWebKit/537.36 (KHTML, like Gecko) Chrome/136.0.0.0 Safari/537.36" "-"
186.193.236.50 - - [23/May/2025:06:03:10 +0900] "GET /wp-includes/blocks/navigation/style.min.css?ver=6.7.2 HTTP/2.0" 200 2795 "https://kahokutaku.com/shopdetail/7064235" "Mozilla/5.0 (Windows NT 10.0; Win64; x64) AppleWebKit/537.36 (KHTML, like Gecko) Chrome/136.0.0.0 Safari/537.36" "-"
186.193.236.50 - - [23/May/2025:06:03:10 +0900] "GET /wp-content/plugins/contact-form-7/includes/css/styles.css?ver=5.7.4 HTTP/2.0" 200 1088 "https://kahokutaku.com/shopdetail/7064235" "Mozilla/5.0 (Windows NT 10.0; Win64; x64) AppleWebKit/537.36 (KHTML, like Gecko) Chrome/136.0.0.0 Safari/537.36" "-"
186.193.236.50 - - [23/May/2025:06:03:10 +0900] "GET /wp-includes/js/dist/script-modules/block-library/navigation/view.min.js?ver=8ff192874fc8910a284c HTTP/2.0" 200 1206 "https://kahokutaku.com/shopdetail/7064235" "Mozilla/5.0 (Windows NT 10.0; Win64; x64) AppleWebKit/537.36 (KHTML, like Gecko) Chrome/136.0.0.0 Safari/537.36" "-"
186.193.236.50 - - [23/May/2025:06:03:11 +0900] "GET /wp-includes/js/dist/script-modules/interactivity/index.min.js?ver=907ea3b2f317a78b7b9b HTTP/2.0" 200 15440 "https://kahokutaku.com/shopdetail/7064235" "Mozilla/5.0 (Windows NT 10.0; Win64; x64) AppleWebKit/537.36 (KHTML, like Gecko) Chrome/136.0.0.0 Safari/537.36" "-"
186.193.236.50 - - [23/May/2025:06:03:11 +0900] "GET /wp-content/plugins/shortcodes-ultimate/vendor/animatecss/animate.css?ver=3.1.1 HTTP/2.0" 200 5940 "https://kahokutaku.com/shopdetail/7064235" "Mozilla/5.0 (Windows NT 10.0; Win64; x64) AppleWebKit/537.36 (KHTML, like Gecko) Chrome/136.0.0.0 Safari/537.36" "-"
186.193.236.50 - - [23/May/2025:06:03:11 +0900] "GET /wp-content/plugins/contact-form-7/includes/swv/js/index.js?ver=5.7.4 HTTP/2.0" 200 3350 "https://kahokutaku.com/shopdetail/7064235" "Mozilla/5.0 (Windows NT 10.0; Win64; x64) AppleWebKit/537.36 (KHTML, like Gecko) Chrome/136.0.0.0 Safari/537.36" "-"
186.193.236.50 - - [23/May/2025:06:03:11 +0900] "GET /wp-content/plugins/contact-form-7/includes/js/index.js?ver=5.7.4 HTTP/2.0" 200 4681 "https://kahokutaku.com/shopdetail/7064235" "Mozilla/5.0 (Windows NT 10.0; Win64; x64) AppleWebKit/537.36 (KHTML, like Gecko) Chrome/136.0.0.0 Safari/537.36" "-"
186.193.236.50 - - [23/May/2025:06:03:11 +0900] "GET /wp-includes/js/jquery/jquery.min.js?ver=3.7.1 HTTP/2.0" 200 35438 "https://kahokutaku.com/shopdetail/7064235" "Mozilla/5.0 (Windows NT 10.0; Win64; x64) AppleWebKit/537.36 (KHTML, like Gecko) Chrome/136.0.0.0 Safari/537.36" "-"
186.193.236.50 - - [23/May/2025:06:03:11 +0900] "GET /wp-includes/js/jquery/jquery-migrate.min.js?ver=3.4.1 HTTP/2.0" 200 5342 "https://kahokutaku.com/shopdetail/7064235" "Mozilla/5.0 (Windows NT 10.0; Win64; x64) AppleWebKit/537.36 (KHTML, like Gecko) Chrome/136.0.0.0 Safari/537.36" "-"
186.193.236.50 - - [23/May/2025:06:03:11 +0900] "GET /wp-content/plugins/shortcodes-ultimate/vendor/jquery-inview/jquery-inview.js?ver=1.1.2 HTTP/2.0" 200 780 "https://kahokutaku.com/shopdetail/7064235" "Mozilla/5.0 (Windows NT 10.0; Win64; x64) AppleWebKit/537.36 (KHTML, like Gecko) Chrome/136.0.0.0 Safari/537.36" "-"
186.193.236.50 - - [23/May/2025:06:03:11 +0900] "GET /wp-content/plugins/shortcodes-ultimate/includes/js/shortcodes/index.js?ver=5.12.8 HTTP/2.0" 200 4854 "https://kahokutaku.com/shopdetail/7064235" "Mozilla/5.0 (Windows NT 10.0; Win64; x64) AppleWebKit/537.36 (KHTML, like Gecko) Chrome/136.0.0.0 Safari/537.36" "-"
186.193.236.50 - - [23/May/2025:06:03:12 +0900] "GET /wp-includes/js/wp-emoji-release.min.js?ver=6.7.2 HTTP/2.0" 200 5857 "https://kahokutaku.com/shopdetail/7064235" "Mozilla/5.0 (Windows NT 10.0; Win64; x64) AppleWebKit/537.36 (KHTML, like Gecko) Chrome/136.0.0.0 Safari/537.36" "-"
186.193.236.50 - - [23/May/2025:06:03:12 +0900] "GET /favicon.ico HTTP/2.0" 302 0 "https://kahokutaku.com/shopdetail/7064235" "Mozilla/5.0 (Windows NT 10.0; Win64; x64) AppleWebKit/537.36 (KHTML, like Gecko) Chrome/136.0.0.0 Safari/537.36" "-"
186.193.236.50 - - [23/May/2025:06:03:13 +0900] "GET /wp-includes/images/w-logo-blue-white-bg.png HTTP/2.0" 200 4119 "https://kahokutaku.com/shopdetail/7064235" "Mozilla/5.0 (Windows NT 10.0; Win64; x64) AppleWebKit/537.36 (KHTML, like Gecko) Chrome/136.0.0.0 Safari/537.36" "-"
66.249.79.173 - - [23/May/2025:06:03:17 +0900] "GET /shopdetail/7868135 HTTP/1.1" 200 23712 "-" "Mozilla/5.0 (Linux; Android 6.0.1; Nexus 5X Build/MMB29P) AppleWebKit/537.36 (KHTML, like Gecko) Chrome/136.0.7103.113 Mobile Safari/537.36 (compatible; Googlebot/2.1; +http://www.google.com/bot.html)" "-"
66.249.79.173 - - [23/May/2025:06:03:25 +0900] "GET /shopdetail/16570224 HTTP/1.1" 200 25190 "-" "Mozilla/5.0 (Linux; Android 6.0.1; Nexus 5X Build/MMB29P) AppleWebKit/537.36 (KHTML, like Gecko) Chrome/136.0.7103.113 Mobile Safari/537.36 (compatible; Googlebot/2.1; +http://www.google.com/bot.html)" "-"
186.193.236.50 - - [23/May/2025:06:03:28 +0900] "GET /favicon.ico HTTP/2.0" 302 0 "https://kahokutaku.com/shopdetail/7064235" "Mozilla/5.0 (Windows NT 10.0; Win64; x64) AppleWebKit/537.36 (KHTML, like Gecko) Chrome/136.0.0.0 Safari/537.36" "-"
66.249.79.172 - - [23/May/2025:06:04:48 +0900] "POST /get-message-notify HTTP/1.1" 200 22944 "https://www.kahokutaku.com/shopdetail/7868135" "Mozilla/5.0 (Linux; Android 6.0.1; Nexus 5X Build/MMB29P) AppleWebKit/537.36 (KHTML, like Gecko) Chrome/136.0.7103.92 Mobile Safari/537.36 (compatible; Googlebot/2.1; +http://www.google.com/bot.html)" "-"
66.249.79.172 - - [23/May/2025:06:05:15 +0900] "GET /shopdetail/27512580 HTTP/1.1" 200 22462 "-" "Mozilla/5.0 (Linux; Android 6.0.1; Nexus 5X Build/MMB29P) AppleWebKit/537.36 (KHTML, like Gecko) Chrome/136.0.7103.113 Mobile Safari/537.36 (compatible; Googlebot/2.1; +http://www.google.com/bot.html)" "-"
66.249.79.172 - - [23/May/2025:06:07:01 +0900] "GET /shopdetail/11085791 HTTP/1.1" 200 24297 "-" "Mozilla/5.0 (compatible; Googlebot/2.1; +http://www.google.com/bot.html)" "-"
160.251.148.50 - - [23/May/2025:06:07:26 +0900] "POST /wp-cron.php?doing_wp_cron=1747948046.7407588958740234375000 HTTP/1.1" 403 186 "-" "WordPress/6.7.2; https://kahokutaku.com" "-"
57.141.2.11 - - [23/May/2025:06:07:26 +0900] "GET /shopdetail/23781324 HTTP/2.0" 404 43580 "-" "meta-externalagent/1.1 (+https://developers.facebook.com/docs/sharing/webmasters/crawler)" "-"
57.141.2.17 - - [23/May/2025:06:07:26 +0900] "GET /shopdetail/24329668 HTTP/2.0" 404 43580 "-" "meta-externalagent/1.1 (+https://developers.facebook.com/docs/sharing/webmasters/crawler)" "-"
57.141.2.9 - - [23/May/2025:06:07:27 +0900] "GET /shopdetail/15981046 HTTP/2.0" 404 43580 "-" "meta-externalagent/1.1 (+https://developers.facebook.com/docs/sharing/webmasters/crawler)" "-"
57.141.2.17 - - [23/May/2025:06:07:28 +0900] "GET /shopdetail/15126224 HTTP/2.0" 404 43580 "-" "meta-externalagent/1.1 (+https://developers.facebook.com/docs/sharing/webmasters/crawler)" "-"
57.141.2.27 - - [23/May/2025:06:07:52 +0900] "GET /shopdetail/20029524 HTTP/2.0" 404 43580 "-" "meta-externalagent/1.1 (+https://developers.facebook.com/docs/sharing/webmasters/crawler)" "-"
57.141.2.9 - - [23/May/2025:06:07:59 +0900] "GET /shopdetail/10108779 HTTP/2.0" 404 43580 "-" "meta-externalagent/1.1 (+https://developers.facebook.com/docs/sharing/webmasters/crawler)" "-"
66.249.79.173 - - [23/May/2025:06:08:02 +0900] "GET /shopdetail/30258391 HTTP/1.1" 200 23166 "-" "Mozilla/5.0 (compatible; Googlebot/2.1; +http://www.google.com/bot.html)" "-"
66.249.79.173 - - [23/May/2025:06:08:14 +0900] "GET /shopdetail/6210524 HTTP/1.1" 200 24355 "-" "Mozilla/5.0 (Linux; Android 6.0.1; Nexus 5X Build/MMB29P) AppleWebKit/537.36 (KHTML, like Gecko) Chrome/136.0.7103.113 Mobile Safari/537.36 (compatible; Googlebot/2.1; +http://www.google.com/bot.html)" "-"
57.141.2.13 - - [23/May/2025:06:08:15 +0900] "GET /shopdetail/8902280 HTTP/2.0" 404 43580 "-" "meta-externalagent/1.1 (+https://developers.facebook.com/docs/sharing/webmasters/crawler)" "-"
160.251.148.50 - - [23/May/2025:06:08:33 +0900] "POST /wp-cron.php?doing_wp_cron=1747948113.0185821056365966796875 HTTP/1.1" 403 186 "-" "WordPress/6.7.2; https://kahokutaku.com" "-"
57.141.2.28 - - [23/May/2025:06:08:33 +0900] "GET /shopdetail/15902546 HTTP/2.0" 404 43580 "-" "meta-externalagent/1.1 (+https://developers.facebook.com/docs/sharing/webmasters/crawler)" "-"
57.141.2.16 - - [23/May/2025:06:09:01 +0900] "GET /shopdetail/17040802 HTTP/2.0" 404 43580 "-" "meta-externalagent/1.1 (+https://developers.facebook.com/docs/sharing/webmasters/crawler)" "-"
66.249.79.172 - - [23/May/2025:06:09:56 +0900] "GET /shopdetail/20552824 HTTP/1.1" 200 21971 "-" "Mozilla/5.0 (compatible; Googlebot/2.1; +http://www.google.com/bot.html)" "-"
66.249.79.160 - - [23/May/2025:06:10:47 +0900] "GET /shopdetail/7635379 HTTP/1.1" 200 22722 "-" "Mozilla/5.0 (Linux; Android 6.0.1; Nexus 5X Build/MMB29P) AppleWebKit/537.36 (KHTML, like Gecko) Chrome/136.0.7103.113 Mobile Safari/537.36 (compatible; Googlebot/2.1; +http://www.google.com/bot.html)" "-"
66.249.79.160 - - [23/May/2025:06:10:48 +0900] "GET /shopdetail/24027780 HTTP/1.1" 200 23463 "-" "Mozilla/5.0 (Linux; Android 6.0.1; Nexus 5X Build/MMB29P) AppleWebKit/537.36 (KHTML, like Gecko) Chrome/136.0.7103.113 Mobile Safari/537.36 (compatible; Googlebot/2.1; +http://www.google.com/bot.html)" "-"
66.249.79.172 - - [23/May/2025:06:10:52 +0900] "GET /shopdetail/8065713 HTTP/1.1" 200 23041 "-" "Mozilla/5.0 (Linux; Android 6.0.1; Nexus 5X Build/MMB29P) AppleWebKit/537.36 (KHTML, like Gecko) Chrome/136.0.7103.113 Mobile Safari/537.36 (compatible; Googlebot/2.1; +http://www.google.com/bot.html)" "-"
66.249.79.172 - - [23/May/2025:06:10:55 +0900] "POST /get-message-notify HTTP/1.1" 200 22944 "https://www.kahokutaku.com/shopdetail/7635379" "Mozilla/5.0 (Linux; Android 6.0.1; Nexus 5X Build/MMB29P) AppleWebKit/537.36 (KHTML, like Gecko) Chrome/136.0.7103.92 Mobile Safari/537.36 (compatible; Googlebot/2.1; +http://www.google.com/bot.html)" "-"
160.251.148.50 - - [23/May/2025:06:13:24 +0900] "POST /wp-cron.php?doing_wp_cron=1747948404.0290350914001464843750 HTTP/1.1" 403 186 "-" "WordPress/6.7.2; https://kahokutaku.com" "-"
57.141.2.4 - - [23/May/2025:06:13:24 +0900] "GET /shopdetail/22194024 HTTP/2.0" 404 43580 "-" "meta-externalagent/1.1 (+https://developers.facebook.com/docs/sharing/webmasters/crawler)" "-"
57.141.2.1 - - [23/May/2025:06:13:30 +0900] "GET /shopdetail/14076280 HTTP/2.0" 404 43580 "-" "meta-externalagent/1.1 (+https://developers.facebook.com/docs/sharing/webmasters/crawler)" "-"
57.141.2.22 - - [23/May/2025:06:13:34 +0900] "GET /shopdetail/21414802 HTTP/2.0" 404 43580 "-" "meta-externalagent/1.1 (+https://developers.facebook.com/docs/sharing/webmasters/crawler)" "-"
57.141.2.25 - - [23/May/2025:06:13:44 +0900] "GET /shopdetail/13664180 HTTP/2.0" 404 43580 "-" "meta-externalagent/1.1 (+https://developers.facebook.com/docs/sharing/webmasters/crawler)" "-"
57.141.2.28 - - [23/May/2025:06:13:53 +0900] "GET /shopdetail/24986135 HTTP/2.0" 404 43580 "-" "meta-externalagent/1.1 (+https://developers.facebook.com/docs/sharing/webmasters/crawler)" "-"
57.141.2.10 - - [23/May/2025:06:13:54 +0900] "GET /shopdetail/26237324 HTTP/2.0" 404 43580 "-" "meta-externalagent/1.1 (+https://developers.facebook.com/docs/sharing/webmasters/crawler)" "-"
57.141.2.20 - - [23/May/2025:06:13:55 +0900] "GET /shopdetail/29989124 HTTP/2.0" 404 43580 "-" "meta-externalagent/1.1 (+https://developers.facebook.com/docs/sharing/webmasters/crawler)" "-"
66.249.79.160 - - [23/May/2025:06:13:58 +0900] "GET /shopdetail/18611246 HTTP/1.1" 200 21616 "-" "Mozilla/5.0 (Linux; Android 6.0.1; Nexus 5X Build/MMB29P) AppleWebKit/537.36 (KHTML, like Gecko) Chrome/136.0.7103.113 Mobile Safari/537.36 (compatible; Googlebot/2.1; +http://www.google.com/bot.html)" "-"
57.141.2.16 - - [23/May/2025:06:14:05 +0900] "GET /shopdetail/2416846 HTTP/2.0" 404 43580 "-" "meta-externalagent/1.1 (+https://developers.facebook.com/docs/sharing/webmasters/crawler)" "-"
57.141.2.7 - - [23/May/2025:06:14:08 +0900] "GET /shopdetail/27545846 HTTP/2.0" 404 43580 "-" "meta-externalagent/1.1 (+https://developers.facebook.com/docs/sharing/webmasters/crawler)" "-"
57.141.2.22 - - [23/May/2025:06:14:09 +0900] "GET /shopdetail/3009213 HTTP/2.0" 404 43580 "-" "meta-externalagent/1.1 (+https://developers.facebook.com/docs/sharing/webmasters/crawler)" "-"
57.141.2.22 - - [23/May/2025:06:14:11 +0900] "GET /shopdetail/3615279 HTTP/2.0" 404 43580 "-" "meta-externalagent/1.1 (+https://developers.facebook.com/docs/sharing/webmasters/crawler)" "-"
57.141.2.16 - - [23/May/2025:06:14:18 +0900] "GET /shopdetail/7954480 HTTP/2.0" 404 43580 "-" "meta-externalagent/1.1 (+https://developers.facebook.com/docs/sharing/webmasters/crawler)" "-"
57.141.2.21 - - [23/May/2025:06:14:18 +0900] "GET /shopdetail/13940068 HTTP/2.0" 404 43580 "-" "meta-externalagent/1.1 (+https://developers.facebook.com/docs/sharing/webmasters/crawler)" "-"
160.251.148.50 - - [23/May/2025:06:14:24 +0900] "POST /wp-cron.php?doing_wp_cron=1747948464.2348918914794921875000 HTTP/1.1" 403 186 "-" "WordPress/6.7.2; https://kahokutaku.com" "-"
57.141.2.25 - - [23/May/2025:06:14:24 +0900] "GET /shopdetail/24428968 HTTP/2.0" 404 43580 "-" "meta-externalagent/1.1 (+https://developers.facebook.com/docs/sharing/webmasters/crawler)" "-"
66.249.79.172 - - [23/May/2025:06:14:52 +0900] "GET /shopdetail/7040913 HTTP/1.1" 200 21864 "-" "Mozilla/5.0 (Linux; Android 6.0.1; Nexus 5X Build/MMB29P) AppleWebKit/537.36 (KHTML, like Gecko) Chrome/136.0.7103.113 Mobile Safari/537.36 (compatible; Googlebot/2.1; +http://www.google.com/bot.html)" "-"
66.249.79.173 - - [23/May/2025:06:14:56 +0900] "GET /shopdetail/1675202 HTTP/1.1" 200 24598 "-" "Mozilla/5.0 (Linux; Android 6.0.1; Nexus 5X Build/MMB29P) AppleWebKit/537.36 (KHTML, like Gecko) Chrome/136.0.7103.113 Mobile Safari/537.36 (compatible; Googlebot/2.1; +http://www.google.com/bot.html)" "-"
160.251.148.50 - - [23/May/2025:06:15:24 +0900] "POST /wp-cron.php?doing_wp_cron=1747948524.6338748931884765625000 HTTP/1.1" 403 186 "-" "WordPress/6.7.2; https://kahokutaku.com" "-"
57.141.2.12 - - [23/May/2025:06:15:24 +0900] "GET /shopdetail/3326679 HTTP/2.0" 404 43580 "-" "meta-externalagent/1.1 (+https://developers.facebook.com/docs/sharing/webmasters/crawler)" "-"
113.219.218.197 - - [23/May/2025:06:16:01 +0900] "GET / HTTP/1.1" 301 162 "-" "Mozilla/5.0 (iPhone; CPU iPhone OS 13_2_3 like Mac OS X) AppleWebKit/605.1.15 (KHTML, like Gecko) Version/13.0.3 Mobile/15E148 Safari/604.1" "-"
113.219.218.197 - - [23/May/2025:06:16:02 +0900] "GET / HTTP/1.1" 301 0 "http://www.kahokutaku.com" "Mozilla/5.0 (iPhone; CPU iPhone OS 13_2_3 like Mac OS X) AppleWebKit/605.1.15 (KHTML, like Gecko) Version/13.0.3 Mobile/15E148 Safari/604.1" "-"
113.219.218.197 - - [23/May/2025:06:16:04 +0900] "GET / HTTP/1.1" 200 14124 "https://www.kahokutaku.com/" "Mozilla/5.0 (iPhone; CPU iPhone OS 13_2_3 like Mac OS X) AppleWebKit/605.1.15 (KHTML, like Gecko) Version/13.0.3 Mobile/15E148 Safari/604.1" "-"
66.249.79.172 - - [23/May/2025:06:18:54 +0900] "GET /shopdetail/4693080 HTTP/1.1" 200 22257 "-" "Mozilla/5.0 (Linux; Android 6.0.1; Nexus 5X Build/MMB29P) AppleWebKit/537.36 (KHTML, like Gecko) Chrome/136.0.7103.113 Mobile Safari/537.36 (compatible; Googlebot/2.1; +http://www.google.com/bot.html)" "-"
66.249.79.160 - - [23/May/2025:06:19:22 +0900] "GET /shopdetail/17144368 HTTP/1.1" 200 22464 "-" "Mozilla/5.0 (Linux; Android 6.0.1; Nexus 5X Build/MMB29P) AppleWebKit/537.36 (KHTML, like Gecko) Chrome/136.0.7103.113 Mobile Safari/537.36 (compatible; Googlebot/2.1; +http://www.google.com/bot.html)" "-"
160.251.148.50 - - [23/May/2025:06:19:40 +0900] "POST /wp-cron.php?doing_wp_cron=1747948780.2022249698638916015625 HTTP/1.1" 403 186 "-" "WordPress/6.7.2; https://kahokutaku.com" "-"
57.141.2.3 - - [23/May/2025:06:19:40 +0900] "GET /shopdetail/18243102 HTTP/2.0" 404 43580 "-" "meta-externalagent/1.1 (+https://developers.facebook.com/docs/sharing/webmasters/crawler)" "-"
57.141.2.13 - - [23/May/2025:06:19:52 +0900] "GET /shopdetail/22802980 HTTP/2.0" 404 43580 "-" "meta-externalagent/1.1 (+https://developers.facebook.com/docs/sharing/webmasters/crawler)" "-"
57.141.2.6 - - [23/May/2025:06:20:21 +0900] "GET /shopdetail/18413368 HTTP/2.0" 404 43580 "-" "meta-externalagent/1.1 (+https://developers.facebook.com/docs/sharing/webmasters/crawler)" "-"
57.141.2.3 - - [23/May/2025:06:20:23 +0900] "GET /shopdetail/22427802 HTTP/2.0" 404 43580 "-" "meta-externalagent/1.1 (+https://developers.facebook.com/docs/sharing/webmasters/crawler)" "-"
57.141.2.17 - - [23/May/2025:06:20:27 +0900] "GET /shopdetail/24264635 HTTP/2.0" 404 43580 "-" "meta-externalagent/1.1 (+https://developers.facebook.com/docs/sharing/webmasters/crawler)" "-"
66.249.79.173 - - [23/May/2025:06:20:44 +0900] "GET /zhHant/product/surugaya/96492091?campaign_uid=f64d716db5e979ed2f947dbaf4296895b951ae7f HTTP/1.1" 200 22890 "-" "Mozilla/5.0 (Linux; Android 6.0.1; Nexus 5X Build/MMB29P) AppleWebKit/537.36 (KHTML, like Gecko) Chrome/136.0.7103.113 Mobile Safari/537.36 (compatible; Googlebot/2.1; +http://www.google.com/bot.html)" "-"
160.251.148.50 - - [23/May/2025:06:20:45 +0900] "POST /wp-cron.php?doing_wp_cron=1747948845.3304200172424316406250 HTTP/1.1" 403 186 "-" "WordPress/6.7.2; https://kahokutaku.com" "-"
57.141.2.15 - - [23/May/2025:06:20:45 +0900] "GET /shopdetail/16371391 HTTP/2.0" 404 43580 "-" "meta-externalagent/1.1 (+https://developers.facebook.com/docs/sharing/webmasters/crawler)" "-"
57.141.2.6 - - [23/May/2025:06:21:01 +0900] "GET /shopdetail/21732268 HTTP/2.0" 404 43580 "-" "meta-externalagent/1.1 (+https://developers.facebook.com/docs/sharing/webmasters/crawler)" "-"
66.249.79.172 - - [23/May/2025:06:25:20 +0900] "GET /shopdetail/2267479 HTTP/1.1" 200 21759 "-" "Mozilla/5.0 (Linux; Android 6.0.1; Nexus 5X Build/MMB29P) AppleWebKit/537.36 (KHTML, like Gecko) Chrome/136.0.7103.113 Mobile Safari/537.36 (compatible; Googlebot/2.1; +http://www.google.com/bot.html)" "-"
160.251.148.50 - - [23/May/2025:06:25:56 +0900] "POST /wp-cron.php?doing_wp_cron=1747949156.4585249423980712890625 HTTP/1.1" 403 186 "-" "WordPress/6.7.2; https://kahokutaku.com" "-"
57.141.2.14 - - [23/May/2025:06:25:56 +0900] "GET /shopdetail/18442224 HTTP/2.0" 404 43580 "-" "meta-externalagent/1.1 (+https://developers.facebook.com/docs/sharing/webmasters/crawler)" "-"
57.141.2.13 - - [23/May/2025:06:26:06 +0900] "GET /shopdetail/15039646 HTTP/2.0" 404 43580 "-" "meta-externalagent/1.1 (+https://developers.facebook.com/docs/sharing/webmasters/crawler)" "-"
57.141.2.18 - - [23/May/2025:06:26:06 +0900] "GET /shopdetail/23463868 HTTP/2.0" 404 43580 "-" "meta-externalagent/1.1 (+https://developers.facebook.com/docs/sharing/webmasters/crawler)" "-"
57.141.2.3 - - [23/May/2025:06:26:07 +0900] "GET /shopdetail/22503402 HTTP/2.0" 404 43580 "-" "meta-externalagent/1.1 (+https://developers.facebook.com/docs/sharing/webmasters/crawler)" "-"
57.141.2.18 - - [23/May/2025:06:26:12 +0900] "GET /shopdetail/21331124 HTTP/2.0" 404 43580 "-" "meta-externalagent/1.1 (+https://developers.facebook.com/docs/sharing/webmasters/crawler)" "-"
57.141.2.4 - - [23/May/2025:06:26:12 +0900] "GET /shopdetail/6991891 HTTP/2.0" 404 43580 "-" "meta-externalagent/1.1 (+https://developers.facebook.com/docs/sharing/webmasters/crawler)" "-"
160.251.148.50 - - [23/May/2025:06:26:58 +0900] "POST /wp-cron.php?doing_wp_cron=1747949218.1646049022674560546875 HTTP/1.1" 403 186 "-" "WordPress/6.7.2; https://kahokutaku.com" "-"
57.141.2.15 - - [23/May/2025:06:26:58 +0900] "GET /shopdetail/10974579 HTTP/2.0" 404 43580 "-" "meta-externalagent/1.1 (+https://developers.facebook.com/docs/sharing/webmasters/crawler)" "-"
66.249.79.172 - - [23/May/2025:06:28:59 +0900] "GET /shopdetail/11352957 HTTP/1.1" 200 22419 "-" "Mozilla/5.0 (compatible; Googlebot/2.1; +http://www.google.com/bot.html)" "-"
66.249.79.172 - - [23/May/2025:06:29:30 +0900] "GET /shopdetail/27778035 HTTP/1.1" 200 22822 "-" "Mozilla/5.0 (Linux; Android 6.0.1; Nexus 5X Build/MMB29P) AppleWebKit/537.36 (KHTML, like Gecko) Chrome/136.0.7103.113 Mobile Safari/537.36 (compatible; Googlebot/2.1; +http://www.google.com/bot.html)" "-"
66.249.79.173 - - [23/May/2025:06:30:26 +0900] "GET /shopdetail/14586957 HTTP/1.1" 200 22238 "-" "Mozilla/5.0 (compatible; Googlebot/2.1; +http://www.google.com/bot.html)" "-"
66.249.79.160 - - [23/May/2025:06:31:20 +0900] "GET /shopdetail/1665035 HTTP/1.1" 200 22545 "-" "Mozilla/5.0 (Linux; Android 6.0.1; Nexus 5X Build/MMB29P) AppleWebKit/537.36 (KHTML, like Gecko) Chrome/136.0.7103.113 Mobile Safari/537.36 (compatible; Googlebot/2.1; +http://www.google.com/bot.html)" "-"
160.251.148.50 - - [23/May/2025:06:31:51 +0900] "POST /wp-cron.php?doing_wp_cron=1747949511.6126379966735839843750 HTTP/1.1" 403 186 "-" "WordPress/6.7.2; https://kahokutaku.com" "-"
57.141.2.1 - - [23/May/2025:06:31:51 +0900] "GET /shopdetail/2114557 HTTP/2.0" 404 43580 "-" "meta-externalagent/1.1 (+https://developers.facebook.com/docs/sharing/webmasters/crawler)" "-"
57.141.2.26 - - [23/May/2025:06:31:53 +0900] "GET /shopdetail/10823180 HTTP/2.0" 404 43580 "-" "meta-externalagent/1.1 (+https://developers.facebook.com/docs/sharing/webmasters/crawler)" "-"
57.141.2.14 - - [23/May/2025:06:31:56 +0900] "GET /shopdetail/11421168 HTTP/2.0" 404 43580 "-" "meta-externalagent/1.1 (+https://developers.facebook.com/docs/sharing/webmasters/crawler)" "-"
57.141.2.19 - - [23/May/2025:06:31:56 +0900] "GET /shopdetail/1781924 HTTP/2.0" 404 43580 "-" "meta-externalagent/1.1 (+https://developers.facebook.com/docs/sharing/webmasters/crawler)" "-"
57.141.2.20 - - [23/May/2025:06:32:02 +0900] "GET /shopdetail/29508324 HTTP/2.0" 404 43580 "-" "meta-externalagent/1.1 (+https://developers.facebook.com/docs/sharing/webmasters/crawler)" "-"
57.141.2.15 - - [23/May/2025:06:32:05 +0900] "GET /shopdetail/22937079 HTTP/2.0" 404 43580 "-" "meta-externalagent/1.1 (+https://developers.facebook.com/docs/sharing/webmasters/crawler)" "-"
57.141.2.11 - - [23/May/2025:06:32:05 +0900] "GET /shopdetail/18945568 HTTP/2.0" 404 43580 "-" "meta-externalagent/1.1 (+https://developers.facebook.com/docs/sharing/webmasters/crawler)" "-"
57.141.2.27 - - [23/May/2025:06:32:17 +0900] "GET /shopdetail/23484646 HTTP/2.0" 404 43580 "-" "meta-externalagent/1.1 (+https://developers.facebook.com/docs/sharing/webmasters/crawler)" "-"
160.251.148.50 - - [23/May/2025:06:33:18 +0900] "POST /wp-cron.php?doing_wp_cron=1747949598.4155600070953369140625 HTTP/1.1" 403 186 "-" "WordPress/6.7.2; https://kahokutaku.com" "-"
57.141.2.9 - - [23/May/2025:06:33:18 +0900] "GET /shopdetail/27257246 HTTP/2.0" 404 43580 "-" "meta-externalagent/1.1 (+https://developers.facebook.com/docs/sharing/webmasters/crawler)" "-"
95.145.35.61 - - [23/May/2025:06:33:30 +0900] "GET / HTTP/1.1" 301 0 "-" "got (https://github.com/sindresorhus/got)" "-"
95.145.35.61 - - [23/May/2025:06:33:33 +0900] "GET / HTTP/1.1" 200 14124 "-" "got (https://github.com/sindresorhus/got)" "-"
66.249.79.173 - - [23/May/2025:06:34:07 +0900] "GET /shopdetail/6343257 HTTP/1.1" 200 23017 "-" "Mozilla/5.0 (Linux; Android 6.0.1; Nexus 5X Build/MMB29P) AppleWebKit/537.36 (KHTML, like Gecko) Chrome/136.0.7103.113 Mobile Safari/537.36 (compatible; Googlebot/2.1; +http://www.google.com/bot.html)" "-"
160.251.148.50 - - [23/May/2025:06:34:43 +0900] "POST /wp-cron.php?doing_wp_cron=1747949683.6348109245300292968750 HTTP/1.1" 403 186 "-" "WordPress/6.7.2; https://kahokutaku.com" "-"
5.161.118.34 - - [23/May/2025:06:34:43 +0900] "GET /shopdetail/6840746 HTTP/1.1" 301 0 "-" "Mozilla/5.0 (Windows NT 10.0; Win64; x64) AppleWebKit/537.36 (KHTML, like Gecko) Chrome/84.0.4147.105 Safari/537.36" "-"
5.161.118.34 - - [23/May/2025:06:34:45 +0900] "GET /shopdetail/6840746 HTTP/1.1" 404 11685 "-" "Mozilla/5.0 (Windows NT 10.0; Win64; x64) AppleWebKit/537.36 (KHTML, like Gecko) Chrome/84.0.4147.105 Safari/537.36" "-"
66.249.79.160 - - [23/May/2025:06:37:17 +0900] "GET /shopdetail/3527335 HTTP/1.1" 200 22231 "-" "Mozilla/5.0 (Linux; Android 6.0.1; Nexus 5X Build/MMB29P) AppleWebKit/537.36 (KHTML, like Gecko) Chrome/136.0.7103.113 Mobile Safari/537.36 (compatible; Googlebot/2.1; +http://www.google.com/bot.html)" "-"
66.249.79.173 - - [23/May/2025:06:37:31 +0900] "POST /get-message-notify HTTP/1.1" 200 22944 "https://www.kahokutaku.com/shopdetail/6343257" "Mozilla/5.0 (Linux; Android 6.0.1; Nexus 5X Build/MMB29P) AppleWebKit/537.36 (KHTML, like Gecko) Chrome/136.0.7103.92 Mobile Safari/537.36 (compatible; Googlebot/2.1; +http://www.google.com/bot.html)" "-"
66.249.79.172 - - [23/May/2025:06:37:37 +0900] "POST /get-message-notify HTTP/1.1" 200 22944 "https://www.kahokutaku.com/shopdetail/6343257" "Mozilla/5.0 (Linux; Android 6.0.1; Nexus 5X Build/MMB29P) AppleWebKit/537.36 (KHTML, like Gecko) Chrome/136.0.7103.92 Mobile Safari/537.36 (compatible; Googlebot/2.1; +http://www.google.com/bot.html)" "-"
66.249.79.172 - - [23/May/2025:06:37:37 +0900] "GET /shopdetail/7364624 HTTP/1.1" 200 22819 "-" "Mozilla/5.0 (compatible; Googlebot/2.1; +http://www.google.com/bot.html)" "-"
160.251.148.50 - - [23/May/2025:06:37:47 +0900] "POST /wp-cron.php?doing_wp_cron=1747949867.8749039173126220703125 HTTP/1.1" 403 186 "-" "WordPress/6.7.2; https://kahokutaku.com" "-"
57.141.2.20 - - [23/May/2025:06:37:47 +0900] "GET /shopdetail/3365746 HTTP/2.0" 404 43580 "-" "meta-externalagent/1.1 (+https://developers.facebook.com/docs/sharing/webmasters/crawler)" "-"
57.141.2.14 - - [23/May/2025:06:37:51 +0900] "GET /shopdetail/5029413 HTTP/2.0" 404 43580 "-" "meta-externalagent/1.1 (+https://developers.facebook.com/docs/sharing/webmasters/crawler)" "-"
57.141.2.26 - - [23/May/2025:06:37:59 +0900] "GET /shopdetail/13404446 HTTP/2.0" 404 43580 "-" "meta-externalagent/1.1 (+https://developers.facebook.com/docs/sharing/webmasters/crawler)" "-"
57.141.2.4 - - [23/May/2025:06:38:10 +0900] "GET /shopdetail/29488291 HTTP/2.0" 404 43580 "-" "meta-externalagent/1.1 (+https://developers.facebook.com/docs/sharing/webmasters/crawler)" "-"
57.141.2.23 - - [23/May/2025:06:38:18 +0900] "GET /shopdetail/22312368 HTTP/2.0" 404 43580 "-" "meta-externalagent/1.1 (+https://developers.facebook.com/docs/sharing/webmasters/crawler)" "-"
66.249.79.172 - - [23/May/2025:06:38:23 +0900] "GET /shopdetail/16643246 HTTP/1.1" 200 24930 "-" "Mozilla/5.0 (Linux; Android 6.0.1; Nexus 5X Build/MMB29P) AppleWebKit/537.36 (KHTML, like Gecko) Chrome/136.0.7103.113 Mobile Safari/537.36 (compatible; Googlebot/2.1; +http://www.google.com/bot.html)" "-"
66.249.79.172 - - [23/May/2025:06:38:30 +0900] "GET /shopdetail/20953291 HTTP/1.1" 200 23491 "-" "Mozilla/5.0 (compatible; Googlebot/2.1; +http://www.google.com/bot.html)" "-"
66.249.79.172 - - [23/May/2025:06:39:57 +0900] "GET /shopdetail/27754680 HTTP/1.1" 200 22576 "-" "Mozilla/5.0 (Linux; Android 6.0.1; Nexus 5X Build/MMB29P) AppleWebKit/537.36 (KHTML, like Gecko) Chrome/136.0.7103.113 Mobile Safari/537.36 (compatible; Googlebot/2.1; +http://www.google.com/bot.html)" "-"
66.249.79.172 - - [23/May/2025:06:42:20 +0900] "GET /shopdetail/9925046 HTTP/1.1" 200 23936 "-" "Mozilla/5.0 (Linux; Android 6.0.1; Nexus 5X Build/MMB29P) AppleWebKit/537.36 (KHTML, like Gecko) Chrome/136.0.7103.113 Mobile Safari/537.36 (compatible; Googlebot/2.1; +http://www.google.com/bot.html)" "-"
160.251.148.50 - - [23/May/2025:06:43:34 +0900] "POST /wp-cron.php?doing_wp_cron=1747950214.3737208843231201171875 HTTP/1.1" 403 186 "-" "WordPress/6.7.2; https://kahokutaku.com" "-"
57.141.2.1 - - [23/May/2025:06:43:34 +0900] "GET /shopdetail/3095791 HTTP/2.0" 404 43580 "-" "meta-externalagent/1.1 (+https://developers.facebook.com/docs/sharing/webmasters/crawler)" "-"
57.141.2.7 - - [23/May/2025:06:43:52 +0900] "GET /shopdetail/12893024 HTTP/2.0" 404 43580 "-" "meta-externalagent/1.1 (+https://developers.facebook.com/docs/sharing/webmasters/crawler)" "-"
57.141.2.20 - - [23/May/2025:06:44:25 +0900] "GET /shopdetail/23745157 HTTP/2.0" 404 43580 "-" "meta-externalagent/1.1 (+https://developers.facebook.com/docs/sharing/webmasters/crawler)" "-"
66.249.79.173 - - [23/May/2025:06:44:39 +0900] "GET /shopdetail/24674679 HTTP/1.1" 200 23715 "-" "Mozilla/5.0 (Linux; Android 6.0.1; Nexus 5X Build/MMB29P) AppleWebKit/537.36 (KHTML, like Gecko) Chrome/136.0.7103.113 Mobile Safari/537.36 (compatible; Googlebot/2.1; +http://www.google.com/bot.html)" "-"
160.251.148.50 - - [23/May/2025:06:44:41 +0900] "POST /wp-cron.php?doing_wp_cron=1747950281.1580669879913330078125 HTTP/1.1" 403 186 "-" "WordPress/6.7.2; https://kahokutaku.com" "-"
57.141.2.6 - - [23/May/2025:06:44:41 +0900] "GET /shopdetail/23187980 HTTP/2.0" 404 43580 "-" "meta-externalagent/1.1 (+https://developers.facebook.com/docs/sharing/webmasters/crawler)" "-"
57.141.2.20 - - [23/May/2025:06:44:55 +0900] "GET /shopdetail/8382802 HTTP/2.0" 404 43580 "-" "meta-externalagent/1.1 (+https://developers.facebook.com/docs/sharing/webmasters/crawler)" "-"
66.249.79.172 - - [23/May/2025:06:46:50 +0900] "GET /shopdetail/5020880 HTTP/1.1" 200 23765 "-" "Mozilla/5.0 (compatible; Googlebot/2.1; +http://www.google.com/bot.html)" "-"
66.249.79.173 - - [23/May/2025:06:48:04 +0900] "GET /shopdetail/27031791 HTTP/1.1" 200 23705 "-" "Mozilla/5.0 (compatible; Googlebot/2.1; +http://www.google.com/bot.html)" "-"
66.249.79.173 - - [23/May/2025:06:51:23 +0900] "GET /shopdetail/3947379 HTTP/1.1" 200 24821 "-" "Mozilla/5.0 (Linux; Android 6.0.1; Nexus 5X Build/MMB29P) AppleWebKit/537.36 (KHTML, like Gecko) Chrome/136.0.7103.113 Mobile Safari/537.36 (compatible; Googlebot/2.1; +http://www.google.com/bot.html)" "-"
66.249.79.172 - - [23/May/2025:06:51:29 +0900] "POST /get-message-notify HTTP/1.1" 200 22944 "https://www.kahokutaku.com/shopdetail/3947379" "Mozilla/5.0 (Linux; Android 6.0.1; Nexus 5X Build/MMB29P) AppleWebKit/537.36 (KHTML, like Gecko) Chrome/136.0.7103.92 Mobile Safari/537.36 (compatible; Googlebot/2.1; +http://www.google.com/bot.html)" "-"
66.249.79.173 - - [23/May/2025:06:53:38 +0900] "GET /shopdetail/11877157 HTTP/1.1" 200 21734 "-" "Mozilla/5.0 (Linux; Android 6.0.1; Nexus 5X Build/MMB29P) AppleWebKit/537.36 (KHTML, like Gecko) Chrome/136.0.7103.113 Mobile Safari/537.36 (compatible; Googlebot/2.1; +http://www.google.com/bot.html)" "-"
66.249.79.160 - - [23/May/2025:06:56:03 +0900] "GET /shopdetail/12904135 HTTP/1.1" 200 23799 "-" "Mozilla/5.0 (compatible; Googlebot/2.1; +http://www.google.com/bot.html)" "-"
134.180.140.44 - - [23/May/2025:06:56:40 +0900] "GET /shopdetail/10788391 HTTP/2.0" 200 427 "https://www.google.com/" "Mozilla/5.0 (Linux; Android 10; K) AppleWebKit/537.36 (KHTML, like Gecko) Chrome/136.0.0.0 Mobile Safari/537.36" "-"
66.249.79.173 - - [23/May/2025:06:57:40 +0900] "GET /shopdetail/5840502 HTTP/1.1" 200 22780 "-" "Mozilla/5.0 (Linux; Android 6.0.1; Nexus 5X Build/MMB29P) AppleWebKit/537.36 (KHTML, like Gecko) Chrome/136.0.7103.113 Mobile Safari/537.36 (compatible; Googlebot/2.1; +http://www.google.com/bot.html)" "-"
66.249.79.172 - - [23/May/2025:06:57:45 +0900] "POST /get-message-notify HTTP/1.1" 200 22944 "https://www.kahokutaku.com/shopdetail/5840502" "Mozilla/5.0 (Linux; Android 6.0.1; Nexus 5X Build/MMB29P) AppleWebKit/537.36 (KHTML, like Gecko) Chrome/136.0.7103.92 Mobile Safari/537.36 (compatible; Googlebot/2.1; +http://www.google.com/bot.html)" "-"
20.15.133.174 - - [23/May/2025:06:57:57 +0900] "GET /shopdetail/27725068 HTTP/2.0" 200 23381 "-" "Mozilla/5.0 AppleWebKit/537.36 (KHTML, like Gecko; compatible; bingbot/2.0; +http://www.bing.com/bingbot.htm) Chrome/116.0.1938.76 Safari/537.36" "-"
66.249.79.172 - - [23/May/2025:06:58:44 +0900] "GET /shopdetail/5509757 HTTP/1.1" 200 23122 "-" "Mozilla/5.0 (compatible; Googlebot/2.1; +http://www.google.com/bot.html)" "-"
160.251.148.50 - - [23/May/2025:06:59:04 +0900] "POST /wp-cron.php?doing_wp_cron=1747951144.4632720947265625000000 HTTP/1.1" 403 186 "-" "WordPress/6.7.2; https://kahokutaku.com" "-"
119.10.213.101 - - [23/May/2025:06:59:04 +0900] "GET / HTTP/2.0" 200 14111 "-" "Mozilla/5.0 (Linux; Android 15; Pixel 8a Build/BP1A.250405.007.B1; wv) AppleWebKit/537.36 (KHTML, like Gecko) Version/4.0 Chrome/136.0.7103.61 Mobile Safari/537.36 Line/15.6.1/IAB" "-"
119.10.213.101 - - [23/May/2025:06:59:05 +0900] "GET /favicon.ico HTTP/2.0" 302 0 "https://kahokutaku.com/" "Mozilla/5.0 (Linux; Android 15; Pixel 8a Build/BP1A.250405.007.B1; wv) AppleWebKit/537.36 (KHTML, like Gecko) Version/4.0 Chrome/136.0.7103.61 Mobile Safari/537.36 Line/15.6.1/IAB" "-"
119.10.213.101 - - [23/May/2025:06:59:06 +0900] "GET /%e7%b7%b4%e7%bf%92%e3%83%bb%e5%a4%a7%e4%bc%9a%e4%ba%88%e5%ae%9a/ HTTP/2.0" 200 12050 "https://kahokutaku.com/" "Mozilla/5.0 (Linux; Android 15; Pixel 8a Build/BP1A.250405.007.B1; wv) AppleWebKit/537.36 (KHTML, like Gecko) Version/4.0 Chrome/136.0.7103.61 Mobile Safari/537.36 Line/15.6.1/IAB" "-"
119.10.213.101 - - [23/May/2025:06:59:07 +0900] "GET /favicon.ico HTTP/2.0" 302 0 "https://kahokutaku.com/%e7%b7%b4%e7%bf%92%e3%83%bb%e5%a4%a7%e4%bc%9a%e4%ba%88%e5%ae%9a/" "Mozilla/5.0 (Linux; Android 15; Pixel 8a Build/BP1A.250405.007.B1; wv) AppleWebKit/537.36 (KHTML, like Gecko) Version/4.0 Chrome/136.0.7103.61 Mobile Safari/537.36 Line/15.6.1/IAB" "-"
66.249.79.160 - - [23/May/2025:06:59:27 +0900] "GET /shopdetail/19082124 HTTP/1.1" 200 24981 "-" "Mozilla/5.0 (Linux; Android 6.0.1; Nexus 5X Build/MMB29P) AppleWebKit/537.36 (KHTML, like Gecko) Chrome/136.0.7103.113 Mobile Safari/537.36 (compatible; Googlebot/2.1; +http://www.google.com/bot.html)" "-"
66.249.79.172 - - [23/May/2025:06:59:43 +0900] "POST /get-message-notify HTTP/1.1" 200 22944 "https://www.kahokutaku.com/shopdetail/19082124" "Mozilla/5.0 (Linux; Android 6.0.1; Nexus 5X Build/MMB29P) AppleWebKit/537.36 (KHTML, like Gecko) Chrome/136.0.7103.92 Mobile Safari/537.36 (compatible; Googlebot/2.1; +http://www.google.com/bot.html)" "-"
134.180.140.44 - - [23/May/2025:07:00:24 +0900] "GET /shopdetail/10788391 HTTP/2.0" 200 427 "https://www.google.com/" "Mozilla/5.0 (Linux; Android 10; K) AppleWebKit/537.36 (KHTML, like Gecko) Chrome/136.0.0.0 Mobile Safari/537.36" "-"
66.249.79.172 - - [23/May/2025:07:00:31 +0900] "GET /shopdetail/7964679 HTTP/1.1" 200 23327 "-" "Mozilla/5.0 (Linux; Android 6.0.1; Nexus 5X Build/MMB29P) AppleWebKit/537.36 (KHTML, like Gecko) Chrome/136.0.7103.113 Mobile Safari/537.36 (compatible; Googlebot/2.1; +http://www.google.com/bot.html)" "-"
66.249.79.160 - - [23/May/2025:07:01:10 +0900] "POST /get-message-notify HTTP/1.1" 200 22944 "https://www.kahokutaku.com/shopdetail/7964679" "Mozilla/5.0 (Linux; Android 6.0.1; Nexus 5X Build/MMB29P) AppleWebKit/537.36 (KHTML, like Gecko) Chrome/136.0.7103.92 Mobile Safari/537.36 (compatible; Googlebot/2.1; +http://www.google.com/bot.html)" "-"
66.249.79.173 - - [23/May/2025:07:01:22 +0900] "GET /shopdetail/22788580 HTTP/1.1" 200 22346 "-" "Mozilla/5.0 (Linux; Android 6.0.1; Nexus 5X Build/MMB29P) AppleWebKit/537.36 (KHTML, like Gecko) Chrome/136.0.7103.113 Mobile Safari/537.36 (compatible; Googlebot/2.1; +http://www.google.com/bot.html)" "-"
