66.249.88.137 - - [10/May/2025:08:26:14 +0900] "GET /wp-includes/js/jquery/jquery-migrate.min.js?ver=3.4.1 HTTP/1.1" 200 5355 "https://kahokutaku.com/shopdetail/8642113" "Mozilla/5.0 (X11; Linux x86_64) AppleWebKit/537.36 (KHTML, like Gecko) Chrome/121.0.0.0 Safari/537.36" "-"
74.125.210.174 - - [10/May/2025:08:26:14 +0900] "GET /wp-content/plugins/shortcodes-ultimate/vendor/jquery-inview/jquery-inview.js?ver=1.1.2 HTTP/1.1" 200 792 "https://kahokutaku.com/shopdetail/16314602" "Mozilla/5.0 (X11; Linux x86_64) AppleWebKit/537.36 (KHTML, like Gecko) Chrome/121.0.0.0 Safari/537.36" "-"
74.125.210.161 - - [10/May/2025:08:26:14 +0900] "GET /wp-includes/js/jquery/jquery.min.js?ver=3.7.1 HTTP/1.1" 200 35451 "https://kahokutaku.com/shopdetail/25262213" "Mozilla/5.0 (Linux; U; Android 4.3; en-us; SM-N900T Build/JSS15J) AppleWebKit/534.30 (KHTML, like Gecko) Version/4.0 Mobile Safari/534.30" "-"
74.125.215.1 - - [10/May/2025:08:26:14 +0900] "GET /favicon.ico HTTP/1.1" 302 0 "https://kahokutaku.com/shopdetail/14600857" "Mozilla/5.0 (X11; Linux x86_64) AppleWebKit/537.36 (KHTML, like Gecko) Chrome/121.0.0.0 Safari/537.36" "-"
74.125.210.174 - - [10/May/2025:08:26:14 +0900] "GET /wp-content/plugins/contact-form-7/includes/swv/js/index.js?ver=5.7.4 HTTP/1.1" 200 3362 "https://kahokutaku.com/shopdetail/16314602" "Mozilla/5.0 (X11; Linux x86_64) AppleWebKit/537.36 (KHTML, like Gecko) Chrome/121.0.0.0 Safari/537.36" "-"
74.125.210.160 - - [10/May/2025:08:26:14 +0900] "GET /wp-content/plugins/contact-form-7/includes/js/index.js?ver=5.7.4 HTTP/1.1" 200 4694 "https://kahokutaku.com/shopdetail/8213891" "Mozilla/5.0 (X11; Linux x86_64) AppleWebKit/537.36 (KHTML, like Gecko) Chrome/121.0.0.0 Safari/537.36" "-"
66.249.88.128 - - [10/May/2025:08:26:14 +0900] "GET /wp-includes/js/dist/script-modules/block-library/navigation/view.min.js?ver=8ff192874fc8910a284c HTTP/1.1" 200 1218 "https://kahokutaku.com/shopdetail/12307846" "Mozilla/5.0 (Linux; U; Android 4.3; en-us; SM-N900T Build/JSS15J) AppleWebKit/534.30 (KHTML, like Gecko) Version/4.0 Mobile Safari/534.30" "-"
74.125.215.1 - - [10/May/2025:08:26:14 +0900] "GET /wp-includes/js/wp-emoji-release.min.js?ver=6.7.2 HTTP/1.1" 200 5870 "https://kahokutaku.com/shopdetail/9705913" "Mozilla/5.0 (Linux; U; Android 4.3; en-us; SM-N900T Build/JSS15J) AppleWebKit/534.30 (KHTML, like Gecko) Version/4.0 Mobile Safari/534.30" "-"
66.249.88.128 - - [10/May/2025:08:26:14 +0900] "GET /wp-content/plugins/shortcodes-ultimate/vendor/jquery-inview/jquery-inview.js?ver=1.1.2 HTTP/1.1" 200 792 "https://kahokutaku.com/shopdetail/8642113" "Mozilla/5.0 (X11; Linux x86_64) AppleWebKit/537.36 (KHTML, like Gecko) Chrome/121.0.0.0 Safari/537.36" "-"
66.249.88.128 - - [10/May/2025:08:26:14 +0900] "GET /wp-includes/js/wp-emoji-release.min.js?ver=6.7.2 HTTP/1.1" 200 5870 "https://kahokutaku.com/shopdetail/3030313" "Mozilla/5.0 (Linux; U; Android 4.3; en-us; SM-N900T Build/JSS15J) AppleWebKit/534.30 (KHTML, like Gecko) Version/4.0 Mobile Safari/534.30" "-"
66.249.88.129 - - [10/May/2025:08:26:14 +0900] "GET /favicon.ico HTTP/1.1" 302 0 "https://kahokutaku.com/safe_search/config?return_url=/product/detail/30310350" "Mozilla/5.0 (X11; Linux x86_64) AppleWebKit/537.36 (KHTML, like Gecko) Chrome/121.0.0.0 Safari/537.36" "-"
66.249.88.137 - - [10/May/2025:08:26:14 +0900] "GET /wp-includes/js/wp-emoji-release.min.js?ver=6.7.2 HTTP/1.1" 200 5870 "https://kahokutaku.com/shopdetail/20181891" "Mozilla/5.0 (Linux; U; Android 4.3; en-us; SM-N900T Build/JSS15J) AppleWebKit/534.30 (KHTML, like Gecko) Version/4.0 Mobile Safari/534.30" "-"
66.249.88.137 - - [10/May/2025:08:26:14 +0900] "GET /wp-content/plugins/contact-form-7/includes/js/index.js?ver=5.7.4 HTTP/1.1" 200 4694 "https://kahokutaku.com/shopdetail/17006824" "Mozilla/5.0 (X11; Linux x86_64) AppleWebKit/537.36 (KHTML, like Gecko) Chrome/121.0.0.0 Safari/537.36" "-"
66.249.88.128 - - [10/May/2025:08:26:14 +0900] "GET /wp-content/plugins/shortcodes-ultimate/vendor/jquery-inview/jquery-inview.js?ver=1.1.2 HTTP/1.1" 200 792 "https://kahokutaku.com/shopdetail/17006824" "Mozilla/5.0 (X11; Linux x86_64) AppleWebKit/537.36 (KHTML, like Gecko) Chrome/121.0.0.0 Safari/537.36" "-"
66.249.84.33 - - [10/May/2025:08:26:14 +0900] "GET /favicon.ico HTTP/1.1" 302 0 "https://kahokutaku.com/shopdetail/1517513" "Mozilla/5.0 (Linux; U; Android 4.3; en-us; SM-N900T Build/JSS15J) AppleWebKit/534.30 (KHTML, like Gecko) Version/4.0 Mobile Safari/534.30" "-"
66.249.88.129 - - [10/May/2025:08:26:14 +0900] "GET /wp-content/plugins/shortcodes-ultimate/vendor/animatecss/animate.css?ver=3.1.1 HTTP/1.1" 200 5953 "https://kahokutaku.com/shopdetail/4141868" "Mozilla/5.0 (X11; Linux x86_64) AppleWebKit/537.36 (KHTML, like Gecko) Chrome/121.0.0.0 Safari/537.36" "-"
66.249.88.137 - - [10/May/2025:08:26:14 +0900] "GET /wp-includes/js/jquery/jquery-migrate.min.js?ver=3.4.1 HTTP/1.1" 200 5355 "https://kahokutaku.com/shopdetail/17006824" "Mozilla/5.0 (X11; Linux x86_64) AppleWebKit/537.36 (KHTML, like Gecko) Chrome/121.0.0.0 Safari/537.36" "-"
74.125.215.13 - - [10/May/2025:08:26:14 +0900] "GET /wp-includes/js/wp-emoji-release.min.js?ver=6.7.2 HTTP/1.1" 200 5870 "https://kahokutaku.com/shopdetail/17006824" "Mozilla/5.0 (X11; Linux x86_64) AppleWebKit/537.36 (KHTML, like Gecko) Chrome/121.0.0.0 Safari/537.36" "-"
66.249.88.128 - - [10/May/2025:08:26:14 +0900] "GET /favicon.ico HTTP/1.1" 302 0 "https://kahokutaku.com/shopdetail/13222324" "Mozilla/5.0 (Linux; U; Android 4.3; en-us; SM-N900T Build/JSS15J) AppleWebKit/534.30 (KHTML, like Gecko) Version/4.0 Mobile Safari/534.30" "-"
66.249.88.129 - - [10/May/2025:08:26:14 +0900] "GET /wp-includes/js/jquery/jquery-migrate.min.js?ver=3.4.1 HTTP/1.1" 200 5355 "https://kahokutaku.com/shopdetail/4141868" "Mozilla/5.0 (X11; Linux x86_64) AppleWebKit/537.36 (KHTML, like Gecko) Chrome/121.0.0.0 Safari/537.36" "-"
66.249.88.129 - - [10/May/2025:08:26:14 +0900] "GET /wp-includes/js/dist/script-modules/block-library/navigation/view.min.js?ver=8ff192874fc8910a284c HTTP/1.1" 200 1218 "https://kahokutaku.com/shopdetail/4141868" "Mozilla/5.0 (X11; Linux x86_64) AppleWebKit/537.36 (KHTML, like Gecko) Chrome/121.0.0.0 Safari/537.36" "-"
66.249.88.128 - - [10/May/2025:08:26:14 +0900] "GET /wp-includes/js/dist/script-modules/interactivity/index.min.js?ver=907ea3b2f317a78b7b9b HTTP/1.1" 200 15453 "https://kahokutaku.com/shopdetail/4141868" "Mozilla/5.0 (X11; Linux x86_64) AppleWebKit/537.36 (KHTML, like Gecko) Chrome/121.0.0.0 Safari/537.36" "-"
66.249.88.137 - - [10/May/2025:08:26:14 +0900] "GET /wp-content/plugins/contact-form-7/includes/js/index.js?ver=5.7.4 HTTP/1.1" 200 4694 "https://kahokutaku.com/shopdetail/10303191" "Mozilla/5.0 (X11; Linux x86_64) AppleWebKit/537.36 (KHTML, like Gecko) Chrome/121.0.0.0 Safari/537.36" "-"
66.249.88.129 - - [10/May/2025:08:26:14 +0900] "GET /wp-content/plugins/shortcodes-ultimate/includes/js/shortcodes/index.js?ver=5.12.8 HTTP/1.1" 200 4867 "https://kahokutaku.com/shopdetail/17006824" "Mozilla/5.0 (X11; Linux x86_64) AppleWebKit/537.36 (KHTML, like Gecko) Chrome/121.0.0.0 Safari/537.36" "-"
66.249.88.137 - - [10/May/2025:08:26:14 +0900] "GET /wp-content/plugins/shortcodes-ultimate/vendor/jquery-inview/jquery-inview.js?ver=1.1.2 HTTP/1.1" 200 792 "https://kahokutaku.com/shopdetail/4141868" "Mozilla/5.0 (X11; Linux x86_64) AppleWebKit/537.36 (KHTML, like Gecko) Chrome/121.0.0.0 Safari/537.36" "-"
66.249.84.33 - - [10/May/2025:08:26:14 +0900] "GET /favicon.ico HTTP/1.1" 302 0 "https://kahokutaku.com/shopdetail/27279513" "Mozilla/5.0 (Linux; U; Android 4.3; en-us; SM-N900T Build/JSS15J) AppleWebKit/534.30 (KHTML, like Gecko) Version/4.0 Mobile Safari/534.30" "-"
66.249.84.34 - - [10/May/2025:08:26:14 +0900] "GET /favicon.ico HTTP/1.1" 302 0 "https://kahokutaku.com/shopdetail/22605924" "Mozilla/5.0 (X11; Linux x86_64) AppleWebKit/537.36 (KHTML, like Gecko) Chrome/121.0.0.0 Safari/537.36" "-"
66.249.88.129 - - [10/May/2025:08:26:14 +0900] "GET /wp-content/plugins/shortcodes-ultimate/includes/js/shortcodes/index.js?ver=5.12.8 HTTP/1.1" 200 4867 "https://kahokutaku.com/shopdetail/8642113" "Mozilla/5.0 (X11; Linux x86_64) AppleWebKit/537.36 (KHTML, like Gecko) Chrome/121.0.0.0 Safari/537.36" "-"
66.249.88.137 - - [10/May/2025:08:26:14 +0900] "GET /wp-content/plugins/contact-form-7/includes/swv/js/index.js?ver=5.7.4 HTTP/1.1" 200 3362 "https://kahokutaku.com/shopdetail/8642113" "Mozilla/5.0 (X11; Linux x86_64) AppleWebKit/537.36 (KHTML, like Gecko) Chrome/121.0.0.0 Safari/537.36" "-"
74.125.210.160 - - [10/May/2025:08:26:14 +0900] "GET /wp-content/plugins/shortcodes-ultimate/vendor/animatecss/animate.css?ver=3.1.1 HTTP/1.1" 200 5953 "https://kahokutaku.com/shopdetail/8213891" "Mozilla/5.0 (X11; Linux x86_64) AppleWebKit/537.36 (KHTML, like Gecko) Chrome/121.0.0.0 Safari/537.36" "-"
74.125.210.160 - - [10/May/2025:08:26:14 +0900] "GET /wp-content/plugins/shortcodes-ultimate/includes/js/shortcodes/index.js?ver=5.12.8 HTTP/1.1" 200 4867 "https://kahokutaku.com/shopdetail/16314602" "Mozilla/5.0 (X11; Linux x86_64) AppleWebKit/537.36 (KHTML, like Gecko) Chrome/121.0.0.0 Safari/537.36" "-"
74.125.210.160 - - [10/May/2025:08:26:14 +0900] "GET /wp-content/plugins/contact-form-7/includes/css/styles.css?ver=5.7.4 HTTP/1.1" 200 1100 "https://kahokutaku.com/shopdetail/8213891" "Mozilla/5.0 (X11; Linux x86_64) AppleWebKit/537.36 (KHTML, like Gecko) Chrome/121.0.0.0 Safari/537.36" "-"
74.125.210.160 - - [10/May/2025:08:26:14 +0900] "GET /wp-includes/blocks/navigation/style.min.css?ver=6.7.2 HTTP/1.1" 200 2807 "https://kahokutaku.com/shopdetail/8213891" "Mozilla/5.0 (X11; Linux x86_64) AppleWebKit/537.36 (KHTML, like Gecko) Chrome/121.0.0.0 Safari/537.36" "-"
66.249.84.33 - - [10/May/2025:08:26:14 +0900] "GET /wp-includes/js/wp-emoji-release.min.js?ver=6.7.2 HTTP/1.1" 200 5870 "https://kahokutaku.com/shopdetail/10303191" "Mozilla/5.0 (X11; Linux x86_64) AppleWebKit/537.36 (KHTML, like Gecko) Chrome/121.0.0.0 Safari/537.36" "-"
74.125.210.160 - - [10/May/2025:08:26:14 +0900] "GET /wp-includes/js/jquery/jquery-migrate.min.js?ver=3.4.1 HTTP/1.1" 200 5355 "https://kahokutaku.com/shopdetail/25262213" "Mozilla/5.0 (Linux; U; Android 4.3; en-us; SM-N900T Build/JSS15J) AppleWebKit/534.30 (KHTML, like Gecko) Version/4.0 Mobile Safari/534.30" "-"
74.125.210.160 - - [10/May/2025:08:26:14 +0900] "GET /wp-content/plugins/contact-form-7/includes/swv/js/index.js?ver=5.7.4 HTTP/1.1" 200 3362 "https://kahokutaku.com/shopdetail/8213891" "Mozilla/5.0 (X11; Linux x86_64) AppleWebKit/537.36 (KHTML, like Gecko) Chrome/121.0.0.0 Safari/537.36" "-"
74.125.210.160 - - [10/May/2025:08:26:14 +0900] "GET /wp-includes/js/dist/script-modules/interactivity/index.min.js?ver=907ea3b2f317a78b7b9b HTTP/1.1" 200 15453 "https://kahokutaku.com/shopdetail/8213891" "Mozilla/5.0 (X11; Linux x86_64) AppleWebKit/537.36 (KHTML, like Gecko) Chrome/121.0.0.0 Safari/537.36" "-"
66.249.88.129 - - [10/May/2025:08:26:14 +0900] "GET /wp-includes/js/jquery/jquery.min.js?ver=3.7.1 HTTP/1.1" 200 35451 "https://kahokutaku.com/shopdetail/10303191" "Mozilla/5.0 (X11; Linux x86_64) AppleWebKit/537.36 (KHTML, like Gecko) Chrome/121.0.0.0 Safari/537.36" "-"
66.249.88.137 - - [10/May/2025:08:26:14 +0900] "GET /wp-includes/js/jquery/jquery-migrate.min.js?ver=3.4.1 HTTP/1.1" 200 5355 "https://kahokutaku.com/shopdetail/10303191" "Mozilla/5.0 (X11; Linux x86_64) AppleWebKit/537.36 (KHTML, like Gecko) Chrome/121.0.0.0 Safari/537.36" "-"
74.125.210.160 - - [10/May/2025:08:26:14 +0900] "GET /wp-includes/js/jquery/jquery.min.js?ver=3.7.1 HTTP/1.1" 200 35451 "https://kahokutaku.com/shopdetail/16314602" "Mozilla/5.0 (X11; Linux x86_64) AppleWebKit/537.36 (KHTML, like Gecko) Chrome/121.0.0.0 Safari/537.36" "-"
74.125.210.174 - - [10/May/2025:08:26:14 +0900] "GET /wp-includes/js/wp-emoji-release.min.js?ver=6.7.2 HTTP/1.1" 200 5870 "https://kahokutaku.com/shopdetail/21395291" "Mozilla/5.0 (Linux; U; Android 4.3; en-us; SM-N900T Build/JSS15J) AppleWebKit/534.30 (KHTML, like Gecko) Version/4.0 Mobile Safari/534.30" "-"
66.249.88.129 - - [10/May/2025:08:26:14 +0900] "GET /wp-content/plugins/shortcodes-ultimate/vendor/jquery-inview/jquery-inview.js?ver=1.1.2 HTTP/1.1" 200 792 "https://kahokutaku.com/shopdetail/12307846" "Mozilla/5.0 (Linux; U; Android 4.3; en-us; SM-N900T Build/JSS15J) AppleWebKit/534.30 (KHTML, like Gecko) Version/4.0 Mobile Safari/534.30" "-"
74.125.210.160 - - [10/May/2025:08:26:14 +0900] "GET /wp-includes/js/jquery/jquery-migrate.min.js?ver=3.4.1 HTTP/1.1" 200 5355 "https://kahokutaku.com/shopdetail/16314602" "Mozilla/5.0 (X11; Linux x86_64) AppleWebKit/537.36 (KHTML, like Gecko) Chrome/121.0.0.0 Safari/537.36" "-"
66.249.88.129 - - [10/May/2025:08:26:14 +0900] "GET /wp-includes/js/jquery/jquery.min.js?ver=3.7.1 HTTP/1.1" 200 35451 "https://kahokutaku.com/shopdetail/17006824" "Mozilla/5.0 (X11; Linux x86_64) AppleWebKit/537.36 (KHTML, like Gecko) Chrome/121.0.0.0 Safari/537.36" "-"
74.125.210.174 - - [10/May/2025:08:26:14 +0900] "GET /wp-includes/js/jquery/jquery.min.js?ver=3.7.1 HTTP/1.1" 200 35451 "https://kahokutaku.com/shopdetail/8213891" "Mozilla/5.0 (X11; Linux x86_64) AppleWebKit/537.36 (KHTML, like Gecko) Chrome/121.0.0.0 Safari/537.36" "-"
66.249.88.137 - - [10/May/2025:08:26:14 +0900] "GET /favicon.ico HTTP/1.1" 302 0 "https://kahokutaku.com/shopdetail/3030313" "Mozilla/5.0 (Linux; U; Android 4.3; en-us; SM-N900T Build/JSS15J) AppleWebKit/534.30 (KHTML, like Gecko) Version/4.0 Mobile Safari/534.30" "-"
66.249.84.35 - - [10/May/2025:08:26:14 +0900] "GET /favicon.ico HTTP/1.1" 302 0 "https://kahokutaku.com/shopdetail/8213891" "Mozilla/5.0 (X11; Linux x86_64) AppleWebKit/537.36 (KHTML, like Gecko) Chrome/121.0.0.0 Safari/537.36" "-"
66.249.88.128 - - [10/May/2025:08:26:14 +0900] "GET /wp-includes/blocks/navigation/style.min.css?ver=6.7.2 HTTP/1.1" 200 2807 "https://kahokutaku.com/shopdetail/17006824" "Mozilla/5.0 (X11; Linux x86_64) AppleWebKit/537.36 (KHTML, like Gecko) Chrome/121.0.0.0 Safari/537.36" "-"
66.249.88.129 - - [10/May/2025:08:26:14 +0900] "GET /wp-content/plugins/contact-form-7/includes/swv/js/index.js?ver=5.7.4 HTTP/1.1" 200 3362 "https://kahokutaku.com/shopdetail/4141868" "Mozilla/5.0 (X11; Linux x86_64) AppleWebKit/537.36 (KHTML, like Gecko) Chrome/121.0.0.0 Safari/537.36" "-"
66.249.88.129 - - [10/May/2025:08:26:14 +0900] "GET /wp-includes/js/dist/script-modules/interactivity/index.min.js?ver=907ea3b2f317a78b7b9b HTTP/1.1" 200 15453 "https://kahokutaku.com/shopdetail/4141868" "Mozilla/5.0 (X11; Linux x86_64) AppleWebKit/537.36 (KHTML, like Gecko) Chrome/121.0.0.0 Safari/537.36" "-"
66.249.88.129 - - [10/May/2025:08:26:14 +0900] "GET /wp-includes/js/jquery/jquery.min.js?ver=3.7.1 HTTP/1.1" 200 35451 "https://kahokutaku.com/shopdetail/4141868" "Mozilla/5.0 (X11; Linux x86_64) AppleWebKit/537.36 (KHTML, like Gecko) Chrome/121.0.0.0 Safari/537.36" "-"
74.125.215.13 - - [10/May/2025:08:26:14 +0900] "GET /favicon.ico HTTP/1.1" 302 0 "https://kahokutaku.com/shopdetail/9705913" "Mozilla/5.0 (Linux; U; Android 4.3; en-us; SM-N900T Build/JSS15J) AppleWebKit/534.30 (KHTML, like Gecko) Version/4.0 Mobile Safari/534.30" "-"
66.249.88.128 - - [10/May/2025:08:26:14 +0900] "GET /wp-content/plugins/contact-form-7/includes/js/index.js?ver=5.7.4 HTTP/1.1" 200 4694 "https://kahokutaku.com/shopdetail/4141868" "Mozilla/5.0 (X11; Linux x86_64) AppleWebKit/537.36 (KHTML, like Gecko) Chrome/121.0.0.0 Safari/537.36" "-"
66.249.88.128 - - [10/May/2025:08:26:14 +0900] "GET /wp-includes/js/dist/script-modules/interactivity/index.min.js?ver=907ea3b2f317a78b7b9b HTTP/1.1" 200 15453 "https://kahokutaku.com/shopdetail/10303191" "Mozilla/5.0 (X11; Linux x86_64) AppleWebKit/537.36 (KHTML, like Gecko) Chrome/121.0.0.0 Safari/537.36" "-"
66.249.88.128 - - [10/May/2025:08:26:14 +0900] "GET /wp-content/plugins/shortcodes-ultimate/vendor/jquery-inview/jquery-inview.js?ver=1.1.2 HTTP/1.1" 200 792 "https://kahokutaku.com/shopdetail/4141868" "Mozilla/5.0 (X11; Linux x86_64) AppleWebKit/537.36 (KHTML, like Gecko) Chrome/121.0.0.0 Safari/537.36" "-"
66.249.88.129 - - [10/May/2025:08:26:14 +0900] "GET /wp-includes/blocks/navigation/style.min.css?ver=6.7.2 HTTP/1.1" 200 2807 "https://kahokutaku.com/shopdetail/4141868" "Mozilla/5.0 (X11; Linux x86_64) AppleWebKit/537.36 (KHTML, like Gecko) Chrome/121.0.0.0 Safari/537.36" "-"
66.249.88.129 - - [10/May/2025:08:26:14 +0900] "GET /wp-content/plugins/contact-form-7/includes/css/styles.css?ver=5.7.4 HTTP/1.1" 200 1100 "https://kahokutaku.com/shopdetail/10303191" "Mozilla/5.0 (X11; Linux x86_64) AppleWebKit/537.36 (KHTML, like Gecko) Chrome/121.0.0.0 Safari/537.36" "-"
74.125.210.160 - - [10/May/2025:08:26:14 +0900] "GET /wp-content/plugins/shortcodes-ultimate/vendor/jquery-inview/jquery-inview.js?ver=1.1.2 HTTP/1.1" 200 792 "https://kahokutaku.com/shopdetail/15210291" "Mozilla/5.0 (Linux; U; Android 4.3; en-us; SM-N900T Build/JSS15J) AppleWebKit/534.30 (KHTML, like Gecko) Version/4.0 Mobile Safari/534.30" "-"
66.249.88.128 - - [10/May/2025:08:26:14 +0900] "GET /wp-includes/js/jquery/jquery-migrate.min.js?ver=3.4.1 HTTP/1.1" 200 5355 "https://kahokutaku.com/shopdetail/4141868" "Mozilla/5.0 (X11; Linux x86_64) AppleWebKit/537.36 (KHTML, like Gecko) Chrome/121.0.0.0 Safari/537.36" "-"
66.249.88.128 - - [10/May/2025:08:26:14 +0900] "GET /wp-includes/js/wp-emoji-release.min.js?ver=6.7.2 HTTP/1.1" 200 5870 "https://kahokutaku.com/shopdetail/14034891" "Mozilla/5.0 (Linux; U; Android 4.3; en-us; SM-N900T Build/JSS15J) AppleWebKit/534.30 (KHTML, like Gecko) Version/4.0 Mobile Safari/534.30" "-"
66.249.88.137 - - [10/May/2025:08:26:14 +0900] "GET /wp-content/plugins/shortcodes-ultimate/vendor/jquery-inview/jquery-inview.js?ver=1.1.2 HTTP/1.1" 200 792 "https://kahokutaku.com/shopdetail/10303191" "Mozilla/5.0 (X11; Linux x86_64) AppleWebKit/537.36 (KHTML, like Gecko) Chrome/121.0.0.0 Safari/537.36" "-"
66.249.88.137 - - [10/May/2025:08:26:14 +0900] "GET /wp-content/plugins/shortcodes-ultimate/includes/js/shortcodes/index.js?ver=5.12.8 HTTP/1.1" 200 4867 "https://kahokutaku.com/shopdetail/4141868" "Mozilla/5.0 (X11; Linux x86_64) AppleWebKit/537.36 (KHTML, like Gecko) Chrome/121.0.0.0 Safari/537.36" "-"
66.249.88.137 - - [10/May/2025:08:26:14 +0900] "GET /wp-content/plugins/shortcodes-ultimate/includes/js/shortcodes/index.js?ver=5.12.8 HTTP/1.1" 200 4867 "https://kahokutaku.com/shopdetail/4141868" "Mozilla/5.0 (X11; Linux x86_64) AppleWebKit/537.36 (KHTML, like Gecko) Chrome/121.0.0.0 Safari/537.36" "-"
74.125.210.174 - - [10/May/2025:08:26:14 +0900] "GET /wp-content/plugins/shortcodes-ultimate/vendor/animatecss/animate.css?ver=3.1.1 HTTP/1.1" 200 5953 "https://kahokutaku.com/shopdetail/15210291" "Mozilla/5.0 (Linux; U; Android 4.3; en-us; SM-N900T Build/JSS15J) AppleWebKit/534.30 (KHTML, like Gecko) Version/4.0 Mobile Safari/534.30" "-"
74.125.210.174 - - [10/May/2025:08:26:14 +0900] "GET /wp-includes/blocks/navigation/style.min.css?ver=6.7.2 HTTP/1.1" 200 2807 "https://kahokutaku.com/shopdetail/15210291" "Mozilla/5.0 (Linux; U; Android 4.3; en-us; SM-N900T Build/JSS15J) AppleWebKit/534.30 (KHTML, like Gecko) Version/4.0 Mobile Safari/534.30" "-"
66.249.84.33 - - [10/May/2025:08:26:14 +0900] "GET /favicon.ico HTTP/1.1" 302 0 "https://kahokutaku.com/shopdetail/10303191" "Mozilla/5.0 (X11; Linux x86_64) AppleWebKit/537.36 (KHTML, like Gecko) Chrome/121.0.0.0 Safari/537.36" "-"
74.125.210.174 - - [10/May/2025:08:26:14 +0900] "GET /wp-content/plugins/contact-form-7/includes/js/index.js?ver=5.7.4 HTTP/1.1" 200 4694 "https://kahokutaku.com/shopdetail/15210291" "Mozilla/5.0 (Linux; U; Android 4.3; en-us; SM-N900T Build/JSS15J) AppleWebKit/534.30 (KHTML, like Gecko) Version/4.0 Mobile Safari/534.30" "-"
74.125.210.174 - - [10/May/2025:08:26:14 +0900] "GET /wp-content/plugins/shortcodes-ultimate/vendor/jquery-inview/jquery-inview.js?ver=1.1.2 HTTP/1.1" 200 792 "https://kahokutaku.com/shopdetail/17867824" "Mozilla/5.0 (Linux; U; Android 4.3; en-us; SM-N900T Build/JSS15J) AppleWebKit/534.30 (KHTML, like Gecko) Version/4.0 Mobile Safari/534.30" "-"
74.125.210.160 - - [10/May/2025:08:26:14 +0900] "GET /wp-content/plugins/shortcodes-ultimate/includes/js/shortcodes/index.js?ver=5.12.8 HTTP/1.1" 200 4867 "https://kahokutaku.com/shopdetail/15210291" "Mozilla/5.0 (Linux; U; Android 4.3; en-us; SM-N900T Build/JSS15J) AppleWebKit/534.30 (KHTML, like Gecko) Version/4.0 Mobile Safari/534.30" "-"
74.125.210.161 - - [10/May/2025:08:26:14 +0900] "GET /wp-includes/js/dist/script-modules/block-library/navigation/view.min.js?ver=8ff192874fc8910a284c HTTP/1.1" 200 1218 "https://kahokutaku.com/shopdetail/15210291" "Mozilla/5.0 (Linux; U; Android 4.3; en-us; SM-N900T Build/JSS15J) AppleWebKit/534.30 (KHTML, like Gecko) Version/4.0 Mobile Safari/534.30" "-"
74.125.210.161 - - [10/May/2025:08:26:14 +0900] "GET /wp-content/plugins/shortcodes-ultimate/vendor/jquery-inview/jquery-inview.js?ver=1.1.2 HTTP/1.1" 200 792 "https://kahokutaku.com/shopdetail/15210291" "Mozilla/5.0 (Linux; U; Android 4.3; en-us; SM-N900T Build/JSS15J) AppleWebKit/534.30 (KHTML, like Gecko) Version/4.0 Mobile Safari/534.30" "-"
74.125.210.161 - - [10/May/2025:08:26:14 +0900] "GET /wp-content/plugins/shortcodes-ultimate/includes/js/shortcodes/index.js?ver=5.12.8 HTTP/1.1" 200 4867 "https://kahokutaku.com/shopdetail/15210291" "Mozilla/5.0 (Linux; U; Android 4.3; en-us; SM-N900T Build/JSS15J) AppleWebKit/534.30 (KHTML, like Gecko) Version/4.0 Mobile Safari/534.30" "-"
74.125.210.174 - - [10/May/2025:08:26:14 +0900] "GET /wp-includes/js/jquery/jquery-migrate.min.js?ver=3.4.1 HTTP/1.1" 200 5355 "https://kahokutaku.com/shopdetail/8213891" "Mozilla/5.0 (X11; Linux x86_64) AppleWebKit/537.36 (KHTML, like Gecko) Chrome/121.0.0.0 Safari/537.36" "-"
74.125.210.174 - - [10/May/2025:08:26:14 +0900] "GET /wp-content/plugins/shortcodes-ultimate/vendor/jquery-inview/jquery-inview.js?ver=1.1.2 HTTP/1.1" 200 792 "https://kahokutaku.com/shopdetail/8213891" "Mozilla/5.0 (X11; Linux x86_64) AppleWebKit/537.36 (KHTML, like Gecko) Chrome/121.0.0.0 Safari/537.36" "-"
74.125.210.161 - - [10/May/2025:08:26:14 +0900] "GET /wp-content/plugins/shortcodes-ultimate/includes/js/shortcodes/index.js?ver=5.12.8 HTTP/1.1" 200 4867 "https://kahokutaku.com/shopdetail/8213891" "Mozilla/5.0 (X11; Linux x86_64) AppleWebKit/537.36 (KHTML, like Gecko) Chrome/121.0.0.0 Safari/537.36" "-"
66.249.88.137 - - [10/May/2025:08:26:14 +0900] "GET /wp-content/plugins/shortcodes-ultimate/includes/js/shortcodes/index.js?ver=5.12.8 HTTP/1.1" 200 4867 "https://kahokutaku.com/shopdetail/10303191" "Mozilla/5.0 (X11; Linux x86_64) AppleWebKit/537.36 (KHTML, like Gecko) Chrome/121.0.0.0 Safari/537.36" "-"
66.249.88.137 - - [10/May/2025:08:26:14 +0900] "GET /wp-includes/js/wp-emoji-release.min.js?ver=6.7.2 HTTP/1.1" 200 5870 "https://kahokutaku.com/shopdetail/8642113" "Mozilla/5.0 (X11; Linux x86_64) AppleWebKit/537.36 (KHTML, like Gecko) Chrome/121.0.0.0 Safari/537.36" "-"
74.125.210.160 - - [10/May/2025:08:26:14 +0900] "GET /wp-includes/js/wp-emoji-release.min.js?ver=6.7.2 HTTP/1.1" 200 5870 "https://kahokutaku.com/shopdetail/25262213" "Mozilla/5.0 (Linux; U; Android 4.3; en-us; SM-N900T Build/JSS15J) AppleWebKit/534.30 (KHTML, like Gecko) Version/4.0 Mobile Safari/534.30" "-"
66.249.88.128 - - [10/May/2025:08:26:14 +0900] "GET /wp-includes/js/wp-emoji-release.min.js?ver=6.7.2 HTTP/1.1" 200 5870 "https://kahokutaku.com/shopdetail/12307846" "Mozilla/5.0 (Linux; U; Android 4.3; en-us; SM-N900T Build/JSS15J) AppleWebKit/534.30 (KHTML, like Gecko) Version/4.0 Mobile Safari/534.30" "-"
66.249.88.137 - - [10/May/2025:08:26:14 +0900] "GET /wp-includes/js/jquery/jquery.min.js?ver=3.7.1 HTTP/1.1" 200 35451 "https://kahokutaku.com/shopdetail/4141868" "Mozilla/5.0 (X11; Linux x86_64) AppleWebKit/537.36 (KHTML, like Gecko) Chrome/121.0.0.0 Safari/537.36" "-"
66.249.88.137 - - [10/May/2025:08:26:14 +0900] "GET /wp-includes/blocks/navigation/style.min.css?ver=6.7.2 HTTP/1.1" 200 2807 "https://kahokutaku.com/shopdetail/10303191" "Mozilla/5.0 (X11; Linux x86_64) AppleWebKit/537.36 (KHTML, like Gecko) Chrome/121.0.0.0 Safari/537.36" "-"
74.125.215.12 - - [10/May/2025:08:26:14 +0900] "GET /favicon.ico HTTP/1.1" 302 0 "https://kahokutaku.com/shopdetail/17006824" "Mozilla/5.0 (X11; Linux x86_64) AppleWebKit/537.36 (KHTML, like Gecko) Chrome/121.0.0.0 Safari/537.36" "-"
74.125.210.161 - - [10/May/2025:08:26:14 +0900] "GET /favicon.ico HTTP/1.1" 302 0 "https://kahokutaku.com/shopdetail/21395291" "Mozilla/5.0 (Linux; U; Android 4.3; en-us; SM-N900T Build/JSS15J) AppleWebKit/534.30 (KHTML, like Gecko) Version/4.0 Mobile Safari/534.30" "-"
74.125.210.161 - - [10/May/2025:08:26:14 +0900] "GET /wp-includes/js/wp-emoji-release.min.js?ver=6.7.2 HTTP/1.1" 200 5870 "https://kahokutaku.com/shopdetail/14615157" "Mozilla/5.0 (Linux; U; Android 4.3; en-us; SM-N900T Build/JSS15J) AppleWebKit/534.30 (KHTML, like Gecko) Version/4.0 Mobile Safari/534.30" "-"
74.125.210.174 - - [10/May/2025:08:26:14 +0900] "GET /wp-includes/js/wp-emoji-release.min.js?ver=6.7.2 HTTP/1.1" 200 5870 "https://kahokutaku.com/shopdetail/15210291" "Mozilla/5.0 (Linux; U; Android 4.3; en-us; SM-N900T Build/JSS15J) AppleWebKit/534.30 (KHTML, like Gecko) Version/4.0 Mobile Safari/534.30" "-"
74.125.210.174 - - [10/May/2025:08:26:14 +0900] "GET /wp-includes/js/wp-emoji-release.min.js?ver=6.7.2 HTTP/1.1" 200 5870 "https://kahokutaku.com/shopdetail/17867824" "Mozilla/5.0 (Linux; U; Android 4.3; en-us; SM-N900T Build/JSS15J) AppleWebKit/534.30 (KHTML, like Gecko) Version/4.0 Mobile Safari/534.30" "-"
74.125.210.160 - - [10/May/2025:08:26:14 +0900] "GET /wp-includes/js/wp-emoji-release.min.js?ver=6.7.2 HTTP/1.1" 200 5870 "https://kahokutaku.com/shopdetail/15210291" "Mozilla/5.0 (Linux; U; Android 4.3; en-us; SM-N900T Build/JSS15J) AppleWebKit/534.30 (KHTML, like Gecko) Version/4.0 Mobile Safari/534.30" "-"
66.249.88.129 - - [10/May/2025:08:26:14 +0900] "GET /favicon.ico HTTP/1.1" 302 0 "https://kahokutaku.com/shopdetail/14034891" "Mozilla/5.0 (Linux; U; Android 4.3; en-us; SM-N900T Build/JSS15J) AppleWebKit/534.30 (KHTML, like Gecko) Version/4.0 Mobile Safari/534.30" "-"
66.249.88.137 - - [10/May/2025:08:26:14 +0900] "GET /favicon.ico HTTP/1.1" 302 0 "https://kahokutaku.com/shopdetail/8642113" "Mozilla/5.0 (X11; Linux x86_64) AppleWebKit/537.36 (KHTML, like Gecko) Chrome/121.0.0.0 Safari/537.36" "-"
74.125.210.174 - - [10/May/2025:08:26:14 +0900] "GET /favicon.ico HTTP/1.1" 302 0 "https://kahokutaku.com/shopdetail/25262213" "Mozilla/5.0 (Linux; U; Android 4.3; en-us; SM-N900T Build/JSS15J) AppleWebKit/534.30 (KHTML, like Gecko) Version/4.0 Mobile Safari/534.30" "-"
66.249.88.128 - - [10/May/2025:08:26:14 +0900] "GET /wp-includes/js/wp-emoji-release.min.js?ver=6.7.2 HTTP/1.1" 200 5870 "https://kahokutaku.com/shopdetail/17006824" "Mozilla/5.0 (X11; Linux x86_64) AppleWebKit/537.36 (KHTML, like Gecko) Chrome/121.0.0.0 Safari/537.36" "-"
74.125.210.161 - - [10/May/2025:08:26:14 +0900] "GET /wp-includes/js/wp-emoji-release.min.js?ver=6.7.2 HTTP/1.1" 200 5870 "https://kahokutaku.com/shopdetail/16314602" "Mozilla/5.0 (X11; Linux x86_64) AppleWebKit/537.36 (KHTML, like Gecko) Chrome/121.0.0.0 Safari/537.36" "-"
66.249.88.137 - - [10/May/2025:08:26:14 +0900] "GET /wp-includes/js/wp-emoji-release.min.js?ver=6.7.2 HTTP/1.1" 200 5870 "https://kahokutaku.com/shopdetail/4141868" "Mozilla/5.0 (X11; Linux x86_64) AppleWebKit/537.36 (KHTML, like Gecko) Chrome/121.0.0.0 Safari/537.36" "-"
74.125.210.160 - - [10/May/2025:08:26:14 +0900] "GET /wp-includes/js/wp-emoji-release.min.js?ver=6.7.2 HTTP/1.1" 200 5870 "https://kahokutaku.com/shopdetail/8213891" "Mozilla/5.0 (X11; Linux x86_64) AppleWebKit/537.36 (KHTML, like Gecko) Chrome/121.0.0.0 Safari/537.36" "-"
66.249.88.128 - - [10/May/2025:08:26:14 +0900] "GET /wp-includes/js/wp-emoji-release.min.js?ver=6.7.2 HTTP/1.1" 200 5870 "https://kahokutaku.com/shopdetail/10303191" "Mozilla/5.0 (X11; Linux x86_64) AppleWebKit/537.36 (KHTML, like Gecko) Chrome/121.0.0.0 Safari/537.36" "-"
74.125.210.161 - - [10/May/2025:08:26:14 +0900] "GET /favicon.ico HTTP/1.1" 302 0 "https://kahokutaku.com/shopdetail/15210291" "Mozilla/5.0 (Linux; U; Android 4.3; en-us; SM-N900T Build/JSS15J) AppleWebKit/534.30 (KHTML, like Gecko) Version/4.0 Mobile Safari/534.30" "-"
66.249.88.129 - - [10/May/2025:08:26:15 +0900] "GET /wp-includes/js/wp-emoji-release.min.js?ver=6.7.2 HTTP/1.1" 200 5870 "https://kahokutaku.com/shopdetail/4141868" "Mozilla/5.0 (X11; Linux x86_64) AppleWebKit/537.36 (KHTML, like Gecko) Chrome/121.0.0.0 Safari/537.36" "-"
66.249.88.128 - - [10/May/2025:08:26:15 +0900] "GET /favicon.ico HTTP/1.1" 302 0 "https://kahokutaku.com/shopdetail/17006824" "Mozilla/5.0 (X11; Linux x86_64) AppleWebKit/537.36 (KHTML, like Gecko) Chrome/121.0.0.0 Safari/537.36" "-"
74.125.210.161 - - [10/May/2025:08:26:15 +0900] "GET /favicon.ico HTTP/1.1" 302 0 "https://kahokutaku.com/shopdetail/15210291" "Mozilla/5.0 (Linux; U; Android 4.3; en-us; SM-N900T Build/JSS15J) AppleWebKit/534.30 (KHTML, like Gecko) Version/4.0 Mobile Safari/534.30" "-"
66.249.88.129 - - [10/May/2025:08:26:15 +0900] "GET /favicon.ico HTTP/1.1" 302 0 "https://kahokutaku.com/shopdetail/4141868" "Mozilla/5.0 (X11; Linux x86_64) AppleWebKit/537.36 (KHTML, like Gecko) Chrome/121.0.0.0 Safari/537.36" "-"
74.125.210.160 - - [10/May/2025:08:26:15 +0900] "GET /favicon.ico HTTP/1.1" 302 0 "https://kahokutaku.com/shopdetail/17867824" "Mozilla/5.0 (Linux; U; Android 4.3; en-us; SM-N900T Build/JSS15J) AppleWebKit/534.30 (KHTML, like Gecko) Version/4.0 Mobile Safari/534.30" "-"
66.249.88.128 - - [10/May/2025:08:26:15 +0900] "GET /favicon.ico HTTP/1.1" 302 0 "https://kahokutaku.com/shopdetail/10303191" "Mozilla/5.0 (X11; Linux x86_64) AppleWebKit/537.36 (KHTML, like Gecko) Chrome/121.0.0.0 Safari/537.36" "-"
74.125.210.174 - - [10/May/2025:08:26:15 +0900] "GET /favicon.ico HTTP/1.1" 302 0 "https://kahokutaku.com/shopdetail/14615157" "Mozilla/5.0 (Linux; U; Android 4.3; en-us; SM-N900T Build/JSS15J) AppleWebKit/534.30 (KHTML, like Gecko) Version/4.0 Mobile Safari/534.30" "-"
74.125.210.160 - - [10/May/2025:08:26:15 +0900] "GET /favicon.ico HTTP/1.1" 302 0 "https://kahokutaku.com/shopdetail/16314602" "Mozilla/5.0 (X11; Linux x86_64) AppleWebKit/537.36 (KHTML, like Gecko) Chrome/121.0.0.0 Safari/537.36" "-"
74.125.210.174 - - [10/May/2025:08:26:15 +0900] "GET /favicon.ico HTTP/1.1" 302 0 "https://kahokutaku.com/shopdetail/8213891" "Mozilla/5.0 (X11; Linux x86_64) AppleWebKit/537.36 (KHTML, like Gecko) Chrome/121.0.0.0 Safari/537.36" "-"
66.249.88.128 - - [10/May/2025:08:26:15 +0900] "GET /favicon.ico HTTP/1.1" 302 0 "https://kahokutaku.com/shopdetail/4141868" "Mozilla/5.0 (X11; Linux x86_64) AppleWebKit/537.36 (KHTML, like Gecko) Chrome/121.0.0.0 Safari/537.36" "-"
66.249.79.172 - - [10/May/2025:08:26:21 +0900] "GET /shopdetail/1826913 HTTP/1.1" 200 25496 "-" "Mozilla/5.0 (Linux; Android 6.0.1; Nexus 5X Build/MMB29P) AppleWebKit/537.36 (KHTML, like Gecko) Chrome/136.0.7103.59 Mobile Safari/537.36 (compatible; Googlebot/2.1; +http://www.google.com/bot.html)" "-"
193.142.147.5 - - [10/May/2025:08:26:40 +0900] "GET /wp-includes/ID3/index.php HTTP/1.1" 301 162 "-" "Mozlila/5.0 (Linux; Android 7.0; SM-G892A Bulid/NRD90M; wv) AppleWebKit/537.36 (KHTML, like Gecko) Version/4.0 Chrome/60.0.3112.107 Moblie Safari/537.36" "-"
193.142.147.5 - - [10/May/2025:08:26:43 +0900] "GET /wp-includes/ID3/index.php HTTP/1.1" 301 0 "-" "Mozlila/5.0 (Linux; Android 7.0; SM-G892A Bulid/NRD90M; wv) AppleWebKit/537.36 (KHTML, like Gecko) Version/4.0 Chrome/60.0.3112.107 Moblie Safari/537.36" "-"
193.142.147.5 - - [10/May/2025:08:26:47 +0900] "GET /wp-includes/ID3/ HTTP/1.1" 403 186 "-" "Mozlila/5.0 (Linux; Android 7.0; SM-G892A Bulid/NRD90M; wv) AppleWebKit/537.36 (KHTML, like Gecko) Version/4.0 Chrome/60.0.3112.107 Moblie Safari/537.36" "-"
193.142.147.5 - - [10/May/2025:08:26:52 +0900] "GET /wp-content/plugins/index.php HTTP/1.1" 301 162 "-" "Mozlila/5.0 (Linux; Android 7.0; SM-G892A Bulid/NRD90M; wv) AppleWebKit/537.36 (KHTML, like Gecko) Version/4.0 Chrome/60.0.3112.107 Moblie Safari/537.36" "-"
193.142.147.5 - - [10/May/2025:08:26:56 +0900] "GET /wp-content/plugins/index.php HTTP/1.1" 200 0 "-" "Mozlila/5.0 (Linux; Android 7.0; SM-G892A Bulid/NRD90M; wv) AppleWebKit/537.36 (KHTML, like Gecko) Version/4.0 Chrome/60.0.3112.107 Moblie Safari/537.36" "-"
193.142.147.5 - - [10/May/2025:08:26:59 +0900] "GET /wp-admin/network/index.php HTTP/1.1" 301 162 "-" "Mozlila/5.0 (Linux; Android 7.0; SM-G892A Bulid/NRD90M; wv) AppleWebKit/537.36 (KHTML, like Gecko) Version/4.0 Chrome/60.0.3112.107 Moblie Safari/537.36" "-"
193.142.147.5 - - [10/May/2025:08:27:03 +0900] "GET /wp-admin/network/index.php HTTP/1.1" 403 186 "-" "Mozlila/5.0 (Linux; Android 7.0; SM-G892A Bulid/NRD90M; wv) AppleWebKit/537.36 (KHTML, like Gecko) Version/4.0 Chrome/60.0.3112.107 Moblie Safari/537.36" "-"
133.32.132.160 - - [10/May/2025:08:27:08 +0900] "GET / HTTP/2.0" 200 14111 "-" "Mozilla/5.0 (iPhone; CPU iPhone OS 16_7_11 like Mac OS X) AppleWebKit/605.1.15 (KHTML, like Gecko) Mobile/15E148 Safari Line/15.5.2" "-"
193.142.147.5 - - [10/May/2025:08:27:08 +0900] "GET /wp-includes/IXR/index.php HTTP/1.1" 301 162 "-" "Mozlila/5.0 (Linux; Android 7.0; SM-G892A Bulid/NRD90M; wv) AppleWebKit/537.36 (KHTML, like Gecko) Version/4.0 Chrome/60.0.3112.107 Moblie Safari/537.36" "-"
133.32.132.160 - - [10/May/2025:08:27:09 +0900] "GET /favicon.ico HTTP/2.0" 302 0 "-" "LINE/2025.415.1834 CFNetwork/1410.1 Darwin/22.6.0" "-"
160.251.148.50 - - [10/May/2025:08:27:12 +0900] "POST /wp-cron.php?doing_wp_cron=1746833232.0964009761810302734375 HTTP/1.1" 403 186 "-" "WordPress/6.7.2; https://kahokutaku.com" "-"
193.142.147.5 - - [10/May/2025:08:27:12 +0900] "GET /wp-includes/IXR/index.php HTTP/1.1" 301 0 "-" "Mozlila/5.0 (Linux; Android 7.0; SM-G892A Bulid/NRD90M; wv) AppleWebKit/537.36 (KHTML, like Gecko) Version/4.0 Chrome/60.0.3112.107 Moblie Safari/537.36" "-"
133.32.132.160 - - [10/May/2025:08:27:12 +0900] "GET /%e7%b7%b4%e7%bf%92%e3%83%bb%e5%a4%a7%e4%bc%9a%e4%ba%88%e5%ae%9a/ HTTP/2.0" 200 12050 "https://kahokutaku.com/" "Mozilla/5.0 (iPhone; CPU iPhone OS 16_7_11 like Mac OS X) AppleWebKit/605.1.15 (KHTML, like Gecko) Mobile/15E148 Safari Line/15.5.2" "-"
133.32.132.160 - - [10/May/2025:08:27:14 +0900] "GET /favicon.ico HTTP/2.0" 302 0 "-" "LINE/2025.415.1834 CFNetwork/1410.1 Darwin/22.6.0" "-"
193.142.147.5 - - [10/May/2025:08:27:16 +0900] "GET /wp-includes/IXR/ HTTP/1.1" 403 186 "-" "Mozlila/5.0 (Linux; Android 7.0; SM-G892A Bulid/NRD90M; wv) AppleWebKit/537.36 (KHTML, like Gecko) Version/4.0 Chrome/60.0.3112.107 Moblie Safari/537.36" "-"
193.142.147.5 - - [10/May/2025:08:27:21 +0900] "GET /wp-admin/images/index.php HTTP/1.1" 301 162 "-" "Mozlila/5.0 (Linux; Android 7.0; SM-G892A Bulid/NRD90M; wv) AppleWebKit/537.36 (KHTML, like Gecko) Version/4.0 Chrome/60.0.3112.107 Moblie Safari/537.36" "-"
193.142.147.5 - - [10/May/2025:08:27:24 +0900] "GET /wp-admin/images/index.php HTTP/1.1" 403 186 "-" "Mozlila/5.0 (Linux; Android 7.0; SM-G892A Bulid/NRD90M; wv) AppleWebKit/537.36 (KHTML, like Gecko) Version/4.0 Chrome/60.0.3112.107 Moblie Safari/537.36" "-"
193.142.147.5 - - [10/May/2025:08:27:29 +0900] "GET /wp-login.php HTTP/1.1" 301 162 "-" "Mozlila/5.0 (Linux; Android 7.0; SM-G892A Bulid/NRD90M; wv) AppleWebKit/537.36 (KHTML, like Gecko) Version/4.0 Chrome/60.0.3112.107 Moblie Safari/537.36" "-"
18.222.194.136 - - [10/May/2025:08:27:31 +0900] "GET /shopdetail/16257991 HTTP/2.0" 404 11672 "-" "Mozilla/5.0 AppleWebKit/537.36 (KHTML, like Gecko; compatible; ClaudeBot/1.0; +claudebot@anthropic.com)" "-"
18.222.194.136 - - [10/May/2025:08:27:31 +0900] "GET /wp-includes/js/dist/script-modules/interactivity/index.min.js?ver=907ea3b2f317a78b7b9b HTTP/2.0" 200 15440 "https://kahokutaku.com/shopdetail/16257991" "Mozilla/5.0 AppleWebKit/537.36 (KHTML, like Gecko; compatible; ClaudeBot/1.0; +claudebot@anthropic.com)" "-"
18.222.194.136 - - [10/May/2025:08:27:31 +0900] "GET /wp-includes/js/dist/script-modules/block-library/navigation/view.min.js?ver=8ff192874fc8910a284c HTTP/2.0" 200 1206 "https://kahokutaku.com/shopdetail/16257991" "Mozilla/5.0 AppleWebKit/537.36 (KHTML, like Gecko; compatible; ClaudeBot/1.0; +claudebot@anthropic.com)" "-"
18.222.194.136 - - [10/May/2025:08:27:31 +0900] "GET /wp-includes/js/jquery/jquery.min.js?ver=3.7.1 HTTP/2.0" 200 35438 "https://kahokutaku.com/shopdetail/16257991" "Mozilla/5.0 AppleWebKit/537.36 (KHTML, like Gecko; compatible; ClaudeBot/1.0; +claudebot@anthropic.com)" "-"
18.222.194.136 - - [10/May/2025:08:27:31 +0900] "GET /wp-content/plugins/contact-form-7/includes/swv/js/index.js?ver=5.7.4 HTTP/2.0" 200 3350 "https://kahokutaku.com/shopdetail/16257991" "Mozilla/5.0 AppleWebKit/537.36 (KHTML, like Gecko; compatible; ClaudeBot/1.0; +claudebot@anthropic.com)" "-"
18.222.194.136 - - [10/May/2025:08:27:31 +0900] "GET /wp-includes/js/jquery/jquery-migrate.min.js?ver=3.4.1 HTTP/2.0" 200 5342 "https://kahokutaku.com/shopdetail/16257991" "Mozilla/5.0 AppleWebKit/537.36 (KHTML, like Gecko; compatible; ClaudeBot/1.0; +claudebot@anthropic.com)" "-"
18.222.194.136 - - [10/May/2025:08:27:31 +0900] "GET /wp-content/plugins/contact-form-7/includes/js/index.js?ver=5.7.4 HTTP/2.0" 200 4681 "https://kahokutaku.com/shopdetail/16257991" "Mozilla/5.0 AppleWebKit/537.36 (KHTML, like Gecko; compatible; ClaudeBot/1.0; +claudebot@anthropic.com)" "-"
18.222.194.136 - - [10/May/2025:08:27:31 +0900] "GET /wp-content/plugins/shortcodes-ultimate/includes/js/shortcodes/index.js?ver=5.12.8 HTTP/2.0" 200 4854 "https://kahokutaku.com/shopdetail/16257991" "Mozilla/5.0 AppleWebKit/537.36 (KHTML, like Gecko; compatible; ClaudeBot/1.0; +claudebot@anthropic.com)" "-"
18.222.194.136 - - [10/May/2025:08:27:31 +0900] "GET /wp-content/plugins/shortcodes-ultimate/vendor/jquery-inview/jquery-inview.js?ver=1.1.2 HTTP/2.0" 200 780 "https://kahokutaku.com/shopdetail/16257991" "Mozilla/5.0 AppleWebKit/537.36 (KHTML, like Gecko; compatible; ClaudeBot/1.0; +claudebot@anthropic.com)" "-"
18.222.194.136 - - [10/May/2025:08:27:32 +0900] "GET /wp-includes/js/wp-emoji-release.min.js?ver=6.7.2 HTTP/2.0" 200 5857 "https://kahokutaku.com/shopdetail/16257991" "Mozilla/5.0 AppleWebKit/537.36 (KHTML, like Gecko; compatible; ClaudeBot/1.0; +claudebot@anthropic.com)" "-"
193.142.147.5 - - [10/May/2025:08:27:33 +0900] "GET /wp-login.php HTTP/1.1" 403 186 "-" "Mozlila/5.0 (Linux; Android 7.0; SM-G892A Bulid/NRD90M; wv) AppleWebKit/537.36 (KHTML, like Gecko) Version/4.0 Chrome/60.0.3112.107 Moblie Safari/537.36" "-"
193.142.147.5 - - [10/May/2025:08:27:36 +0900] "GET /wp-content/plugins/admin.php HTTP/1.1" 301 162 "-" "Mozlila/5.0 (Linux; Android 7.0; SM-G892A Bulid/NRD90M; wv) AppleWebKit/537.36 (KHTML, like Gecko) Version/4.0 Chrome/60.0.3112.107 Moblie Safari/537.36" "-"
193.142.147.5 - - [10/May/2025:08:27:40 +0900] "GET /wp-content/plugins/admin.php HTTP/1.1" 403 186 "-" "Mozlila/5.0 (Linux; Android 7.0; SM-G892A Bulid/NRD90M; wv) AppleWebKit/537.36 (KHTML, like Gecko) Version/4.0 Chrome/60.0.3112.107 Moblie Safari/537.36" "-"
193.142.147.5 - - [10/May/2025:08:27:44 +0900] "GET /xmlrpc.php HTTP/1.1" 301 162 "-" "Mozlila/5.0 (Linux; Android 7.0; SM-G892A Bulid/NRD90M; wv) AppleWebKit/537.36 (KHTML, like Gecko) Version/4.0 Chrome/60.0.3112.107 Moblie Safari/537.36" "-"
193.142.147.5 - - [10/May/2025:08:27:46 +0900] "GET /xmlrpc.php HTTP/1.1" 403 186 "-" "Mozlila/5.0 (Linux; Android 7.0; SM-G892A Bulid/NRD90M; wv) AppleWebKit/537.36 (KHTML, like Gecko) Version/4.0 Chrome/60.0.3112.107 Moblie Safari/537.36" "-"
193.142.147.5 - - [10/May/2025:08:27:51 +0900] "GET /wp-admin.php HTTP/1.1" 301 162 "-" "Mozlila/5.0 (Linux; Android 7.0; SM-G892A Bulid/NRD90M; wv) AppleWebKit/537.36 (KHTML, like Gecko) Version/4.0 Chrome/60.0.3112.107 Moblie Safari/537.36" "-"
193.142.147.5 - - [10/May/2025:08:27:55 +0900] "GET /wp-admin.php HTTP/1.1" 403 186 "-" "Mozlila/5.0 (Linux; Android 7.0; SM-G892A Bulid/NRD90M; wv) AppleWebKit/537.36 (KHTML, like Gecko) Version/4.0 Chrome/60.0.3112.107 Moblie Safari/537.36" "-"
193.142.147.5 - - [10/May/2025:08:27:59 +0900] "GET /wp-content/plugins/Core-Econ/upH.php HTTP/1.1" 301 162 "-" "Mozlila/5.0 (Linux; Android 7.0; SM-G892A Bulid/NRD90M; wv) AppleWebKit/537.36 (KHTML, like Gecko) Version/4.0 Chrome/60.0.3112.107 Moblie Safari/537.36" "-"
193.142.147.5 - - [10/May/2025:08:28:02 +0900] "GET /wp-content/plugins/Core-Econ/upH.php HTTP/1.1" 301 0 "-" "Mozlila/5.0 (Linux; Android 7.0; SM-G892A Bulid/NRD90M; wv) AppleWebKit/537.36 (KHTML, like Gecko) Version/4.0 Chrome/60.0.3112.107 Moblie Safari/537.36" "-"
193.142.147.5 - - [10/May/2025:08:28:06 +0900] "GET /wp-content/plugins/Core-Econ/upH.php HTTP/1.1" 404 11685 "-" "Mozlila/5.0 (Linux; Android 7.0; SM-G892A Bulid/NRD90M; wv) AppleWebKit/537.36 (KHTML, like Gecko) Version/4.0 Chrome/60.0.3112.107 Moblie Safari/537.36" "-"
193.142.147.5 - - [10/May/2025:08:28:11 +0900] "GET /wp-content/plugins/fix/up.php HTTP/1.1" 301 162 "-" "Mozlila/5.0 (Linux; Android 7.0; SM-G892A Bulid/NRD90M; wv) AppleWebKit/537.36 (KHTML, like Gecko) Version/4.0 Chrome/60.0.3112.107 Moblie Safari/537.36" "-"
66.249.79.160 - - [10/May/2025:08:28:14 +0900] "GET /shopdetail/8447591 HTTP/1.1" 200 22921 "-" "Mozilla/5.0 (Linux; Android 6.0.1; Nexus 5X Build/MMB29P) AppleWebKit/537.36 (KHTML, like Gecko) Chrome/136.0.7103.59 Mobile Safari/537.36 (compatible; Googlebot/2.1; +http://www.google.com/bot.html)" "-"
160.251.148.50 - - [10/May/2025:08:28:14 +0900] "POST /wp-cron.php?doing_wp_cron=1746833294.9433190822601318359375 HTTP/1.1" 403 186 "-" "WordPress/6.7.2; https://kahokutaku.com" "-"
193.142.147.5 - - [10/May/2025:08:28:14 +0900] "GET /wp-content/plugins/fix/up.php HTTP/1.1" 301 0 "-" "Mozlila/5.0 (Linux; Android 7.0; SM-G892A Bulid/NRD90M; wv) AppleWebKit/537.36 (KHTML, like Gecko) Version/4.0 Chrome/60.0.3112.107 Moblie Safari/537.36" "-"
193.142.147.5 - - [10/May/2025:08:28:19 +0900] "GET /wp-content/plugins/fix/up.php HTTP/1.1" 404 11685 "-" "Mozlila/5.0 (Linux; Android 7.0; SM-G892A Bulid/NRD90M; wv) AppleWebKit/537.36 (KHTML, like Gecko) Version/4.0 Chrome/60.0.3112.107 Moblie Safari/537.36" "-"
193.142.147.5 - - [10/May/2025:08:28:25 +0900] "GET /wp-content/plugins/pwnd/pwnd.php HTTP/1.1" 301 162 "-" "Mozlila/5.0 (Linux; Android 7.0; SM-G892A Bulid/NRD90M; wv) AppleWebKit/537.36 (KHTML, like Gecko) Version/4.0 Chrome/60.0.3112.107 Moblie Safari/537.36" "-"
193.142.147.5 - - [10/May/2025:08:28:28 +0900] "GET /wp-content/plugins/pwnd/pwnd.php HTTP/1.1" 301 0 "-" "Mozlila/5.0 (Linux; Android 7.0; SM-G892A Bulid/NRD90M; wv) AppleWebKit/537.36 (KHTML, like Gecko) Version/4.0 Chrome/60.0.3112.107 Moblie Safari/537.36" "-"
193.142.147.5 - - [10/May/2025:08:28:33 +0900] "GET /wp-content/plugins/pwnd/pwnd.php HTTP/1.1" 404 11685 "-" "Mozlila/5.0 (Linux; Android 7.0; SM-G892A Bulid/NRD90M; wv) AppleWebKit/537.36 (KHTML, like Gecko) Version/4.0 Chrome/60.0.3112.107 Moblie Safari/537.36" "-"
193.142.147.5 - - [10/May/2025:08:28:39 +0900] "GET /wp-content/plugins/shell/noimg.php HTTP/1.1" 301 162 "-" "Mozlila/5.0 (Linux; Android 7.0; SM-G892A Bulid/NRD90M; wv) AppleWebKit/537.36 (KHTML, like Gecko) Version/4.0 Chrome/60.0.3112.107 Moblie Safari/537.36" "-"
193.142.147.5 - - [10/May/2025:08:28:42 +0900] "GET /wp-content/plugins/shell/noimg.php HTTP/1.1" 301 0 "-" "Mozlila/5.0 (Linux; Android 7.0; SM-G892A Bulid/NRD90M; wv) AppleWebKit/537.36 (KHTML, like Gecko) Version/4.0 Chrome/60.0.3112.107 Moblie Safari/537.36" "-"
193.142.147.5 - - [10/May/2025:08:28:46 +0900] "GET /wp-content/plugins/shell/noimg.php HTTP/1.1" 404 11685 "-" "Mozlila/5.0 (Linux; Android 7.0; SM-G892A Bulid/NRD90M; wv) AppleWebKit/537.36 (KHTML, like Gecko) Version/4.0 Chrome/60.0.3112.107 Moblie Safari/537.36" "-"
193.142.147.5 - - [10/May/2025:08:28:52 +0900] "GET /WSOEnigma.php HTTP/1.1" 301 162 "-" "Mozlila/5.0 (Linux; Android 7.0; SM-G892A Bulid/NRD90M; wv) AppleWebKit/537.36 (KHTML, like Gecko) Version/4.0 Chrome/60.0.3112.107 Moblie Safari/537.36" "-"
193.142.147.5 - - [10/May/2025:08:28:55 +0900] "GET /WSOEnigma.php HTTP/1.1" 403 186 "-" "Mozlila/5.0 (Linux; Android 7.0; SM-G892A Bulid/NRD90M; wv) AppleWebKit/537.36 (KHTML, like Gecko) Version/4.0 Chrome/60.0.3112.107 Moblie Safari/537.36" "-"
193.142.147.5 - - [10/May/2025:08:28:59 +0900] "GET /wp-content/plugins/pwnd-1/pwnd.php HTTP/1.1" 301 162 "-" "Mozlila/5.0 (Linux; Android 7.0; SM-G892A Bulid/NRD90M; wv) AppleWebKit/537.36 (KHTML, like Gecko) Version/4.0 Chrome/60.0.3112.107 Moblie Safari/537.36" "-"
193.142.147.5 - - [10/May/2025:08:29:03 +0900] "GET /wp-content/plugins/pwnd-1/pwnd.php HTTP/1.1" 301 0 "-" "Mozlila/5.0 (Linux; Android 7.0; SM-G892A Bulid/NRD90M; wv) AppleWebKit/537.36 (KHTML, like Gecko) Version/4.0 Chrome/60.0.3112.107 Moblie Safari/537.36" "-"
193.142.147.5 - - [10/May/2025:08:29:07 +0900] "GET /wp-content/plugins/pwnd-1/pwnd.php HTTP/1.1" 404 11685 "-" "Mozlila/5.0 (Linux; Android 7.0; SM-G892A Bulid/NRD90M; wv) AppleWebKit/537.36 (KHTML, like Gecko) Version/4.0 Chrome/60.0.3112.107 Moblie Safari/537.36" "-"
193.142.147.5 - - [10/May/2025:08:29:12 +0900] "GET /wp-content/plugins/dummyyummy/wp-signup.php HTTP/1.1" 301 162 "-" "Mozlila/5.0 (Linux; Android 7.0; SM-G892A Bulid/NRD90M; wv) AppleWebKit/537.36 (KHTML, like Gecko) Version/4.0 Chrome/60.0.3112.107 Moblie Safari/537.36" "-"
160.251.148.50 - - [10/May/2025:08:29:15 +0900] "POST /wp-cron.php?doing_wp_cron=1746833355.1319179534912109375000 HTTP/1.1" 403 186 "-" "WordPress/6.7.2; https://kahokutaku.com" "-"
193.142.147.5 - - [10/May/2025:08:29:15 +0900] "GET /wp-content/plugins/dummyyummy/wp-signup.php HTTP/1.1" 301 0 "-" "Mozlila/5.0 (Linux; Android 7.0; SM-G892A Bulid/NRD90M; wv) AppleWebKit/537.36 (KHTML, like Gecko) Version/4.0 Chrome/60.0.3112.107 Moblie Safari/537.36" "-"
193.142.147.5 - - [10/May/2025:08:29:19 +0900] "GET /wp-content/plugins/dummyyummy/wp-signup.php HTTP/1.1" 404 11685 "-" "Mozlila/5.0 (Linux; Android 7.0; SM-G892A Bulid/NRD90M; wv) AppleWebKit/537.36 (KHTML, like Gecko) Version/4.0 Chrome/60.0.3112.107 Moblie Safari/537.36" "-"
193.142.147.5 - - [10/May/2025:08:29:25 +0900] "GET /wp-content/plugins/clara/clara.php HTTP/1.1" 301 162 "-" "Mozlila/5.0 (Linux; Android 7.0; SM-G892A Bulid/NRD90M; wv) AppleWebKit/537.36 (KHTML, like Gecko) Version/4.0 Chrome/60.0.3112.107 Moblie Safari/537.36" "-"
193.142.147.5 - - [10/May/2025:08:29:28 +0900] "GET /wp-content/plugins/clara/clara.php HTTP/1.1" 301 0 "-" "Mozlila/5.0 (Linux; Android 7.0; SM-G892A Bulid/NRD90M; wv) AppleWebKit/537.36 (KHTML, like Gecko) Version/4.0 Chrome/60.0.3112.107 Moblie Safari/537.36" "-"
193.142.147.5 - - [10/May/2025:08:29:32 +0900] "GET /wp-content/plugins/clara/clara.php HTTP/1.1" 404 11685 "-" "Mozlila/5.0 (Linux; Android 7.0; SM-G892A Bulid/NRD90M; wv) AppleWebKit/537.36 (KHTML, like Gecko) Version/4.0 Chrome/60.0.3112.107 Moblie Safari/537.36" "-"
66.249.79.172 - - [10/May/2025:08:30:13 +0900] "GET /shopdetail/26978891 HTTP/1.1" 200 24659 "-" "Mozilla/5.0 (compatible; Googlebot/2.1; +http://www.google.com/bot.html)" "-"
66.249.79.160 - - [10/May/2025:08:35:23 +0900] "GET /shopdetail/30047235 HTTP/1.1" 200 26553 "-" "Mozilla/5.0 (Linux; Android 6.0.1; Nexus 5X Build/MMB29P) AppleWebKit/537.36 (KHTML, like Gecko) Chrome/136.0.7103.59 Mobile Safari/537.36 (compatible; Googlebot/2.1; +http://www.google.com/bot.html)" "-"
3.221.156.96 - - [10/May/2025:08:35:54 +0900] "GET /shopdetail/20841868 HTTP/1.1" 403 0 "-" "Mozilla/5.0 AppleWebKit/537.36 (KHTML, like Gecko; compatible; Amazonbot/0.1; +https://developer.amazon.com/support/amazonbot) Chrome/119.0.6045.214 Safari/537.36" "-"
160.251.148.50 - - [10/May/2025:08:36:53 +0900] "POST /wp-cron.php?doing_wp_cron=1746833813.0134539604187011718750 HTTP/1.1" 403 186 "-" "WordPress/6.7.2; https://kahokutaku.com" "-"
106.128.103.190 - - [10/May/2025:08:36:53 +0900] "GET / HTTP/2.0" 200 14111 "-" "Mozilla/5.0 (Linux; Android 10; K) AppleWebKit/537.36 (KHTML, like Gecko) Chrome/136.0.0.0 Mobile Safari/537.36" "-"
106.128.103.190 - - [10/May/2025:08:36:54 +0900] "GET /%e7%b7%b4%e7%bf%92%e3%83%bb%e5%a4%a7%e4%bc%9a%e4%ba%88%e5%ae%9a/ HTTP/2.0" 200 12050 "https://kahokutaku.com/" "Mozilla/5.0 (Linux; Android 10; K) AppleWebKit/537.36 (KHTML, like Gecko) Chrome/136.0.0.0 Mobile Safari/537.36" "-"
66.249.79.173 - - [10/May/2025:08:38:29 +0900] "GET /shopdetail/24700235 HTTP/1.1" 200 23070 "-" "Mozilla/5.0 (compatible; Googlebot/2.1; +http://www.google.com/bot.html)" "-"
66.249.79.173 - - [10/May/2025:08:38:50 +0900] "GET /shopdetail/8789368 HTTP/1.1" 200 23652 "-" "Mozilla/5.0 (Linux; Android 6.0.1; Nexus 5X Build/MMB29P) AppleWebKit/537.36 (KHTML, like Gecko) Chrome/136.0.7103.59 Mobile Safari/537.36 (compatible; Googlebot/2.1; +http://www.google.com/bot.html)" "-"
66.249.79.172 - - [10/May/2025:08:41:16 +0900] "GET /shopdetail/7612502 HTTP/1.1" 200 22422 "-" "Mozilla/5.0 (Linux; Android 6.0.1; Nexus 5X Build/MMB29P) AppleWebKit/537.36 (KHTML, like Gecko) Chrome/136.0.7103.59 Mobile Safari/537.36 (compatible; Googlebot/2.1; +http://www.google.com/bot.html)" "-"
66.249.79.173 - - [10/May/2025:08:41:47 +0900] "GET /shopdetail/17901079 HTTP/1.1" 200 22840 "-" "Mozilla/5.0 (Linux; Android 6.0.1; Nexus 5X Build/MMB29P) AppleWebKit/537.36 (KHTML, like Gecko) Chrome/136.0.7103.59 Mobile Safari/537.36 (compatible; Googlebot/2.1; +http://www.google.com/bot.html)" "-"
66.249.79.172 - - [10/May/2025:08:42:27 +0900] "POST /get-message-notify HTTP/1.1" 200 22945 "https://www.kahokutaku.com/shopdetail/17901079" "Mozilla/5.0 (Linux; Android 6.0.1; Nexus 5X Build/MMB29P) AppleWebKit/537.36 (KHTML, like Gecko) Chrome/135.0.7049.114 Mobile Safari/537.36 (compatible; Googlebot/2.1; +http://www.google.com/bot.html)" "-"
66.249.79.173 - - [10/May/2025:08:45:36 +0900] "GET /shopdetail/17448624 HTTP/1.1" 200 23177 "-" "Mozilla/5.0 (Linux; Android 6.0.1; Nexus 5X Build/MMB29P) AppleWebKit/537.36 (KHTML, like Gecko) Chrome/136.0.7103.59 Mobile Safari/537.36 (compatible; Googlebot/2.1; +http://www.google.com/bot.html)" "-"
