57.141.2.5 - - [28/May/2025:04:56:43 +0900] "GET /shopdetail/25863146 HTTP/2.0" 404 43580 "-" "meta-externalagent/1.1 (+https://developers.facebook.com/docs/sharing/webmasters/crawler)" "-"
57.141.2.17 - - [28/May/2025:04:56:44 +0900] "GET /shopdetail/8461980 HTTP/2.0" 404 43580 "-" "meta-externalagent/1.1 (+https://developers.facebook.com/docs/sharing/webmasters/crawler)" "-"
57.141.2.29 - - [28/May/2025:04:56:48 +0900] "GET /shopdetail/21535235 HTTP/2.0" 404 43580 "-" "meta-externalagent/1.1 (+https://developers.facebook.com/docs/sharing/webmasters/crawler)" "-"
57.141.2.8 - - [28/May/2025:04:56:49 +0900] "GET /shopdetail/28448779 HTTP/2.0" 404 43580 "-" "meta-externalagent/1.1 (+https://developers.facebook.com/docs/sharing/webmasters/crawler)" "-"
57.141.2.24 - - [28/May/2025:04:56:53 +0900] "GET /shopdetail/4344335 HTTP/2.0" 404 43580 "-" "meta-externalagent/1.1 (+https://developers.facebook.com/docs/sharing/webmasters/crawler)" "-"
57.141.2.30 - - [28/May/2025:04:56:55 +0900] "GET /shopdetail/2510146 HTTP/2.0" 404 43580 "-" "meta-externalagent/1.1 (+https://developers.facebook.com/docs/sharing/webmasters/crawler)" "-"
40.77.167.65 - - [28/May/2025:04:57:50 +0900] "GET /shopdetail/8168002 HTTP/2.0" 200 24089 "-" "Mozilla/5.0 AppleWebKit/537.36 (KHTML, like Gecko; compatible; bingbot/2.0; +http://www.bing.com/bingbot.htm) Chrome/116.0.1938.76 Safari/537.36" "-"
207.46.13.127 - - [28/May/2025:04:58:28 +0900] "GET /shopdetail/11835880 HTTP/2.0" 200 22603 "-" "Mozilla/5.0 AppleWebKit/537.36 (KHTML, like Gecko; compatible; bingbot/2.0; +http://www.bing.com/bingbot.htm) Chrome/116.0.1938.76 Safari/537.36" "-"
160.251.148.50 - - [28/May/2025:04:59:02 +0900] "POST /wp-cron.php?doing_wp_cron=1748375942.6104691028594970703125 HTTP/1.1" 403 186 "-" "WordPress/6.7.2; https://kahokutaku.com" "-"
57.141.2.11 - - [28/May/2025:04:59:02 +0900] "GET /shopdetail/27513557 HTTP/2.0" 404 43580 "-" "meta-externalagent/1.1 (+https://developers.facebook.com/docs/sharing/webmasters/crawler)" "-"
57.141.2.13 - - [28/May/2025:04:59:02 +0900] "GET /shopdetail/10917457 HTTP/2.0" 404 43580 "-" "meta-externalagent/1.1 (+https://developers.facebook.com/docs/sharing/webmasters/crawler)" "-"
57.141.2.3 - - [28/May/2025:04:59:03 +0900] "GET /shopdetail/25235379 HTTP/2.0" 404 43580 "-" "meta-externalagent/1.1 (+https://developers.facebook.com/docs/sharing/webmasters/crawler)" "-"
57.141.2.19 - - [28/May/2025:04:59:06 +0900] "GET /shopdetail/15446602 HTTP/2.0" 404 43580 "-" "meta-externalagent/1.1 (+https://developers.facebook.com/docs/sharing/webmasters/crawler)" "-"
57.141.2.4 - - [28/May/2025:04:59:08 +0900] "GET /shopdetail/28061157 HTTP/2.0" 404 43580 "-" "meta-externalagent/1.1 (+https://developers.facebook.com/docs/sharing/webmasters/crawler)" "-"
57.141.2.10 - - [28/May/2025:04:59:10 +0900] "GET /shopdetail/27236535 HTTP/2.0" 404 43580 "-" "meta-externalagent/1.1 (+https://developers.facebook.com/docs/sharing/webmasters/crawler)" "-"
57.141.2.14 - - [28/May/2025:04:59:11 +0900] "GET /shopdetail/20845924 HTTP/2.0" 404 43580 "-" "meta-externalagent/1.1 (+https://developers.facebook.com/docs/sharing/webmasters/crawler)" "-"
57.141.2.20 - - [28/May/2025:04:59:13 +0900] "GET /shopdetail/3513524 HTTP/2.0" 404 43580 "-" "meta-externalagent/1.1 (+https://developers.facebook.com/docs/sharing/webmasters/crawler)" "-"
57.141.2.28 - - [28/May/2025:04:59:13 +0900] "GET /shopdetail/17470735 HTTP/2.0" 404 43580 "-" "meta-externalagent/1.1 (+https://developers.facebook.com/docs/sharing/webmasters/crawler)" "-"
57.141.2.25 - - [28/May/2025:04:59:16 +0900] "GET /shopdetail/25882124 HTTP/2.0" 404 43580 "-" "meta-externalagent/1.1 (+https://developers.facebook.com/docs/sharing/webmasters/crawler)" "-"
57.141.2.7 - - [28/May/2025:04:59:17 +0900] "GET /shopdetail/2771246 HTTP/2.0" 404 43580 "-" "meta-externalagent/1.1 (+https://developers.facebook.com/docs/sharing/webmasters/crawler)" "-"
57.141.2.6 - - [28/May/2025:04:59:18 +0900] "GET /shopdetail/24136168 HTTP/2.0" 404 43580 "-" "meta-externalagent/1.1 (+https://developers.facebook.com/docs/sharing/webmasters/crawler)" "-"
57.141.2.7 - - [28/May/2025:04:59:20 +0900] "GET /shopdetail/2620179 HTTP/2.0" 404 43580 "-" "meta-externalagent/1.1 (+https://developers.facebook.com/docs/sharing/webmasters/crawler)" "-"
57.141.2.14 - - [28/May/2025:04:59:22 +0900] "GET /shopdetail/28538579 HTTP/2.0" 404 43580 "-" "meta-externalagent/1.1 (+https://developers.facebook.com/docs/sharing/webmasters/crawler)" "-"
57.141.2.10 - - [28/May/2025:04:59:24 +0900] "GET /shopdetail/25236779 HTTP/2.0" 404 43580 "-" "meta-externalagent/1.1 (+https://developers.facebook.com/docs/sharing/webmasters/crawler)" "-"
57.141.2.17 - - [28/May/2025:04:59:25 +0900] "GET /shopdetail/26227113 HTTP/2.0" 404 43580 "-" "meta-externalagent/1.1 (+https://developers.facebook.com/docs/sharing/webmasters/crawler)" "-"
57.141.2.16 - - [28/May/2025:04:59:26 +0900] "GET /shopdetail/15211280 HTTP/2.0" 404 43580 "-" "meta-externalagent/1.1 (+https://developers.facebook.com/docs/sharing/webmasters/crawler)" "-"
57.141.2.10 - - [28/May/2025:04:59:26 +0900] "GET /shopdetail/7118579 HTTP/2.0" 404 43580 "-" "meta-externalagent/1.1 (+https://developers.facebook.com/docs/sharing/webmasters/crawler)" "-"
57.141.2.16 - - [28/May/2025:04:59:27 +0900] "GET /shopdetail/25484313 HTTP/2.0" 404 43580 "-" "meta-externalagent/1.1 (+https://developers.facebook.com/docs/sharing/webmasters/crawler)" "-"
57.141.2.11 - - [28/May/2025:04:59:30 +0900] "GET /shopdetail/29991868 HTTP/2.0" 404 43580 "-" "meta-externalagent/1.1 (+https://developers.facebook.com/docs/sharing/webmasters/crawler)" "-"
57.141.2.13 - - [28/May/2025:04:59:33 +0900] "GET /shopdetail/26189157 HTTP/2.0" 404 43580 "-" "meta-externalagent/1.1 (+https://developers.facebook.com/docs/sharing/webmasters/crawler)" "-"
57.141.2.20 - - [28/May/2025:04:59:36 +0900] "GET /shopdetail/30756846 HTTP/2.0" 404 43580 "-" "meta-externalagent/1.1 (+https://developers.facebook.com/docs/sharing/webmasters/crawler)" "-"
57.141.2.10 - - [28/May/2025:04:59:38 +0900] "GET /shopdetail/22806035 HTTP/2.0" 404 43580 "-" "meta-externalagent/1.1 (+https://developers.facebook.com/docs/sharing/webmasters/crawler)" "-"
57.141.2.20 - - [28/May/2025:04:59:40 +0900] "GET /shopdetail/8426446 HTTP/2.0" 404 43580 "-" "meta-externalagent/1.1 (+https://developers.facebook.com/docs/sharing/webmasters/crawler)" "-"
57.141.2.28 - - [28/May/2025:04:59:40 +0900] "GET /shopdetail/10283268 HTTP/2.0" 404 43580 "-" "meta-externalagent/1.1 (+https://developers.facebook.com/docs/sharing/webmasters/crawler)" "-"
57.141.2.11 - - [28/May/2025:04:59:41 +0900] "GET /shopdetail/1981380 HTTP/2.0" 404 43580 "-" "meta-externalagent/1.1 (+https://developers.facebook.com/docs/sharing/webmasters/crawler)" "-"
57.141.2.16 - - [28/May/2025:04:59:42 +0900] "GET /shopdetail/15963213 HTTP/2.0" 404 43580 "-" "meta-externalagent/1.1 (+https://developers.facebook.com/docs/sharing/webmasters/crawler)" "-"
57.141.2.8 - - [28/May/2025:04:59:43 +0900] "GET /shopdetail/12075379 HTTP/2.0" 404 43580 "-" "meta-externalagent/1.1 (+https://developers.facebook.com/docs/sharing/webmasters/crawler)" "-"
57.141.2.20 - - [28/May/2025:04:59:44 +0900] "GET /shopdetail/2387980 HTTP/2.0" 404 43580 "-" "meta-externalagent/1.1 (+https://developers.facebook.com/docs/sharing/webmasters/crawler)" "-"
57.141.2.16 - - [28/May/2025:04:59:45 +0900] "GET /shopdetail/11336191 HTTP/2.0" 404 43580 "-" "meta-externalagent/1.1 (+https://developers.facebook.com/docs/sharing/webmasters/crawler)" "-"
57.141.2.21 - - [28/May/2025:04:59:47 +0900] "GET /shopdetail/2115680 HTTP/2.0" 404 43580 "-" "meta-externalagent/1.1 (+https://developers.facebook.com/docs/sharing/webmasters/crawler)" "-"
57.141.2.29 - - [28/May/2025:04:59:48 +0900] "GET /shopdetail/28817368 HTTP/2.0" 404 43580 "-" "meta-externalagent/1.1 (+https://developers.facebook.com/docs/sharing/webmasters/crawler)" "-"
57.141.2.22 - - [28/May/2025:04:59:48 +0900] "GET /shopdetail/27016591 HTTP/2.0" 404 43580 "-" "meta-externalagent/1.1 (+https://developers.facebook.com/docs/sharing/webmasters/crawler)" "-"
57.141.2.4 - - [28/May/2025:04:59:50 +0900] "GET /shopdetail/5282424 HTTP/2.0" 404 43580 "-" "meta-externalagent/1.1 (+https://developers.facebook.com/docs/sharing/webmasters/crawler)" "-"
57.141.2.5 - - [28/May/2025:04:59:58 +0900] "GET /shopdetail/5144291 HTTP/2.0" 404 43580 "-" "meta-externalagent/1.1 (+https://developers.facebook.com/docs/sharing/webmasters/crawler)" "-"
57.141.2.11 - - [28/May/2025:05:00:01 +0900] "GET /shopdetail/13842846 HTTP/2.0" 404 43580 "-" "meta-externalagent/1.1 (+https://developers.facebook.com/docs/sharing/webmasters/crawler)" "-"
57.141.2.9 - - [28/May/2025:05:00:02 +0900] "GET /shopdetail/27016591 HTTP/2.0" 404 43580 "-" "meta-externalagent/1.1 (+https://developers.facebook.com/docs/sharing/webmasters/crawler)" "-"
160.251.148.50 - - [28/May/2025:05:00:04 +0900] "POST /wp-cron.php?doing_wp_cron=1748376004.8107180595397949218750 HTTP/1.1" 403 186 "-" "WordPress/6.7.2; https://kahokutaku.com" "-"
57.141.2.13 - - [28/May/2025:05:00:04 +0900] "GET /shopdetail/24654491 HTTP/2.0" 404 43580 "-" "meta-externalagent/1.1 (+https://developers.facebook.com/docs/sharing/webmasters/crawler)" "-"
57.141.2.17 - - [28/May/2025:05:00:08 +0900] "GET /shopdetail/3434124 HTTP/2.0" 404 43580 "-" "meta-externalagent/1.1 (+https://developers.facebook.com/docs/sharing/webmasters/crawler)" "-"
57.141.2.18 - - [28/May/2025:05:00:11 +0900] "GET /shopdetail/2171002 HTTP/2.0" 404 43580 "-" "meta-externalagent/1.1 (+https://developers.facebook.com/docs/sharing/webmasters/crawler)" "-"
52.167.144.204 - - [28/May/2025:05:00:40 +0900] "GET / HTTP/2.0" 200 22953 "-" "Mozilla/5.0 AppleWebKit/537.36 (KHTML, like Gecko; compatible; bingbot/2.0; +http://www.bing.com/bingbot.htm) Chrome/116.0.1938.76 Safari/537.36" "-"
66.249.79.160 - - [28/May/2025:05:01:15 +0900] "GET /shopdetail/8278346 HTTP/1.1" 200 22638 "-" "Mozilla/5.0 (Linux; Android 6.0.1; Nexus 5X Build/MMB29P) AppleWebKit/537.36 (KHTML, like Gecko) Chrome/136.0.7103.113 Mobile Safari/537.36 (compatible; Googlebot/2.1; +http://www.google.com/bot.html)" "-"
160.251.148.50 - - [28/May/2025:05:02:07 +0900] "POST /wp-cron.php?doing_wp_cron=1748376127.2480609416961669921875 HTTP/1.1" 403 186 "-" "WordPress/6.7.2; https://kahokutaku.com" "-"
57.141.2.24 - - [28/May/2025:05:02:07 +0900] "GET /shopdetail/19922402 HTTP/2.0" 404 43580 "-" "meta-externalagent/1.1 (+https://developers.facebook.com/docs/sharing/webmasters/crawler)" "-"
57.141.2.27 - - [28/May/2025:05:02:10 +0900] "GET /shopdetail/2323446 HTTP/2.0" 404 43580 "-" "meta-externalagent/1.1 (+https://developers.facebook.com/docs/sharing/webmasters/crawler)" "-"
57.141.2.16 - - [28/May/2025:05:02:10 +0900] "GET /shopdetail/3434124 HTTP/2.0" 404 43580 "-" "meta-externalagent/1.1 (+https://developers.facebook.com/docs/sharing/webmasters/crawler)" "-"
57.141.2.2 - - [28/May/2025:05:02:11 +0900] "GET /shopdetail/13842846 HTTP/2.0" 404 43580 "-" "meta-externalagent/1.1 (+https://developers.facebook.com/docs/sharing/webmasters/crawler)" "-"
57.141.2.8 - - [28/May/2025:05:02:13 +0900] "GET /shopdetail/24654491 HTTP/2.0" 404 43580 "-" "meta-externalagent/1.1 (+https://developers.facebook.com/docs/sharing/webmasters/crawler)" "-"
57.141.2.4 - - [28/May/2025:05:02:13 +0900] "GET /shopdetail/12048257 HTTP/2.0" 404 43580 "-" "meta-externalagent/1.1 (+https://developers.facebook.com/docs/sharing/webmasters/crawler)" "-"
57.141.2.23 - - [28/May/2025:05:02:15 +0900] "GET /shopdetail/1754379 HTTP/2.0" 404 43580 "-" "meta-externalagent/1.1 (+https://developers.facebook.com/docs/sharing/webmasters/crawler)" "-"
57.141.2.21 - - [28/May/2025:05:02:16 +0900] "GET /shopdetail/20043468 HTTP/2.0" 404 43580 "-" "meta-externalagent/1.1 (+https://developers.facebook.com/docs/sharing/webmasters/crawler)" "-"
57.141.2.5 - - [28/May/2025:05:02:17 +0900] "GET /shopdetail/19977757 HTTP/2.0" 404 43580 "-" "meta-externalagent/1.1 (+https://developers.facebook.com/docs/sharing/webmasters/crawler)" "-"
57.141.2.29 - - [28/May/2025:05:02:18 +0900] "GET /shopdetail/3892435 HTTP/2.0" 404 43580 "-" "meta-externalagent/1.1 (+https://developers.facebook.com/docs/sharing/webmasters/crawler)" "-"
57.141.2.23 - - [28/May/2025:05:02:18 +0900] "GET /shopdetail/25436457 HTTP/2.0" 404 43580 "-" "meta-externalagent/1.1 (+https://developers.facebook.com/docs/sharing/webmasters/crawler)" "-"
57.141.2.30 - - [28/May/2025:05:02:20 +0900] "GET /shopdetail/7294180 HTTP/2.0" 404 43580 "-" "meta-externalagent/1.1 (+https://developers.facebook.com/docs/sharing/webmasters/crawler)" "-"
57.141.2.25 - - [28/May/2025:05:02:23 +0900] "GET /shopdetail/28154002 HTTP/2.0" 404 43580 "-" "meta-externalagent/1.1 (+https://developers.facebook.com/docs/sharing/webmasters/crawler)" "-"
57.141.2.6 - - [28/May/2025:05:02:24 +0900] "GET /shopdetail/23047302 HTTP/2.0" 404 43580 "-" "meta-externalagent/1.1 (+https://developers.facebook.com/docs/sharing/webmasters/crawler)" "-"
57.141.2.19 - - [28/May/2025:05:02:25 +0900] "GET /shopdetail/28044613 HTTP/2.0" 404 43580 "-" "meta-externalagent/1.1 (+https://developers.facebook.com/docs/sharing/webmasters/crawler)" "-"
57.141.2.10 - - [28/May/2025:05:02:27 +0900] "GET /shopdetail/21737902 HTTP/2.0" 404 43580 "-" "meta-externalagent/1.1 (+https://developers.facebook.com/docs/sharing/webmasters/crawler)" "-"
57.141.2.21 - - [28/May/2025:05:02:28 +0900] "GET /shopdetail/12502980 HTTP/2.0" 404 43580 "-" "meta-externalagent/1.1 (+https://developers.facebook.com/docs/sharing/webmasters/crawler)" "-"
57.141.2.9 - - [28/May/2025:05:02:29 +0900] "GET /shopdetail/21697224 HTTP/2.0" 404 43580 "-" "meta-externalagent/1.1 (+https://developers.facebook.com/docs/sharing/webmasters/crawler)" "-"
57.141.2.9 - - [28/May/2025:05:02:32 +0900] "GET /shopdetail/26383913 HTTP/2.0" 404 43580 "-" "meta-externalagent/1.1 (+https://developers.facebook.com/docs/sharing/webmasters/crawler)" "-"
57.141.2.8 - - [28/May/2025:05:02:33 +0900] "GET /shopdetail/13075646 HTTP/2.0" 404 43580 "-" "meta-externalagent/1.1 (+https://developers.facebook.com/docs/sharing/webmasters/crawler)" "-"
57.141.2.16 - - [28/May/2025:05:02:34 +0900] "GET /shopdetail/12686757 HTTP/2.0" 404 43580 "-" "meta-externalagent/1.1 (+https://developers.facebook.com/docs/sharing/webmasters/crawler)" "-"
57.141.2.14 - - [28/May/2025:05:02:36 +0900] "GET /shopdetail/12623213 HTTP/2.0" 404 43580 "-" "meta-externalagent/1.1 (+https://developers.facebook.com/docs/sharing/webmasters/crawler)" "-"
57.141.2.17 - - [28/May/2025:05:02:37 +0900] "GET /shopdetail/12041713 HTTP/2.0" 404 43580 "-" "meta-externalagent/1.1 (+https://developers.facebook.com/docs/sharing/webmasters/crawler)" "-"
57.141.2.22 - - [28/May/2025:05:02:38 +0900] "GET /shopdetail/29989179 HTTP/2.0" 404 43580 "-" "meta-externalagent/1.1 (+https://developers.facebook.com/docs/sharing/webmasters/crawler)" "-"
57.141.2.28 - - [28/May/2025:05:02:41 +0900] "GET /shopdetail/6216635 HTTP/2.0" 404 43580 "-" "meta-externalagent/1.1 (+https://developers.facebook.com/docs/sharing/webmasters/crawler)" "-"
57.141.2.6 - - [28/May/2025:05:02:43 +0900] "GET /shopdetail/20040202 HTTP/2.0" 404 43580 "-" "meta-externalagent/1.1 (+https://developers.facebook.com/docs/sharing/webmasters/crawler)" "-"
57.141.2.14 - - [28/May/2025:05:02:43 +0900] "GET /shopdetail/10103068 HTTP/2.0" 404 43580 "-" "meta-externalagent/1.1 (+https://developers.facebook.com/docs/sharing/webmasters/crawler)" "-"
57.141.2.14 - - [28/May/2025:05:02:45 +0900] "GET /shopdetail/15857513 HTTP/2.0" 404 43580 "-" "meta-externalagent/1.1 (+https://developers.facebook.com/docs/sharing/webmasters/crawler)" "-"
57.141.2.11 - - [28/May/2025:05:02:45 +0900] "GET /shopdetail/26308480 HTTP/2.0" 404 43580 "-" "meta-externalagent/1.1 (+https://developers.facebook.com/docs/sharing/webmasters/crawler)" "-"
57.141.2.30 - - [28/May/2025:05:02:50 +0900] "GET /shopdetail/2615435 HTTP/2.0" 404 43580 "-" "meta-externalagent/1.1 (+https://developers.facebook.com/docs/sharing/webmasters/crawler)" "-"
57.141.2.5 - - [28/May/2025:05:02:50 +0900] "GET /shopdetail/9090224 HTTP/2.0" 404 43580 "-" "meta-externalagent/1.1 (+https://developers.facebook.com/docs/sharing/webmasters/crawler)" "-"
57.141.2.29 - - [28/May/2025:05:02:51 +0900] "GET /shopdetail/27336291 HTTP/2.0" 404 43580 "-" "meta-externalagent/1.1 (+https://developers.facebook.com/docs/sharing/webmasters/crawler)" "-"
57.141.2.8 - - [28/May/2025:05:02:54 +0900] "GET /shopdetail/16163524 HTTP/2.0" 404 43580 "-" "meta-externalagent/1.1 (+https://developers.facebook.com/docs/sharing/webmasters/crawler)" "-"
57.141.2.9 - - [28/May/2025:05:02:55 +0900] "GET /shopdetail/24883324 HTTP/2.0" 404 43580 "-" "meta-externalagent/1.1 (+https://developers.facebook.com/docs/sharing/webmasters/crawler)" "-"
57.141.2.24 - - [28/May/2025:05:02:57 +0900] "GET /shopdetail/6139324 HTTP/2.0" 404 43580 "-" "meta-externalagent/1.1 (+https://developers.facebook.com/docs/sharing/webmasters/crawler)" "-"
57.141.2.5 - - [28/May/2025:05:02:57 +0900] "GET /shopdetail/17988780 HTTP/2.0" 404 43580 "-" "meta-externalagent/1.1 (+https://developers.facebook.com/docs/sharing/webmasters/crawler)" "-"
43.173.1.57 - - [28/May/2025:05:04:22 +0900] "GET /xmlrpc.php?rsd HTTP/1.1" 403 186 "-" "Mozilla/5.0 (iPhone; CPU iPhone OS 13_2_3 like Mac OS X) AppleWebKit/605.1.15 (KHTML, like Gecko) Version/13.0.3 Mobile/15E148 Safari/604.1" "-"
160.251.148.50 - - [28/May/2025:05:04:51 +0900] "POST /wp-cron.php?doing_wp_cron=1748376291.8269209861755371093750 HTTP/1.1" 403 186 "-" "WordPress/6.7.2; https://kahokutaku.com" "-"
57.141.2.12 - - [28/May/2025:05:04:51 +0900] "GET /shopdetail/16370124 HTTP/2.0" 404 43580 "-" "meta-externalagent/1.1 (+https://developers.facebook.com/docs/sharing/webmasters/crawler)" "-"
57.141.2.24 - - [28/May/2025:05:04:53 +0900] "GET /shopdetail/6139324 HTTP/2.0" 404 43580 "-" "meta-externalagent/1.1 (+https://developers.facebook.com/docs/sharing/webmasters/crawler)" "-"
57.141.2.16 - - [28/May/2025:05:04:54 +0900] "GET /shopdetail/19019424 HTTP/2.0" 404 43580 "-" "meta-externalagent/1.1 (+https://developers.facebook.com/docs/sharing/webmasters/crawler)" "-"
66.249.79.160 - - [28/May/2025:05:04:54 +0900] "POST /get-message-notify HTTP/1.1" 200 22944 "https://www.kahokutaku.com/pcmypage?callback=/product%2Fdetail%2F28162022" "Mozilla/5.0 (Linux; Android 6.0.1; Nexus 5X Build/MMB29P) AppleWebKit/537.36 (KHTML, like Gecko) Chrome/136.0.7103.92 Mobile Safari/537.36 (compatible; Googlebot/2.1; +http://www.google.com/bot.html)" "-"
57.141.2.24 - - [28/May/2025:05:04:56 +0900] "GET /shopdetail/2038235 HTTP/2.0" 404 43580 "-" "meta-externalagent/1.1 (+https://developers.facebook.com/docs/sharing/webmasters/crawler)" "-"
57.141.2.27 - - [28/May/2025:05:04:56 +0900] "GET /shopdetail/30345646 HTTP/2.0" 404 43580 "-" "meta-externalagent/1.1 (+https://developers.facebook.com/docs/sharing/webmasters/crawler)" "-"
57.141.2.27 - - [28/May/2025:05:04:56 +0900] "GET /shopdetail/18310613 HTTP/2.0" 404 43580 "-" "meta-externalagent/1.1 (+https://developers.facebook.com/docs/sharing/webmasters/crawler)" "-"
57.141.2.8 - - [28/May/2025:05:05:00 +0900] "GET /shopdetail/23128591 HTTP/2.0" 404 43580 "-" "meta-externalagent/1.1 (+https://developers.facebook.com/docs/sharing/webmasters/crawler)" "-"
57.141.2.5 - - [28/May/2025:05:05:00 +0900] "GET /shopdetail/21526391 HTTP/2.0" 404 43580 "-" "meta-externalagent/1.1 (+https://developers.facebook.com/docs/sharing/webmasters/crawler)" "-"
57.141.2.29 - - [28/May/2025:05:05:02 +0900] "GET /shopdetail/13084979 HTTP/2.0" 404 43580 "-" "meta-externalagent/1.1 (+https://developers.facebook.com/docs/sharing/webmasters/crawler)" "-"
57.141.2.23 - - [28/May/2025:05:05:04 +0900] "GET /shopdetail/27005068 HTTP/2.0" 404 43580 "-" "meta-externalagent/1.1 (+https://developers.facebook.com/docs/sharing/webmasters/crawler)" "-"
57.141.2.9 - - [28/May/2025:05:05:05 +0900] "GET /shopdetail/7327124 HTTP/2.0" 404 43580 "-" "meta-externalagent/1.1 (+https://developers.facebook.com/docs/sharing/webmasters/crawler)" "-"
57.141.2.28 - - [28/May/2025:05:05:06 +0900] "GET /shopdetail/24820535 HTTP/2.0" 404 43580 "-" "meta-externalagent/1.1 (+https://developers.facebook.com/docs/sharing/webmasters/crawler)" "-"
57.141.2.18 - - [28/May/2025:05:05:11 +0900] "GET /shopdetail/18623702 HTTP/2.0" 404 43580 "-" "meta-externalagent/1.1 (+https://developers.facebook.com/docs/sharing/webmasters/crawler)" "-"
57.141.2.20 - - [28/May/2025:05:05:12 +0900] "GET /shopdetail/16468557 HTTP/2.0" 404 43580 "-" "meta-externalagent/1.1 (+https://developers.facebook.com/docs/sharing/webmasters/crawler)" "-"
57.141.2.6 - - [28/May/2025:05:05:12 +0900] "GET /shopdetail/15767535 HTTP/2.0" 404 43580 "-" "meta-externalagent/1.1 (+https://developers.facebook.com/docs/sharing/webmasters/crawler)" "-"
57.141.2.20 - - [28/May/2025:05:05:17 +0900] "GET /shopdetail/12041257 HTTP/2.0" 404 43580 "-" "meta-externalagent/1.1 (+https://developers.facebook.com/docs/sharing/webmasters/crawler)" "-"
57.141.2.18 - - [28/May/2025:05:05:17 +0900] "GET /shopdetail/7471079 HTTP/2.0" 404 43580 "-" "meta-externalagent/1.1 (+https://developers.facebook.com/docs/sharing/webmasters/crawler)" "-"
57.141.2.27 - - [28/May/2025:05:05:18 +0900] "GET /shopdetail/4855691 HTTP/2.0" 404 43580 "-" "meta-externalagent/1.1 (+https://developers.facebook.com/docs/sharing/webmasters/crawler)" "-"
57.141.2.8 - - [28/May/2025:05:05:18 +0900] "GET /shopdetail/1622668 HTTP/2.0" 404 43580 "-" "meta-externalagent/1.1 (+https://developers.facebook.com/docs/sharing/webmasters/crawler)" "-"
57.141.2.5 - - [28/May/2025:05:05:21 +0900] "GET /shopdetail/18280379 HTTP/2.0" 404 43580 "-" "meta-externalagent/1.1 (+https://developers.facebook.com/docs/sharing/webmasters/crawler)" "-"
57.141.2.20 - - [28/May/2025:05:05:21 +0900] "GET /shopdetail/19549580 HTTP/2.0" 404 43580 "-" "meta-externalagent/1.1 (+https://developers.facebook.com/docs/sharing/webmasters/crawler)" "-"
57.141.2.20 - - [28/May/2025:05:05:23 +0900] "GET /shopdetail/17102146 HTTP/2.0" 404 43580 "-" "meta-externalagent/1.1 (+https://developers.facebook.com/docs/sharing/webmasters/crawler)" "-"
57.141.2.1 - - [28/May/2025:05:05:24 +0900] "GET /shopdetail/12906291 HTTP/2.0" 404 43580 "-" "meta-externalagent/1.1 (+https://developers.facebook.com/docs/sharing/webmasters/crawler)" "-"
57.141.2.5 - - [28/May/2025:05:05:25 +0900] "GET /shopdetail/2849002 HTTP/2.0" 404 43580 "-" "meta-externalagent/1.1 (+https://developers.facebook.com/docs/sharing/webmasters/crawler)" "-"
57.141.2.2 - - [28/May/2025:05:05:27 +0900] "GET /shopdetail/10564824 HTTP/2.0" 404 43580 "-" "meta-externalagent/1.1 (+https://developers.facebook.com/docs/sharing/webmasters/crawler)" "-"
57.141.2.9 - - [28/May/2025:05:05:28 +0900] "GET /shopdetail/4638602 HTTP/2.0" 404 43580 "-" "meta-externalagent/1.1 (+https://developers.facebook.com/docs/sharing/webmasters/crawler)" "-"
57.141.2.4 - - [28/May/2025:05:05:29 +0900] "GET /shopdetail/2476702 HTTP/2.0" 404 43580 "-" "meta-externalagent/1.1 (+https://developers.facebook.com/docs/sharing/webmasters/crawler)" "-"
40.69.212.182 - - [28/May/2025:05:06:55 +0900] "GET /wp-content/ccx/ HTTP/1.1" 301 162 "-" "-" "-"
160.251.148.50 - - [28/May/2025:05:06:56 +0900] "POST /wp-cron.php?doing_wp_cron=1748376416.3762590885162353515625 HTTP/1.1" 403 186 "-" "WordPress/6.7.2; https://kahokutaku.com" "-"
40.69.212.182 - - [28/May/2025:05:06:56 +0900] "GET /wp-content/ccx/ HTTP/1.1" 404 43608 "-" "-" "-"
40.69.212.182 - - [28/May/2025:05:06:57 +0900] "GET /wp-content/themes/tflow/ HTTP/1.1" 301 162 "-" "-" "-"
40.69.212.182 - - [28/May/2025:05:06:57 +0900] "GET /wp-content/themes/tflow/ HTTP/1.1" 404 43608 "-" "-" "-"
40.69.212.182 - - [28/May/2025:05:06:58 +0900] "GET /wp-content/plugins/pwnd-1/ HTTP/1.1" 301 162 "-" "-" "-"
40.69.212.182 - - [28/May/2025:05:06:58 +0900] "GET /wp-content/plugins/pwnd-1/ HTTP/1.1" 404 43616 "-" "-" "-"
40.69.212.182 - - [28/May/2025:05:06:58 +0900] "GET /wp-content/plugins/pwnd/ HTTP/1.1" 301 162 "-" "-" "-"
40.69.212.182 - - [28/May/2025:05:06:59 +0900] "GET /wp-content/plugins/pwnd/ HTTP/1.1" 404 43616 "-" "-" "-"
40.69.212.182 - - [28/May/2025:05:06:59 +0900] "GET /wordpress/wp-includes/IXR/ HTTP/1.1" 301 162 "-" "-" "-"
40.69.212.182 - - [28/May/2025:05:06:59 +0900] "GET /wordpress/wp-includes/IXR/ HTTP/1.1" 404 43616 "-" "-" "-"
40.69.212.182 - - [28/May/2025:05:07:00 +0900] "GET /assets/fonts/ HTTP/1.1" 301 162 "-" "-" "-"
40.69.212.182 - - [28/May/2025:05:07:00 +0900] "GET /assets/fonts/ HTTP/1.1" 404 43616 "-" "-" "-"
40.69.212.182 - - [28/May/2025:05:07:01 +0900] "GET /vendor/phpunit/phpunit/src/Util/PHP/ HTTP/1.1" 301 162 "-" "-" "-"
40.69.212.182 - - [28/May/2025:05:07:01 +0900] "GET /vendor/phpunit/phpunit/src/Util/PHP/ HTTP/1.1" 404 43616 "-" "-" "-"
40.69.212.182 - - [28/May/2025:05:07:02 +0900] "GET /wp-content/plugins/css-ready/ HTTP/1.1" 301 162 "-" "-" "-"
40.69.212.182 - - [28/May/2025:05:07:02 +0900] "GET /wp-content/plugins/css-ready/ HTTP/1.1" 404 43616 "-" "-" "-"
40.69.212.182 - - [28/May/2025:05:07:02 +0900] "GET /wp-content/plugins/linkpreview/ HTTP/1.1" 301 162 "-" "-" "-"
40.69.212.182 - - [28/May/2025:05:07:03 +0900] "GET /wp-content/plugins/linkpreview/ HTTP/1.1" 404 43616 "-" "-" "-"
40.69.212.182 - - [28/May/2025:05:07:03 +0900] "GET /wp-content/uploads/2023/11/ HTTP/1.1" 301 162 "-" "-" "-"
40.69.212.182 - - [28/May/2025:05:07:04 +0900] "GET /wp-content/uploads/2023/11/ HTTP/1.1" 403 199 "-" "-" "-"
40.69.212.182 - - [28/May/2025:05:07:04 +0900] "GET /wp-includes/js/tinymce/skins/wordpress/images/ HTTP/1.1" 301 162 "-" "-" "-"
40.69.212.182 - - [28/May/2025:05:07:04 +0900] "GET /wp-includes/js/tinymce/skins/wordpress/images/ HTTP/1.1" 403 199 "-" "-" "-"
40.69.212.182 - - [28/May/2025:05:07:04 +0900] "GET /wp-includes/Requests/Text/ HTTP/1.1" 301 162 "-" "-" "-"
40.69.212.182 - - [28/May/2025:05:07:05 +0900] "GET /wp-includes/Requests/Text/ HTTP/1.1" 404 43616 "-" "-" "-"
40.69.212.182 - - [28/May/2025:05:07:05 +0900] "GET /wp-content/themes/wp-classic/inc/ HTTP/1.1" 301 162 "-" "-" "-"
40.69.212.182 - - [28/May/2025:05:07:06 +0900] "GET /wp-content/themes/wp-classic/inc/ HTTP/1.1" 404 43624 "-" "-" "-"
40.69.212.182 - - [28/May/2025:05:07:06 +0900] "GET /admin/upload/ HTTP/1.1" 301 162 "-" "-" "-"
40.69.212.182 - - [28/May/2025:05:07:07 +0900] "GET /admin/upload/ HTTP/1.1" 404 43608 "-" "-" "-"
40.69.212.182 - - [28/May/2025:05:07:07 +0900] "GET /wp-includes.bak/html-api/ HTTP/1.1" 301 162 "-" "-" "-"
40.69.212.182 - - [28/May/2025:05:07:07 +0900] "GET /wp-includes.bak/html-api/ HTTP/1.1" 403 490 "-" "-" "-"
40.69.212.182 - - [28/May/2025:05:07:08 +0900] "GET /wp-admin/maint/maint/ HTTP/1.1" 301 162 "-" "-" "-"
40.69.212.182 - - [28/May/2025:05:07:08 +0900] "GET /wp-admin/maint/maint/ HTTP/1.1" 403 199 "-" "-" "-"
40.69.212.182 - - [28/May/2025:05:07:08 +0900] "GET /wp-content/plugins/Cache/ HTTP/1.1" 301 162 "-" "-" "-"
40.69.212.182 - - [28/May/2025:05:07:08 +0900] "GET /wp-content/plugins/Cache/ HTTP/1.1" 404 43616 "-" "-" "-"
40.69.212.182 - - [28/May/2025:05:07:09 +0900] "GET /wp-admin/css/colors/coffee/ HTTP/1.1" 301 162 "-" "-" "-"
40.69.212.182 - - [28/May/2025:05:07:09 +0900] "GET /wp-admin/css/colors/coffee/ HTTP/1.1" 403 199 "-" "-" "-"
40.69.212.182 - - [28/May/2025:05:07:10 +0900] "GET /wp-admin/js//wp-admin/js/ HTTP/1.1" 301 162 "-" "-" "-"
40.69.212.182 - - [28/May/2025:05:07:10 +0900] "GET /wp-admin/js//wp-admin/js/ HTTP/1.1" 403 199 "-" "-" "-"
40.69.212.182 - - [28/May/2025:05:07:10 +0900] "GET /wp/wp-includes/ HTTP/1.1" 301 162 "-" "-" "-"
40.69.212.182 - - [28/May/2025:05:07:10 +0900] "GET /wp/wp-includes/ HTTP/1.1" 404 43616 "-" "-" "-"
40.69.212.182 - - [28/May/2025:05:07:11 +0900] "GET /wp-includes/js/tinymce/skins/lightgray/img/ HTTP/1.1" 301 162 "-" "-" "-"
40.69.212.182 - - [28/May/2025:05:07:11 +0900] "GET /wp-includes/js/tinymce/skins/lightgray/img/ HTTP/1.1" 403 199 "-" "-" "-"
40.69.212.182 - - [28/May/2025:05:07:12 +0900] "GET /wp-admin/css/colors/midnight/ HTTP/1.1" 301 162 "-" "-" "-"
40.69.212.182 - - [28/May/2025:05:07:12 +0900] "GET /wp-admin/css/colors/midnight/ HTTP/1.1" 403 199 "-" "-" "-"
40.69.212.182 - - [28/May/2025:05:07:12 +0900] "GET /wp-content/gallery/ HTTP/1.1" 301 162 "-" "-" "-"
40.69.212.182 - - [28/May/2025:05:07:13 +0900] "GET /wp-content/gallery/ HTTP/1.1" 404 43616 "-" "-" "-"
40.69.212.182 - - [28/May/2025:05:07:13 +0900] "GET /wp-includes/PHPMailer/ HTTP/1.1" 301 162 "-" "-" "-"
40.69.212.182 - - [28/May/2025:05:07:14 +0900] "GET /wp-includes/PHPMailer/ HTTP/1.1" 403 199 "-" "-" "-"
40.69.212.182 - - [28/May/2025:05:07:14 +0900] "GET /wp-content/plugins/backup-backup/includes/ HTTP/1.1" 301 162 "-" "-" "-"
40.69.212.182 - - [28/May/2025:05:07:14 +0900] "GET /wp-content/plugins/backup-backup/includes/ HTTP/1.1" 404 43616 "-" "-" "-"
40.69.212.182 - - [28/May/2025:05:07:15 +0900] "GET /filemanager/ HTTP/1.1" 301 162 "-" "-" "-"
40.69.212.182 - - [28/May/2025:05:07:15 +0900] "GET /filemanager/ HTTP/1.1" 404 43616 "-" "-" "-"
40.69.212.182 - - [28/May/2025:05:07:16 +0900] "GET /images/ HTTP/1.1" 301 162 "-" "-" "-"
40.69.212.182 - - [28/May/2025:05:07:16 +0900] "GET /images/ HTTP/1.1" 404 43616 "-" "-" "-"
40.69.212.182 - - [28/May/2025:05:07:16 +0900] "GET /wp-includes/js/tinymce/skins/lightgray/fonts/ HTTP/1.1" 301 162 "-" "-" "-"
40.69.212.182 - - [28/May/2025:05:07:17 +0900] "GET /wp-includes/js/tinymce/skins/lightgray/fonts/ HTTP/1.1" 403 199 "-" "-" "-"
40.69.212.182 - - [28/May/2025:05:07:17 +0900] "GET /wp-content/plugins/envato-market/inc/ HTTP/1.1" 301 162 "-" "-" "-"
40.69.212.182 - - [28/May/2025:05:07:17 +0900] "GET /wp-content/plugins/envato-market/inc/ HTTP/1.1" 404 43616 "-" "-" "-"
40.69.212.182 - - [28/May/2025:05:07:18 +0900] "GET /wp-includes/js/codemirror/ HTTP/1.1" 301 162 "-" "-" "-"
40.69.212.182 - - [28/May/2025:05:07:18 +0900] "GET /wp-includes/js/codemirror/ HTTP/1.1" 403 199 "-" "-" "-"
40.69.212.182 - - [28/May/2025:05:07:18 +0900] "GET /wp-content/themes/twentyfive/ HTTP/1.1" 301 162 "-" "-" "-"
40.69.212.182 - - [28/May/2025:05:07:19 +0900] "GET /wp-content/themes/twentyfive/ HTTP/1.1" 404 43624 "-" "-" "-"
40.69.212.182 - - [28/May/2025:05:07:19 +0900] "GET /wp-content/themes/travel/ HTTP/1.1" 301 162 "-" "-" "-"
40.69.212.182 - - [28/May/2025:05:07:20 +0900] "GET /wp-content/themes/travel/ HTTP/1.1" 404 43616 "-" "-" "-"
40.69.212.182 - - [28/May/2025:05:07:20 +0900] "GET /wp-content/plugins/core/ HTTP/1.1" 301 162 "-" "-" "-"
40.69.212.182 - - [28/May/2025:05:07:21 +0900] "GET /wp-content/plugins/core/ HTTP/1.1" 404 43608 "-" "-" "-"
40.69.212.182 - - [28/May/2025:05:07:21 +0900] "GET /img/ HTTP/1.1" 301 162 "-" "-" "-"
40.69.212.182 - - [28/May/2025:05:07:21 +0900] "GET /img/ HTTP/1.1" 404 43616 "-" "-" "-"
40.69.212.182 - - [28/May/2025:05:07:22 +0900] "GET /wp-content/plugins/contact-form-7/includes/js/jquery-ui/themes/smoothness/ HTTP/1.1" 301 162 "-" "-" "-"
40.69.212.182 - - [28/May/2025:05:07:22 +0900] "GET /wp-content/plugins/contact-form-7/includes/js/jquery-ui/themes/smoothness/ HTTP/1.1" 403 199 "-" "-" "-"
40.69.212.182 - - [28/May/2025:05:07:22 +0900] "GET /modules/mod_simplefileuploadv1.3/elements/ HTTP/1.1" 301 162 "-" "-" "-"
40.69.212.182 - - [28/May/2025:05:07:23 +0900] "GET /modules/mod_simplefileuploadv1.3/elements/ HTTP/1.1" 404 43616 "-" "-" "-"
40.69.212.182 - - [28/May/2025:05:07:23 +0900] "GET /wp-content/plugins/seoo/ HTTP/1.1" 301 162 "-" "-" "-"
40.69.212.182 - - [28/May/2025:05:07:23 +0900] "GET /wp-content/plugins/seoo/ HTTP/1.1" 404 43616 "-" "-" "-"
40.69.212.182 - - [28/May/2025:05:07:24 +0900] "GET /wp-includes/sitemaps/providers/ HTTP/1.1" 301 162 "-" "-" "-"
40.69.212.182 - - [28/May/2025:05:07:24 +0900] "GET /wp-includes/sitemaps/providers/ HTTP/1.1" 403 199 "-" "-" "-"
40.69.212.182 - - [28/May/2025:05:07:24 +0900] "GET /wp-includes/fonts/ HTTP/1.1" 301 162 "-" "-" "-"
40.69.212.182 - - [28/May/2025:05:07:25 +0900] "GET /wp-includes/fonts/ HTTP/1.1" 403 199 "-" "-" "-"
40.69.212.182 - - [28/May/2025:05:07:25 +0900] "GET /ALFA_DATA/alfacgiapi/ HTTP/1.1" 301 162 "-" "-" "-"
40.69.212.182 - - [28/May/2025:05:07:25 +0900] "GET /ALFA_DATA/alfacgiapi/ HTTP/1.1" 404 43616 "-" "-" "-"
40.69.212.182 - - [28/May/2025:05:07:26 +0900] "GET /wp-content/plugins/widget-logic/ HTTP/1.1" 301 162 "-" "-" "-"
40.69.212.182 - - [28/May/2025:05:07:26 +0900] "GET /wp-content/plugins/widget-logic/ HTTP/1.1" 404 43616 "-" "-" "-"
57.141.2.19 - - [28/May/2025:05:07:27 +0900] "GET /shopdetail/25469513 HTTP/2.0" 404 43580 "-" "meta-externalagent/1.1 (+https://developers.facebook.com/docs/sharing/webmasters/crawler)" "-"
40.69.212.182 - - [28/May/2025:05:07:27 +0900] "GET /wp-includes/js/tinymce/langs/ HTTP/1.1" 301 162 "-" "-" "-"
40.69.212.182 - - [28/May/2025:05:07:27 +0900] "GET /wp-includes/js/tinymce/langs/ HTTP/1.1" 403 199 "-" "-" "-"
40.69.212.182 - - [28/May/2025:05:07:27 +0900] "GET /wp-includes//wp-includes/ HTTP/1.1" 301 162 "-" "-" "-"
57.141.2.7 - - [28/May/2025:05:07:27 +0900] "GET /shopdetail/9714991 HTTP/2.0" 404 43580 "-" "meta-externalagent/1.1 (+https://developers.facebook.com/docs/sharing/webmasters/crawler)" "-"
40.69.212.182 - - [28/May/2025:05:07:28 +0900] "GET /wp-includes//wp-includes/ HTTP/1.1" 301 0 "-" "-" "-"
40.69.212.182 - - [28/May/2025:05:07:28 +0900] "GET /wp-includes/wp-includes/ HTTP/1.1" 404 43608 "-" "-" "-"
40.69.212.182 - - [28/May/2025:05:07:28 +0900] "GET /wp-content/plugins/wp-hps/sh/ HTTP/1.1" 301 162 "-" "-" "-"
40.69.212.182 - - [28/May/2025:05:07:29 +0900] "GET /wp-content/plugins/wp-hps/sh/ HTTP/1.1" 404 43608 "-" "-" "-"
40.69.212.182 - - [28/May/2025:05:07:29 +0900] "GET /wp-content/plugins/masterx/ HTTP/1.1" 301 162 "-" "-" "-"
40.69.212.182 - - [28/May/2025:05:07:30 +0900] "GET /wp-content/plugins/masterx/ HTTP/1.1" 404 43616 "-" "-" "-"
40.69.212.182 - - [28/May/2025:05:07:30 +0900] "GET /wp-content/plugins/custom/ HTTP/1.1" 301 162 "-" "-" "-"
40.69.212.182 - - [28/May/2025:05:07:30 +0900] "GET /wp-content/plugins/custom/ HTTP/1.1" 404 43616 "-" "-" "-"
57.141.2.24 - - [28/May/2025:05:07:31 +0900] "GET /shopdetail/7579302 HTTP/2.0" 404 43580 "-" "meta-externalagent/1.1 (+https://developers.facebook.com/docs/sharing/webmasters/crawler)" "-"
40.69.212.182 - - [28/May/2025:05:07:31 +0900] "GET /wp-includes/Requests/Exception/ HTTP/1.1" 301 162 "-" "-" "-"
40.69.212.182 - - [28/May/2025:05:07:31 +0900] "GET /wp-includes/Requests/Exception/ HTTP/1.1" 404 43616 "-" "-" "-"
40.69.212.182 - - [28/May/2025:05:07:32 +0900] "GET /wp-content/plugins/yyobang/ HTTP/1.1" 301 162 "-" "-" "-"
40.69.212.182 - - [28/May/2025:05:07:32 +0900] "GET /wp-content/plugins/yyobang/ HTTP/1.1" 404 43616 "-" "-" "-"
57.141.2.19 - - [28/May/2025:05:07:32 +0900] "GET /shopdetail/12081224 HTTP/2.0" 404 43580 "-" "meta-externalagent/1.1 (+https://developers.facebook.com/docs/sharing/webmasters/crawler)" "-"
40.69.212.182 - - [28/May/2025:05:07:33 +0900] "GET /libraries/vendor/ HTTP/1.1" 301 162 "-" "-" "-"
40.69.212.182 - - [28/May/2025:05:07:33 +0900] "GET /libraries/vendor/ HTTP/1.1" 404 43616 "-" "-" "-"
40.69.212.182 - - [28/May/2025:05:07:33 +0900] "GET /include/ HTTP/1.1" 301 162 "-" "-" "-"
40.69.212.182 - - [28/May/2025:05:07:34 +0900] "GET /include/ HTTP/1.1" 404 43608 "-" "-" "-"
57.141.2.6 - - [28/May/2025:05:07:34 +0900] "GET /shopdetail/15631613 HTTP/2.0" 404 43580 "-" "meta-externalagent/1.1 (+https://developers.facebook.com/docs/sharing/webmasters/crawler)" "-"
40.69.212.182 - - [28/May/2025:05:07:34 +0900] "GET /wp-content/blogs.dir/ HTTP/1.1" 301 162 "-" "-" "-"
40.69.212.182 - - [28/May/2025:05:07:34 +0900] "GET /wp-content/blogs.dir/ HTTP/1.1" 404 43616 "-" "-" "-"
40.69.212.182 - - [28/May/2025:05:07:35 +0900] "GET /libraries/legacy/ HTTP/1.1" 301 162 "-" "-" "-"
40.69.212.182 - - [28/May/2025:05:07:35 +0900] "GET /libraries/legacy/ HTTP/1.1" 404 43616 "-" "-" "-"
57.141.2.20 - - [28/May/2025:05:07:35 +0900] "GET /shopdetail/29937024 HTTP/2.0" 404 43580 "-" "meta-externalagent/1.1 (+https://developers.facebook.com/docs/sharing/webmasters/crawler)" "-"
40.69.212.182 - - [28/May/2025:05:07:36 +0900] "GET /wp-content/uploads/2018/03/ HTTP/1.1" 301 162 "-" "-" "-"
57.141.2.6 - - [28/May/2025:05:07:36 +0900] "GET /shopdetail/21085268 HTTP/2.0" 404 43580 "-" "meta-externalagent/1.1 (+https://developers.facebook.com/docs/sharing/webmasters/crawler)" "-"
40.69.212.182 - - [28/May/2025:05:07:36 +0900] "GET /wp-content/uploads/2018/03/ HTTP/1.1" 404 43616 "-" "-" "-"
40.69.212.182 - - [28/May/2025:05:07:37 +0900] "GET /wp-content/plugins/press/ HTTP/1.1" 301 162 "-" "-" "-"
40.69.212.182 - - [28/May/2025:05:07:37 +0900] "GET /wp-content/plugins/press/ HTTP/1.1" 404 43616 "-" "-" "-"
40.69.212.182 - - [28/May/2025:05:07:37 +0900] "GET /libraries/phpmailer/ HTTP/1.1" 301 162 "-" "-" "-"
40.69.212.182 - - [28/May/2025:05:07:38 +0900] "GET /libraries/phpmailer/ HTTP/1.1" 404 43616 "-" "-" "-"
57.141.2.9 - - [28/May/2025:05:07:38 +0900] "GET /shopdetail/6090080 HTTP/2.0" 404 43580 "-" "meta-externalagent/1.1 (+https://developers.facebook.com/docs/sharing/webmasters/crawler)" "-"
40.69.212.182 - - [28/May/2025:05:07:38 +0900] "GET /wp-includes/Text/Diff/Renderer/ HTTP/1.1" 301 162 "-" "-" "-"
40.69.212.182 - - [28/May/2025:05:07:38 +0900] "GET /wp-includes/Text/Diff/Renderer/ HTTP/1.1" 403 199 "-" "-" "-"
40.69.212.182 - - [28/May/2025:05:07:39 +0900] "GET /wp-content/plugins/apikey/ HTTP/1.1" 301 162 "-" "-" "-"
40.69.212.182 - - [28/May/2025:05:07:39 +0900] "GET /wp-content/plugins/apikey/ HTTP/1.1" 404 43616 "-" "-" "-"
40.69.212.182 - - [28/May/2025:05:07:40 +0900] "GET /wp-content/banners/ HTTP/1.1" 301 162 "-" "-" "-"
57.141.2.6 - - [28/May/2025:05:07:40 +0900] "GET /shopdetail/25177313 HTTP/2.0" 404 43580 "-" "meta-externalagent/1.1 (+https://developers.facebook.com/docs/sharing/webmasters/crawler)" "-"
40.69.212.182 - - [28/May/2025:05:07:40 +0900] "GET /wp-content/banners/ HTTP/1.1" 404 43616 "-" "-" "-"
40.69.212.182 - - [28/May/2025:05:07:40 +0900] "GET /.wp-cli/ HTTP/1.1" 301 162 "-" "-" "-"
40.69.212.182 - - [28/May/2025:05:07:41 +0900] "GET /.wp-cli/ HTTP/1.1" 404 43616 "-" "-" "-"
40.69.212.182 - - [28/May/2025:05:07:41 +0900] "GET /wp-includes/sodium_compat/src/Core/Curve25519/Ge/ HTTP/1.1" 301 162 "-" "-" "-"
40.69.212.182 - - [28/May/2025:05:07:41 +0900] "GET /wp-includes/sodium_compat/src/Core/Curve25519/Ge/ HTTP/1.1" 403 199 "-" "-" "-"
40.69.212.182 - - [28/May/2025:05:07:42 +0900] "GET /wp-content/plugins/background-image-cropper/ HTTP/1.1" 301 162 "-" "-" "-"
40.69.212.182 - - [28/May/2025:05:07:42 +0900] "GET /wp-content/plugins/background-image-cropper/ HTTP/1.1" 404 43616 "-" "-" "-"
40.69.212.182 - - [28/May/2025:05:07:42 +0900] "GET /wp-admin/ccx/ HTTP/1.1" 301 162 "-" "-" "-"
40.69.212.182 - - [28/May/2025:05:07:43 +0900] "GET /wp-admin/ccx/ HTTP/1.1" 403 199 "-" "-" "-"
57.141.2.12 - - [28/May/2025:05:07:43 +0900] "GET /shopdetail/24744168 HTTP/2.0" 404 43580 "-" "meta-externalagent/1.1 (+https://developers.facebook.com/docs/sharing/webmasters/crawler)" "-"
40.69.212.182 - - [28/May/2025:05:07:43 +0900] "GET /wp-includes/widgets/ HTTP/1.1" 301 162 "-" "-" "-"
40.69.212.182 - - [28/May/2025:05:07:43 +0900] "GET /wp-includes/widgets/ HTTP/1.1" 403 199 "-" "-" "-"
40.69.212.182 - - [28/May/2025:05:07:44 +0900] "GET /assets/images/ HTTP/1.1" 301 162 "-" "-" "-"
57.141.2.29 - - [28/May/2025:05:07:44 +0900] "GET /shopdetail/2676157 HTTP/2.0" 404 43580 "-" "meta-externalagent/1.1 (+https://developers.facebook.com/docs/sharing/webmasters/crawler)" "-"
40.69.212.182 - - [28/May/2025:05:07:44 +0900] "GET /assets/images/ HTTP/1.1" 404 43616 "-" "-" "-"
40.69.212.182 - - [28/May/2025:05:07:45 +0900] "GET /wp-content/plugins/instabuilder2/cache/plugins/ HTTP/1.1" 301 162 "-" "-" "-"
40.69.212.182 - - [28/May/2025:05:07:45 +0900] "GET /wp-content/plugins/instabuilder2/cache/plugins/ HTTP/1.1" 404 43616 "-" "-" "-"
40.69.212.182 - - [28/May/2025:05:07:45 +0900] "GET /.well-known//.well-known/ HTTP/1.1" 301 162 "-" "-" "-"
40.69.212.182 - - [28/May/2025:05:07:46 +0900] "GET /.well-known//.well-known/ HTTP/1.1" 301 0 "-" "-" "-"
40.69.212.182 - - [28/May/2025:05:07:46 +0900] "GET /.well-known/.well-known/ HTTP/1.1" 404 43616 "-" "-" "-"
57.141.2.13 - - [28/May/2025:05:07:46 +0900] "GET /shopdetail/7531780 HTTP/2.0" 404 43580 "-" "meta-externalagent/1.1 (+https://developers.facebook.com/docs/sharing/webmasters/crawler)" "-"
40.69.212.182 - - [28/May/2025:05:07:46 +0900] "GET /wp-includes/blocks/table/int/tmpl/ HTTP/1.1" 301 162 "-" "-" "-"
40.69.212.182 - - [28/May/2025:05:07:47 +0900] "GET /wp-includes/blocks/table/int/tmpl/ HTTP/1.1" 404 43616 "-" "-" "-"
40.69.212.182 - - [28/May/2025:05:07:47 +0900] "GET /wp-includes/js/jcrop/ HTTP/1.1" 301 162 "-" "-" "-"
40.69.212.182 - - [28/May/2025:05:07:48 +0900] "GET /wp-includes/js/jcrop/ HTTP/1.1" 403 199 "-" "-" "-"
40.69.212.182 - - [28/May/2025:05:07:48 +0900] "GET /wp-includes/js/crop/ HTTP/1.1" 301 162 "-" "-" "-"
40.69.212.182 - - [28/May/2025:05:07:48 +0900] "GET /wp-includes/js/crop/ HTTP/1.1" 403 199 "-" "-" "-"
57.141.2.20 - - [28/May/2025:05:07:48 +0900] "GET /shopdetail/10039613 HTTP/2.0" 404 43580 "-" "meta-externalagent/1.1 (+https://developers.facebook.com/docs/sharing/webmasters/crawler)" "-"
40.69.212.182 - - [28/May/2025:05:07:48 +0900] "GET /wp/wp-admin/includes/ HTTP/1.1" 301 162 "-" "-" "-"
40.69.212.182 - - [28/May/2025:05:07:49 +0900] "GET /wp/wp-admin/includes/ HTTP/1.1" 403 199 "-" "-" "-"
57.141.2.7 - - [28/May/2025:05:07:49 +0900] "GET /shopdetail/29683580 HTTP/2.0" 404 43580 "-" "meta-externalagent/1.1 (+https://developers.facebook.com/docs/sharing/webmasters/crawler)" "-"
40.69.212.182 - - [28/May/2025:05:07:49 +0900] "GET /wp-includes/sitemaps/ HTTP/1.1" 301 162 "-" "-" "-"
40.69.212.182 - - [28/May/2025:05:07:49 +0900] "GET /wp-includes/sitemaps/ HTTP/1.1" 403 199 "-" "-" "-"
40.69.212.182 - - [28/May/2025:05:07:49 +0900] "GET /wp-includes/js/dist/vendor/ HTTP/1.1" 301 162 "-" "-" "-"
40.69.212.182 - - [28/May/2025:05:07:50 +0900] "GET /wp-includes/js/dist/vendor/ HTTP/1.1" 403 199 "-" "-" "-"
40.69.212.182 - - [28/May/2025:05:07:50 +0900] "GET /wp-content/themes/twentyseventeen/page/ HTTP/1.1" 301 162 "-" "-" "-"
40.69.212.182 - - [28/May/2025:05:07:50 +0900] "GET /wp-content/themes/twentyseventeen/page/ HTTP/1.1" 404 43616 "-" "-" "-"
40.69.212.182 - - [28/May/2025:05:07:51 +0900] "GET /wp-includes/pomo/ HTTP/1.1" 301 162 "-" "-" "-"
57.141.2.30 - - [28/May/2025:05:07:51 +0900] "GET /shopdetail/26111679 HTTP/2.0" 404 43580 "-" "meta-externalagent/1.1 (+https://developers.facebook.com/docs/sharing/webmasters/crawler)" "-"
40.69.212.182 - - [28/May/2025:05:07:51 +0900] "GET /wp-includes/pomo/ HTTP/1.1" 403 199 "-" "-" "-"
40.69.212.182 - - [28/May/2025:05:07:51 +0900] "GET /wp-content/plugins/seoplugins/ HTTP/1.1" 301 162 "-" "-" "-"
57.141.2.28 - - [28/May/2025:05:07:52 +0900] "GET /shopdetail/14754068 HTTP/2.0" 404 43580 "-" "meta-externalagent/1.1 (+https://developers.facebook.com/docs/sharing/webmasters/crawler)" "-"
40.69.212.182 - - [28/May/2025:05:07:52 +0900] "GET /wp-content/plugins/seoplugins/ HTTP/1.1" 404 43616 "-" "-" "-"
40.69.212.182 - - [28/May/2025:05:07:52 +0900] "GET /wp-content/uploads/2014/03/ HTTP/1.1" 301 162 "-" "-" "-"
40.69.212.182 - - [28/May/2025:05:07:53 +0900] "GET /wp-content/uploads/2014/03/ HTTP/1.1" 404 43616 "-" "-" "-"
40.69.212.182 - - [28/May/2025:05:07:53 +0900] "GET /wp-content/plugins/fix/ HTTP/1.1" 301 162 "-" "-" "-"
57.141.2.2 - - [28/May/2025:05:07:53 +0900] "GET /shopdetail/13489613 HTTP/2.0" 404 43580 "-" "meta-externalagent/1.1 (+https://developers.facebook.com/docs/sharing/webmasters/crawler)" "-"
40.69.212.182 - - [28/May/2025:05:07:54 +0900] "GET /wp-content/plugins/fix/ HTTP/1.1" 404 43616 "-" "-" "-"
40.69.212.182 - - [28/May/2025:05:07:54 +0900] "GET /.tmb/ HTTP/1.1" 301 162 "-" "-" "-"
40.69.212.182 - - [28/May/2025:05:07:54 +0900] "GET /.tmb/ HTTP/1.1" 404 43616 "-" "-" "-"
40.69.212.182 - - [28/May/2025:05:07:55 +0900] "GET /docs/ HTTP/1.1" 301 162 "-" "-" "-"
40.69.212.182 - - [28/May/2025:05:07:55 +0900] "GET /docs/ HTTP/1.1" 404 43624 "-" "-" "-"
57.141.2.20 - - [28/May/2025:05:07:56 +0900] "GET /shopdetail/9976035 HTTP/2.0" 404 43580 "-" "meta-externalagent/1.1 (+https://developers.facebook.com/docs/sharing/webmasters/crawler)" "-"
40.69.212.182 - - [28/May/2025:05:07:56 +0900] "GET /wp-content/plugins/dzs-zoomsounds/ HTTP/1.1" 301 162 "-" "-" "-"
160.251.148.50 - - [28/May/2025:05:07:56 +0900] "POST /wp-cron.php?doing_wp_cron=1748376476.5044870376586914062500 HTTP/1.1" 403 186 "-" "WordPress/6.7.2; https://kahokutaku.com" "-"
57.141.2.16 - - [28/May/2025:05:07:56 +0900] "GET /shopdetail/12216780 HTTP/2.0" 404 43580 "-" "meta-externalagent/1.1 (+https://developers.facebook.com/docs/sharing/webmasters/crawler)" "-"
160.251.148.50 - - [28/May/2025:05:07:56 +0900] "POST /wp-cron.php?doing_wp_cron=1748376476.5228509902954101562500 HTTP/1.1" 403 186 "-" "WordPress/6.7.2; https://kahokutaku.com" "-"
40.69.212.182 - - [28/May/2025:05:07:56 +0900] "GET /wp-content/plugins/dzs-zoomsounds/ HTTP/1.1" 404 43616 "-" "-" "-"
40.69.212.182 - - [28/May/2025:05:07:57 +0900] "GET /wp-content/themes/ccx/ HTTP/1.1" 301 162 "-" "-" "-"
40.69.212.182 - - [28/May/2025:05:07:57 +0900] "GET /wp-content/themes/ccx/ HTTP/1.1" 404 43616 "-" "-" "-"
40.69.212.182 - - [28/May/2025:05:07:58 +0900] "GET /wp-content/themes/travelscape/ HTTP/1.1" 301 162 "-" "-" "-"
40.69.212.182 - - [28/May/2025:05:07:58 +0900] "GET /wp-content/themes/travelscape/ HTTP/1.1" 404 43608 "-" "-" "-"
57.141.2.7 - - [28/May/2025:05:07:58 +0900] "GET /shopdetail/3512135 HTTP/2.0" 404 43580 "-" "meta-externalagent/1.1 (+https://developers.facebook.com/docs/sharing/webmasters/crawler)" "-"
40.69.212.182 - - [28/May/2025:05:07:58 +0900] "GET /wordpress/wp-includes/ HTTP/1.1" 301 162 "-" "-" "-"
40.69.212.182 - - [28/May/2025:05:07:59 +0900] "GET /wordpress/wp-includes/ HTTP/1.1" 404 43608 "-" "-" "-"
57.141.2.5 - - [28/May/2025:05:07:59 +0900] "GET /shopdetail/24473524 HTTP/2.0" 404 43580 "-" "meta-externalagent/1.1 (+https://developers.facebook.com/docs/sharing/webmasters/crawler)" "-"
40.69.212.182 - - [28/May/2025:05:07:59 +0900] "GET /wp-includes/Text/wp-login.php HTTP/1.1" 301 162 "-" "-" "-"
40.69.212.182 - - [28/May/2025:05:07:59 +0900] "GET /wp-includes/Text/wp-login.php HTTP/1.1" 403 199 "-" "-" "-"
40.69.212.182 - - [28/May/2025:05:08:00 +0900] "GET /wp-admin/404.php HTTP/1.1" 301 162 "-" "-" "-"
40.69.212.182 - - [28/May/2025:05:08:00 +0900] "GET /wp-admin/404.php HTTP/1.1" 403 199 "-" "-" "-"
40.69.212.182 - - [28/May/2025:05:08:00 +0900] "GET /wp-admin/maint/layout.php HTTP/1.1" 301 162 "-" "-" "-"
40.69.212.182 - - [28/May/2025:05:08:00 +0900] "GET /wp-admin/maint/layout.php HTTP/1.1" 403 199 "-" "-" "-"
40.69.212.182 - - [28/May/2025:05:08:01 +0900] "GET /wp-content/plugins/dmZcq9yohpy9bCw5Q9fNaH/src/ui/index.php HTTP/1.1" 301 162 "-" "-" "-"
40.69.212.182 - - [28/May/2025:05:08:01 +0900] "GET /wp-content/plugins/dmZcq9yohpy9bCw5Q9fNaH/src/ui/index.php HTTP/1.1" 301 0 "-" "-" "-"
40.69.212.182 - - [28/May/2025:05:08:01 +0900] "GET /wp-content/plugins/dmZcq9yohpy9bCw5Q9fNaH/src/ui/ HTTP/1.1" 404 43616 "-" "-" "-"
40.69.212.182 - - [28/May/2025:05:08:02 +0900] "GET /.well-known/pki-validation/index.php HTTP/1.1" 301 162 "-" "-" "-"
40.69.212.182 - - [28/May/2025:05:08:02 +0900] "GET /.well-known/pki-validation/index.php HTTP/1.1" 301 0 "-" "-" "-"
57.141.2.23 - - [28/May/2025:05:08:02 +0900] "GET /shopdetail/28348579 HTTP/2.0" 404 43580 "-" "meta-externalagent/1.1 (+https://developers.facebook.com/docs/sharing/webmasters/crawler)" "-"
40.69.212.182 - - [28/May/2025:05:08:03 +0900] "GET /.well-known/pki-validation/ HTTP/1.1" 404 43616 "-" "-" "-"
40.69.212.182 - - [28/May/2025:05:08:03 +0900] "GET /wp-admin/network/about.php HTTP/1.1" 301 162 "-" "-" "-"
57.141.2.29 - - [28/May/2025:05:08:03 +0900] "GET /shopdetail/17421591 HTTP/2.0" 404 43580 "-" "meta-externalagent/1.1 (+https://developers.facebook.com/docs/sharing/webmasters/crawler)" "-"
40.69.212.182 - - [28/May/2025:05:08:03 +0900] "GET /wp-admin/network/about.php HTTP/1.1" 403 199 "-" "-" "-"
57.141.2.30 - - [28/May/2025:05:08:04 +0900] "GET /shopdetail/20327602 HTTP/2.0" 404 43580 "-" "meta-externalagent/1.1 (+https://developers.facebook.com/docs/sharing/webmasters/crawler)" "-"
40.69.212.182 - - [28/May/2025:05:08:04 +0900] "GET /wp-admin/css/file.php HTTP/1.1" 301 162 "-" "-" "-"
40.69.212.182 - - [28/May/2025:05:08:04 +0900] "GET /wp-admin/css/file.php HTTP/1.1" 403 199 "-" "-" "-"
40.69.212.182 - - [28/May/2025:05:08:04 +0900] "GET /wp-includes/ID3/2.php HTTP/1.1" 301 162 "-" "-" "-"
40.69.212.182 - - [28/May/2025:05:08:04 +0900] "GET /wp-includes/ID3/2.php HTTP/1.1" 403 199 "-" "-" "-"
40.69.212.182 - - [28/May/2025:05:08:05 +0900] "GET /gebase.php HTTP/1.1" 301 162 "-" "-" "-"
40.69.212.182 - - [28/May/2025:05:08:05 +0900] "GET /gebase.php HTTP/1.1" 403 199 "-" "-" "-"
40.69.212.182 - - [28/May/2025:05:08:05 +0900] "GET /index/function.php HTTP/1.1" 301 162 "-" "-" "-"
40.69.212.182 - - [28/May/2025:05:08:05 +0900] "GET /index/function.php HTTP/1.1" 404 43616 "-" "-" "-"
40.69.212.182 - - [28/May/2025:05:08:06 +0900] "GET /cgi-bin/160263/wsoyanzv3.5enc.php HTTP/1.1" 301 162 "-" "-" "-"
40.69.212.182 - - [28/May/2025:05:08:07 +0900] "GET /cgi-bin/160263/wsoyanzv3.5enc.php HTTP/1.1" 404 43616 "-" "-" "-"
57.141.2.1 - - [28/May/2025:05:08:07 +0900] "GET /shopdetail/20298746 HTTP/2.0" 404 43580 "-" "meta-externalagent/1.1 (+https://developers.facebook.com/docs/sharing/webmasters/crawler)" "-"
40.69.212.182 - - [28/May/2025:05:08:07 +0900] "GET /cux.php HTTP/1.1" 301 162 "-" "-" "-"
40.69.212.182 - - [28/May/2025:05:08:07 +0900] "GET /cux.php HTTP/1.1" 403 199 "-" "-" "-"
40.69.212.182 - - [28/May/2025:05:08:08 +0900] "GET /wp-includes/fonts/install.php HTTP/1.1" 301 162 "-" "-" "-"
