57.141.2.29 - - [28/May/2025:05:21:09 +0900] "GET /shopdetail/4722168 HTTP/2.0" 404 43580 "-" "meta-externalagent/1.1 (+https://developers.facebook.com/docs/sharing/webmasters/crawler)" "-"
57.141.2.17 - - [28/May/2025:05:21:12 +0900] "GET /shopdetail/9734724 HTTP/2.0" 404 43580 "-" "meta-externalagent/1.1 (+https://developers.facebook.com/docs/sharing/webmasters/crawler)" "-"
57.141.2.10 - - [28/May/2025:05:21:13 +0900] "GET /shopdetail/8381135 HTTP/2.0" 404 43580 "-" "meta-externalagent/1.1 (+https://developers.facebook.com/docs/sharing/webmasters/crawler)" "-"
57.141.2.1 - - [28/May/2025:05:21:13 +0900] "GET /shopdetail/3892780 HTTP/2.0" 404 43580 "-" "meta-externalagent/1.1 (+https://developers.facebook.com/docs/sharing/webmasters/crawler)" "-"
57.141.2.1 - - [28/May/2025:05:21:13 +0900] "GET /shopdetail/5144291 HTTP/2.0" 404 43580 "-" "meta-externalagent/1.1 (+https://developers.facebook.com/docs/sharing/webmasters/crawler)" "-"
57.141.2.29 - - [28/May/2025:05:21:14 +0900] "GET /shopdetail/2940057 HTTP/2.0" 404 43580 "-" "meta-externalagent/1.1 (+https://developers.facebook.com/docs/sharing/webmasters/crawler)" "-"
57.141.2.18 - - [28/May/2025:05:21:16 +0900] "GET /shopdetail/12746591 HTTP/2.0" 404 43580 "-" "meta-externalagent/1.1 (+https://developers.facebook.com/docs/sharing/webmasters/crawler)" "-"
57.141.2.12 - - [28/May/2025:05:21:18 +0900] "GET /shopdetail/9121680 HTTP/2.0" 404 43580 "-" "meta-externalagent/1.1 (+https://developers.facebook.com/docs/sharing/webmasters/crawler)" "-"
57.141.2.25 - - [28/May/2025:05:21:19 +0900] "GET /shopdetail/5768835 HTTP/2.0" 404 43580 "-" "meta-externalagent/1.1 (+https://developers.facebook.com/docs/sharing/webmasters/crawler)" "-"
57.141.2.26 - - [28/May/2025:05:21:21 +0900] "GET /shopdetail/25544680 HTTP/2.0" 404 43580 "-" "meta-externalagent/1.1 (+https://developers.facebook.com/docs/sharing/webmasters/crawler)" "-"
57.141.2.13 - - [28/May/2025:05:21:23 +0900] "GET /shopdetail/11492913 HTTP/2.0" 404 43580 "-" "meta-externalagent/1.1 (+https://developers.facebook.com/docs/sharing/webmasters/crawler)" "-"
57.141.2.7 - - [28/May/2025:05:21:24 +0900] "GET /shopdetail/16976313 HTTP/2.0" 404 43580 "-" "meta-externalagent/1.1 (+https://developers.facebook.com/docs/sharing/webmasters/crawler)" "-"
57.141.2.20 - - [28/May/2025:05:21:25 +0900] "GET /shopdetail/26583646 HTTP/2.0" 404 43580 "-" "meta-externalagent/1.1 (+https://developers.facebook.com/docs/sharing/webmasters/crawler)" "-"
57.141.2.6 - - [28/May/2025:05:21:26 +0900] "GET /shopdetail/22117191 HTTP/2.0" 404 43580 "-" "meta-externalagent/1.1 (+https://developers.facebook.com/docs/sharing/webmasters/crawler)" "-"
57.141.2.20 - - [28/May/2025:05:21:27 +0900] "GET /shopdetail/27803546 HTTP/2.0" 404 43580 "-" "meta-externalagent/1.1 (+https://developers.facebook.com/docs/sharing/webmasters/crawler)" "-"
57.141.2.8 - - [28/May/2025:05:21:28 +0900] "GET /shopdetail/24208046 HTTP/2.0" 404 43580 "-" "meta-externalagent/1.1 (+https://developers.facebook.com/docs/sharing/webmasters/crawler)" "-"
196.251.69.153 - - [28/May/2025:05:22:51 +0900] "POST /wp-plain.php HTTP/1.1" 301 162 "www.google.com" "Mozilla/5.0 (Linux; Android 7.0; SM-G892A Bulid/NRD90M; wv) AppleWebKit/537.36 (KHTML, like Gecko) Version/4.0 Chrome/60.0.3112.107 Moblie Safari/537.36" "-"
196.251.69.153 - - [28/May/2025:05:22:51 +0900] "POST /ALFA_DATA/alfacgiapi/perl.alfa HTTP/1.1" 301 162 "www.google.com" "Mozlila/5.0 (Linux; Android 7.0; SM-G892A Bulid/NRD90M; wv) AppleWebKit/537.36 (KHTML, like Gecko) Version/4.0 Chrome/60.0.3112.107 Moblie Safari/537.36" "-"
196.251.69.153 - - [28/May/2025:05:22:51 +0900] "GET /wp-content/plugins/fix/up.php HTTP/1.1" 301 162 "-" "Mozilla/5.0 (Windows NT 10.0; Win64; x64) AppleWebKit/537.36 (KHTML, like Gecko) Chrome/85.0.4183.102 Safari/537.36" "-"
196.251.69.153 - - [28/May/2025:05:22:51 +0900] "GET /wp-content/themes/seotheme/db.php?u HTTP/1.1" 301 162 "www.google.com" "Mozlila/5.0 (Linux; Android 7.0; SM-G892A Bulid/NRD90M; wv) AppleWebKit/537.36 (KHTML, like Gecko) Version/4.0 Chrome/60.0.3112.107 Moblie Safari/537.36" "-"
196.251.69.153 - - [28/May/2025:05:22:51 +0900] "GET / HTTP/1.1" 301 162 "-" "Mozlila/5.0 (Linux; Android 7.0; SM-G892A Bulid/NRD90M; wv) AppleWebKit/537.36 (KHTML, like Gecko) Version/4.0 Chrome/60.0.3112.107 Moblie Safari/537.36" "-"
196.251.69.153 - - [28/May/2025:05:22:52 +0900] "POST /wp-plain.php HTTP/1.1" 403 199 "www.google.com" "Mozilla/5.0 (Linux; Android 7.0; SM-G892A Bulid/NRD90M; wv) AppleWebKit/537.36 (KHTML, like Gecko) Version/4.0 Chrome/60.0.3112.107 Moblie Safari/537.36" "-"
196.251.69.153 - - [28/May/2025:05:22:52 +0900] "GET /lqdwwvvm.php?Fox=d3wL7 HTTP/1.1" 403 199 "www.google.com" "Mozilla/5.0 (Linux; Android 7.0; SM-G892A Bulid/NRD90M; wv) AppleWebKit/537.36 (KHTML, like Gecko) Version/4.0 Chrome/60.0.3112.107 Moblie Safari/537.36" "-"
160.251.148.50 - - [28/May/2025:05:22:52 +0900] "POST /wp-cron.php?doing_wp_cron=1748377372.6183040142059326171875 HTTP/1.1" 403 186 "-" "WordPress/6.7.2; https://kahokutaku.com" "-"
160.251.148.50 - - [28/May/2025:05:22:52 +0900] "POST /wp-cron.php?doing_wp_cron=1748377372.5554590225219726562500 HTTP/1.1" 403 186 "-" "WordPress/6.7.2; https://kahokutaku.com" "-"
196.251.69.153 - - [28/May/2025:05:22:52 +0900] "GET /wp-content/plugins/fix/up.php HTTP/1.1" 404 43593 "-" "Mozilla/5.0 (Windows NT 10.0; Win64; x64) AppleWebKit/537.36 (KHTML, like Gecko) Chrome/85.0.4183.102 Safari/537.36" "-"
196.251.69.153 - - [28/May/2025:05:22:52 +0900] "GET / HTTP/1.1" 200 53369 "-" "Mozlila/5.0 (Linux; Android 7.0; SM-G892A Bulid/NRD90M; wv) AppleWebKit/537.36 (KHTML, like Gecko) Version/4.0 Chrome/60.0.3112.107 Moblie Safari/537.36" "-"
196.251.69.153 - - [28/May/2025:05:22:53 +0900] "GET /wp-content/themes/seotheme/db.php?u HTTP/1.1" 404 43593 "www.google.com" "Mozlila/5.0 (Linux; Android 7.0; SM-G892A Bulid/NRD90M; wv) AppleWebKit/537.36 (KHTML, like Gecko) Version/4.0 Chrome/60.0.3112.107 Moblie Safari/537.36" "-"
196.251.69.153 - - [28/May/2025:05:22:53 +0900] "GET /wp-content/plugins/apikey/apikey.php?test=hello HTTP/1.1" 404 43593 "-" "Mozlila/5.0 (Linux; Android 7.0; SM-G892A Bulid/NRD90M; wv) AppleWebKit/537.36 (KHTML, like Gecko) Version/4.0 Chrome/60.0.3112.107 Moblie Safari/537.36" "-"
196.251.69.153 - - [28/May/2025:05:22:53 +0900] "POST /ALFA_DATA/alfacgiapi/perl.alfa HTTP/1.1" 404 43608 "www.google.com" "Mozlila/5.0 (Linux; Android 7.0; SM-G892A Bulid/NRD90M; wv) AppleWebKit/537.36 (KHTML, like Gecko) Version/4.0 Chrome/60.0.3112.107 Moblie Safari/537.36" "-"
196.251.69.153 - - [28/May/2025:05:22:54 +0900] "POST /alfacgiapi/perl.alfa HTTP/1.1" 301 162 "www.google.com" "Mozlila/5.0 (Linux; Android 7.0; SM-G892A Bulid/NRD90M; wv) AppleWebKit/537.36 (KHTML, like Gecko) Version/4.0 Chrome/60.0.3112.107 Moblie Safari/537.36" "-"
196.251.69.153 - - [28/May/2025:05:22:54 +0900] "GET /plugins/content/apismtp/apismtp.php?test=hello HTTP/1.1" 404 43616 "-" "Mozlila/5.0 (Linux; Android 7.0; SM-G892A Bulid/NRD90M; wv) AppleWebKit/537.36 (KHTML, like Gecko) Version/4.0 Chrome/60.0.3112.107 Moblie Safari/537.36" "-"
196.251.69.153 - - [28/May/2025:05:22:55 +0900] "GET /wp-content/plugins/apikey/apikey.php.suspected?test=hello HTTP/1.1" 404 43616 "-" "Mozlila/5.0 (Linux; Android 7.0; SM-G892A Bulid/NRD90M; wv) AppleWebKit/537.36 (KHTML, like Gecko) Version/4.0 Chrome/60.0.3112.107 Moblie Safari/537.36" "-"
196.251.69.153 - - [28/May/2025:05:22:55 +0900] "GET /wp-content/themes/seotheme/db.php?u HTTP/1.1" 404 43616 "www.google.com" "Mozlila/5.0 (Linux; Android 7.0; SM-G892A Bulid/NRD90M; wv) AppleWebKit/537.36 (KHTML, like Gecko) Version/4.0 Chrome/60.0.3112.107 Moblie Safari/537.36" "-"
196.251.69.153 - - [28/May/2025:05:22:56 +0900] "POST /alfacgiapi/perl.alfa HTTP/1.1" 404 43608 "www.google.com" "Mozlila/5.0 (Linux; Android 7.0; SM-G892A Bulid/NRD90M; wv) AppleWebKit/537.36 (KHTML, like Gecko) Version/4.0 Chrome/60.0.3112.107 Moblie Safari/537.36" "-"
196.251.69.153 - - [28/May/2025:05:22:56 +0900] "GET /plugins/content/apismtp/apismtp.php.suspected?test=hello HTTP/1.1" 404 43608 "-" "Mozlila/5.0 (Linux; Android 7.0; SM-G892A Bulid/NRD90M; wv) AppleWebKit/537.36 (KHTML, like Gecko) Version/4.0 Chrome/60.0.3112.107 Moblie Safari/537.36" "-"
57.141.2.8 - - [28/May/2025:05:23:08 +0900] "GET /shopdetail/22117191 HTTP/2.0" 404 43580 "-" "meta-externalagent/1.1 (+https://developers.facebook.com/docs/sharing/webmasters/crawler)" "-"
57.141.2.18 - - [28/May/2025:05:23:08 +0900] "GET /shopdetail/16816746 HTTP/2.0" 404 43580 "-" "meta-externalagent/1.1 (+https://developers.facebook.com/docs/sharing/webmasters/crawler)" "-"
57.141.2.30 - - [28/May/2025:05:23:08 +0900] "GET /shopdetail/9269824 HTTP/2.0" 404 43580 "-" "meta-externalagent/1.1 (+https://developers.facebook.com/docs/sharing/webmasters/crawler)" "-"
57.141.2.10 - - [28/May/2025:05:23:10 +0900] "GET /shopdetail/26583646 HTTP/2.0" 404 43580 "-" "meta-externalagent/1.1 (+https://developers.facebook.com/docs/sharing/webmasters/crawler)" "-"
57.141.2.13 - - [28/May/2025:05:23:12 +0900] "GET /shopdetail/3261713 HTTP/2.0" 404 43580 "-" "meta-externalagent/1.1 (+https://developers.facebook.com/docs/sharing/webmasters/crawler)" "-"
43.133.91.48 - - [28/May/2025:05:23:12 +0900] "GET /wp-content/themes/twentytwentythree/assets/fonts/source-serif-pro/SourceSerif4Variable-Roman.ttf.woff2 HTTP/1.1" 200 428448 "-" "Mozilla/5.0 (iPhone; CPU iPhone OS 13_2_3 like Mac OS X) AppleWebKit/605.1.15 (KHTML, like Gecko) Version/13.0.3 Mobile/15E148 Safari/604.1" "-"
57.141.2.20 - - [28/May/2025:05:23:13 +0900] "GET /shopdetail/15857513 HTTP/2.0" 404 43580 "-" "meta-externalagent/1.1 (+https://developers.facebook.com/docs/sharing/webmasters/crawler)" "-"
57.141.2.17 - - [28/May/2025:05:23:14 +0900] "GET /shopdetail/9244302 HTTP/2.0" 404 43580 "-" "meta-externalagent/1.1 (+https://developers.facebook.com/docs/sharing/webmasters/crawler)" "-"
57.141.2.5 - - [28/May/2025:05:23:15 +0900] "GET /shopdetail/2738380 HTTP/2.0" 404 43580 "-" "meta-externalagent/1.1 (+https://developers.facebook.com/docs/sharing/webmasters/crawler)" "-"
57.141.2.8 - - [28/May/2025:05:23:17 +0900] "GET /shopdetail/4580602 HTTP/2.0" 404 43580 "-" "meta-externalagent/1.1 (+https://developers.facebook.com/docs/sharing/webmasters/crawler)" "-"
57.141.2.29 - - [28/May/2025:05:23:18 +0900] "GET /shopdetail/3538902 HTTP/2.0" 404 43580 "-" "meta-externalagent/1.1 (+https://developers.facebook.com/docs/sharing/webmasters/crawler)" "-"
57.141.2.21 - - [28/May/2025:05:23:20 +0900] "GET /shopdetail/4344335 HTTP/2.0" 404 43580 "-" "meta-externalagent/1.1 (+https://developers.facebook.com/docs/sharing/webmasters/crawler)" "-"
57.141.2.17 - - [28/May/2025:05:23:21 +0900] "GET /shopdetail/24369235 HTTP/2.0" 404 43580 "-" "meta-externalagent/1.1 (+https://developers.facebook.com/docs/sharing/webmasters/crawler)" "-"
57.141.2.22 - - [28/May/2025:05:23:23 +0900] "GET /shopdetail/8725880 HTTP/2.0" 404 43580 "-" "meta-externalagent/1.1 (+https://developers.facebook.com/docs/sharing/webmasters/crawler)" "-"
57.141.2.9 - - [28/May/2025:05:23:23 +0900] "GET /shopdetail/24540979 HTTP/2.0" 404 43580 "-" "meta-externalagent/1.1 (+https://developers.facebook.com/docs/sharing/webmasters/crawler)" "-"
57.141.2.30 - - [28/May/2025:05:23:24 +0900] "GET /shopdetail/24835980 HTTP/2.0" 404 43580 "-" "meta-externalagent/1.1 (+https://developers.facebook.com/docs/sharing/webmasters/crawler)" "-"
57.141.2.24 - - [28/May/2025:05:23:29 +0900] "GET /shopdetail/11755991 HTTP/2.0" 404 43580 "-" "meta-externalagent/1.1 (+https://developers.facebook.com/docs/sharing/webmasters/crawler)" "-"
57.141.2.26 - - [28/May/2025:05:23:29 +0900] "GET /shopdetail/30400724 HTTP/2.0" 404 43580 "-" "meta-externalagent/1.1 (+https://developers.facebook.com/docs/sharing/webmasters/crawler)" "-"
57.141.2.18 - - [28/May/2025:05:23:30 +0900] "GET /shopdetail/11532880 HTTP/2.0" 404 43580 "-" "meta-externalagent/1.1 (+https://developers.facebook.com/docs/sharing/webmasters/crawler)" "-"
57.141.2.20 - - [28/May/2025:05:23:30 +0900] "GET /shopdetail/8512379 HTTP/2.0" 404 43580 "-" "meta-externalagent/1.1 (+https://developers.facebook.com/docs/sharing/webmasters/crawler)" "-"
57.141.2.20 - - [28/May/2025:05:23:32 +0900] "GET /shopdetail/20617180 HTTP/2.0" 404 43580 "-" "meta-externalagent/1.1 (+https://developers.facebook.com/docs/sharing/webmasters/crawler)" "-"
57.141.2.24 - - [28/May/2025:05:23:32 +0900] "GET /shopdetail/30689546 HTTP/2.0" 404 43580 "-" "meta-externalagent/1.1 (+https://developers.facebook.com/docs/sharing/webmasters/crawler)" "-"
57.141.2.28 - - [28/May/2025:05:23:34 +0900] "GET /shopdetail/10225346 HTTP/2.0" 404 43580 "-" "meta-externalagent/1.1 (+https://developers.facebook.com/docs/sharing/webmasters/crawler)" "-"
57.141.2.26 - - [28/May/2025:05:23:34 +0900] "GET /shopdetail/22634291 HTTP/2.0" 404 43580 "-" "meta-externalagent/1.1 (+https://developers.facebook.com/docs/sharing/webmasters/crawler)" "-"
57.141.2.1 - - [28/May/2025:05:23:35 +0900] "GET /shopdetail/20029779 HTTP/2.0" 404 43580 "-" "meta-externalagent/1.1 (+https://developers.facebook.com/docs/sharing/webmasters/crawler)" "-"
57.141.2.3 - - [28/May/2025:05:23:37 +0900] "GET /shopdetail/21678391 HTTP/2.0" 404 43580 "-" "meta-externalagent/1.1 (+https://developers.facebook.com/docs/sharing/webmasters/crawler)" "-"
57.141.2.9 - - [28/May/2025:05:23:38 +0900] "GET /shopdetail/13126046 HTTP/2.0" 404 43580 "-" "meta-externalagent/1.1 (+https://developers.facebook.com/docs/sharing/webmasters/crawler)" "-"
57.141.2.5 - - [28/May/2025:05:23:40 +0900] "GET /shopdetail/14247313 HTTP/2.0" 404 43580 "-" "meta-externalagent/1.1 (+https://developers.facebook.com/docs/sharing/webmasters/crawler)" "-"
57.141.2.1 - - [28/May/2025:05:23:40 +0900] "GET /shopdetail/18603302 HTTP/2.0" 404 43580 "-" "meta-externalagent/1.1 (+https://developers.facebook.com/docs/sharing/webmasters/crawler)" "-"
57.141.2.17 - - [28/May/2025:05:23:42 +0900] "GET /shopdetail/27526657 HTTP/2.0" 404 43580 "-" "meta-externalagent/1.1 (+https://developers.facebook.com/docs/sharing/webmasters/crawler)" "-"
57.141.2.1 - - [28/May/2025:05:23:44 +0900] "GET /shopdetail/30236646 HTTP/2.0" 404 43580 "-" "meta-externalagent/1.1 (+https://developers.facebook.com/docs/sharing/webmasters/crawler)" "-"
57.141.2.29 - - [28/May/2025:05:23:45 +0900] "GET /shopdetail/10103068 HTTP/2.0" 404 43580 "-" "meta-externalagent/1.1 (+https://developers.facebook.com/docs/sharing/webmasters/crawler)" "-"
57.141.2.17 - - [28/May/2025:05:23:47 +0900] "GET /shopdetail/15275313 HTTP/2.0" 404 43580 "-" "meta-externalagent/1.1 (+https://developers.facebook.com/docs/sharing/webmasters/crawler)" "-"
160.251.148.50 - - [28/May/2025:05:23:53 +0900] "POST /wp-cron.php?doing_wp_cron=1748377433.3524830341339111328125 HTTP/1.1" 403 186 "-" "WordPress/6.7.2; https://kahokutaku.com" "-"
57.141.2.4 - - [28/May/2025:05:23:53 +0900] "GET /shopdetail/8729091 HTTP/2.0" 404 43580 "-" "meta-externalagent/1.1 (+https://developers.facebook.com/docs/sharing/webmasters/crawler)" "-"
57.141.2.26 - - [28/May/2025:05:23:53 +0900] "GET /shopdetail/1691624 HTTP/2.0" 404 43580 "-" "meta-externalagent/1.1 (+https://developers.facebook.com/docs/sharing/webmasters/crawler)" "-"
57.141.2.5 - - [28/May/2025:05:23:54 +0900] "GET /shopdetail/6216635 HTTP/2.0" 404 43580 "-" "meta-externalagent/1.1 (+https://developers.facebook.com/docs/sharing/webmasters/crawler)" "-"
57.141.2.19 - - [28/May/2025:05:23:57 +0900] "GET /shopdetail/16609124 HTTP/2.0" 404 43580 "-" "meta-externalagent/1.1 (+https://developers.facebook.com/docs/sharing/webmasters/crawler)" "-"
57.141.2.27 - - [28/May/2025:05:24:02 +0900] "GET /shopdetail/1691624 HTTP/2.0" 404 43580 "-" "meta-externalagent/1.1 (+https://developers.facebook.com/docs/sharing/webmasters/crawler)" "-"
57.141.2.18 - - [28/May/2025:05:24:02 +0900] "GET /shopdetail/9011413 HTTP/2.0" 404 43580 "-" "meta-externalagent/1.1 (+https://developers.facebook.com/docs/sharing/webmasters/crawler)" "-"
57.141.2.19 - - [28/May/2025:05:24:02 +0900] "GET /shopdetail/25948779 HTTP/2.0" 404 43580 "-" "meta-externalagent/1.1 (+https://developers.facebook.com/docs/sharing/webmasters/crawler)" "-"
57.141.2.14 - - [28/May/2025:05:24:10 +0900] "GET /shopdetail/16609124 HTTP/2.0" 404 43580 "-" "meta-externalagent/1.1 (+https://developers.facebook.com/docs/sharing/webmasters/crawler)" "-"
57.141.2.30 - - [28/May/2025:05:24:13 +0900] "GET /shopdetail/8729091 HTTP/2.0" 404 43580 "-" "meta-externalagent/1.1 (+https://developers.facebook.com/docs/sharing/webmasters/crawler)" "-"
57.141.2.5 - - [28/May/2025:05:24:18 +0900] "GET /shopdetail/5624035 HTTP/2.0" 404 43580 "-" "meta-externalagent/1.1 (+https://developers.facebook.com/docs/sharing/webmasters/crawler)" "-"
57.141.2.21 - - [28/May/2025:05:24:18 +0900] "GET /shopdetail/23773246 HTTP/2.0" 404 43580 "-" "meta-externalagent/1.1 (+https://developers.facebook.com/docs/sharing/webmasters/crawler)" "-"
57.141.2.23 - - [28/May/2025:05:24:19 +0900] "GET /shopdetail/27526657 HTTP/2.0" 404 43580 "-" "meta-externalagent/1.1 (+https://developers.facebook.com/docs/sharing/webmasters/crawler)" "-"
57.141.2.19 - - [28/May/2025:05:24:22 +0900] "GET /shopdetail/14247313 HTTP/2.0" 404 43580 "-" "meta-externalagent/1.1 (+https://developers.facebook.com/docs/sharing/webmasters/crawler)" "-"
66.249.79.173 - - [28/May/2025:05:26:02 +0900] "POST /get-message-notify HTTP/1.1" 200 22944 "https://www.kahokutaku.com/shopdetail/12383346" "Mozilla/5.0 (Linux; Android 6.0.1; Nexus 5X Build/MMB29P) AppleWebKit/537.36 (KHTML, like Gecko) Chrome/136.0.7103.92 Mobile Safari/537.36 (compatible; Googlebot/2.1; +http://www.google.com/bot.html)" "-"
160.251.148.50 - - [28/May/2025:05:26:04 +0900] "POST /wp-cron.php?doing_wp_cron=1748377563.9640409946441650390625 HTTP/1.1" 403 186 "-" "WordPress/6.7.2; https://kahokutaku.com" "-"
57.141.2.9 - - [28/May/2025:05:26:04 +0900] "GET /shopdetail/26130035 HTTP/2.0" 404 43580 "-" "meta-externalagent/1.1 (+https://developers.facebook.com/docs/sharing/webmasters/crawler)" "-"
57.141.2.6 - - [28/May/2025:05:26:04 +0900] "GET /shopdetail/13075646 HTTP/2.0" 404 43580 "-" "meta-externalagent/1.1 (+https://developers.facebook.com/docs/sharing/webmasters/crawler)" "-"
57.141.2.22 - - [28/May/2025:05:26:04 +0900] "GET /shopdetail/30198357 HTTP/2.0" 404 43580 "-" "meta-externalagent/1.1 (+https://developers.facebook.com/docs/sharing/webmasters/crawler)" "-"
57.141.2.13 - - [28/May/2025:05:26:06 +0900] "GET /shopdetail/21338902 HTTP/2.0" 404 43580 "-" "meta-externalagent/1.1 (+https://developers.facebook.com/docs/sharing/webmasters/crawler)" "-"
57.141.2.6 - - [28/May/2025:05:26:09 +0900] "GET /shopdetail/19019679 HTTP/2.0" 404 43580 "-" "meta-externalagent/1.1 (+https://developers.facebook.com/docs/sharing/webmasters/crawler)" "-"
57.141.2.29 - - [28/May/2025:05:26:09 +0900] "GET /shopdetail/6090080 HTTP/2.0" 404 43580 "-" "meta-externalagent/1.1 (+https://developers.facebook.com/docs/sharing/webmasters/crawler)" "-"
57.141.2.1 - - [28/May/2025:05:26:11 +0900] "GET /shopdetail/23773246 HTTP/2.0" 404 43580 "-" "meta-externalagent/1.1 (+https://developers.facebook.com/docs/sharing/webmasters/crawler)" "-"
57.141.2.17 - - [28/May/2025:05:26:12 +0900] "GET /shopdetail/5624035 HTTP/2.0" 404 43580 "-" "meta-externalagent/1.1 (+https://developers.facebook.com/docs/sharing/webmasters/crawler)" "-"
57.141.2.23 - - [28/May/2025:05:26:12 +0900] "GET /shopdetail/12951735 HTTP/2.0" 404 43580 "-" "meta-externalagent/1.1 (+https://developers.facebook.com/docs/sharing/webmasters/crawler)" "-"
57.141.2.2 - - [28/May/2025:05:26:13 +0900] "GET /shopdetail/9385179 HTTP/2.0" 404 43580 "-" "meta-externalagent/1.1 (+https://developers.facebook.com/docs/sharing/webmasters/crawler)" "-"
57.141.2.6 - - [28/May/2025:05:26:13 +0900] "GET /shopdetail/13946013 HTTP/2.0" 404 43580 "-" "meta-externalagent/1.1 (+https://developers.facebook.com/docs/sharing/webmasters/crawler)" "-"
57.141.2.5 - - [28/May/2025:05:26:15 +0900] "GET /shopdetail/11959935 HTTP/2.0" 404 43580 "-" "meta-externalagent/1.1 (+https://developers.facebook.com/docs/sharing/webmasters/crawler)" "-"
57.141.2.16 - - [28/May/2025:05:26:15 +0900] "GET /shopdetail/15942613 HTTP/2.0" 404 43580 "-" "meta-externalagent/1.1 (+https://developers.facebook.com/docs/sharing/webmasters/crawler)" "-"
57.141.2.9 - - [28/May/2025:05:26:17 +0900] "GET /shopdetail/1474424 HTTP/2.0" 404 43580 "-" "meta-externalagent/1.1 (+https://developers.facebook.com/docs/sharing/webmasters/crawler)" "-"
57.141.2.26 - - [28/May/2025:05:26:20 +0900] "GET /shopdetail/1763468 HTTP/2.0" 404 43580 "-" "meta-externalagent/1.1 (+https://developers.facebook.com/docs/sharing/webmasters/crawler)" "-"
57.141.2.10 - - [28/May/2025:05:26:23 +0900] "GET /shopdetail/19030635 HTTP/2.0" 404 43580 "-" "meta-externalagent/1.1 (+https://developers.facebook.com/docs/sharing/webmasters/crawler)" "-"
57.141.2.26 - - [28/May/2025:05:26:24 +0900] "GET /shopdetail/25393635 HTTP/2.0" 404 43580 "-" "meta-externalagent/1.1 (+https://developers.facebook.com/docs/sharing/webmasters/crawler)" "-"
57.141.2.2 - - [28/May/2025:05:26:26 +0900] "GET /shopdetail/7060746 HTTP/2.0" 404 43580 "-" "meta-externalagent/1.1 (+https://developers.facebook.com/docs/sharing/webmasters/crawler)" "-"
57.141.2.9 - - [28/May/2025:05:26:28 +0900] "GET /shopdetail/22173713 HTTP/2.0" 404 43580 "-" "meta-externalagent/1.1 (+https://developers.facebook.com/docs/sharing/webmasters/crawler)" "-"
57.141.2.19 - - [28/May/2025:05:26:28 +0900] "GET /shopdetail/26500080 HTTP/2.0" 404 43580 "-" "meta-externalagent/1.1 (+https://developers.facebook.com/docs/sharing/webmasters/crawler)" "-"
57.141.2.11 - - [28/May/2025:05:26:31 +0900] "GET /shopdetail/24824135 HTTP/2.0" 404 43580 "-" "meta-externalagent/1.1 (+https://developers.facebook.com/docs/sharing/webmasters/crawler)" "-"
57.141.2.27 - - [28/May/2025:05:26:32 +0900] "GET /shopdetail/15896079 HTTP/2.0" 404 43580 "-" "meta-externalagent/1.1 (+https://developers.facebook.com/docs/sharing/webmasters/crawler)" "-"
57.141.2.7 - - [28/May/2025:05:26:33 +0900] "GET /shopdetail/29729380 HTTP/2.0" 404 43580 "-" "meta-externalagent/1.1 (+https://developers.facebook.com/docs/sharing/webmasters/crawler)" "-"
57.141.2.6 - - [28/May/2025:05:26:34 +0900] "GET /shopdetail/14120913 HTTP/2.0" 404 43580 "-" "meta-externalagent/1.1 (+https://developers.facebook.com/docs/sharing/webmasters/crawler)" "-"
57.141.2.29 - - [28/May/2025:05:26:34 +0900] "GET /shopdetail/28450668 HTTP/2.0" 404 43580 "-" "meta-externalagent/1.1 (+https://developers.facebook.com/docs/sharing/webmasters/crawler)" "-"
57.141.2.17 - - [28/May/2025:05:26:36 +0900] "GET /shopdetail/27853535 HTTP/2.0" 404 43580 "-" "meta-externalagent/1.1 (+https://developers.facebook.com/docs/sharing/webmasters/crawler)" "-"
57.141.2.27 - - [28/May/2025:05:26:37 +0900] "GET /shopdetail/28912424 HTTP/2.0" 404 43580 "-" "meta-externalagent/1.1 (+https://developers.facebook.com/docs/sharing/webmasters/crawler)" "-"
57.141.2.16 - - [28/May/2025:05:26:39 +0900] "GET /shopdetail/8342468 HTTP/2.0" 404 43580 "-" "meta-externalagent/1.1 (+https://developers.facebook.com/docs/sharing/webmasters/crawler)" "-"
57.141.2.16 - - [28/May/2025:05:26:44 +0900] "GET /shopdetail/26500080 HTTP/2.0" 404 43580 "-" "meta-externalagent/1.1 (+https://developers.facebook.com/docs/sharing/webmasters/crawler)" "-"
160.251.148.50 - - [28/May/2025:05:28:14 +0900] "POST /wp-cron.php?doing_wp_cron=1748377693.9057860374450683593750 HTTP/1.1" 403 186 "-" "WordPress/6.7.2; https://kahokutaku.com" "-"
57.141.2.6 - - [28/May/2025:05:28:14 +0900] "GET /shopdetail/3259857 HTTP/2.0" 404 43580 "-" "meta-externalagent/1.1 (+https://developers.facebook.com/docs/sharing/webmasters/crawler)" "-"
57.141.2.27 - - [28/May/2025:05:28:14 +0900] "GET /shopdetail/24017391 HTTP/2.0" 404 43580 "-" "meta-externalagent/1.1 (+https://developers.facebook.com/docs/sharing/webmasters/crawler)" "-"
57.141.2.9 - - [28/May/2025:05:28:16 +0900] "GET /shopdetail/13381513 HTTP/2.0" 404 43580 "-" "meta-externalagent/1.1 (+https://developers.facebook.com/docs/sharing/webmasters/crawler)" "-"
57.141.2.9 - - [28/May/2025:05:28:18 +0900] "GET /shopdetail/15896079 HTTP/2.0" 404 43580 "-" "meta-externalagent/1.1 (+https://developers.facebook.com/docs/sharing/webmasters/crawler)" "-"
57.141.2.15 - - [28/May/2025:05:28:19 +0900] "GET /shopdetail/8342468 HTTP/2.0" 404 43580 "-" "meta-externalagent/1.1 (+https://developers.facebook.com/docs/sharing/webmasters/crawler)" "-"
57.141.2.20 - - [28/May/2025:05:28:20 +0900] "GET /shopdetail/29472380 HTTP/2.0" 404 43580 "-" "meta-externalagent/1.1 (+https://developers.facebook.com/docs/sharing/webmasters/crawler)" "-"
57.141.2.17 - - [28/May/2025:05:28:22 +0900] "GET /shopdetail/14120913 HTTP/2.0" 404 43580 "-" "meta-externalagent/1.1 (+https://developers.facebook.com/docs/sharing/webmasters/crawler)" "-"
57.141.2.3 - - [28/May/2025:05:28:22 +0900] "GET /shopdetail/22404591 HTTP/2.0" 404 43580 "-" "meta-externalagent/1.1 (+https://developers.facebook.com/docs/sharing/webmasters/crawler)" "-"
57.141.2.20 - - [28/May/2025:05:28:23 +0900] "GET /shopdetail/1120313 HTTP/2.0" 404 43580 "-" "meta-externalagent/1.1 (+https://developers.facebook.com/docs/sharing/webmasters/crawler)" "-"
57.141.2.27 - - [28/May/2025:05:28:24 +0900] "GET /shopdetail/3869302 HTTP/2.0" 404 43580 "-" "meta-externalagent/1.1 (+https://developers.facebook.com/docs/sharing/webmasters/crawler)" "-"
57.141.2.24 - - [28/May/2025:05:28:26 +0900] "GET /shopdetail/6646802 HTTP/2.0" 404 43580 "-" "meta-externalagent/1.1 (+https://developers.facebook.com/docs/sharing/webmasters/crawler)" "-"
57.141.2.6 - - [28/May/2025:05:28:26 +0900] "GET /shopdetail/4068580 HTTP/2.0" 404 43580 "-" "meta-externalagent/1.1 (+https://developers.facebook.com/docs/sharing/webmasters/crawler)" "-"
57.141.2.14 - - [28/May/2025:05:28:27 +0900] "GET /shopdetail/6392702 HTTP/2.0" 404 43580 "-" "meta-externalagent/1.1 (+https://developers.facebook.com/docs/sharing/webmasters/crawler)" "-"
57.141.2.12 - - [28/May/2025:05:28:31 +0900] "GET /shopdetail/12062802 HTTP/2.0" 404 43580 "-" "meta-externalagent/1.1 (+https://developers.facebook.com/docs/sharing/webmasters/crawler)" "-"
57.141.2.13 - - [28/May/2025:05:28:32 +0900] "GET /shopdetail/19263257 HTTP/2.0" 404 43580 "-" "meta-externalagent/1.1 (+https://developers.facebook.com/docs/sharing/webmasters/crawler)" "-"
57.141.2.21 - - [28/May/2025:05:28:33 +0900] "GET /shopdetail/29574879 HTTP/2.0" 404 43580 "-" "meta-externalagent/1.1 (+https://developers.facebook.com/docs/sharing/webmasters/crawler)" "-"
57.141.2.17 - - [28/May/2025:05:28:33 +0900] "GET /shopdetail/18881079 HTTP/2.0" 404 43580 "-" "meta-externalagent/1.1 (+https://developers.facebook.com/docs/sharing/webmasters/crawler)" "-"
57.141.2.21 - - [28/May/2025:05:28:34 +0900] "GET /shopdetail/9287668 HTTP/2.0" 404 43580 "-" "meta-externalagent/1.1 (+https://developers.facebook.com/docs/sharing/webmasters/crawler)" "-"
57.141.2.25 - - [28/May/2025:05:28:34 +0900] "GET /shopdetail/30760524 HTTP/2.0" 404 43580 "-" "meta-externalagent/1.1 (+https://developers.facebook.com/docs/sharing/webmasters/crawler)" "-"
57.141.2.8 - - [28/May/2025:05:28:35 +0900] "GET /shopdetail/12251268 HTTP/2.0" 404 43580 "-" "meta-externalagent/1.1 (+https://developers.facebook.com/docs/sharing/webmasters/crawler)" "-"
57.141.2.21 - - [28/May/2025:05:28:36 +0900] "GET /shopdetail/2290102 HTTP/2.0" 404 43580 "-" "meta-externalagent/1.1 (+https://developers.facebook.com/docs/sharing/webmasters/crawler)" "-"
57.141.2.3 - - [28/May/2025:05:28:38 +0900] "GET /shopdetail/13226880 HTTP/2.0" 404 43580 "-" "meta-externalagent/1.1 (+https://developers.facebook.com/docs/sharing/webmasters/crawler)" "-"
57.141.2.16 - - [28/May/2025:05:28:38 +0900] "GET /shopdetail/23494235 HTTP/2.0" 404 43580 "-" "meta-externalagent/1.1 (+https://developers.facebook.com/docs/sharing/webmasters/crawler)" "-"
57.141.2.2 - - [28/May/2025:05:28:40 +0900] "GET /shopdetail/11026713 HTTP/2.0" 404 43580 "-" "meta-externalagent/1.1 (+https://developers.facebook.com/docs/sharing/webmasters/crawler)" "-"
57.141.2.15 - - [28/May/2025:05:28:43 +0900] "GET /shopdetail/12466846 HTTP/2.0" 404 43580 "-" "meta-externalagent/1.1 (+https://developers.facebook.com/docs/sharing/webmasters/crawler)" "-"
160.251.148.50 - - [28/May/2025:05:30:17 +0900] "POST /wp-cron.php?doing_wp_cron=1748377816.9900538921356201171875 HTTP/1.1" 403 186 "-" "WordPress/6.7.2; https://kahokutaku.com" "-"
57.141.2.12 - - [28/May/2025:05:30:17 +0900] "GET /shopdetail/24744168 HTTP/2.0" 404 43580 "-" "meta-externalagent/1.1 (+https://developers.facebook.com/docs/sharing/webmasters/crawler)" "-"
57.141.2.24 - - [28/May/2025:05:30:22 +0900] "GET /shopdetail/25177313 HTTP/2.0" 404 43580 "-" "meta-externalagent/1.1 (+https://developers.facebook.com/docs/sharing/webmasters/crawler)" "-"
57.141.2.15 - - [28/May/2025:05:30:23 +0900] "GET /shopdetail/12620824 HTTP/2.0" 404 43580 "-" "meta-externalagent/1.1 (+https://developers.facebook.com/docs/sharing/webmasters/crawler)" "-"
57.141.2.20 - - [28/May/2025:05:30:24 +0900] "GET /shopdetail/8265857 HTTP/2.0" 404 43580 "-" "meta-externalagent/1.1 (+https://developers.facebook.com/docs/sharing/webmasters/crawler)" "-"
57.141.2.8 - - [28/May/2025:05:30:27 +0900] "GET /shopdetail/9298591 HTTP/2.0" 404 43580 "-" "meta-externalagent/1.1 (+https://developers.facebook.com/docs/sharing/webmasters/crawler)" "-"
57.141.2.3 - - [28/May/2025:05:30:27 +0900] "GET /shopdetail/2676157 HTTP/2.0" 404 43580 "-" "meta-externalagent/1.1 (+https://developers.facebook.com/docs/sharing/webmasters/crawler)" "-"
57.141.2.2 - - [28/May/2025:05:30:27 +0900] "GET /shopdetail/2300668 HTTP/2.0" 404 43580 "-" "meta-externalagent/1.1 (+https://developers.facebook.com/docs/sharing/webmasters/crawler)" "-"
57.141.2.28 - - [28/May/2025:05:30:28 +0900] "GET /shopdetail/10481946 HTTP/2.0" 404 43580 "-" "meta-externalagent/1.1 (+https://developers.facebook.com/docs/sharing/webmasters/crawler)" "-"
57.141.2.16 - - [28/May/2025:05:30:28 +0900] "GET /shopdetail/14951546 HTTP/2.0" 404 43580 "-" "meta-externalagent/1.1 (+https://developers.facebook.com/docs/sharing/webmasters/crawler)" "-"
57.141.2.24 - - [28/May/2025:05:30:30 +0900] "GET /shopdetail/26260191 HTTP/2.0" 404 43580 "-" "meta-externalagent/1.1 (+https://developers.facebook.com/docs/sharing/webmasters/crawler)" "-"
57.141.2.27 - - [28/May/2025:05:30:30 +0900] "GET /shopdetail/973102 HTTP/2.0" 404 43580 "-" "meta-externalagent/1.1 (+https://developers.facebook.com/docs/sharing/webmasters/crawler)" "-"
57.141.2.2 - - [28/May/2025:05:30:32 +0900] "GET /shopdetail/1547935 HTTP/2.0" 404 43580 "-" "meta-externalagent/1.1 (+https://developers.facebook.com/docs/sharing/webmasters/crawler)" "-"
57.141.2.9 - - [28/May/2025:05:30:33 +0900] "GET /shopdetail/30274380 HTTP/2.0" 404 43580 "-" "meta-externalagent/1.1 (+https://developers.facebook.com/docs/sharing/webmasters/crawler)" "-"
57.141.2.29 - - [28/May/2025:05:30:35 +0900] "GET /shopdetail/20332946 HTTP/2.0" 404 43580 "-" "meta-externalagent/1.1 (+https://developers.facebook.com/docs/sharing/webmasters/crawler)" "-"
57.141.2.8 - - [28/May/2025:05:30:36 +0900] "GET /shopdetail/7060824 HTTP/2.0" 404 43580 "-" "meta-externalagent/1.1 (+https://developers.facebook.com/docs/sharing/webmasters/crawler)" "-"
57.141.2.24 - - [28/May/2025:05:30:38 +0900] "GET /shopdetail/6654013 HTTP/2.0" 404 43580 "-" "meta-externalagent/1.1 (+https://developers.facebook.com/docs/sharing/webmasters/crawler)" "-"
57.141.2.27 - - [28/May/2025:05:30:39 +0900] "GET /shopdetail/20078646 HTTP/2.0" 404 43580 "-" "meta-externalagent/1.1 (+https://developers.facebook.com/docs/sharing/webmasters/crawler)" "-"
57.141.2.3 - - [28/May/2025:05:30:40 +0900] "GET /sitemap824.xml HTTP/2.0" 200 141945 "-" "meta-externalagent/1.1 (+https://developers.facebook.com/docs/sharing/webmasters/crawler)" "-"
57.141.2.10 - - [28/May/2025:05:30:43 +0900] "GET /shopdetail/27130591 HTTP/2.0" 404 43580 "-" "meta-externalagent/1.1 (+https://developers.facebook.com/docs/sharing/webmasters/crawler)" "-"
57.141.2.29 - - [28/May/2025:05:30:44 +0900] "GET /shopdetail/10605257 HTTP/2.0" 404 43580 "-" "meta-externalagent/1.1 (+https://developers.facebook.com/docs/sharing/webmasters/crawler)" "-"
57.141.2.14 - - [28/May/2025:05:30:45 +0900] "GET /shopdetail/11014679 HTTP/2.0" 404 43580 "-" "meta-externalagent/1.1 (+https://developers.facebook.com/docs/sharing/webmasters/crawler)" "-"
57.141.2.21 - - [28/May/2025:05:30:45 +0900] "GET /shopdetail/20639835 HTTP/2.0" 404 43580 "-" "meta-externalagent/1.1 (+https://developers.facebook.com/docs/sharing/webmasters/crawler)" "-"
57.141.2.20 - - [28/May/2025:05:30:47 +0900] "GET /shopdetail/28777379 HTTP/2.0" 404 43580 "-" "meta-externalagent/1.1 (+https://developers.facebook.com/docs/sharing/webmasters/crawler)" "-"
57.141.2.10 - - [28/May/2025:05:30:49 +0900] "GET /shopdetail/11651524 HTTP/2.0" 404 43580 "-" "meta-externalagent/1.1 (+https://developers.facebook.com/docs/sharing/webmasters/crawler)" "-"
57.141.2.6 - - [28/May/2025:05:30:50 +0900] "GET /shopdetail/10916857 HTTP/2.0" 404 43580 "-" "meta-externalagent/1.1 (+https://developers.facebook.com/docs/sharing/webmasters/crawler)" "-"
57.141.2.29 - - [28/May/2025:05:30:51 +0900] "GET /shopdetail/17922746 HTTP/2.0" 404 43580 "-" "meta-externalagent/1.1 (+https://developers.facebook.com/docs/sharing/webmasters/crawler)" "-"
57.141.2.3 - - [28/May/2025:05:30:56 +0900] "GET /shopdetail/11651524 HTTP/2.0" 404 43580 "-" "meta-externalagent/1.1 (+https://developers.facebook.com/docs/sharing/webmasters/crawler)" "-"
57.141.2.1 - - [28/May/2025:05:31:01 +0900] "GET /shopdetail/26766357 HTTP/2.0" 404 43580 "-" "meta-externalagent/1.1 (+https://developers.facebook.com/docs/sharing/webmasters/crawler)" "-"
57.141.2.12 - - [28/May/2025:05:31:08 +0900] "GET /shopdetail/17414579 HTTP/2.0" 404 43580 "-" "meta-externalagent/1.1 (+https://developers.facebook.com/docs/sharing/webmasters/crawler)" "-"
160.251.148.50 - - [28/May/2025:05:31:24 +0900] "POST /wp-cron.php?doing_wp_cron=1748377884.4450418949127197265625 HTTP/1.1" 403 186 "-" "WordPress/6.7.2; https://kahokutaku.com" "-"
57.141.2.8 - - [28/May/2025:05:31:24 +0900] "GET /shopdetail/23532291 HTTP/2.0" 404 43580 "-" "meta-externalagent/1.1 (+https://developers.facebook.com/docs/sharing/webmasters/crawler)" "-"
57.141.2.5 - - [28/May/2025:05:32:58 +0900] "GET /shopdetail/8583157 HTTP/2.0" 404 43580 "-" "meta-externalagent/1.1 (+https://developers.facebook.com/docs/sharing/webmasters/crawler)" "-"
160.251.148.50 - - [28/May/2025:05:32:58 +0900] "POST /wp-cron.php?doing_wp_cron=1748377977.9287080764770507812500 HTTP/1.1" 403 186 "-" "WordPress/6.7.2; https://kahokutaku.com" "-"
57.141.2.16 - - [28/May/2025:05:32:58 +0900] "GET /shopdetail/23096379 HTTP/2.0" 404 43580 "-" "meta-externalagent/1.1 (+https://developers.facebook.com/docs/sharing/webmasters/crawler)" "-"
57.141.2.17 - - [28/May/2025:05:32:59 +0900] "GET /shopdetail/28307691 HTTP/2.0" 404 43580 "-" "meta-externalagent/1.1 (+https://developers.facebook.com/docs/sharing/webmasters/crawler)" "-"
57.141.2.21 - - [28/May/2025:05:33:00 +0900] "GET /shopdetail/23532291 HTTP/2.0" 404 43580 "-" "meta-externalagent/1.1 (+https://developers.facebook.com/docs/sharing/webmasters/crawler)" "-"
57.141.2.8 - - [28/May/2025:05:33:02 +0900] "GET /shopdetail/25843946 HTTP/2.0" 404 43580 "-" "meta-externalagent/1.1 (+https://developers.facebook.com/docs/sharing/webmasters/crawler)" "-"
57.141.2.13 - - [28/May/2025:05:33:02 +0900] "GET /shopdetail/22059202 HTTP/2.0" 404 43580 "-" "meta-externalagent/1.1 (+https://developers.facebook.com/docs/sharing/webmasters/crawler)" "-"
57.141.2.21 - - [28/May/2025:05:33:05 +0900] "GET /shopdetail/22649602 HTTP/2.0" 404 43580 "-" "meta-externalagent/1.1 (+https://developers.facebook.com/docs/sharing/webmasters/crawler)" "-"
57.141.2.30 - - [28/May/2025:05:33:06 +0900] "GET /shopdetail/30114113 HTTP/2.0" 404 43580 "-" "meta-externalagent/1.1 (+https://developers.facebook.com/docs/sharing/webmasters/crawler)" "-"
57.141.2.6 - - [28/May/2025:05:33:06 +0900] "GET /shopdetail/10357579 HTTP/2.0" 404 43580 "-" "meta-externalagent/1.1 (+https://developers.facebook.com/docs/sharing/webmasters/crawler)" "-"
57.141.2.27 - - [28/May/2025:05:33:08 +0900] "GET /shopdetail/28348579 HTTP/2.0" 404 43580 "-" "meta-externalagent/1.1 (+https://developers.facebook.com/docs/sharing/webmasters/crawler)" "-"
57.141.2.30 - - [28/May/2025:05:33:11 +0900] "GET /shopdetail/8311002 HTTP/2.0" 404 43580 "-" "meta-externalagent/1.1 (+https://developers.facebook.com/docs/sharing/webmasters/crawler)" "-"
57.141.2.30 - - [28/May/2025:05:33:11 +0900] "GET /shopdetail/16375613 HTTP/2.0" 404 43580 "-" "meta-externalagent/1.1 (+https://developers.facebook.com/docs/sharing/webmasters/crawler)" "-"
57.141.2.29 - - [28/May/2025:05:33:13 +0900] "GET /shopdetail/28200802 HTTP/2.0" 404 43580 "-" "meta-externalagent/1.1 (+https://developers.facebook.com/docs/sharing/webmasters/crawler)" "-"
57.141.2.3 - - [28/May/2025:05:33:13 +0900] "GET /shopdetail/8244080 HTTP/2.0" 404 43580 "-" "meta-externalagent/1.1 (+https://developers.facebook.com/docs/sharing/webmasters/crawler)" "-"
57.141.2.7 - - [28/May/2025:05:33:15 +0900] "GET /shopdetail/13524224 HTTP/2.0" 404 43580 "-" "meta-externalagent/1.1 (+https://developers.facebook.com/docs/sharing/webmasters/crawler)" "-"
57.141.2.19 - - [28/May/2025:05:33:16 +0900] "GET /shopdetail/3835213 HTTP/2.0" 404 43580 "-" "meta-externalagent/1.1 (+https://developers.facebook.com/docs/sharing/webmasters/crawler)" "-"
57.141.2.4 - - [28/May/2025:05:33:18 +0900] "GET /shopdetail/2548580 HTTP/2.0" 404 43580 "-" "meta-externalagent/1.1 (+https://developers.facebook.com/docs/sharing/webmasters/crawler)" "-"
57.141.2.23 - - [28/May/2025:05:33:19 +0900] "GET /shopdetail/7118546 HTTP/2.0" 404 43580 "-" "meta-externalagent/1.1 (+https://developers.facebook.com/docs/sharing/webmasters/crawler)" "-"
57.141.2.8 - - [28/May/2025:05:33:20 +0900] "GET /shopdetail/28962080 HTTP/2.0" 404 43580 "-" "meta-externalagent/1.1 (+https://developers.facebook.com/docs/sharing/webmasters/crawler)" "-"
43.133.14.237 - - [28/May/2025:05:33:22 +0900] "GET /?p=194 HTTP/1.1" 301 0 "-" "Mozilla/5.0 (iPhone; CPU iPhone OS 13_2_3 like Mac OS X) AppleWebKit/605.1.15 (KHTML, like Gecko) Version/13.0.3 Mobile/15E148 Safari/604.1" "-"
57.141.2.1 - - [28/May/2025:05:33:22 +0900] "GET /shopdetail/6657135 HTTP/2.0" 404 43580 "-" "meta-externalagent/1.1 (+https://developers.facebook.com/docs/sharing/webmasters/crawler)" "-"
43.133.14.237 - - [28/May/2025:05:33:24 +0900] "GET /%e3%81%8a%e5%95%8f%e5%90%88%e3%81%9b/ HTTP/1.1" 200 12523 "https://kahokutaku.com/?p=194" "Mozilla/5.0 (iPhone; CPU iPhone OS 13_2_3 like Mac OS X) AppleWebKit/605.1.15 (KHTML, like Gecko) Version/13.0.3 Mobile/15E148 Safari/604.1" "-"
57.141.2.25 - - [28/May/2025:05:33:25 +0900] "GET /shopdetail/26476013 HTTP/2.0" 404 43580 "-" "meta-externalagent/1.1 (+https://developers.facebook.com/docs/sharing/webmasters/crawler)" "-"
57.141.2.20 - - [28/May/2025:05:33:25 +0900] "GET /shopdetail/2145802 HTTP/2.0" 404 43580 "-" "meta-externalagent/1.1 (+https://developers.facebook.com/docs/sharing/webmasters/crawler)" "-"
57.141.2.11 - - [28/May/2025:05:33:28 +0900] "GET /shopdetail/11731780 HTTP/2.0" 404 43580 "-" "meta-externalagent/1.1 (+https://developers.facebook.com/docs/sharing/webmasters/crawler)" "-"
57.141.2.8 - - [28/May/2025:05:33:32 +0900] "GET /shopdetail/20933479 HTTP/2.0" 404 43580 "-" "meta-externalagent/1.1 (+https://developers.facebook.com/docs/sharing/webmasters/crawler)" "-"
160.251.148.50 - - [28/May/2025:05:35:05 +0900] "POST /wp-cron.php?doing_wp_cron=1748378105.0852560997009277343750 HTTP/1.1" 403 186 "-" "WordPress/6.7.2; https://kahokutaku.com" "-"
57.141.2.21 - - [28/May/2025:05:35:05 +0900] "GET /shopdetail/3406013 HTTP/2.0" 404 43580 "-" "meta-externalagent/1.1 (+https://developers.facebook.com/docs/sharing/webmasters/crawler)" "-"
52.169.186.151 - - [28/May/2025:05:35:07 +0900] "GET /lv.php HTTP/1.1" 301 162 "-" "-" "-"
57.141.2.30 - - [28/May/2025:05:35:07 +0900] "GET /shopdetail/1348568 HTTP/2.0" 404 43580 "-" "meta-externalagent/1.1 (+https://developers.facebook.com/docs/sharing/webmasters/crawler)" "-"
52.169.186.151 - - [28/May/2025:05:35:08 +0900] "GET /lv.php HTTP/1.1" 403 199 "-" "-" "-"
52.169.186.151 - - [28/May/2025:05:35:08 +0900] "GET /wp-content/plugins/pwnd/pwnd.php HTTP/1.1" 301 162 "-" "-" "-"
52.169.186.151 - - [28/May/2025:05:35:08 +0900] "GET /wp-content/plugins/pwnd/pwnd.php HTTP/1.1" 404 43616 "-" "-" "-"
52.169.186.151 - - [28/May/2025:05:35:09 +0900] "GET /wp-content/plugins/pwnd-1/pwnd.php HTTP/1.1" 301 162 "-" "-" "-"
57.141.2.1 - - [28/May/2025:05:35:09 +0900] "GET /shopdetail/1243546 HTTP/2.0" 404 43580 "-" "meta-externalagent/1.1 (+https://developers.facebook.com/docs/sharing/webmasters/crawler)" "-"
52.169.186.151 - - [28/May/2025:05:35:10 +0900] "GET /wp-content/plugins/pwnd-1/pwnd.php HTTP/1.1" 404 43608 "-" "-" "-"
52.169.186.151 - - [28/May/2025:05:35:10 +0900] "GET /wp-includes/Requests/about.php HTTP/1.1" 301 162 "-" "-" "-"
52.169.186.151 - - [28/May/2025:05:35:10 +0900] "GET /wp-includes/Requests/about.php HTTP/1.1" 403 199 "-" "-" "-"
57.141.2.30 - - [28/May/2025:05:35:10 +0900] "GET /shopdetail/26589068 HTTP/2.0" 404 43580 "-" "meta-externalagent/1.1 (+https://developers.facebook.com/docs/sharing/webmasters/crawler)" "-"
52.169.186.151 - - [28/May/2025:05:35:11 +0900] "GET /wp-includes/style-engine/about.php HTTP/1.1" 301 162 "-" "-" "-"
52.169.186.151 - - [28/May/2025:05:35:11 +0900] "GET /wp-includes/style-engine/about.php HTTP/1.1" 403 199 "-" "-" "-"
52.169.186.151 - - [28/May/2025:05:35:11 +0900] "GET /wp-includes/rest-api/about.php HTTP/1.1" 301 162 "-" "-" "-"
52.169.186.151 - - [28/May/2025:05:35:11 +0900] "GET /wp-includes/rest-api/about.php HTTP/1.1" 403 199 "-" "-" "-"
52.169.186.151 - - [28/May/2025:05:35:12 +0900] "GET /wp-includes/SimplePie/about.php HTTP/1.1" 301 162 "-" "-" "-"
52.169.186.151 - - [28/May/2025:05:35:12 +0900] "GET /wp-includes/SimplePie/about.php HTTP/1.1" 403 199 "-" "-" "-"
52.169.186.151 - - [28/May/2025:05:35:12 +0900] "GET /wp-content/banners/about.php HTTP/1.1" 301 162 "-" "-" "-"
52.169.186.151 - - [28/May/2025:05:35:12 +0900] "GET /wp-content/banners/about.php HTTP/1.1" 404 43616 "-" "-" "-"
57.141.2.11 - - [28/May/2025:05:35:13 +0900] "GET /shopdetail/5131857 HTTP/2.0" 404 43580 "-" "meta-externalagent/1.1 (+https://developers.facebook.com/docs/sharing/webmasters/crawler)" "-"
57.141.2.23 - - [28/May/2025:05:35:13 +0900] "GET /shopdetail/1930457 HTTP/2.0" 404 43580 "-" "meta-externalagent/1.1 (+https://developers.facebook.com/docs/sharing/webmasters/crawler)" "-"
52.169.186.151 - - [28/May/2025:05:35:13 +0900] "GET /wp-content/about.php HTTP/1.1" 301 162 "-" "-" "-"
52.169.186.151 - - [28/May/2025:05:35:13 +0900] "GET /wp-content/about.php HTTP/1.1" 403 199 "-" "-" "-"
52.169.186.151 - - [28/May/2025:05:35:14 +0900] "GET /.well-known/about.php HTTP/1.1" 301 162 "-" "-" "-"
57.141.2.26 - - [28/May/2025:05:35:14 +0900] "GET /shopdetail/25896657 HTTP/2.0" 404 43580 "-" "meta-externalagent/1.1 (+https://developers.facebook.com/docs/sharing/webmasters/crawler)" "-"
52.169.186.151 - - [28/May/2025:05:35:14 +0900] "GET /.well-known/about.php HTTP/1.1" 404 43616 "-" "-" "-"
52.169.186.151 - - [28/May/2025:05:35:15 +0900] "GET /wp-includes/Text/about.php HTTP/1.1" 301 162 "-" "-" "-"
52.169.186.151 - - [28/May/2025:05:35:15 +0900] "GET /wp-includes/Text/about.php HTTP/1.1" 403 199 "-" "-" "-"
52.169.186.151 - - [28/May/2025:05:35:15 +0900] "GET /wp-includes/ID3/about.php HTTP/1.1" 301 162 "-" "-" "-"
52.169.186.151 - - [28/May/2025:05:35:15 +0900] "GET /wp-includes/ID3/about.php HTTP/1.1" 403 199 "-" "-" "-"
52.169.186.151 - - [28/May/2025:05:35:16 +0900] "GET /img/about.php HTTP/1.1" 301 162 "-" "-" "-"
52.169.186.151 - - [28/May/2025:05:35:16 +0900] "GET /img/about.php HTTP/1.1" 404 43616 "-" "-" "-"
57.141.2.9 - - [28/May/2025:05:35:16 +0900] "GET /shopdetail/3833124 HTTP/2.0" 404 43580 "-" "meta-externalagent/1.1 (+https://developers.facebook.com/docs/sharing/webmasters/crawler)" "-"
52.169.186.151 - - [28/May/2025:05:35:17 +0900] "GET /wp-content/languages/about.php HTTP/1.1" 301 162 "-" "-" "-"
57.141.2.28 - - [28/May/2025:05:35:17 +0900] "GET /shopdetail/18217268 HTTP/2.0" 404 43580 "-" "meta-externalagent/1.1 (+https://developers.facebook.com/docs/sharing/webmasters/crawler)" "-"
52.169.186.151 - - [28/May/2025:05:35:17 +0900] "GET /wp-content/languages/about.php HTTP/1.1" 403 199 "-" "-" "-"
57.141.2.29 - - [28/May/2025:05:35:17 +0900] "GET /shopdetail/21206602 HTTP/2.0" 404 43580 "-" "meta-externalagent/1.1 (+https://developers.facebook.com/docs/sharing/webmasters/crawler)" "-"
52.169.186.151 - - [28/May/2025:05:35:17 +0900] "GET /wp-includes/customize/about.php HTTP/1.1" 301 162 "-" "-" "-"
52.169.186.151 - - [28/May/2025:05:35:17 +0900] "GET /wp-includes/customize/about.php HTTP/1.1" 403 199 "-" "-" "-"
57.141.2.21 - - [28/May/2025:05:35:18 +0900] "GET /shopdetail/3960324 HTTP/2.0" 404 43580 "-" "meta-externalagent/1.1 (+https://developers.facebook.com/docs/sharing/webmasters/crawler)" "-"
52.169.186.151 - - [28/May/2025:05:35:18 +0900] "GET /wp-includes.bak/html-api/about.php HTTP/1.1" 301 162 "-" "-" "-"
52.169.186.151 - - [28/May/2025:05:35:18 +0900] "GET /wp-includes.bak/html-api/about.php HTTP/1.1" 403 490 "-" "-" "-"
52.169.186.151 - - [28/May/2025:05:35:18 +0900] "GET /wp-includes/widgets/about.php HTTP/1.1" 301 162 "-" "-" "-"
52.169.186.151 - - [28/May/2025:05:35:19 +0900] "GET /wp-includes/widgets/about.php HTTP/1.1" 403 199 "-" "-" "-"
52.169.186.151 - - [28/May/2025:05:35:19 +0900] "GET /wp-includes/IXR/about.php HTTP/1.1" 301 162 "-" "-" "-"
57.141.2.11 - - [28/May/2025:05:35:19 +0900] "GET /shopdetail/3204146 HTTP/2.0" 404 43580 "-" "meta-externalagent/1.1 (+https://developers.facebook.com/docs/sharing/webmasters/crawler)" "-"
52.169.186.151 - - [28/May/2025:05:35:19 +0900] "GET /wp-includes/IXR/about.php HTTP/1.1" 403 199 "-" "-" "-"
57.141.2.21 - - [28/May/2025:05:35:19 +0900] "GET /shopdetail/21366835 HTTP/2.0" 404 43580 "-" "meta-externalagent/1.1 (+https://developers.facebook.com/docs/sharing/webmasters/crawler)" "-"
52.169.186.151 - - [28/May/2025:05:35:19 +0900] "GET /wp-admin/js/about.php HTTP/1.1" 301 162 "-" "-" "-"
52.169.186.151 - - [28/May/2025:05:35:20 +0900] "GET /wp-admin/js/about.php HTTP/1.1" 403 199 "-" "-" "-"
52.169.186.151 - - [28/May/2025:05:35:20 +0900] "GET /.well-known/pki-validation/about.php HTTP/1.1" 301 162 "-" "-" "-"
52.169.186.151 - - [28/May/2025:05:35:20 +0900] "GET /.well-known/pki-validation/about.php HTTP/1.1" 404 43616 "-" "-" "-"
57.141.2.14 - - [28/May/2025:05:35:20 +0900] "GET /shopdetail/11654180 HTTP/2.0" 404 43580 "-" "meta-externalagent/1.1 (+https://developers.facebook.com/docs/sharing/webmasters/crawler)" "-"
57.141.2.5 - - [28/May/2025:05:35:20 +0900] "GET /shopdetail/14179368 HTTP/2.0" 404 43580 "-" "meta-externalagent/1.1 (+https://developers.facebook.com/docs/sharing/webmasters/crawler)" "-"
57.141.2.27 - - [28/May/2025:05:35:20 +0900] "GET /shopdetail/24834224 HTTP/2.0" 404 43580 "-" "meta-externalagent/1.1 (+https://developers.facebook.com/docs/sharing/webmasters/crawler)" "-"
52.169.186.151 - - [28/May/2025:05:35:21 +0900] "GET /wp-includes/pomo/about.php HTTP/1.1" 301 162 "-" "-" "-"
52.169.186.151 - - [28/May/2025:05:35:21 +0900] "GET /wp-includes/pomo/about.php HTTP/1.1" 403 199 "-" "-" "-"
52.169.186.151 - - [28/May/2025:05:35:21 +0900] "GET /wp-includes/block-patterns/about.php HTTP/1.1" 301 162 "-" "-" "-"
52.169.186.151 - - [28/May/2025:05:35:22 +0900] "GET /wp-includes/block-patterns/about.php HTTP/1.1" 403 199 "-" "-" "-"
57.141.2.8 - - [28/May/2025:05:35:22 +0900] "GET /shopdetail/18938035 HTTP/2.0" 404 43580 "-" "meta-externalagent/1.1 (+https://developers.facebook.com/docs/sharing/webmasters/crawler)" "-"
52.169.186.151 - - [28/May/2025:05:35:22 +0900] "GET /wp-content/updraft/about.php HTTP/1.1" 301 162 "-" "-" "-"
52.169.186.151 - - [28/May/2025:05:35:22 +0900] "GET /wp-content/updraft/about.php HTTP/1.1" 404 43616 "-" "-" "-"
52.169.186.151 - - [28/May/2025:05:35:23 +0900] "GET /wp-content/upgrade-temp-backup/about.php HTTP/1.1" 301 162 "-" "-" "-"
52.169.186.151 - - [28/May/2025:05:35:23 +0900] "GET /wp-content/upgrade-temp-backup/about.php HTTP/1.1" 404 43608 "-" "-" "-"
57.141.2.29 - - [28/May/2025:05:35:24 +0900] "GET /shopdetail/28499068 HTTP/2.0" 404 43580 "-" "meta-externalagent/1.1 (+https://developers.facebook.com/docs/sharing/webmasters/crawler)" "-"
52.169.186.151 - - [28/May/2025:05:35:24 +0900] "GET /wp-content/themes/about.php HTTP/1.1" 301 162 "-" "-" "-"
52.169.186.151 - - [28/May/2025:05:35:24 +0900] "GET /wp-content/themes/about.php HTTP/1.1" 403 199 "-" "-" "-"
52.169.186.151 - - [28/May/2025:05:35:24 +0900] "GET /wp-admin/includes/about.php HTTP/1.1" 301 162 "-" "-" "-"
52.169.186.151 - - [28/May/2025:05:35:24 +0900] "GET /wp-admin/includes/about.php HTTP/1.1" 403 199 "-" "-" "-"
52.169.186.151 - - [28/May/2025:05:35:25 +0900] "GET /images/about.php HTTP/1.1" 301 162 "-" "-" "-"
52.169.186.151 - - [28/May/2025:05:35:25 +0900] "GET /images/about.php HTTP/1.1" 404 43616 "-" "-" "-"
52.169.186.151 - - [28/May/2025:05:35:26 +0900] "GET /wp-content/blogs.dir/about.php HTTP/1.1" 301 162 "-" "-" "-"
52.169.186.151 - - [28/May/2025:05:35:26 +0900] "GET /wp-content/blogs.dir/about.php HTTP/1.1" 404 43616 "-" "-" "-"
57.141.2.3 - - [28/May/2025:05:35:26 +0900] "GET /shopdetail/8434891 HTTP/2.0" 404 43580 "-" "meta-externalagent/1.1 (+https://developers.facebook.com/docs/sharing/webmasters/crawler)" "-"
52.169.186.151 - - [28/May/2025:05:35:27 +0900] "GET /wp-includes/images/about.php HTTP/1.1" 301 162 "-" "-" "-"
