172.190.142.176 - - [20/May/2025:11:04:12 +0900] "GET /wp.php HTTP/1.1" 301 162 "-" "-" "-"
172.190.142.176 - - [20/May/2025:11:04:13 +0900] "GET /wp.php HTTP/1.1" 403 199 "-" "-" "-"
172.190.142.176 - - [20/May/2025:11:04:13 +0900] "GET /wp-login.php HTTP/1.1" 301 162 "-" "-" "-"
172.190.142.176 - - [20/May/2025:11:04:13 +0900] "GET /wp-login.php HTTP/1.1" 403 199 "-" "-" "-"
172.190.142.176 - - [20/May/2025:11:04:13 +0900] "GET /wp-p.php7 HTTP/1.1" 301 162 "-" "-" "-"
172.190.142.176 - - [20/May/2025:11:04:14 +0900] "GET /wp-p.php7 HTTP/1.1" 404 43616 "-" "-" "-"
172.190.142.176 - - [20/May/2025:11:04:14 +0900] "GET /shell.php HTTP/1.1" 301 162 "-" "-" "-"
172.190.142.176 - - [20/May/2025:11:04:14 +0900] "GET /shell.php HTTP/1.1" 403 199 "-" "-" "-"
172.190.142.176 - - [20/May/2025:11:04:15 +0900] "GET /.well-known/acme-challenge/wso112233.php HTTP/1.1" 301 162 "-" "-" "-"
172.190.142.176 - - [20/May/2025:11:04:15 +0900] "GET /.well-known/acme-challenge/wso112233.php HTTP/1.1" 404 43624 "-" "-" "-"
172.190.142.176 - - [20/May/2025:11:04:16 +0900] "GET /wp-admin/css/colors/classwithtostring.php HTTP/1.1" 301 162 "-" "-" "-"
172.190.142.176 - - [20/May/2025:11:04:16 +0900] "GET /wp-admin/css/colors/classwithtostring.php HTTP/1.1" 403 199 "-" "-" "-"
172.190.142.176 - - [20/May/2025:11:04:16 +0900] "GET /cgi-bin/upfile.php HTTP/1.1" 301 162 "-" "-" "-"
172.190.142.176 - - [20/May/2025:11:04:17 +0900] "GET /cgi-bin/upfile.php HTTP/1.1" 404 43616 "-" "-" "-"
172.190.142.176 - - [20/May/2025:11:04:17 +0900] "GET /wp-admin/maint/buy.php HTTP/1.1" 301 162 "-" "-" "-"
172.190.142.176 - - [20/May/2025:11:04:17 +0900] "GET /wp-admin/maint/buy.php HTTP/1.1" 403 199 "-" "-" "-"
172.190.142.176 - - [20/May/2025:11:04:17 +0900] "GET /wp-content/plugins/pwnd/classwithtostring.php HTTP/1.1" 301 162 "-" "-" "-"
172.190.142.176 - - [20/May/2025:11:04:18 +0900] "GET /wp-content/plugins/pwnd/classwithtostring.php HTTP/1.1" 404 43624 "-" "-" "-"
172.190.142.176 - - [20/May/2025:11:04:18 +0900] "GET /wp-content/plugins/seoplugins/mar.php HTTP/1.1" 301 162 "-" "-" "-"
172.190.142.176 - - [20/May/2025:11:04:19 +0900] "GET /wp-content/plugins/seoplugins/mar.php HTTP/1.1" 404 43624 "-" "-" "-"
172.190.142.176 - - [20/May/2025:11:04:19 +0900] "GET /wp-includes/sodium_compat/autoload_classmap.php/wp-includes/images/smilies/about.php HTTP/1.1" 301 162 "-" "-" "-"
172.190.142.176 - - [20/May/2025:11:04:19 +0900] "GET /wp-includes/sodium_compat/autoload_classmap.php/wp-includes/images/smilies/about.php HTTP/1.1" 403 199 "-" "-" "-"
172.190.142.176 - - [20/May/2025:11:04:19 +0900] "GET /wp-includes/random_compat/chosen.php HTTP/1.1" 301 162 "-" "-" "-"
172.190.142.176 - - [20/May/2025:11:04:20 +0900] "GET /wp-includes/random_compat/chosen.php HTTP/1.1" 404 43624 "-" "-" "-"
172.190.142.176 - - [20/May/2025:11:04:20 +0900] "GET /images/admin.php HTTP/1.1" 301 162 "-" "-" "-"
172.190.142.176 - - [20/May/2025:11:04:21 +0900] "GET /images/admin.php HTTP/1.1" 404 43624 "-" "-" "-"
172.190.142.176 - - [20/May/2025:11:04:21 +0900] "GET /wp-includes/autoload_classmap.php HTTP/1.1" 301 162 "-" "-" "-"
172.190.142.176 - - [20/May/2025:11:04:21 +0900] "GET /wp-includes/autoload_classmap.php HTTP/1.1" 403 199 "-" "-" "-"
172.190.142.176 - - [20/May/2025:11:04:21 +0900] "GET /wp-includes/pomo/rk2.php HTTP/1.1" 301 162 "-" "-" "-"
172.190.142.176 - - [20/May/2025:11:04:22 +0900] "GET /wp-includes/pomo/rk2.php HTTP/1.1" 403 199 "-" "-" "-"
172.190.142.176 - - [20/May/2025:11:04:22 +0900] "GET /wp-sigunq.php HTTP/1.1" 301 162 "-" "-" "-"
172.190.142.176 - - [20/May/2025:11:04:22 +0900] "GET /wp-sigunq.php HTTP/1.1" 403 199 "-" "-" "-"
172.190.142.176 - - [20/May/2025:11:04:22 +0900] "GET /wp-content/content.php HTTP/1.1" 301 162 "-" "-" "-"
172.190.142.176 - - [20/May/2025:11:04:22 +0900] "GET /wp-content/content.php HTTP/1.1" 403 199 "-" "-" "-"
172.190.142.176 - - [20/May/2025:11:04:23 +0900] "GET /footer.php HTTP/1.1" 301 162 "-" "-" "-"
172.190.142.176 - - [20/May/2025:11:04:23 +0900] "GET /footer.php HTTP/1.1" 403 199 "-" "-" "-"
172.190.142.176 - - [20/May/2025:11:04:23 +0900] "GET /wp-admin/css/colors/index.php HTTP/1.1" 301 162 "-" "-" "-"
172.190.142.176 - - [20/May/2025:11:04:23 +0900] "GET /wp-admin/css/colors/index.php HTTP/1.1" 403 199 "-" "-" "-"
172.190.142.176 - - [20/May/2025:11:04:23 +0900] "GET /wp-includes/Requests/Utility/cc.php HTTP/1.1" 301 162 "-" "-" "-"
172.190.142.176 - - [20/May/2025:11:04:24 +0900] "GET /wp-includes/Requests/Utility/cc.php HTTP/1.1" 404 43624 "-" "-" "-"
172.190.142.176 - - [20/May/2025:11:04:24 +0900] "GET /wp-content/upgrade-temp-backup/ty.php HTTP/1.1" 301 162 "-" "-" "-"
172.190.142.176 - - [20/May/2025:11:04:25 +0900] "GET /wp-content/upgrade-temp-backup/ty.php HTTP/1.1" 404 43616 "-" "-" "-"
172.190.142.176 - - [20/May/2025:11:04:25 +0900] "GET /wsoyanz.php HTTP/1.1" 301 162 "-" "-" "-"
172.190.142.176 - - [20/May/2025:11:04:25 +0900] "GET /wsoyanz.php HTTP/1.1" 403 199 "-" "-" "-"
172.190.142.176 - - [20/May/2025:11:04:26 +0900] "GET /wp-content/themes/astra/inc/network.php HTTP/1.1" 301 162 "-" "-" "-"
47.128.26.35 - - [20/May/2025:11:04:26 +0900] "GET /shopdetail/17186979 HTTP/2.0" 403 0 "-" "Mozilla/5.0 (Linux; Android 5.0) AppleWebKit/537.36 (KHTML, like Gecko) Mobile Safari/537.36 (compatible; Bytespider; spider-feedback@bytedance.com)" "-"
172.190.142.176 - - [20/May/2025:11:04:26 +0900] "GET /wp-content/themes/astra/inc/network.php HTTP/1.1" 404 43624 "-" "-" "-"
172.190.142.176 - - [20/May/2025:11:04:26 +0900] "GET /wp-content/json.php HTTP/1.1" 301 162 "-" "-" "-"
172.190.142.176 - - [20/May/2025:11:04:27 +0900] "GET /wp-content/json.php HTTP/1.1" 403 199 "-" "-" "-"
172.190.142.176 - - [20/May/2025:11:04:27 +0900] "GET /images/about.php HTTP/1.1" 301 162 "-" "-" "-"
172.190.142.176 - - [20/May/2025:11:04:27 +0900] "GET /images/about.php HTTP/1.1" 404 43624 "-" "-" "-"
172.190.142.176 - - [20/May/2025:11:04:28 +0900] "GET /wp-conflg.php HTTP/1.1" 301 162 "-" "-" "-"
172.190.142.176 - - [20/May/2025:11:04:28 +0900] "GET /wp-conflg.php HTTP/1.1" 403 199 "-" "-" "-"
172.190.142.176 - - [20/May/2025:11:04:28 +0900] "GET /wp-includes/html-api/alfa-rex.php HTTP/1.1" 301 162 "-" "-" "-"
172.190.142.176 - - [20/May/2025:11:04:28 +0900] "GET /wp-includes/html-api/alfa-rex.php HTTP/1.1" 403 199 "-" "-" "-"
172.190.142.176 - - [20/May/2025:11:04:29 +0900] "GET /wp-admin/js/chosen.php HTTP/1.1" 301 162 "-" "-" "-"
172.190.142.176 - - [20/May/2025:11:04:29 +0900] "GET /wp-admin/js/chosen.php HTTP/1.1" 403 199 "-" "-" "-"
172.190.142.176 - - [20/May/2025:11:04:29 +0900] "GET /wp-admin/network/shell.php HTTP/1.1" 301 162 "-" "-" "-"
172.190.142.176 - - [20/May/2025:11:04:29 +0900] "GET /wp-admin/network/shell.php HTTP/1.1" 403 199 "-" "-" "-"
172.190.142.176 - - [20/May/2025:11:04:29 +0900] "GET /wp-comments-post.php HTTP/1.1" 301 162 "-" "-" "-"
172.190.142.176 - - [20/May/2025:11:04:30 +0900] "GET /wp-comments-post.php HTTP/1.1" 403 199 "-" "-" "-"
172.190.142.176 - - [20/May/2025:11:04:30 +0900] "GET /wp-includes/certificates/about.php HTTP/1.1" 301 162 "-" "-" "-"
172.190.142.176 - - [20/May/2025:11:04:30 +0900] "GET /wp-includes/certificates/about.php HTTP/1.1" 403 199 "-" "-" "-"
172.190.142.176 - - [20/May/2025:11:04:30 +0900] "GET /alfa-rex.php7 HTTP/1.1" 301 162 "-" "-" "-"
172.190.142.176 - - [20/May/2025:11:04:31 +0900] "GET /alfa-rex.php7 HTTP/1.1" 404 43616 "-" "-" "-"
172.190.142.176 - - [20/May/2025:11:04:31 +0900] "GET /wp-2019.php HTTP/1.1" 301 162 "-" "-" "-"
172.190.142.176 - - [20/May/2025:11:04:32 +0900] "GET /wp-2019.php HTTP/1.1" 403 199 "-" "-" "-"
172.190.142.176 - - [20/May/2025:11:04:32 +0900] "GET /wp-includes/sodium_compat/alfa-rex.php HTTP/1.1" 301 162 "-" "-" "-"
172.190.142.176 - - [20/May/2025:11:04:32 +0900] "GET /wp-includes/sodium_compat/alfa-rex.php HTTP/1.1" 403 199 "-" "-" "-"
172.190.142.176 - - [20/May/2025:11:04:32 +0900] "GET /alfanew2.php7 HTTP/1.1" 301 162 "-" "-" "-"
172.190.142.176 - - [20/May/2025:11:04:33 +0900] "GET /alfanew2.php7 HTTP/1.1" 404 43624 "-" "-" "-"
172.190.142.176 - - [20/May/2025:11:04:33 +0900] "GET /wp-load.php HTTP/1.1" 301 162 "-" "-" "-"
172.190.142.176 - - [20/May/2025:11:04:34 +0900] "GET /wp-load.php HTTP/1.1" 403 199 "-" "-" "-"
172.190.142.176 - - [20/May/2025:11:04:34 +0900] "GET /wp-content/plugins/core-plugin/file-manager.php HTTP/1.1" 301 162 "-" "-" "-"
172.190.142.176 - - [20/May/2025:11:04:34 +0900] "GET /wp-content/plugins/core-plugin/file-manager.php HTTP/1.1" 404 43624 "-" "-" "-"
172.190.142.176 - - [20/May/2025:11:04:35 +0900] "GET /wp-includes/Text/Diff/Engine/index.php HTTP/1.1" 301 162 "-" "-" "-"
172.190.142.176 - - [20/May/2025:11:04:35 +0900] "GET /wp-includes/Text/Diff/Engine/index.php HTTP/1.1" 301 0 "-" "-" "-"
172.190.142.176 - - [20/May/2025:11:04:35 +0900] "GET /wp-includes/Text/Diff/Engine/ HTTP/1.1" 403 199 "-" "-" "-"
172.190.142.176 - - [20/May/2025:11:04:36 +0900] "GET /assets/edit.php HTTP/1.1" 301 162 "-" "-" "-"
172.190.142.176 - - [20/May/2025:11:04:36 +0900] "GET /assets/edit.php HTTP/1.1" 404 43624 "-" "-" "-"
172.190.142.176 - - [20/May/2025:11:04:36 +0900] "GET /ae.php HTTP/1.1" 301 162 "-" "-" "-"
172.190.142.176 - - [20/May/2025:11:04:37 +0900] "GET /ae.php HTTP/1.1" 403 199 "-" "-" "-"
172.190.142.176 - - [20/May/2025:11:04:37 +0900] "GET /wp-content/themes/astra/inc/fm.php HTTP/1.1" 301 162 "-" "-" "-"
172.190.142.176 - - [20/May/2025:11:04:38 +0900] "GET /wp-content/themes/astra/inc/fm.php HTTP/1.1" 404 43624 "-" "-" "-"
172.190.142.176 - - [20/May/2025:11:04:38 +0900] "GET /wp-includes/Requests/file.php HTTP/1.1" 301 162 "-" "-" "-"
172.190.142.176 - - [20/May/2025:11:04:38 +0900] "GET /wp-includes/Requests/file.php HTTP/1.1" 403 199 "-" "-" "-"
172.190.142.176 - - [20/May/2025:11:04:39 +0900] "GET /log.php HTTP/1.1" 301 162 "-" "-" "-"
172.190.142.176 - - [20/May/2025:11:04:39 +0900] "GET /log.php HTTP/1.1" 403 199 "-" "-" "-"
172.190.142.176 - - [20/May/2025:11:04:39 +0900] "GET /wp-admin/user/chosen.php HTTP/1.1" 301 162 "-" "-" "-"
172.190.142.176 - - [20/May/2025:11:04:39 +0900] "GET /wp-admin/user/chosen.php HTTP/1.1" 403 199 "-" "-" "-"
172.190.142.176 - - [20/May/2025:11:04:41 +0900] "GET /bg/xmrlpc.php HTTP/1.1" 301 162 "-" "-" "-"
160.251.148.50 - - [20/May/2025:11:04:41 +0900] "POST /wp-cron.php?doing_wp_cron=1747706681.5316429138183593750000 HTTP/1.1" 403 186 "-" "WordPress/6.7.2; https://kahokutaku.com" "-"
172.190.142.176 - - [20/May/2025:11:04:41 +0900] "GET /bg/xmrlpc.php HTTP/1.1" 404 43624 "-" "-" "-"
172.190.142.176 - - [20/May/2025:11:04:42 +0900] "GET /.well-knownold/inputs.php HTTP/1.1" 301 162 "-" "-" "-"
172.190.142.176 - - [20/May/2025:11:04:42 +0900] "GET /.well-knownold/inputs.php HTTP/1.1" 404 43616 "-" "-" "-"
66.249.79.172 - - [20/May/2025:11:05:00 +0900] "GET /pcmypage?callback=product%2Fdetail%2F78654512 HTTP/1.1" 200 22195 "-" "Mozilla/5.0 (Linux; Android 6.0.1; Nexus 5X Build/MMB29P) AppleWebKit/537.36 (KHTML, like Gecko) Chrome/136.0.7103.92 Mobile Safari/537.36 (compatible; Googlebot/2.1; +http://www.google.com/bot.html)" "-"
66.249.79.172 - - [20/May/2025:11:05:03 +0900] "POST /get-message-notify HTTP/1.1" 200 22945 "https://www.kahokutaku.com/pcmypage?callback=product%2Fdetail%2F78654512" "Mozilla/5.0 (Linux; Android 6.0.1; Nexus 5X Build/MMB29P) AppleWebKit/537.36 (KHTML, like Gecko) Chrome/136.0.7103.92 Mobile Safari/537.36 (compatible; Googlebot/2.1; +http://www.google.com/bot.html)" "-"
185.252.31.27 - - [20/May/2025:11:05:33 +0900] "POST /wp-login.php HTTP/2.0" 403 175 "https://kahokutaku.com" "Mozilla/5.0 (Windows NT 10.0; Win64; x64; rv:127.0) Gecko/20100101 Firefox/127.0" "-"
160.251.148.50 - - [20/May/2025:11:05:45 +0900] "POST /wp-cron.php?doing_wp_cron=1747706745.0374560356140136718750 HTTP/1.1" 403 186 "-" "WordPress/6.7.2; https://kahokutaku.com" "-"
40.84.221.210 - - [20/May/2025:11:05:45 +0900] "GET /shopdetail/13234291 HTTP/2.0" 301 0 "-" "Mozilla/5.0 AppleWebKit/537.36 (KHTML, like Gecko); compatible; ChatGPT-User/1.0; +https://openai.com/bot" "-"
40.84.221.223 - - [20/May/2025:11:05:46 +0900] "GET /shopdetail/13234291 HTTP/2.0" 404 11672 "-" "Mozilla/5.0 AppleWebKit/537.36 (KHTML, like Gecko); compatible; ChatGPT-User/1.0; +https://openai.com/bot" "-"
40.84.221.217 - - [20/May/2025:11:05:47 +0900] "GET / HTTP/2.0" 301 0 "-" "Mozilla/5.0 AppleWebKit/537.36 (KHTML, like Gecko); compatible; ChatGPT-User/1.0; +https://openai.com/bot" "-"
40.84.221.223 - - [20/May/2025:11:05:47 +0900] "GET / HTTP/2.0" 200 14111 "-" "Mozilla/5.0 AppleWebKit/537.36 (KHTML, like Gecko); compatible; ChatGPT-User/1.0; +https://openai.com/bot" "-"
66.249.79.173 - - [20/May/2025:11:06:14 +0900] "GET /shopdetail/9998879 HTTP/1.1" 200 23661 "-" "Mozilla/5.0 (Linux; Android 6.0.1; Nexus 5X Build/MMB29P) AppleWebKit/537.36 (KHTML, like Gecko) Chrome/136.0.7103.92 Mobile Safari/537.36 (compatible; Googlebot/2.1; +http://www.google.com/bot.html)" "-"
125.94.144.102 - - [20/May/2025:11:09:45 +0900] "GET / HTTP/1.1" 301 162 "-" "Mozilla/5.0 (iPhone; CPU iPhone OS 13_2_3 like Mac OS X) AppleWebKit/605.1.15 (KHTML, like Gecko) Version/13.0.3 Mobile/15E148 Safari/604.1" "-"
160.251.148.50 - - [20/May/2025:11:09:48 +0900] "POST /wp-cron.php?doing_wp_cron=1747706988.3831689357757568359375 HTTP/1.1" 403 186 "-" "WordPress/6.7.2; https://kahokutaku.com" "-"
125.94.144.102 - - [20/May/2025:11:09:48 +0900] "GET / HTTP/1.1" 200 14124 "http://kahokutaku.com" "Mozilla/5.0 (iPhone; CPU iPhone OS 13_2_3 like Mac OS X) AppleWebKit/605.1.15 (KHTML, like Gecko) Version/13.0.3 Mobile/15E148 Safari/604.1" "-"
66.249.79.160 - - [20/May/2025:11:10:21 +0900] "GET /shopdetail/5786679 HTTP/1.1" 200 22700 "-" "Mozilla/5.0 (Linux; Android 6.0.1; Nexus 5X Build/MMB29P) AppleWebKit/537.36 (KHTML, like Gecko) Chrome/136.0.7103.92 Mobile Safari/537.36 (compatible; Googlebot/2.1; +http://www.google.com/bot.html)" "-"
66.249.79.173 - - [20/May/2025:11:10:26 +0900] "POST /get-message-notify HTTP/1.1" 200 22945 "https://www.kahokutaku.com/shopdetail/5786679" "Mozilla/5.0 (Linux; Android 6.0.1; Nexus 5X Build/MMB29P) AppleWebKit/537.36 (KHTML, like Gecko) Chrome/136.0.7103.92 Mobile Safari/537.36 (compatible; Googlebot/2.1; +http://www.google.com/bot.html)" "-"
66.249.79.172 - - [20/May/2025:11:10:42 +0900] "GET /shopdetail/15954746 HTTP/1.1" 200 23411 "-" "Mozilla/5.0 (compatible; Googlebot/2.1; +http://www.google.com/bot.html)" "-"
102.130.117.188 - - [20/May/2025:11:13:19 +0900] "POST /wp-login.php HTTP/2.0" 403 175 "https://kahokutaku.com" "Mozilla/5.0 (Windows NT 11.0; Win64; x64) AppleWebKit/537.36 (KHTML, like Gecko) Chrome/126.0.0.0 Safari/537.36" "-"
160.251.148.50 - - [20/May/2025:11:13:49 +0900] "POST /wp-cron.php?doing_wp_cron=1747707229.3767650127410888671875 HTTP/1.1" 403 186 "-" "WordPress/6.7.2; https://kahokutaku.com" "-"
18.97.9.101 - - [20/May/2025:11:13:49 +0900] "GET /safe_search/config?return_url=/product/detail/89273748 HTTP/1.1" 301 0 "-" "Mozilla/5.0 AppleWebKit/537.36 (KHTML, like Gecko; compatible; PerplexityBot/1.0; +https://perplexity.ai/perplexitybot)" "-"
18.97.9.96 - - [20/May/2025:11:13:53 +0900] "GET /safe_search/config?return_url=/product/detail/89273748 HTTP/1.1" 404 11685 "-" "Mozilla/5.0 AppleWebKit/537.36 (KHTML, like Gecko; compatible; PerplexityBot/1.0; +https://perplexity.ai/perplexitybot)" "-"
66.249.79.173 - - [20/May/2025:11:14:38 +0900] "GET /shopdetail/3917046 HTTP/1.1" 200 24484 "-" "Mozilla/5.0 (compatible; Googlebot/2.1; +http://www.google.com/bot.html)" "-"
113.248.163.75 - - [20/May/2025:11:21:01 +0900] "POST /wp-login.php HTTP/2.0" 403 175 "https://kahokutaku.com" "Mozilla/5.0 (Windows NT 11.0; Win64; x64) AppleWebKit/537.36 (KHTML, like Gecko) Chrome/126.0.0.0 Safari/537.36 Edg/126.0.0.0" "-"
66.249.79.172 - - [20/May/2025:11:22:54 +0900] "GET /shopdetail/9077902 HTTP/1.1" 200 22382 "-" "Mozilla/5.0 (Linux; Android 6.0.1; Nexus 5X Build/MMB29P) AppleWebKit/537.36 (KHTML, like Gecko) Chrome/136.0.7103.113 Mobile Safari/537.36 (compatible; Googlebot/2.1; +http://www.google.com/bot.html)" "-"
66.249.79.172 - - [20/May/2025:11:22:55 +0900] "GET /shopdetail/7510602 HTTP/1.1" 200 24241 "-" "Mozilla/5.0 (Linux; Android 6.0.1; Nexus 5X Build/MMB29P) AppleWebKit/537.36 (KHTML, like Gecko) Chrome/136.0.7103.113 Mobile Safari/537.36 (compatible; Googlebot/2.1; +http://www.google.com/bot.html)" "-"
66.249.79.172 - - [20/May/2025:11:22:56 +0900] "GET /pcmypage?callback=product/review/23440922 HTTP/1.1" 200 22252 "-" "Mozilla/5.0 (Linux; Android 6.0.1; Nexus 5X Build/MMB29P) AppleWebKit/537.36 (KHTML, like Gecko) Chrome/136.0.7103.113 Mobile Safari/537.36 (compatible; Googlebot/2.1; +http://www.google.com/bot.html)" "-"
66.249.79.172 - - [20/May/2025:11:22:58 +0900] "POST /get-message-notify HTTP/1.1" 200 22945 "https://www.kahokutaku.com/shopdetail/9077902" "Mozilla/5.0 (Linux; Android 6.0.1; Nexus 5X Build/MMB29P) AppleWebKit/537.36 (KHTML, like Gecko) Chrome/136.0.7103.113 Mobile Safari/537.36 (compatible; Googlebot/2.1; +http://www.google.com/bot.html)" "-"
66.249.79.172 - - [20/May/2025:11:23:34 +0900] "GET /shopdetail/23324346 HTTP/1.1" 200 25663 "-" "Mozilla/5.0 (Linux; Android 6.0.1; Nexus 5X Build/MMB29P) AppleWebKit/537.36 (KHTML, like Gecko) Chrome/136.0.7103.113 Mobile Safari/537.36 (compatible; Googlebot/2.1; +http://www.google.com/bot.html)" "-"
66.249.79.160 - - [20/May/2025:11:26:16 +0900] "GET /shopdetail/11814702 HTTP/1.1" 200 22132 "-" "Mozilla/5.0 (Linux; Android 6.0.1; Nexus 5X Build/MMB29P) AppleWebKit/537.36 (KHTML, like Gecko) Chrome/136.0.7103.92 Mobile Safari/537.36 (compatible; Googlebot/2.1; +http://www.google.com/bot.html)" "-"
66.249.79.173 - - [20/May/2025:11:27:30 +0900] "GET /shopdetail/21403779 HTTP/1.1" 200 23386 "-" "Mozilla/5.0 (Linux; Android 6.0.1; Nexus 5X Build/MMB29P) AppleWebKit/537.36 (KHTML, like Gecko) Chrome/136.0.7103.113 Mobile Safari/537.36 (compatible; Googlebot/2.1; +http://www.google.com/bot.html)" "-"
162.0.217.104 - - [20/May/2025:11:28:47 +0900] "POST /wp-login.php HTTP/2.0" 403 175 "https://kahokutaku.com" "Mozilla/5.0 (Windows NT 10.0; Win64; x64) AppleWebKit/537.36 (KHTML, like Gecko) Chrome/113.0.5672.126 Safari/537.36 Edg/113.0.1774.50" "-"
66.249.79.160 - - [20/May/2025:11:31:54 +0900] "GET /shopdetail/25026824 HTTP/1.1" 200 23362 "-" "Mozilla/5.0 (Linux; Android 6.0.1; Nexus 5X Build/MMB29P) AppleWebKit/537.36 (KHTML, like Gecko) Chrome/136.0.7103.113 Mobile Safari/537.36 (compatible; Googlebot/2.1; +http://www.google.com/bot.html)" "-"
66.249.79.172 - - [20/May/2025:11:32:50 +0900] "POST /get-message-notify HTTP/1.1" 200 22945 "https://www.kahokutaku.com/shopdetail/25026824" "Mozilla/5.0 (Linux; Android 6.0.1; Nexus 5X Build/MMB29P) AppleWebKit/537.36 (KHTML, like Gecko) Chrome/136.0.7103.92 Mobile Safari/537.36 (compatible; Googlebot/2.1; +http://www.google.com/bot.html)" "-"
66.249.79.160 - - [20/May/2025:11:34:59 +0900] "GET /shopdetail/16434157 HTTP/1.1" 200 24596 "-" "Mozilla/5.0 (Linux; Android 6.0.1; Nexus 5X Build/MMB29P) AppleWebKit/537.36 (KHTML, like Gecko) Chrome/136.0.7103.113 Mobile Safari/537.36 (compatible; Googlebot/2.1; +http://www.google.com/bot.html)" "-"
66.249.79.173 - - [20/May/2025:11:35:03 +0900] "POST /get-message-notify HTTP/1.1" 200 22945 "https://www.kahokutaku.com/shopdetail/16434157" "Mozilla/5.0 (Linux; Android 6.0.1; Nexus 5X Build/MMB29P) AppleWebKit/537.36 (KHTML, like Gecko) Chrome/136.0.7103.92 Mobile Safari/537.36 (compatible; Googlebot/2.1; +http://www.google.com/bot.html)" "-"
52.167.144.166 - - [20/May/2025:11:36:14 +0900] "GET /shopdetail/11406891 HTTP/2.0" 200 23008 "-" "Mozilla/5.0 AppleWebKit/537.36 (KHTML, like Gecko; compatible; bingbot/2.0; +http://www.bing.com/bingbot.htm) Chrome/116.0.1938.76 Safari/537.36" "-"
162.0.217.169 - - [20/May/2025:11:36:33 +0900] "POST /wp-login.php HTTP/2.0" 403 175 "https://kahokutaku.com" "Mozilla/5.0 (Windows NT 10.0; Win64; x64) AppleWebKit/537.36 (KHTML, like Gecko) Chrome/113.0.5672.93 Safari/537.36" "-"
66.249.79.160 - - [20/May/2025:11:37:14 +0900] "GET /shopdetail/19721735 HTTP/1.1" 200 22158 "-" "Mozilla/5.0 (Linux; Android 6.0.1; Nexus 5X Build/MMB29P) AppleWebKit/537.36 (KHTML, like Gecko) Chrome/136.0.7103.113 Mobile Safari/537.36 (compatible; Googlebot/2.1; +http://www.google.com/bot.html)" "-"
66.249.79.160 - - [20/May/2025:11:38:02 +0900] "GET /shopdetail/13152879 HTTP/1.1" 200 23304 "-" "Mozilla/5.0 (Linux; Android 6.0.1; Nexus 5X Build/MMB29P) AppleWebKit/537.36 (KHTML, like Gecko) Chrome/136.0.7103.113 Mobile Safari/537.36 (compatible; Googlebot/2.1; +http://www.google.com/bot.html)" "-"
66.249.79.172 - - [20/May/2025:11:38:07 +0900] "POST /get-message-notify HTTP/1.1" 200 22945 "https://www.kahokutaku.com/shopdetail/13152879" "Mozilla/5.0 (Linux; Android 6.0.1; Nexus 5X Build/MMB29P) AppleWebKit/537.36 (KHTML, like Gecko) Chrome/136.0.7103.92 Mobile Safari/537.36 (compatible; Googlebot/2.1; +http://www.google.com/bot.html)" "-"
66.249.79.172 - - [20/May/2025:11:38:40 +0900] "GET /shopdetail/17529779 HTTP/1.1" 200 24068 "-" "Mozilla/5.0 (Linux; Android 6.0.1; Nexus 5X Build/MMB29P) AppleWebKit/537.36 (KHTML, like Gecko) Chrome/136.0.7103.113 Mobile Safari/537.36 (compatible; Googlebot/2.1; +http://www.google.com/bot.html)" "-"
219.99.181.50 - - [20/May/2025:11:39:03 +0900] "GET /shopdetail/27816691 HTTP/1.1" 200 560 "https://www.google.com/" "Mozilla/5.0 (Windows NT 10.0; Win64; x64) AppleWebKit/537.36 (KHTML, like Gecko) Chrome/136.0.0.0 Safari/537.36" "-"
66.249.79.173 - - [20/May/2025:11:40:36 +0900] "GET /shopdetail/21449424 HTTP/1.1" 200 24746 "-" "Mozilla/5.0 (Linux; Android 6.0.1; Nexus 5X Build/MMB29P) AppleWebKit/537.36 (KHTML, like Gecko) Chrome/136.0.7103.113 Mobile Safari/537.36 (compatible; Googlebot/2.1; +http://www.google.com/bot.html)" "-"
66.249.79.172 - - [20/May/2025:11:40:41 +0900] "POST /get-message-notify HTTP/1.1" 200 22945 "https://www.kahokutaku.com/shopdetail/21449424" "Mozilla/5.0 (Linux; Android 6.0.1; Nexus 5X Build/MMB29P) AppleWebKit/537.36 (KHTML, like Gecko) Chrome/136.0.7103.92 Mobile Safari/537.36 (compatible; Googlebot/2.1; +http://www.google.com/bot.html)" "-"
160.251.148.50 - - [20/May/2025:11:43:02 +0900] "POST /wp-cron.php?doing_wp_cron=1747708982.6350688934326171875000 HTTP/1.1" 403 186 "-" "WordPress/6.7.2; https://kahokutaku.com" "-"
68.183.9.16 - - [20/May/2025:11:43:03 +0900] "GET / HTTP/1.1" 301 0 "-" "-" "-"
68.183.9.16 - - [20/May/2025:11:43:08 +0900] "GET / HTTP/1.1" 301 0 "-" "Mozilla/5.0 (Linux; Android 6.0; HTC One M9 Build/MRA845468) AppleWebKit/537.36 (KHTML, like Gecko) Chrome/52.0.2700.98 Mobile Safari/537.3" "-"
68.183.9.16 - - [20/May/2025:11:43:09 +0900] "GET /@vite/env HTTP/1.1" 403 0 "-" "Go-http-client/1.1" "-"
68.183.9.16 - - [20/May/2025:11:43:10 +0900] "GET /actuator/env HTTP/1.1" 403 0 "-" "Go-http-client/1.1" "-"
68.183.9.16 - - [20/May/2025:11:43:10 +0900] "GET /server HTTP/1.1" 403 0 "-" "Go-http-client/1.1" "-"
68.183.9.16 - - [20/May/2025:11:43:12 +0900] "GET /about HTTP/1.1" 403 0 "-" "Go-http-client/1.1" "-"
68.183.9.16 - - [20/May/2025:11:43:13 +0900] "GET /debug/default/view?panel=config HTTP/1.1" 403 0 "-" "Go-http-client/1.1" "-"
68.183.9.16 - - [20/May/2025:11:43:13 +0900] "GET /v2/_catalog HTTP/1.1" 403 0 "-" "Go-http-client/1.1" "-"
68.183.9.16 - - [20/May/2025:11:43:14 +0900] "GET /ecp/Current/exporttool/microsoft.exchange.ediscovery.exporttool.application HTTP/1.1" 403 0 "-" "Go-http-client/1.1" "-"
68.183.9.16 - - [20/May/2025:11:43:15 +0900] "GET /server-status HTTP/1.1" 403 0 "-" "Go-http-client/1.1" "-"
68.183.9.16 - - [20/May/2025:11:43:16 +0900] "GET /login.action HTTP/1.1" 403 0 "-" "Go-http-client/1.1" "-"
68.183.9.16 - - [20/May/2025:11:43:17 +0900] "GET /_all_dbs HTTP/1.1" 301 0 "-" "Mozilla/5.0 (l9scan/2.0.0353e2834313e2135323e2036313; +https://leakix.net)" "-"
68.183.9.16 - - [20/May/2025:11:43:20 +0900] "GET /s/0353e2834313e2135323e2036313/_/;/META-INF/maven/com.atlassian.jira/jira-webapp-dist/pom.properties HTTP/1.1" 403 0 "-" "Go-http-client/1.1" "-"
68.183.9.16 - - [20/May/2025:11:43:20 +0900] "GET /config.json HTTP/1.1" 403 0 "-" "Go-http-client/1.1" "-"
68.183.9.16 - - [20/May/2025:11:43:21 +0900] "GET /telescope/requests HTTP/1.1" 403 0 "-" "Go-http-client/1.1" "-"
68.183.9.16 - - [20/May/2025:11:43:22 +0900] "GET /info.php HTTP/1.1" 403 0 "-" "Go-http-client/1.1" "-"
68.183.9.16 - - [20/May/2025:11:43:23 +0900] "GET /?rest_route=/wp/v2/users/ HTTP/1.1" 403 0 "-" "Go-http-client/1.1" "-"
95.217.147.99 - - [20/May/2025:11:44:22 +0900] "POST /wp-login.php HTTP/2.0" 403 175 "https://kahokutaku.com" "Mozilla/5.0 (Windows NT 10.0; Win64; x64) AppleWebKit/537.36 (KHTML, like Gecko) Chrome/112.0.5615.138 Safari/537.36 Edg/112.0.1722.68" "-"
66.249.79.172 - - [20/May/2025:11:44:37 +0900] "GET /shopdetail/7178491 HTTP/1.1" 200 25154 "-" "Mozilla/5.0 (Linux; Android 6.0.1; Nexus 5X Build/MMB29P) AppleWebKit/537.36 (KHTML, like Gecko) Chrome/136.0.7103.113 Mobile Safari/537.36 (compatible; Googlebot/2.1; +http://www.google.com/bot.html)" "-"
43.153.7.191 - - [20/May/2025:11:48:43 +0900] "GET / HTTP/1.1" 301 162 "-" "Mozilla/5.0 (iPhone; CPU iPhone OS 13_2_3 like Mac OS X) AppleWebKit/605.1.15 (KHTML, like Gecko) Version/13.0.3 Mobile/15E148 Safari/604.1" "-"
160.251.148.50 - - [20/May/2025:11:48:45 +0900] "POST /wp-cron.php?doing_wp_cron=1747709324.9346899986267089843750 HTTP/1.1" 403 186 "-" "WordPress/6.7.2; https://kahokutaku.com" "-"
43.153.7.191 - - [20/May/2025:11:48:45 +0900] "GET / HTTP/1.1" 301 0 "http://www.kahokutaku.com" "Mozilla/5.0 (iPhone; CPU iPhone OS 13_2_3 like Mac OS X) AppleWebKit/605.1.15 (KHTML, like Gecko) Version/13.0.3 Mobile/15E148 Safari/604.1" "-"
43.153.7.191 - - [20/May/2025:11:48:47 +0900] "GET / HTTP/1.1" 200 14124 "https://www.kahokutaku.com/" "Mozilla/5.0 (iPhone; CPU iPhone OS 13_2_3 like Mac OS X) AppleWebKit/605.1.15 (KHTML, like Gecko) Version/13.0.3 Mobile/15E148 Safari/604.1" "-"
66.249.79.172 - - [20/May/2025:11:48:51 +0900] "GET /pcmypage?callback=/product%2Fdetail%2F30146141 HTTP/1.1" 200 27296 "-" "Mozilla/5.0 (Linux; Android 6.0.1; Nexus 5X Build/MMB29P) AppleWebKit/537.36 (KHTML, like Gecko) Chrome/136.0.7103.113 Mobile Safari/537.36 (compatible; Googlebot/2.1; +http://www.google.com/bot.html)" "-"
195.7.5.237 - - [20/May/2025:11:52:03 +0900] "POST /wp-login.php HTTP/2.0" 403 175 "https://kahokutaku.com" "Mozilla/5.0 (Windows NT 10.0; Win64; x64) AppleWebKit/537.36 (KHTML, like Gecko) Chrome/126.0.0.0 Safari/537.36" "-"
34.171.143.3 - - [20/May/2025:11:53:15 +0900] "GET / HTTP/1.1" 301 162 "-" "Mozilla/5.0 (Windows NT 10.0; Win64; x64) AppleWebKit/537.36 (KHTML, like Gecko) Chrome/78.0.3904.108 Safari/537.36" "-"
160.251.148.50 - - [20/May/2025:11:53:16 +0900] "POST /wp-cron.php?doing_wp_cron=1747709596.1974430084228515625000 HTTP/1.1" 403 186 "-" "WordPress/6.7.2; https://kahokutaku.com" "-"
34.171.143.3 - - [20/May/2025:11:53:16 +0900] "GET / HTTP/1.1" 200 53384 "-" "Mozilla/5.0 (Windows NT 10.0; Win64; x64) AppleWebKit/537.36 (KHTML, like Gecko) Chrome/78.0.3904.108 Safari/537.36" "-"
34.171.143.3 - - [20/May/2025:11:53:16 +0900] "GET //wp-includes/wlwmanifest.xml HTTP/1.1" 403 199 "-" "Mozilla/5.0 (Windows NT 10.0; Win64; x64) AppleWebKit/537.36 (KHTML, like Gecko) Chrome/78.0.3904.108 Safari/537.36" "-"
34.171.143.3 - - [20/May/2025:11:53:17 +0900] "GET //xmlrpc.php?rsd HTTP/1.1" 403 199 "-" "Mozilla/5.0 (Windows NT 10.0; Win64; x64) AppleWebKit/537.36 (KHTML, like Gecko) Chrome/78.0.3904.108 Safari/537.36" "-"
34.171.143.3 - - [20/May/2025:11:53:17 +0900] "GET / HTTP/1.1" 200 53369 "-" "Mozilla/5.0 (Windows NT 10.0; Win64; x64) AppleWebKit/537.36 (KHTML, like Gecko) Chrome/78.0.3904.108 Safari/537.36" "-"
34.171.143.3 - - [20/May/2025:11:53:17 +0900] "GET //?author=1 HTTP/1.1" 301 0 "-" "Mozilla/5.0 (Windows NT 10.0; Win64; x64) AppleWebKit/537.36 (KHTML, like Gecko) Chrome/78.0.3904.108 Safari/537.36" "-"
34.171.143.3 - - [20/May/2025:11:53:18 +0900] "GET //?author=2 HTTP/1.1" 301 0 "-" "Mozilla/5.0 (Windows NT 10.0; Win64; x64) AppleWebKit/537.36 (KHTML, like Gecko) Chrome/78.0.3904.108 Safari/537.36" "-"
34.171.143.3 - - [20/May/2025:11:53:18 +0900] "GET //wp-json/wp/v2/users/ HTTP/1.1" 403 199 "-" "Mozilla/5.0 (Windows NT 10.0; Win64; x64) AppleWebKit/537.36 (KHTML, like Gecko) Chrome/78.0.3904.108 Safari/537.36" "-"
34.171.143.3 - - [20/May/2025:11:53:18 +0900] "POST //xmlrpc.php HTTP/1.1" 403 199 "-" "Mozilla/5.0 (Windows NT 10.0; Win64; x64) AppleWebKit/537.36 (KHTML, like Gecko) Chrome/78.0.3904.108 Safari/537.36" "-"
34.171.143.3 - - [20/May/2025:11:53:18 +0900] "POST //xmlrpc.php HTTP/1.1" 403 199 "-" "Mozilla/5.0 (Windows NT 10.0; Win64; x64) AppleWebKit/537.36 (KHTML, like Gecko) Chrome/78.0.3904.108 Safari/537.36" "-"
66.249.79.173 - - [20/May/2025:11:53:54 +0900] "GET /shopdetail/4929324 HTTP/1.1" 200 24772 "-" "Mozilla/5.0 (Linux; Android 6.0.1; Nexus 5X Build/MMB29P) AppleWebKit/537.36 (KHTML, like Gecko) Chrome/136.0.7103.113 Mobile Safari/537.36 (compatible; Googlebot/2.1; +http://www.google.com/bot.html)" "-"
66.249.79.160 - - [20/May/2025:11:55:38 +0900] "GET /shopdetail/1930479 HTTP/1.1" 200 22051 "-" "Mozilla/5.0 (Linux; Android 6.0.1; Nexus 5X Build/MMB29P) AppleWebKit/537.36 (KHTML, like Gecko) Chrome/136.0.7103.113 Mobile Safari/537.36 (compatible; Googlebot/2.1; +http://www.google.com/bot.html)" "-"
52.167.144.56 - - [20/May/2025:11:55:46 +0900] "GET /robots.txt HTTP/2.0" 200 169 "-" "Mozilla/5.0 AppleWebKit/537.36 (KHTML, like Gecko; compatible; bingbot/2.0; +http://www.bing.com/bingbot.htm) Chrome/116.0.1938.76 Safari/537.36" "-"
66.249.79.172 - - [20/May/2025:11:55:51 +0900] "GET /shopdetail/28218313 HTTP/1.1" 200 24502 "-" "Mozilla/5.0 (Linux; Android 6.0.1; Nexus 5X Build/MMB29P) AppleWebKit/537.36 (KHTML, like Gecko) Chrome/136.0.7103.113 Mobile Safari/537.36 (compatible; Googlebot/2.1; +http://www.google.com/bot.html)" "-"
52.167.144.203 - - [20/May/2025:11:55:55 +0900] "GET /shopdetail/2620068 HTTP/2.0" 200 24240 "-" "Mozilla/5.0 AppleWebKit/537.36 (KHTML, like Gecko; compatible; bingbot/2.0; +http://www.bing.com/bingbot.htm) Chrome/116.0.1938.76 Safari/537.36" "-"
66.249.79.160 - - [20/May/2025:11:56:19 +0900] "GET /shopdetail/1571779 HTTP/1.1" 200 24062 "-" "Mozilla/5.0 (compatible; Googlebot/2.1; +http://www.google.com/bot.html)" "-"
4.227.36.106 - - [20/May/2025:11:56:23 +0900] "GET /robots.txt HTTP/2.0" 200 169 "-" "Mozilla/5.0 AppleWebKit/537.36 (KHTML, like Gecko; compatible; GPTBot/1.2; +https://openai.com/gptbot)" "-"
20.171.207.114 - - [20/May/2025:11:56:44 +0900] "GET / HTTP/2.0" 403 0 "-" "Mozilla/5.0 AppleWebKit/537.36 (KHTML, like Gecko; compatible; GPTBot/1.2; +https://openai.com/gptbot)" "-"
66.249.79.160 - - [20/May/2025:11:57:14 +0900] "GET /shopdetail/3126246 HTTP/1.1" 200 25535 "-" "Mozilla/5.0 (Linux; Android 6.0.1; Nexus 5X Build/MMB29P) AppleWebKit/537.36 (KHTML, like Gecko) Chrome/136.0.7103.113 Mobile Safari/537.36 (compatible; Googlebot/2.1; +http://www.google.com/bot.html)" "-"
66.249.79.160 - - [20/May/2025:11:57:17 +0900] "POST /get-message-notify HTTP/1.1" 200 22945 "https://www.kahokutaku.com/shopdetail/3126246" "Mozilla/5.0 (Linux; Android 6.0.1; Nexus 5X Build/MMB29P) AppleWebKit/537.36 (KHTML, like Gecko) Chrome/136.0.7103.92 Mobile Safari/537.36 (compatible; Googlebot/2.1; +http://www.google.com/bot.html)" "-"
66.249.79.173 - - [20/May/2025:11:58:41 +0900] "GET /shopdetail/23477324 HTTP/1.1" 200 23719 "-" "Mozilla/5.0 (Linux; Android 6.0.1; Nexus 5X Build/MMB29P) AppleWebKit/537.36 (KHTML, like Gecko) Chrome/136.0.7103.113 Mobile Safari/537.36 (compatible; Googlebot/2.1; +http://www.google.com/bot.html)" "-"
49.109.144.45 - - [20/May/2025:11:58:46 +0900] "GET /shopdetail/29798579 HTTP/2.0" 200 307 "https://www.google.co.jp/" "Mozilla/5.0 (iPhone; CPU iPhone OS 16_1 like Mac OS X) AppleWebKit/605.1.15 (KHTML, like Gecko) Version/16.1 Mobile/15E148 Safari/604.1" "-"
37.187.26.72 - - [20/May/2025:11:59:48 +0900] "POST /wp-login.php HTTP/2.0" 403 175 "https://kahokutaku.com" "Mozilla/5.0 (Macintosh; Intel Mac OS X 13_3) AppleWebKit/537.36 (KHTML, like Gecko) Chrome/126.0.0.0 Safari/537.36 Edg/126.0.0.0" "-"
52.167.144.176 - - [20/May/2025:12:00:29 +0900] "GET / HTTP/2.0" 200 22953 "-" "Mozilla/5.0 AppleWebKit/537.36 (KHTML, like Gecko; compatible; bingbot/2.0; +http://www.bing.com/bingbot.htm) Chrome/116.0.1938.76 Safari/537.36" "-"
66.249.79.160 - - [20/May/2025:12:02:07 +0900] "GET /shopdetail/16188513 HTTP/1.1" 200 24318 "-" "Mozilla/5.0 (compatible; Googlebot/2.1; +http://www.google.com/bot.html)" "-"
66.249.79.160 - - [20/May/2025:12:03:44 +0900] "GET /shopdetail/4127124 HTTP/1.1" 200 23485 "-" "Mozilla/5.0 (Linux; Android 6.0.1; Nexus 5X Build/MMB29P) AppleWebKit/537.36 (KHTML, like Gecko) Chrome/136.0.7103.113 Mobile Safari/537.36 (compatible; Googlebot/2.1; +http://www.google.com/bot.html)" "-"
66.249.79.172 - - [20/May/2025:12:03:55 +0900] "GET /shopdetail/19887068 HTTP/1.1" 200 23033 "-" "Mozilla/5.0 (Linux; Android 6.0.1; Nexus 5X Build/MMB29P) AppleWebKit/537.36 (KHTML, like Gecko) Chrome/136.0.7103.113 Mobile Safari/537.36 (compatible; Googlebot/2.1; +http://www.google.com/bot.html)" "-"
66.249.79.173 - - [20/May/2025:12:05:58 +0900] "GET /shopdetail/11395035 HTTP/1.1" 200 22655 "-" "Mozilla/5.0 (Linux; Android 6.0.1; Nexus 5X Build/MMB29P) AppleWebKit/537.36 (KHTML, like Gecko) Chrome/136.0.7103.113 Mobile Safari/537.36 (compatible; Googlebot/2.1; +http://www.google.com/bot.html)" "-"
66.249.79.173 - - [20/May/2025:12:06:24 +0900] "GET /shopdetail/15984402 HTTP/1.1" 200 23431 "-" "Mozilla/5.0 (Linux; Android 6.0.1; Nexus 5X Build/MMB29P) AppleWebKit/537.36 (KHTML, like Gecko) Chrome/136.0.7103.113 Mobile Safari/537.36 (compatible; Googlebot/2.1; +http://www.google.com/bot.html)" "-"
66.249.79.172 - - [20/May/2025:12:06:37 +0900] "GET /zhHant/product/surugaya/75692676?campaign_uid=f64d716db5e979ed2f947dbaf4296895b951ae7f HTTP/1.1" 200 24855 "-" "Mozilla/5.0 (Linux; Android 6.0.1; Nexus 5X Build/MMB29P) AppleWebKit/537.36 (KHTML, like Gecko) Chrome/136.0.7103.113 Mobile Safari/537.36 (compatible; Googlebot/2.1; +http://www.google.com/bot.html)" "-"
198.187.29.183 - - [20/May/2025:12:07:37 +0900] "POST /wp-login.php HTTP/2.0" 403 175 "https://kahokutaku.com" "Mozilla/5.0 (Macintosh; Intel Mac OS X 10_15_7) AppleWebKit/537.36 (KHTML, like Gecko) Chrome/116.0.5845.96 Safari/537.36" "-"
66.249.79.173 - - [20/May/2025:12:10:01 +0900] "GET /shopdetail/27244546 HTTP/1.1" 200 22972 "-" "Mozilla/5.0 (Linux; Android 6.0.1; Nexus 5X Build/MMB29P) AppleWebKit/537.36 (KHTML, like Gecko) Chrome/136.0.7103.113 Mobile Safari/537.36 (compatible; Googlebot/2.1; +http://www.google.com/bot.html)" "-"
66.249.79.173 - - [20/May/2025:12:10:26 +0900] "POST /get-message-notify HTTP/1.1" 200 22945 "https://www.kahokutaku.com/shopdetail/27244546" "Mozilla/5.0 (Linux; Android 6.0.1; Nexus 5X Build/MMB29P) AppleWebKit/537.36 (KHTML, like Gecko) Chrome/136.0.7103.92 Mobile Safari/537.36 (compatible; Googlebot/2.1; +http://www.google.com/bot.html)" "-"
66.249.79.160 - - [20/May/2025:12:11:40 +0900] "GET /shopdetail/16440924 HTTP/1.1" 200 24269 "-" "Mozilla/5.0 (Linux; Android 6.0.1; Nexus 5X Build/MMB29P) AppleWebKit/537.36 (KHTML, like Gecko) Chrome/136.0.7103.113 Mobile Safari/537.36 (compatible; Googlebot/2.1; +http://www.google.com/bot.html)" "-"
66.249.79.173 - - [20/May/2025:12:11:49 +0900] "POST /get-message-notify HTTP/1.1" 200 22945 "https://www.kahokutaku.com/shopdetail/16440924" "Mozilla/5.0 (Linux; Android 6.0.1; Nexus 5X Build/MMB29P) AppleWebKit/537.36 (KHTML, like Gecko) Chrome/136.0.7103.92 Mobile Safari/537.36 (compatible; Googlebot/2.1; +http://www.google.com/bot.html)" "-"
66.249.79.172 - - [20/May/2025:12:13:38 +0900] "GET /shopdetail/16087068 HTTP/1.1" 200 22728 "-" "Mozilla/5.0 (Linux; Android 6.0.1; Nexus 5X Build/MMB29P) AppleWebKit/537.36 (KHTML, like Gecko) Chrome/136.0.7103.113 Mobile Safari/537.36 (compatible; Googlebot/2.1; +http://www.google.com/bot.html)" "-"
47.128.38.245 - - [20/May/2025:12:13:45 +0900] "GET /shopdetail/20722368 HTTP/2.0" 403 0 "-" "Mozilla/5.0 (Linux; Android 5.0) AppleWebKit/537.36 (KHTML, like Gecko) Mobile Safari/537.36 (compatible; Bytespider; spider-feedback@bytedance.com)" "-"
160.251.148.50 - - [20/May/2025:12:13:54 +0900] "POST /wp-cron.php?doing_wp_cron=1747710834.0424010753631591796875 HTTP/1.1" 403 186 "-" "WordPress/6.7.2; https://kahokutaku.com" "-"
178.156.160.196 - - [20/May/2025:12:13:54 +0900] "GET /shopdetail/18558446 HTTP/1.1" 301 0 "-" "Mozilla/5.0 (Windows NT 10.0; Win64; x64) AppleWebKit/537.36 (KHTML, like Gecko) Chrome/84.0.4147.105 Safari/537.36" "-"
178.156.160.196 - - [20/May/2025:12:13:56 +0900] "GET /shopdetail/18558446 HTTP/1.1" 404 11685 "-" "Mozilla/5.0 (Windows NT 10.0; Win64; x64) AppleWebKit/537.36 (KHTML, like Gecko) Chrome/84.0.4147.105 Safari/537.36" "-"
66.249.79.160 - - [20/May/2025:12:14:43 +0900] "GET /zhHant/product/surugaya/65803885?campaign_uid=f64d716db5e979ed2f947dbaf4296895b951ae7f HTTP/1.1" 200 24092 "-" "Mozilla/5.0 (Linux; Android 6.0.1; Nexus 5X Build/MMB29P) AppleWebKit/537.36 (KHTML, like Gecko) Chrome/136.0.7103.113 Mobile Safari/537.36 (compatible; Googlebot/2.1; +http://www.google.com/bot.html)" "-"
66.249.79.173 - - [20/May/2025:12:14:57 +0900] "GET /shopdetail/21532079 HTTP/1.1" 200 29639 "-" "Mozilla/5.0 (Linux; Android 6.0.1; Nexus 5X Build/MMB29P) AppleWebKit/537.36 (KHTML, like Gecko) Chrome/136.0.7103.113 Mobile Safari/537.36 (compatible; Googlebot/2.1; +http://www.google.com/bot.html)" "-"
170.187.185.171 - - [20/May/2025:12:15:16 +0900] "POST /wp-login.php HTTP/2.0" 403 175 "https://kahokutaku.com" "Mozilla/5.0 (Macintosh; Intel Mac OS X 14.3) AppleWebKit/614.31.14 (KHTML, like Gecko) Version/17.0.96 Safari/614.31.14" "-"
160.251.148.50 - - [20/May/2025:12:17:12 +0900] "POST /wp-cron.php?doing_wp_cron=1747711032.3888809680938720703125 HTTP/1.1" 403 186 "-" "WordPress/6.7.2; https://kahokutaku.com" "-"
66.249.82.97 - - [20/May/2025:12:17:12 +0900] "GET /.well-known/traffic-advice HTTP/1.1" 301 0 "-" "Chrome Privacy Preserving Prefetch Proxy" "-"
162.120.184.19 - - [20/May/2025:12:17:13 +0900] "GET /shopdetail/28241691 HTTP/2.0" 200 340 "https://www.google.com/" "Mozilla/5.0 (Windows NT 10.0; Win64; x64) AppleWebKit/537.36 (KHTML, like Gecko) Chrome/136.0.0.0 Safari/537.36" "-"
66.249.79.173 - - [20/May/2025:12:18:29 +0900] "GET /pcmypage?callback=/product%2Fdetail%2F86351841 HTTP/1.1" 200 22294 "-" "Mozilla/5.0 (Linux; Android 6.0.1; Nexus 5X Build/MMB29P) AppleWebKit/537.36 (KHTML, like Gecko) Chrome/136.0.7103.113 Mobile Safari/537.36 (compatible; Googlebot/2.1; +http://www.google.com/bot.html)" "-"
160.251.148.50 - - [20/May/2025:12:20:49 +0900] "POST /wp-cron.php?doing_wp_cron=1747711249.0986969470977783203125 HTTP/1.1" 403 186 "-" "WordPress/6.7.2; https://kahokutaku.com" "-"
51.8.102.247 - - [20/May/2025:12:20:49 +0900] "GET /shopdetail/18811302 HTTP/2.0" 404 11672 "-" "Mozilla/5.0 (Macintosh; Intel Mac OS X 10_15_7) AppleWebKit/537.36 (KHTML, like Gecko) Chrome/131.0.0.0 Safari/537.36; compatible; OAI-SearchBot/1.0; +https://openai.com/searchbot" "-"
51.8.102.12 - - [20/May/2025:12:20:49 +0900] "GET /shopdetail/22574257 HTTP/2.0" 301 0 "-" "Mozilla/5.0 (Macintosh; Intel Mac OS X 10_15_7) AppleWebKit/537.36 (KHTML, like Gecko) Chrome/131.0.0.0 Safari/537.36; compatible; OAI-SearchBot/1.0; +https://openai.com/searchbot" "-"
51.8.102.172 - - [20/May/2025:12:20:49 +0900] "GET /shopdetail/21327980 HTTP/2.0" 404 11672 "-" "Mozilla/5.0 (Macintosh; Intel Mac OS X 10_15_7) AppleWebKit/537.36 (KHTML, like Gecko) Chrome/131.0.0.0 Safari/537.36; compatible; OAI-SearchBot/1.0; +https://openai.com/searchbot" "-"
51.8.102.40 - - [20/May/2025:12:20:50 +0900] "GET /shopdetail/7905568 HTTP/2.0" 404 11672 "-" "Mozilla/5.0 (Macintosh; Intel Mac OS X 10_15_7) AppleWebKit/537.36 (KHTML, like Gecko) Chrome/131.0.0.0 Safari/537.36; compatible; OAI-SearchBot/1.0; +https://openai.com/searchbot" "-"
66.249.79.172 - - [20/May/2025:12:21:52 +0900] "GET /shopdetail/11037746 HTTP/1.1" 200 23224 "-" "Mozilla/5.0 (Linux; Android 6.0.1; Nexus 5X Build/MMB29P) AppleWebKit/537.36 (KHTML, like Gecko) Chrome/136.0.7103.113 Mobile Safari/537.36 (compatible; Googlebot/2.1; +http://www.google.com/bot.html)" "-"
66.249.79.172 - - [20/May/2025:12:21:56 +0900] "POST /get-message-notify HTTP/1.1" 200 22945 "https://www.kahokutaku.com/shopdetail/11037746" "Mozilla/5.0 (Linux; Android 6.0.1; Nexus 5X Build/MMB29P) AppleWebKit/537.36 (KHTML, like Gecko) Chrome/136.0.7103.92 Mobile Safari/537.36 (compatible; Googlebot/2.1; +http://www.google.com/bot.html)" "-"
66.249.79.173 - - [20/May/2025:12:22:45 +0900] "GET /pcmypage?callback=product%2Fdetail%2F12071511 HTTP/1.1" 200 24442 "-" "Mozilla/5.0 (Linux; Android 6.0.1; Nexus 5X Build/MMB29P) AppleWebKit/537.36 (KHTML, like Gecko) Chrome/136.0.7103.113 Mobile Safari/537.36 (compatible; Googlebot/2.1; +http://www.google.com/bot.html)" "-"
162.0.215.190 - - [20/May/2025:12:23:01 +0900] "POST /wp-login.php HTTP/2.0" 403 175 "https://kahokutaku.com" "Mozilla/5.0 (Windows NT 10.0; Win64; x64) AppleWebKit/537.36 (KHTML, like Gecko) Chrome/113.0.5672.126 Safari/537.36 Edg/113.0.1774.50" "-"
52.167.144.56 - - [20/May/2025:12:23:10 +0900] "GET /robots.txt HTTP/2.0" 200 169 "-" "Mozilla/5.0 AppleWebKit/537.36 (KHTML, like Gecko; compatible; bingbot/2.0; +http://www.bing.com/bingbot.htm) Chrome/116.0.1938.76 Safari/537.36" "-"
52.167.144.177 - - [20/May/2025:12:23:20 +0900] "GET /shopdetail/3790924 HTTP/2.0" 200 24831 "-" "Mozilla/5.0 AppleWebKit/537.36 (KHTML, like Gecko; compatible; bingbot/2.0; +http://www.bing.com/bingbot.htm) Chrome/116.0.1938.76 Safari/537.36" "-"
66.249.79.173 - - [20/May/2025:12:23:29 +0900] "GET /shopdetail/9770424 HTTP/1.1" 200 22998 "-" "Mozilla/5.0 (Linux; Android 6.0.1; Nexus 5X Build/MMB29P) AppleWebKit/537.36 (KHTML, like Gecko) Chrome/136.0.7103.113 Mobile Safari/537.36 (compatible; Googlebot/2.1; +http://www.google.com/bot.html)" "-"
66.249.79.173 - - [20/May/2025:12:24:27 +0900] "GET /shopdetail/26912979 HTTP/1.1" 200 24128 "-" "Mozilla/5.0 (Linux; Android 6.0.1; Nexus 5X Build/MMB29P) AppleWebKit/537.36 (KHTML, like Gecko) Chrome/136.0.7103.113 Mobile Safari/537.36 (compatible; Googlebot/2.1; +http://www.google.com/bot.html)" "-"
66.249.79.173 - - [20/May/2025:12:24:41 +0900] "GET /product/edit/82450885 HTTP/1.1" 200 25075 "-" "Mozilla/5.0 (Linux; Android 6.0.1; Nexus 5X Build/MMB29P) AppleWebKit/537.36 (KHTML, like Gecko) Chrome/136.0.7103.113 Mobile Safari/537.36 (compatible; Googlebot/2.1; +http://www.google.com/bot.html)" "-"
66.249.79.172 - - [20/May/2025:12:24:46 +0900] "POST /get-message-notify HTTP/1.1" 200 22945 "https://www.kahokutaku.com/product/edit/82450885" "Mozilla/5.0 (Linux; Android 6.0.1; Nexus 5X Build/MMB29P) AppleWebKit/537.36 (KHTML, like Gecko) Chrome/136.0.7103.92 Mobile Safari/537.36 (compatible; Googlebot/2.1; +http://www.google.com/bot.html)" "-"
66.249.79.172 - - [20/May/2025:12:24:57 +0900] "GET /shopdetail/11597413 HTTP/1.1" 200 22791 "-" "Mozilla/5.0 (compatible; Googlebot/2.1; +http://www.google.com/bot.html)" "-"
66.249.79.173 - - [20/May/2025:12:25:20 +0900] "GET /shopdetail/3321868 HTTP/1.1" 200 22575 "-" "Mozilla/5.0 (Linux; Android 6.0.1; Nexus 5X Build/MMB29P) AppleWebKit/537.36 (KHTML, like Gecko) Chrome/136.0.7103.113 Mobile Safari/537.36 (compatible; Googlebot/2.1; +http://www.google.com/bot.html)" "-"
66.249.79.172 - - [20/May/2025:12:26:58 +0900] "GET /shopdetail/4494791 HTTP/1.1" 200 21861 "-" "Mozilla/5.0 (Linux; Android 6.0.1; Nexus 5X Build/MMB29P) AppleWebKit/537.36 (KHTML, like Gecko) Chrome/136.0.7103.113 Mobile Safari/537.36 (compatible; Googlebot/2.1; +http://www.google.com/bot.html)" "-"
106.130.48.42 - - [20/May/2025:12:30:04 +0900] "GET /shopdetail/6616568 HTTP/2.0" 200 473 "https://www.google.com/" "Mozilla/5.0 (Linux; Android 10; K) AppleWebKit/537.36 (KHTML, like Gecko) Chrome/136.0.0.0 Mobile Safari/537.36" "-"
91.238.162.8 - - [20/May/2025:12:30:46 +0900] "POST /wp-login.php HTTP/2.0" 403 175 "https://kahokutaku.com" "Mozilla/5.0 (Macintosh; Intel Mac OS X 10_15_7; rv:129.0) Gecko/20100101 Firefox/129.0" "-"
182.164.181.30 - - [20/May/2025:12:31:15 +0900] "GET /shopdetail/7453302 HTTP/2.0" 200 311 "https://www.google.com/" "Mozilla/5.0 (iPhone; CPU iPhone OS 18_4_1 like Mac OS X) AppleWebKit/605.1.15 (KHTML, like Gecko) Version/18.4 Mobile/15E148 Safari/604.1" "-"
66.249.79.160 - - [20/May/2025:12:32:09 +0900] "GET /shopdetail/10288680 HTTP/1.1" 200 21980 "-" "Mozilla/5.0 (Linux; Android 6.0.1; Nexus 5X Build/MMB29P) AppleWebKit/537.36 (KHTML, like Gecko) Chrome/136.0.7103.113 Mobile Safari/537.36 (compatible; Googlebot/2.1; +http://www.google.com/bot.html)" "-"
66.249.79.173 - - [20/May/2025:12:32:10 +0900] "GET /shopdetail/25393913 HTTP/1.1" 200 23843 "-" "Mozilla/5.0 (Linux; Android 6.0.1; Nexus 5X Build/MMB29P) AppleWebKit/537.36 (KHTML, like Gecko) Chrome/136.0.7103.113 Mobile Safari/537.36 (compatible; Googlebot/2.1; +http://www.google.com/bot.html)" "-"
66.249.79.172 - - [20/May/2025:12:32:10 +0900] "GET /shopdetail/17903013 HTTP/1.1" 200 23428 "-" "Mozilla/5.0 (Linux; Android 6.0.1; Nexus 5X Build/MMB29P) AppleWebKit/537.36 (KHTML, like Gecko) Chrome/136.0.7103.113 Mobile Safari/537.36 (compatible; Googlebot/2.1; +http://www.google.com/bot.html)" "-"
66.249.79.173 - - [20/May/2025:12:32:13 +0900] "POST /get-message-notify HTTP/1.1" 200 22945 "https://www.kahokutaku.com/shopdetail/10288680" "Mozilla/5.0 (Linux; Android 6.0.1; Nexus 5X Build/MMB29P) AppleWebKit/537.36 (KHTML, like Gecko) Chrome/136.0.7103.92 Mobile Safari/537.36 (compatible; Googlebot/2.1; +http://www.google.com/bot.html)" "-"
66.249.79.173 - - [20/May/2025:12:32:24 +0900] "GET /shopdetail/25218746 HTTP/1.1" 200 25774 "-" "Mozilla/5.0 (Linux; Android 6.0.1; Nexus 5X Build/MMB29P) AppleWebKit/537.36 (KHTML, like Gecko) Chrome/136.0.7103.113 Mobile Safari/537.36 (compatible; Googlebot/2.1; +http://www.google.com/bot.html)" "-"
106.130.48.42 - - [20/May/2025:12:34:08 +0900] "GET /shopdetail/6616568 HTTP/2.0" 200 473 "https://www.google.com/" "Mozilla/5.0 (Linux; Android 10; K) AppleWebKit/537.36 (KHTML, like Gecko) Chrome/136.0.0.0 Mobile Safari/537.36" "-"
66.249.79.172 - - [20/May/2025:12:35:29 +0900] "GET /shopdetail/26821591 HTTP/1.1" 200 22291 "-" "Mozilla/5.0 (Linux; Android 6.0.1; Nexus 5X Build/MMB29P) AppleWebKit/537.36 (KHTML, like Gecko) Chrome/136.0.7103.113 Mobile Safari/537.36 (compatible; Googlebot/2.1; +http://www.google.com/bot.html)" "-"
66.249.79.172 - - [20/May/2025:12:36:07 +0900] "GET /zhHant/product/surugaya/49809903?campaign_uid=f64d716db5e979ed2f947dbaf4296895b951ae7f HTTP/1.1" 200 24337 "-" "Mozilla/5.0 (Linux; Android 6.0.1; Nexus 5X Build/MMB29P) AppleWebKit/537.36 (KHTML, like Gecko) Chrome/136.0.7103.113 Mobile Safari/537.36 (compatible; Googlebot/2.1; +http://www.google.com/bot.html)" "-"
207.46.13.151 - - [20/May/2025:12:36:25 +0900] "GET /shopdetail/1649579 HTTP/2.0" 200 22779 "-" "Mozilla/5.0 AppleWebKit/537.36 (KHTML, like Gecko; compatible; bingbot/2.0; +http://www.bing.com/bingbot.htm) Chrome/116.0.1938.76 Safari/537.36" "-"
54.152.163.42 - - [20/May/2025:12:40:34 +0900] "GET /shopdetail/15884135 HTTP/1.1" 403 0 "-" "Mozilla/5.0 AppleWebKit/537.36 (KHTML, like Gecko; compatible; Amazonbot/0.1; +https://developer.amazon.com/support/amazonbot) Chrome/119.0.6045.214 Safari/537.36" "-"
54.235.191.179 - - [20/May/2025:12:40:38 +0900] "GET /shopdetail/23642046 HTTP/1.1" 403 0 "-" "Mozilla/5.0 AppleWebKit/537.36 (KHTML, like Gecko; compatible; Amazonbot/0.1; +https://developer.amazon.com/support/amazonbot) Chrome/119.0.6045.214 Safari/537.36" "-"
95.217.248.78 - - [20/May/2025:12:40:53 +0900] "POST /wp-login.php HTTP/2.0" 403 175 "https://kahokutaku.com" "Mozilla/5.0 (Windows NT 10.0; Win64; x64) AppleWebKit/537.36 (KHTML, like Gecko) Chrome/112.0.5615.138 Safari/537.36" "-"
66.249.79.172 - - [20/May/2025:12:41:07 +0900] "GET /shopdetail/21469557 HTTP/1.1" 200 25037 "-" "Mozilla/5.0 (Linux; Android 6.0.1; Nexus 5X Build/MMB29P) AppleWebKit/537.36 (KHTML, like Gecko) Chrome/136.0.7103.113 Mobile Safari/537.36 (compatible; Googlebot/2.1; +http://www.google.com/bot.html)" "-"
160.251.148.50 - - [20/May/2025:12:46:11 +0900] "POST /wp-cron.php?doing_wp_cron=1747712771.1640059947967529296875 HTTP/1.1" 403 186 "-" "WordPress/6.7.2; https://kahokutaku.com" "-"
5.161.236.43 - - [20/May/2025:12:46:11 +0900] "GET /shopdetail/22574257 HTTP/1.1" 301 0 "-" "Mozilla/5.0 (Windows NT 10.0; Win64; x64) AppleWebKit/537.36 (KHTML, like Gecko) Chrome/84.0.4147.105 Safari/537.36" "-"
5.161.236.43 - - [20/May/2025:12:46:15 +0900] "GET /shopdetail/22574257 HTTP/1.1" 404 11685 "-" "Mozilla/5.0 (Windows NT 10.0; Win64; x64) AppleWebKit/537.36 (KHTML, like Gecko) Chrome/84.0.4147.105 Safari/537.36" "-"
66.249.79.173 - - [20/May/2025:12:46:44 +0900] "GET /shopdetail/7998457 HTTP/1.1" 200 26267 "-" "Mozilla/5.0 (Linux; Android 6.0.1; Nexus 5X Build/MMB29P) AppleWebKit/537.36 (KHTML, like Gecko) Chrome/136.0.7103.113 Mobile Safari/537.36 (compatible; Googlebot/2.1; +http://www.google.com/bot.html)" "-"
66.249.79.172 - - [20/May/2025:12:46:59 +0900] "GET /shopdetail/16768146 HTTP/1.1" 200 23610 "-" "Mozilla/5.0 (Linux; Android 6.0.1; Nexus 5X Build/MMB29P) AppleWebKit/537.36 (KHTML, like Gecko) Chrome/136.0.7103.113 Mobile Safari/537.36 (compatible; Googlebot/2.1; +http://www.google.com/bot.html)" "-"
66.249.79.173 - - [20/May/2025:12:47:28 +0900] "GET /shopdetail/3640268 HTTP/1.1" 200 23870 "-" "Mozilla/5.0 (Linux; Android 6.0.1; Nexus 5X Build/MMB29P) AppleWebKit/537.36 (KHTML, like Gecko) Chrome/136.0.7103.113 Mobile Safari/537.36 (compatible; Googlebot/2.1; +http://www.google.com/bot.html)" "-"
91.151.95.70 - - [20/May/2025:12:47:52 +0900] "POST /wp-login.php HTTP/2.0" 403 175 "https://kahokutaku.com" "Mozilla/5.0 (Macintosh; Intel Mac OS X 10_15_7) AppleWebKit/537.36 (KHTML, like Gecko) Chrome/112.0.5615.138 Safari/537.36" "-"
