芝麻web文件管理V1.00
编辑当前文件:/home/r5772835/logs/kahokutaku.com/access_log
162.0.235.216 - - [20/May/2025:04:06:47 +0900] "POST /wp-login.php HTTP/2.0" 403 175 "https://kahokutaku.com" "Mozilla/5.0 (Windows NT 10.0; Win64; x64) AppleWebKit/537.36 (KHTML, like Gecko) Chrome/114.0.5735.134 Safari/537.36" "-"
66.249.79.172 - - [20/May/2025:04:08:10 +0900] "GET /shopdetail/14474446 HTTP/1.1" 200 22192 "-" "Mozilla/5.0 (Linux; Android 6.0.1; Nexus 5X Build/MMB29P) AppleWebKit/537.36 (KHTML, like Gecko) Chrome/136.0.7103.92 Mobile Safari/537.36 (compatible; Googlebot/2.1; +http://www.google.com/bot.html)" "-"
66.249.79.160 - - [20/May/2025:04:09:44 +0900] "GET /shopdetail/21555235 HTTP/1.1" 200 23469 "-" "Mozilla/5.0 (compatible; Googlebot/2.1; +http://www.google.com/bot.html)" "-"
66.249.79.173 - - [20/May/2025:04:09:53 +0900] "GET /zhHant/product/surugaya/39575644?campaign_uid=f64d716db5e979ed2f947dbaf4296895b951ae7f HTTP/1.1" 200 22096 "-" "Mozilla/5.0 (Linux; Android 6.0.1; Nexus 5X Build/MMB29P) AppleWebKit/537.36 (KHTML, like Gecko) Chrome/136.0.7103.92 Mobile Safari/537.36 (compatible; Googlebot/2.1; +http://www.google.com/bot.html)" "-"
66.249.79.172 - - [20/May/2025:04:09:57 +0900] "POST /get-message-notify HTTP/1.1" 200 22945 "https://www.kahokutaku.com/zhHant/product/surugaya/39575644?campaign_uid=f64d716db5e979ed2f947dbaf4296895b951ae7f" "Mozilla/5.0 (Linux; Android 6.0.1; Nexus 5X Build/MMB29P) AppleWebKit/537.36 (KHTML, like Gecko) Chrome/136.0.7103.92 Mobile Safari/537.36 (compatible; Googlebot/2.1; +http://www.google.com/bot.html)" "-"
66.249.79.160 - - [20/May/2025:04:11:02 +0900] "GET /shopdetail/20122491 HTTP/1.1" 200 25024 "-" "Mozilla/5.0 (Linux; Android 6.0.1; Nexus 5X Build/MMB29P) AppleWebKit/537.36 (KHTML, like Gecko) Chrome/136.0.7103.92 Mobile Safari/537.36 (compatible; Googlebot/2.1; +http://www.google.com/bot.html)" "-"
66.249.79.172 - - [20/May/2025:04:11:06 +0900] "POST /get-message-notify HTTP/1.1" 200 22945 "https://www.kahokutaku.com/shopdetail/20122491" "Mozilla/5.0 (Linux; Android 6.0.1; Nexus 5X Build/MMB29P) AppleWebKit/537.36 (KHTML, like Gecko) Chrome/136.0.7103.92 Mobile Safari/537.36 (compatible; Googlebot/2.1; +http://www.google.com/bot.html)" "-"
52.178.196.236 - - [20/May/2025:04:13:17 +0900] "GET /wp-content/plugins/hellopress/wp_filemanager.php HTTP/1.1" 301 162 "-" "-" "-"
160.251.148.50 - - [20/May/2025:04:13:19 +0900] "POST /wp-cron.php?doing_wp_cron=1747681999.0143260955810546875000 HTTP/1.1" 403 186 "-" "WordPress/6.7.2; https://kahokutaku.com" "-"
52.178.196.236 - - [20/May/2025:04:13:19 +0900] "GET /wp-content/plugins/hellopress/wp_filemanager.php HTTP/1.1" 404 43624 "-" "-" "-"
52.178.196.236 - - [20/May/2025:04:13:19 +0900] "GET /modules/mod_simplefileuploadv1.3/elements/filemanager.php HTTP/1.1" 301 162 "-" "-" "-"
52.178.196.236 - - [20/May/2025:04:13:20 +0900] "GET /modules/mod_simplefileuploadv1.3/elements/filemanager.php HTTP/1.1" 404 43624 "-" "-" "-"
185.171.184.80 - - [20/May/2025:04:13:55 +0900] "POST /wp-login.php HTTP/2.0" 403 175 "https://kahokutaku.com" "Mozilla/5.0 (Macintosh; Intel Mac OS X 10.15; rv:126.0) Gecko/20100101 Firefox/126.0" "-"
66.249.79.173 - - [20/May/2025:04:15:01 +0900] "GET /shopdetail/24361179 HTTP/1.1" 200 25754 "-" "Mozilla/5.0 (Linux; Android 6.0.1; Nexus 5X Build/MMB29P) AppleWebKit/537.36 (KHTML, like Gecko) Chrome/136.0.7103.92 Mobile Safari/537.36 (compatible; Googlebot/2.1; +http://www.google.com/bot.html)" "-"
66.249.79.173 - - [20/May/2025:04:15:01 +0900] "GET /shopdetail/6372446 HTTP/1.1" 200 24907 "-" "Mozilla/5.0 (Linux; Android 6.0.1; Nexus 5X Build/MMB29P) AppleWebKit/537.36 (KHTML, like Gecko) Chrome/136.0.7103.92 Mobile Safari/537.36 (compatible; Googlebot/2.1; +http://www.google.com/bot.html)" "-"
66.249.79.173 - - [20/May/2025:04:15:28 +0900] "POST /get-message-notify HTTP/1.1" 200 22945 "https://www.kahokutaku.com/shopdetail/6372446" "Mozilla/5.0 (Linux; Android 6.0.1; Nexus 5X Build/MMB29P) AppleWebKit/537.36 (KHTML, like Gecko) Chrome/136.0.7103.92 Mobile Safari/537.36 (compatible; Googlebot/2.1; +http://www.google.com/bot.html)" "-"
66.249.79.160 - - [20/May/2025:04:18:34 +0900] "GET /shopdetail/21807779 HTTP/1.1" 200 23126 "-" "Mozilla/5.0 (Linux; Android 6.0.1; Nexus 5X Build/MMB29P) AppleWebKit/537.36 (KHTML, like Gecko) Chrome/136.0.7103.92 Mobile Safari/537.36 (compatible; Googlebot/2.1; +http://www.google.com/bot.html)" "-"
66.249.79.173 - - [20/May/2025:04:19:11 +0900] "GET /shopdetail/21156646 HTTP/1.1" 200 21751 "-" "Mozilla/5.0 (Linux; Android 6.0.1; Nexus 5X Build/MMB29P) AppleWebKit/537.36 (KHTML, like Gecko) Chrome/136.0.7103.92 Mobile Safari/537.36 (compatible; Googlebot/2.1; +http://www.google.com/bot.html)" "-"
66.249.79.160 - - [20/May/2025:04:19:13 +0900] "GET /shopdetail/16463557 HTTP/1.1" 200 27580 "-" "Mozilla/5.0 (Linux; Android 6.0.1; Nexus 5X Build/MMB29P) AppleWebKit/537.36 (KHTML, like Gecko) Chrome/136.0.7103.92 Mobile Safari/537.36 (compatible; Googlebot/2.1; +http://www.google.com/bot.html)" "-"
66.249.79.172 - - [20/May/2025:04:19:15 +0900] "POST /get-message-notify HTTP/1.1" 200 22945 "https://www.kahokutaku.com/shopdetail/21156646" "Mozilla/5.0 (Linux; Android 6.0.1; Nexus 5X Build/MMB29P) AppleWebKit/537.36 (KHTML, like Gecko) Chrome/136.0.7103.92 Mobile Safari/537.36 (compatible; Googlebot/2.1; +http://www.google.com/bot.html)" "-"
160.251.148.50 - - [20/May/2025:04:19:51 +0900] "POST /wp-cron.php?doing_wp_cron=1747682391.1312880516052246093750 HTTP/1.1" 403 186 "-" "WordPress/6.7.2; https://kahokutaku.com" "-"
219.104.130.76 - - [20/May/2025:04:19:51 +0900] "GET /favicon.ico HTTP/2.0" 302 0 "https://websearch.rakuten.co.jp/" "Mozilla/5.0 (Windows NT 10.0; Win64; x64) AppleWebKit/537.36 (KHTML, like Gecko) Chrome/136.0.0.0 Safari/537.36" "-"
219.104.130.76 - - [20/May/2025:04:19:51 +0900] "GET /wp-includes/images/w-logo-blue-white-bg.png HTTP/2.0" 200 4119 "https://websearch.rakuten.co.jp/" "Mozilla/5.0 (Windows NT 10.0; Win64; x64) AppleWebKit/537.36 (KHTML, like Gecko) Chrome/136.0.0.0 Safari/537.36" "-"
3.90.72.181 - - [20/May/2025:04:20:23 +0900] "GET /shopdetail/26485946 HTTP/1.1" 301 0 "-" "Mozilla/5.0 (Windows NT 10.0; Win64; x64) AppleWebKit/537.36 (KHTML, like Gecko) Chrome/103.0.0.0 Safari/537.36" "-"
3.90.72.181 - - [20/May/2025:04:20:24 +0900] "GET /shopdetail/26485946 HTTP/1.1" 403 0 "-" "Apache-HttpClient/4.5.14 (Java/17.0.9)" "-"
81.88.53.43 - - [20/May/2025:04:20:58 +0900] "POST /wp-login.php HTTP/2.0" 403 175 "https://kahokutaku.com" "Mozilla/5.0 (Windows NT 10.0; Win64; x64) AppleWebKit/537.36 (KHTML, like Gecko) Chrome/126.0.0.0 Safari/537.36 Edg/126.0.0.0" "-"
205.169.39.26 - - [20/May/2025:04:21:00 +0900] "GET / HTTP/1.1" 301 162 "-" "Mozilla/5.0 (Windows NT 10.0) AppleWebKit/537.36 (KHTML, like Gecko) Chrome/106.0.0.0 Safari/537.36" "-"
160.251.148.50 - - [20/May/2025:04:21:05 +0900] "POST /wp-cron.php?doing_wp_cron=1747682465.0267040729522705078125 HTTP/1.1" 403 186 "-" "WordPress/6.7.2; https://kahokutaku.com" "-"
205.169.39.26 - - [20/May/2025:04:21:05 +0900] "GET / HTTP/1.1" 200 14124 "http://kahokutaku.com" "Mozilla/5.0 (Windows NT 10.0) AppleWebKit/537.36 (KHTML, like Gecko) Chrome/106.0.0.0 Safari/537.36" "-"
66.249.79.173 - - [20/May/2025:04:21:35 +0900] "GET /shopdetail/10082013 HTTP/1.1" 200 22847 "-" "Mozilla/5.0 (Linux; Android 6.0.1; Nexus 5X Build/MMB29P) AppleWebKit/537.36 (KHTML, like Gecko) Chrome/136.0.7103.92 Mobile Safari/537.36 (compatible; Googlebot/2.1; +http://www.google.com/bot.html)" "-"
23.137.105.26 - - [20/May/2025:04:22:00 +0900] "GET /wp-content/themes/hello_dolly_v2.php HTTP/1.1" 403 186 "www.google.com" "Mozlila/5.0 (Linux; Android 7.0; SM-G892A Bulid/NRD90M; wv) AppleWebKit/537.36 (KHTML, like Gecko) Version/4.0 Chrome/60.0.3112.107 Moblie Safari/537.36" "127.0.0.1"
23.137.105.26 - - [20/May/2025:04:22:16 +0900] "GET /wp-content/themes/hello_dolly_v2.php HTTP/1.1" 301 162 "www.google.com" "Mozlila/5.0 (Linux; Android 7.0; SM-G892A Bulid/NRD90M; wv) AppleWebKit/537.36 (KHTML, like Gecko) Version/4.0 Chrome/60.0.3112.107 Moblie Safari/537.36" "127.0.0.1"
23.137.105.26 - - [20/May/2025:04:22:33 +0900] "GET /wp-content/themes/hello_dolly_v2.php HTTP/1.1" 403 186 "www.google.com" "Mozlila/5.0 (Linux; Android 7.0; SM-G892A Bulid/NRD90M; wv) AppleWebKit/537.36 (KHTML, like Gecko) Version/4.0 Chrome/60.0.3112.107 Moblie Safari/537.36" "127.0.0.1"
66.249.79.160 - - [20/May/2025:04:24:26 +0900] "GET /pcmypage?callback=/product%2Fdetail%2F12845146 HTTP/1.1" 200 23345 "-" "Mozilla/5.0 (Linux; Android 6.0.1; Nexus 5X Build/MMB29P) AppleWebKit/537.36 (KHTML, like Gecko) Chrome/136.0.7103.92 Mobile Safari/537.36 (compatible; Googlebot/2.1; +http://www.google.com/bot.html)" "-"
66.249.79.173 - - [20/May/2025:04:25:21 +0900] "GET /shopdetail/12994113 HTTP/1.1" 200 24010 "-" "Mozilla/5.0 (Linux; Android 6.0.1; Nexus 5X Build/MMB29P) AppleWebKit/537.36 (KHTML, like Gecko) Chrome/136.0.7103.92 Mobile Safari/537.36 (compatible; Googlebot/2.1; +http://www.google.com/bot.html)" "-"
66.249.79.160 - - [20/May/2025:04:25:21 +0900] "GET /shopdetail/10985979 HTTP/1.1" 200 23784 "-" "Mozilla/5.0 (Linux; Android 6.0.1; Nexus 5X Build/MMB29P) AppleWebKit/537.36 (KHTML, like Gecko) Chrome/136.0.7103.92 Mobile Safari/537.36 (compatible; Googlebot/2.1; +http://www.google.com/bot.html)" "-"
66.249.79.172 - - [20/May/2025:04:25:35 +0900] "GET /shopdetail/8969168 HTTP/1.1" 200 25585 "-" "Mozilla/5.0 (Linux; Android 6.0.1; Nexus 5X Build/MMB29P) AppleWebKit/537.36 (KHTML, like Gecko) Chrome/136.0.7103.92 Mobile Safari/537.36 (compatible; Googlebot/2.1; +http://www.google.com/bot.html)" "-"
66.249.79.173 - - [20/May/2025:04:26:39 +0900] "GET /shopdetail/26003635 HTTP/1.1" 200 22225 "-" "Mozilla/5.0 (Linux; Android 6.0.1; Nexus 5X Build/MMB29P) AppleWebKit/537.36 (KHTML, like Gecko) Chrome/136.0.7103.92 Mobile Safari/537.36 (compatible; Googlebot/2.1; +http://www.google.com/bot.html)" "-"
198.54.125.100 - - [20/May/2025:04:28:08 +0900] "POST /wp-login.php HTTP/2.0" 403 175 "https://kahokutaku.com" "Mozilla/5.0 (Macintosh; Intel Mac OS X 10_15_7) AppleWebKit/537.36 (KHTML, like Gecko) Chrome/113.0.5672.93 Safari/537.36" "-"
193.32.126.166 - - [20/May/2025:04:29:40 +0900] "GET /wp-content/plugins/HelloDollyV2/hello_dolly_v2.php HTTP/1.1" 301 162 "www.google.com" "Mozilla/5.0 (Linux; Android 7.0; SM-G892A Build/NRD90M; wv) AppleWebKit/537.36 (KHTML, like Gecko) Version/4.0 Chrome/60.0.3112.107 Mobile Safari/537.36" "127.0.0.1"
66.249.79.172 - - [20/May/2025:04:30:49 +0900] "GET /shopdetail/24325057 HTTP/1.1" 200 21718 "-" "Mozilla/5.0 (Linux; Android 6.0.1; Nexus 5X Build/MMB29P) AppleWebKit/537.36 (KHTML, like Gecko) Chrome/136.0.7103.92 Mobile Safari/537.36 (compatible; Googlebot/2.1; +http://www.google.com/bot.html)" "-"
160.251.148.50 - - [20/May/2025:04:31:12 +0900] "POST /wp-cron.php?doing_wp_cron=1747683072.5710060596466064453125 HTTP/1.1" 403 186 "-" "WordPress/6.7.2; https://kahokutaku.com" "-"
193.32.126.166 - - [20/May/2025:04:31:12 +0900] "GET /wp-content/plugins/HelloDollyV2/hello_dolly_v2.php HTTP/1.1" 404 11685 "www.google.com" "Mozilla/5.0 (Linux; Android 7.0; SM-G892A Build/NRD90M; wv) AppleWebKit/537.36 (KHTML, like Gecko) Version/4.0 Chrome/60.0.3112.107 Mobile Safari/537.36" "127.0.0.1"
66.249.79.173 - - [20/May/2025:04:31:14 +0900] "GET /shopdetail/5359879 HTTP/1.1" 200 22348 "-" "Mozilla/5.0 (Linux; Android 6.0.1; Nexus 5X Build/MMB29P) AppleWebKit/537.36 (KHTML, like Gecko) Chrome/136.0.7103.92 Mobile Safari/537.36 (compatible; Googlebot/2.1; +http://www.google.com/bot.html)" "-"
66.249.79.172 - - [20/May/2025:04:31:16 +0900] "GET /shopdetail/11995046 HTTP/1.1" 200 25485 "-" "Mozilla/5.0 (Linux; Android 6.0.1; Nexus 5X Build/MMB29P) AppleWebKit/537.36 (KHTML, like Gecko) Chrome/136.0.7103.92 Mobile Safari/537.36 (compatible; Googlebot/2.1; +http://www.google.com/bot.html)" "-"
193.32.126.166 - - [20/May/2025:04:32:03 +0900] "GET /wp-content/themes/hello_dolly_v2.php HTTP/1.1" 403 186 "www.google.com" "Mozilla/5.0 (Linux; Android 7.0; SM-G892A Build/NRD90M; wv) AppleWebKit/537.36 (KHTML, like Gecko) Version/4.0 Chrome/60.0.3112.107 Mobile Safari/537.36" "127.0.0.1"
69.171.231.9 - - [20/May/2025:04:32:14 +0900] "GET /robots.txt HTTP/2.0" 206 1028 "-" "facebookexternalhit/1.1 (+http://www.facebook.com/externalhit_uatext.php)" "-"
193.32.126.166 - - [20/May/2025:04:32:47 +0900] "GET /wp-content/plugins/WordPressCore/include.php HTTP/1.1" 301 162 "www.google.com" "Mozilla/5.0 (Linux; Android 7.0; SM-G892A Build/NRD90M; wv) AppleWebKit/537.36 (KHTML, like Gecko) Version/4.0 Chrome/60.0.3112.107 Mobile Safari/537.36" "127.0.0.1"
160.251.148.50 - - [20/May/2025:04:33:27 +0900] "POST /wp-cron.php?doing_wp_cron=1747683207.0150640010833740234375 HTTP/1.1" 403 186 "-" "WordPress/6.7.2; https://kahokutaku.com" "-"
193.32.126.166 - - [20/May/2025:04:33:27 +0900] "GET /wp-content/plugins/WordPressCore/include.php HTTP/1.1" 404 11685 "www.google.com" "Mozilla/5.0 (Linux; Android 7.0; SM-G892A Build/NRD90M; wv) AppleWebKit/537.36 (KHTML, like Gecko) Version/4.0 Chrome/60.0.3112.107 Mobile Safari/537.36" "127.0.0.1"
57.141.2.24 - - [20/May/2025:04:33:51 +0900] "GET /sitemap612.xml HTTP/2.0" 200 141980 "-" "meta-externalagent/1.1 (+https://developers.facebook.com/docs/sharing/webmasters/crawler)" "-"
66.249.79.173 - - [20/May/2025:04:34:23 +0900] "GET /shopdetail/16002002 HTTP/1.1" 200 25422 "-" "Mozilla/5.0 (Linux; Android 6.0.1; Nexus 5X Build/MMB29P) AppleWebKit/537.36 (KHTML, like Gecko) Chrome/136.0.7103.92 Mobile Safari/537.36 (compatible; Googlebot/2.1; +http://www.google.com/bot.html)" "-"
193.32.126.166 - - [20/May/2025:04:34:40 +0900] "GET /wp-content/themes/include.php HTTP/1.1" 403 186 "www.google.com" "Mozilla/5.0 (Linux; Android 7.0; SM-G892A Build/NRD90M; wv) AppleWebKit/537.36 (KHTML, like Gecko) Version/4.0 Chrome/60.0.3112.107 Mobile Safari/537.36" "127.0.0.1"
66.249.79.173 - - [20/May/2025:04:34:50 +0900] "GET /zhHant/product/surugaya/92711421?campaign_uid=f64d716db5e979ed2f947dbaf4296895b951ae7f HTTP/1.1" 200 22997 "-" "Mozilla/5.0 (Linux; Android 6.0.1; Nexus 5X Build/MMB29P) AppleWebKit/537.36 (KHTML, like Gecko) Chrome/136.0.7103.92 Mobile Safari/537.36 (compatible; Googlebot/2.1; +http://www.google.com/bot.html)" "-"
66.249.79.173 - - [20/May/2025:04:34:50 +0900] "GET /shopdetail/24518068 HTTP/1.1" 200 23847 "-" "Mozilla/5.0 (Linux; Android 6.0.1; Nexus 5X Build/MMB29P) AppleWebKit/537.36 (KHTML, like Gecko) Chrome/136.0.7103.92 Mobile Safari/537.36 (compatible; Googlebot/2.1; +http://www.google.com/bot.html)" "-"
54.37.137.204 - - [20/May/2025:04:35:15 +0900] "POST /wp-login.php HTTP/2.0" 403 175 "https://kahokutaku.com" "Mozilla/5.0 (Windows NT 10.0; Win64; x64) AppleWebKit/537.36 (KHTML, like Gecko) Chrome/116.0.5845.96 Safari/537.36" "-"
3.214.176.44 - - [20/May/2025:04:36:12 +0900] "GET /shopdetail/5524324 HTTP/1.1" 403 0 "-" "Mozilla/5.0 AppleWebKit/537.36 (KHTML, like Gecko; compatible; Amazonbot/0.1; +https://developer.amazon.com/support/amazonbot) Chrome/119.0.6045.214 Safari/537.36" "-"
66.249.79.160 - - [20/May/2025:04:36:12 +0900] "GET /zhHant/product/surugaya/48831163?campaign_uid=f64d716db5e979ed2f947dbaf4296895b951ae7f HTTP/1.1" 200 24621 "-" "Mozilla/5.0 (Linux; Android 6.0.1; Nexus 5X Build/MMB29P) AppleWebKit/537.36 (KHTML, like Gecko) Chrome/136.0.7103.92 Mobile Safari/537.36 (compatible; Googlebot/2.1; +http://www.google.com/bot.html)" "-"
66.249.79.173 - - [20/May/2025:04:36:27 +0900] "GET /shopdetail/10172179 HTTP/1.1" 200 23435 "-" "Mozilla/5.0 (Linux; Android 6.0.1; Nexus 5X Build/MMB29P) AppleWebKit/537.36 (KHTML, like Gecko) Chrome/136.0.7103.92 Mobile Safari/537.36 (compatible; Googlebot/2.1; +http://www.google.com/bot.html)" "-"
66.249.79.173 - - [20/May/2025:04:38:53 +0900] "GET /pcmypage?callback=product%2Fdetail%2F95458809 HTTP/1.1" 200 24210 "-" "Mozilla/5.0 (Linux; Android 6.0.1; Nexus 5X Build/MMB29P) AppleWebKit/537.36 (KHTML, like Gecko) Chrome/136.0.7103.92 Mobile Safari/537.36 (compatible; Googlebot/2.1; +http://www.google.com/bot.html)" "-"
66.249.79.172 - - [20/May/2025:04:39:05 +0900] "POST /get-message-notify HTTP/1.1" 200 22945 "https://www.kahokutaku.com/pcmypage?callback=product%2Fdetail%2F95458809" "Mozilla/5.0 (Linux; Android 6.0.1; Nexus 5X Build/MMB29P) AppleWebKit/537.36 (KHTML, like Gecko) Chrome/136.0.7103.92 Mobile Safari/537.36 (compatible; Googlebot/2.1; +http://www.google.com/bot.html)" "-"
120.24.23.234 - - [20/May/2025:04:42:14 +0900] "POST /wp-login.php HTTP/2.0" 403 175 "https://kahokutaku.com" "Mozilla/5.0 (Macintosh; Intel Mac OS X 10_15_7; rv:129.0) Gecko/20100101 Firefox/129.0" "-"
66.249.79.173 - - [20/May/2025:04:42:23 +0900] "GET /shopdetail/4601213 HTTP/1.1" 200 22410 "-" "Mozilla/5.0 (Linux; Android 6.0.1; Nexus 5X Build/MMB29P) AppleWebKit/537.36 (KHTML, like Gecko) Chrome/136.0.7103.92 Mobile Safari/537.36 (compatible; Googlebot/2.1; +http://www.google.com/bot.html)" "-"
66.249.79.160 - - [20/May/2025:04:43:30 +0900] "GET /shopdetail/7080546 HTTP/1.1" 200 23693 "-" "Mozilla/5.0 (Linux; Android 6.0.1; Nexus 5X Build/MMB29P) AppleWebKit/537.36 (KHTML, like Gecko) Chrome/136.0.7103.92 Mobile Safari/537.36 (compatible; Googlebot/2.1; +http://www.google.com/bot.html)" "-"
66.249.79.173 - - [20/May/2025:04:45:49 +0900] "GET /shopdetail/14993891 HTTP/1.1" 200 24638 "-" "Mozilla/5.0 (Linux; Android 6.0.1; Nexus 5X Build/MMB29P) AppleWebKit/537.36 (KHTML, like Gecko) Chrome/136.0.7103.92 Mobile Safari/537.36 (compatible; Googlebot/2.1; +http://www.google.com/bot.html)" "-"
66.249.79.172 - - [20/May/2025:04:46:23 +0900] "POST /get-message-notify HTTP/1.1" 200 22945 "https://www.kahokutaku.com/shopdetail/14993891" "Mozilla/5.0 (Linux; Android 6.0.1; Nexus 5X Build/MMB29P) AppleWebKit/537.36 (KHTML, like Gecko) Chrome/136.0.7103.92 Mobile Safari/537.36 (compatible; Googlebot/2.1; +http://www.google.com/bot.html)" "-"
66.249.79.172 - - [20/May/2025:04:48:29 +0900] "GET /shopdetail/6521724 HTTP/1.1" 200 24782 "-" "Mozilla/5.0 (Linux; Android 6.0.1; Nexus 5X Build/MMB29P) AppleWebKit/537.36 (KHTML, like Gecko) Chrome/136.0.7103.92 Mobile Safari/537.36 (compatible; Googlebot/2.1; +http://www.google.com/bot.html)" "-"
66.249.79.172 - - [20/May/2025:04:48:36 +0900] "POST /get-message-notify HTTP/1.1" 200 22945 "https://www.kahokutaku.com/shopdetail/6521724" "Mozilla/5.0 (Linux; Android 6.0.1; Nexus 5X Build/MMB29P) AppleWebKit/537.36 (KHTML, like Gecko) Chrome/136.0.7103.92 Mobile Safari/537.36 (compatible; Googlebot/2.1; +http://www.google.com/bot.html)" "-"
66.249.79.173 - - [20/May/2025:04:49:12 +0900] "GET /shopdetail/2479224 HTTP/1.1" 200 24448 "-" "Mozilla/5.0 (Linux; Android 6.0.1; Nexus 5X Build/MMB29P) AppleWebKit/537.36 (KHTML, like Gecko) Chrome/136.0.7103.92 Mobile Safari/537.36 (compatible; Googlebot/2.1; +http://www.google.com/bot.html)" "-"
198.54.114.49 - - [20/May/2025:04:49:19 +0900] "POST /wp-login.php HTTP/2.0" 403 175 "https://kahokutaku.com" "Mozilla/5.0 (Windows NT 10.0; Win64; x64) AppleWebKit/537.36 (KHTML, like Gecko) Chrome/126.0.0.0 Safari/537.36" "-"
66.249.79.172 - - [20/May/2025:04:49:29 +0900] "POST /get-message-notify HTTP/1.1" 200 22945 "https://www.kahokutaku.com/shopdetail/2479224" "Mozilla/5.0 (Linux; Android 6.0.1; Nexus 5X Build/MMB29P) AppleWebKit/537.36 (KHTML, like Gecko) Chrome/136.0.7103.92 Mobile Safari/537.36 (compatible; Googlebot/2.1; +http://www.google.com/bot.html)" "-"
66.249.79.172 - - [20/May/2025:04:51:41 +0900] "GET /shopdetail/28218313 HTTP/1.1" 200 24502 "-" "Mozilla/5.0 (compatible; Googlebot/2.1; +http://www.google.com/bot.html)" "-"
66.249.79.173 - - [20/May/2025:04:51:50 +0900] "GET /shopdetail/6317668 HTTP/1.1" 200 23793 "-" "Mozilla/5.0 (Linux; Android 6.0.1; Nexus 5X Build/MMB29P) AppleWebKit/537.36 (KHTML, like Gecko) Chrome/136.0.7103.92 Mobile Safari/537.36 (compatible; Googlebot/2.1; +http://www.google.com/bot.html)" "-"
182.42.110.255 - - [20/May/2025:04:52:51 +0900] "GET / HTTP/1.1" 301 162 "-" "Mozilla/5.0 (iPhone; CPU iPhone OS 13_2_3 like Mac OS X) AppleWebKit/605.1.15 (KHTML, like Gecko) Version/13.0.3 Mobile/15E148 Safari/604.1" "-"
160.251.148.50 - - [20/May/2025:04:52:54 +0900] "POST /wp-cron.php?doing_wp_cron=1747684374.3975610733032226562500 HTTP/1.1" 403 186 "-" "WordPress/6.7.2; https://kahokutaku.com" "-"
182.42.110.255 - - [20/May/2025:04:52:54 +0900] "GET / HTTP/1.1" 200 14124 "http://kahokutaku.com" "Mozilla/5.0 (iPhone; CPU iPhone OS 13_2_3 like Mac OS X) AppleWebKit/605.1.15 (KHTML, like Gecko) Version/13.0.3 Mobile/15E148 Safari/604.1" "-"
66.249.79.173 - - [20/May/2025:04:53:35 +0900] "GET /shopdetail/5593024 HTTP/1.1" 200 23823 "-" "Mozilla/5.0 (Linux; Android 6.0.1; Nexus 5X Build/MMB29P) AppleWebKit/537.36 (KHTML, like Gecko) Chrome/136.0.7103.92 Mobile Safari/537.36 (compatible; Googlebot/2.1; +http://www.google.com/bot.html)" "-"
66.249.79.173 - - [20/May/2025:04:54:53 +0900] "GET /shopdetail/16739479 HTTP/1.1" 200 25545 "-" "Mozilla/5.0 (Linux; Android 6.0.1; Nexus 5X Build/MMB29P) AppleWebKit/537.36 (KHTML, like Gecko) Chrome/136.0.7103.92 Mobile Safari/537.36 (compatible; Googlebot/2.1; +http://www.google.com/bot.html)" "-"
15.188.117.207 - - [20/May/2025:04:56:28 +0900] "POST /wp-login.php HTTP/2.0" 403 175 "https://kahokutaku.com" "Mozilla/5.0 (Macintosh; Intel Mac OS X 10_15_7; rv:129.0) Gecko/20100101 Firefox/129.0" "-"
66.249.79.173 - - [20/May/2025:04:56:29 +0900] "GET /shopdetail/11498891 HTTP/1.1" 200 24462 "-" "Mozilla/5.0 (Linux; Android 6.0.1; Nexus 5X Build/MMB29P) AppleWebKit/537.36 (KHTML, like Gecko) Chrome/136.0.7103.92 Mobile Safari/537.36 (compatible; Googlebot/2.1; +http://www.google.com/bot.html)" "-"
66.249.79.160 - - [20/May/2025:04:56:31 +0900] "GET /shopdetail/19964557 HTTP/1.1" 200 22709 "-" "Mozilla/5.0 (Linux; Android 6.0.1; Nexus 5X Build/MMB29P) AppleWebKit/537.36 (KHTML, like Gecko) Chrome/136.0.7103.92 Mobile Safari/537.36 (compatible; Googlebot/2.1; +http://www.google.com/bot.html)" "-"
18.97.14.90 - - [20/May/2025:04:59:19 +0900] "GET /robots.txt HTTP/2.0" 200 169 "-" "CCBot/2.0 (https://commoncrawl.org/faq/)" "-"
160.251.148.50 - - [20/May/2025:04:59:19 +0900] "POST /wp-cron.php?doing_wp_cron=1747684759.7127261161804199218750 HTTP/1.1" 403 186 "-" "WordPress/6.7.2; https://kahokutaku.com" "-"
18.97.14.90 - - [20/May/2025:04:59:19 +0900] "GET /shopdetail/5483935 HTTP/2.0" 404 11672 "-" "CCBot/2.0 (https://commoncrawl.org/faq/)" "-"
18.97.14.90 - - [20/May/2025:05:00:08 +0900] "GET /shopdetail/28018280 HTTP/2.0" 404 11672 "-" "CCBot/2.0 (https://commoncrawl.org/faq/)" "-"
66.249.79.173 - - [20/May/2025:05:00:17 +0900] "GET /shopdetail/2138391 HTTP/1.1" 200 22616 "-" "Mozilla/5.0 (Linux; Android 6.0.1; Nexus 5X Build/MMB29P) AppleWebKit/537.36 (KHTML, like Gecko) Chrome/136.0.7103.92 Mobile Safari/537.36 (compatible; Googlebot/2.1; +http://www.google.com/bot.html)" "-"
69.171.231.8 - - [20/May/2025:05:01:30 +0900] "GET /robots.txt HTTP/2.0" 206 1028 "-" "facebookexternalhit/1.1 (+http://www.facebook.com/externalhit_uatext.php)" "-"
66.249.79.160 - - [20/May/2025:05:01:43 +0900] "GET /shopdetail/10051080 HTTP/1.1" 200 22867 "-" "Mozilla/5.0 (Linux; Android 6.0.1; Nexus 5X Build/MMB29P) AppleWebKit/537.36 (KHTML, like Gecko) Chrome/136.0.7103.92 Mobile Safari/537.36 (compatible; Googlebot/2.1; +http://www.google.com/bot.html)" "-"
66.249.79.172 - - [20/May/2025:05:01:57 +0900] "GET /shopdetail/10367702 HTTP/1.1" 200 25055 "-" "Mozilla/5.0 (Linux; Android 6.0.1; Nexus 5X Build/MMB29P) AppleWebKit/537.36 (KHTML, like Gecko) Chrome/136.0.7103.92 Mobile Safari/537.36 (compatible; Googlebot/2.1; +http://www.google.com/bot.html)" "-"
66.249.79.173 - - [20/May/2025:05:02:01 +0900] "POST /get-message-notify HTTP/1.1" 200 22945 "https://www.kahokutaku.com/shopdetail/10367702" "Mozilla/5.0 (Linux; Android 6.0.1; Nexus 5X Build/MMB29P) AppleWebKit/537.36 (KHTML, like Gecko) Chrome/136.0.7103.92 Mobile Safari/537.36 (compatible; Googlebot/2.1; +http://www.google.com/bot.html)" "-"
66.249.79.173 - - [20/May/2025:05:02:23 +0900] "GET /shopdetail/18940024 HTTP/1.1" 200 24127 "-" "Mozilla/5.0 (Linux; Android 6.0.1; Nexus 5X Build/MMB29P) AppleWebKit/537.36 (KHTML, like Gecko) Chrome/136.0.7103.92 Mobile Safari/537.36 (compatible; Googlebot/2.1; +http://www.google.com/bot.html)" "-"
160.251.148.50 - - [20/May/2025:05:03:04 +0900] "POST /wp-cron.php?doing_wp_cron=1747684984.4457130432128906250000 HTTP/1.1" 403 186 "-" "WordPress/6.7.2; https://kahokutaku.com" "-"
18.97.14.90 - - [20/May/2025:05:03:04 +0900] "GET /shopdetail/21815413 HTTP/2.0" 404 11672 "-" "CCBot/2.0 (https://commoncrawl.org/faq/)" "-"
143.110.144.210 - - [20/May/2025:05:03:15 +0900] "POST /wp-login.php HTTP/2.0" 403 175 "https://kahokutaku.com" "Mozilla/5.0 (Macintosh; Intel Mac OS X 14_4_1) AppleWebKit/605.1.15 (KHTML, like Gecko) Version/17.3.1 Safari/605.1.15" "-"
66.249.79.173 - - [20/May/2025:05:03:29 +0900] "GET /shopdetail/2946857 HTTP/1.1" 200 22371 "-" "Mozilla/5.0 (Linux; Android 6.0.1; Nexus 5X Build/MMB29P) AppleWebKit/537.36 (KHTML, like Gecko) Chrome/136.0.7103.92 Mobile Safari/537.36 (compatible; Googlebot/2.1; +http://www.google.com/bot.html)" "-"
66.249.79.160 - - [20/May/2025:05:04:23 +0900] "GET /shopdetail/16993913 HTTP/1.1" 200 23845 "-" "Mozilla/5.0 (Linux; Android 6.0.1; Nexus 5X Build/MMB29P) AppleWebKit/537.36 (KHTML, like Gecko) Chrome/136.0.7103.92 Mobile Safari/537.36 (compatible; Googlebot/2.1; +http://www.google.com/bot.html)" "-"
160.251.148.50 - - [20/May/2025:05:05:06 +0900] "POST /wp-cron.php?doing_wp_cron=1747685106.0029180049896240234375 HTTP/1.1" 403 186 "-" "WordPress/6.7.2; https://kahokutaku.com" "-"
18.97.14.90 - - [20/May/2025:05:05:06 +0900] "GET /shopdetail/15954802 HTTP/2.0" 404 11672 "-" "CCBot/2.0 (https://commoncrawl.org/faq/)" "-"
160.251.148.50 - - [20/May/2025:05:06:49 +0900] "POST /wp-cron.php?doing_wp_cron=1747685209.6939740180969238281250 HTTP/1.1" 403 186 "-" "WordPress/6.7.2; https://kahokutaku.com" "-"
18.97.14.90 - - [20/May/2025:05:06:49 +0900] "GET /shopdetail/29721024 HTTP/2.0" 404 11672 "-" "CCBot/2.0 (https://commoncrawl.org/faq/)" "-"
66.249.79.172 - - [20/May/2025:05:07:29 +0900] "GET /shopdetail/30497002 HTTP/1.1" 200 24280 "-" "Mozilla/5.0 (Linux; Android 6.0.1; Nexus 5X Build/MMB29P) AppleWebKit/537.36 (KHTML, like Gecko) Chrome/136.0.7103.92 Mobile Safari/537.36 (compatible; Googlebot/2.1; +http://www.google.com/bot.html)" "-"
160.251.148.50 - - [20/May/2025:05:08:12 +0900] "POST /wp-cron.php?doing_wp_cron=1747685292.1525230407714843750000 HTTP/1.1" 403 186 "-" "WordPress/6.7.2; https://kahokutaku.com" "-"
18.97.14.90 - - [20/May/2025:05:08:12 +0900] "GET /shopdetail/9697491 HTTP/2.0" 404 11672 "-" "CCBot/2.0 (https://commoncrawl.org/faq/)" "-"
103.137.24.169 - - [20/May/2025:05:09:17 +0900] "POST /xmlrpc.php HTTP/1.1" 403 199 "-" "Mozilla/5.0 (Windows NT 10.0; Win64; x64) AppleWebKit/537.36 (KHTML, like Gecko) Chrome/91.0.4472.124 Safari/537.36" "-"
160.251.148.50 - - [20/May/2025:05:10:03 +0900] "POST /wp-cron.php?doing_wp_cron=1747685403.6930429935455322265625 HTTP/1.1" 403 186 "-" "WordPress/6.7.2; https://kahokutaku.com" "-"
18.97.14.90 - - [20/May/2025:05:10:03 +0900] "GET /shopdetail/11604202 HTTP/2.0" 404 11672 "-" "CCBot/2.0 (https://commoncrawl.org/faq/)" "-"
195.7.5.237 - - [20/May/2025:05:10:17 +0900] "POST /wp-login.php HTTP/2.0" 403 175 "https://kahokutaku.com" "Mozilla/5.0 (Windows NT 10.0; Win64; x64) AppleWebKit/537.36 (KHTML, like Gecko) Chrome/114.0.5735.134 Safari/537.36" "-"
160.251.148.50 - - [20/May/2025:05:11:05 +0900] "POST /wp-cron.php?doing_wp_cron=1747685465.0239980220794677734375 HTTP/1.1" 403 186 "-" "WordPress/6.7.2; https://kahokutaku.com" "-"
18.97.14.90 - - [20/May/2025:05:11:05 +0900] "GET /shopdetail/21786557 HTTP/2.0" 404 11672 "-" "CCBot/2.0 (https://commoncrawl.org/faq/)" "-"
18.97.14.90 - - [20/May/2025:05:11:59 +0900] "GET /shopdetail/27962591 HTTP/2.0" 404 11672 "-" "CCBot/2.0 (https://commoncrawl.org/faq/)" "-"
160.251.148.50 - - [20/May/2025:05:12:50 +0900] "POST /wp-cron.php?doing_wp_cron=1747685570.6283988952636718750000 HTTP/1.1" 403 186 "-" "WordPress/6.7.2; https://kahokutaku.com" "-"
18.97.14.90 - - [20/May/2025:05:12:50 +0900] "GET /shopdetail/9033713 HTTP/2.0" 404 11672 "-" "CCBot/2.0 (https://commoncrawl.org/faq/)" "-"
1.75.81.25 - - [20/May/2025:05:13:09 +0900] "GET /shopdetail/20198013 HTTP/2.0" 200 24327 "https://search.yahoo.co.jp/" "Mozilla/5.0 (iPhone; CPU iPhone OS 18_1_1 like Mac OS X) AppleWebKit/605.1.15 (KHTML, like Gecko) Mobile/15E148 YJApp-IOS jp.co.yahoo.ipn.appli/4.137.0" "-"
1.75.81.25 - - [20/May/2025:05:13:11 +0900] "POST /get-message-notify HTTP/2.0" 200 22932 "https://www.kahokutaku.com/shopdetail/20198013" "Mozilla/5.0 (iPhone; CPU iPhone OS 18_1_1 like Mac OS X) AppleWebKit/605.1.15 (KHTML, like Gecko) Mobile/15E148 YJApp-IOS jp.co.yahoo.ipn.appli/4.137.0" "-"
4.227.36.85 - - [20/May/2025:05:13:40 +0900] "GET /robots.txt HTTP/2.0" 200 169 "-" "Mozilla/5.0 AppleWebKit/537.36 (KHTML, like Gecko; compatible; GPTBot/1.2; +https://openai.com/gptbot)" "-"
18.97.14.90 - - [20/May/2025:05:13:49 +0900] "GET /shopdetail/23487268 HTTP/2.0" 404 11672 "-" "CCBot/2.0 (https://commoncrawl.org/faq/)" "-"
20.171.207.20 - - [20/May/2025:05:13:51 +0900] "GET / HTTP/2.0" 403 0 "-" "Mozilla/5.0 AppleWebKit/537.36 (KHTML, like Gecko; compatible; GPTBot/1.2; +https://openai.com/gptbot)" "-"
160.251.148.50 - - [20/May/2025:05:14:47 +0900] "POST /wp-cron.php?doing_wp_cron=1747685687.2642650604248046875000 HTTP/1.1" 403 186 "-" "WordPress/6.7.2; https://kahokutaku.com" "-"
18.97.14.90 - - [20/May/2025:05:14:47 +0900] "GET /shopdetail/10534435 HTTP/2.0" 404 11672 "-" "CCBot/2.0 (https://commoncrawl.org/faq/)" "-"
160.251.148.50 - - [20/May/2025:05:15:52 +0900] "POST /wp-cron.php?doing_wp_cron=1747685752.7748899459838867187500 HTTP/1.1" 403 186 "-" "WordPress/6.7.2; https://kahokutaku.com" "-"
18.97.14.90 - - [20/May/2025:05:15:52 +0900] "GET /shopdetail/16306435 HTTP/2.0" 404 11672 "-" "CCBot/2.0 (https://commoncrawl.org/faq/)" "-"
66.29.141.59 - - [20/May/2025:05:17:18 +0900] "POST /wp-login.php HTTP/2.0" 403 175 "https://kahokutaku.com" "Mozilla/5.0 (Macintosh; Intel Mac OS X 10.15; rv:126.0) Gecko/20100101 Firefox/126.0" "-"
160.251.148.50 - - [20/May/2025:05:17:22 +0900] "POST /wp-cron.php?doing_wp_cron=1747685842.5424621105194091796875 HTTP/1.1" 403 186 "-" "WordPress/6.7.2; https://kahokutaku.com" "-"
18.97.14.90 - - [20/May/2025:05:17:22 +0900] "GET /shopdetail/29576724 HTTP/2.0" 404 11672 "-" "CCBot/2.0 (https://commoncrawl.org/faq/)" "-"
69.171.230.114 - - [20/May/2025:05:17:50 +0900] "GET /robots.txt HTTP/2.0" 206 1028 "-" "facebookexternalhit/1.1 (+http://www.facebook.com/externalhit_uatext.php)" "-"
18.97.14.90 - - [20/May/2025:05:18:13 +0900] "GET /shopdetail/12266035 HTTP/2.0" 404 11672 "-" "CCBot/2.0 (https://commoncrawl.org/faq/)" "-"
66.249.79.173 - - [20/May/2025:05:18:25 +0900] "GET /shopdetail/18795279 HTTP/1.1" 200 24237 "-" "Mozilla/5.0 (Linux; Android 6.0.1; Nexus 5X Build/MMB29P) AppleWebKit/537.36 (KHTML, like Gecko) Chrome/136.0.7103.92 Mobile Safari/537.36 (compatible; Googlebot/2.1; +http://www.google.com/bot.html)" "-"
66.249.79.172 - - [20/May/2025:05:18:27 +0900] "GET /shopdetail/6492424 HTTP/1.1" 200 23633 "-" "Mozilla/5.0 (Linux; Android 6.0.1; Nexus 5X Build/MMB29P) AppleWebKit/537.36 (KHTML, like Gecko) Chrome/136.0.7103.92 Mobile Safari/537.36 (compatible; Googlebot/2.1; +http://www.google.com/bot.html)" "-"
66.249.79.172 - - [20/May/2025:05:18:31 +0900] "POST /get-message-notify HTTP/1.1" 200 22945 "https://www.kahokutaku.com/shopdetail/6492424" "Mozilla/5.0 (Linux; Android 6.0.1; Nexus 5X Build/MMB29P) AppleWebKit/537.36 (KHTML, like Gecko) Chrome/136.0.7103.92 Mobile Safari/537.36 (compatible; Googlebot/2.1; +http://www.google.com/bot.html)" "-"
160.251.148.50 - - [20/May/2025:05:19:11 +0900] "POST /wp-cron.php?doing_wp_cron=1747685951.5123069286346435546875 HTTP/1.1" 403 186 "-" "WordPress/6.7.2; https://kahokutaku.com" "-"
18.97.14.90 - - [20/May/2025:05:19:11 +0900] "GET /shopdetail/29867357 HTTP/2.0" 404 11672 "-" "CCBot/2.0 (https://commoncrawl.org/faq/)" "-"
178.156.153.131 - - [20/May/2025:05:19:38 +0900] "GET /shopdetail/21327980 HTTP/1.1" 301 0 "-" "Mozilla/5.0 (Windows NT 10.0; Win64; x64) AppleWebKit/537.36 (KHTML, like Gecko) Chrome/84.0.4147.105 Safari/537.36" "-"
178.156.153.131 - - [20/May/2025:05:19:41 +0900] "GET /shopdetail/21327980 HTTP/1.1" 404 11685 "-" "Mozilla/5.0 (Windows NT 10.0; Win64; x64) AppleWebKit/537.36 (KHTML, like Gecko) Chrome/84.0.4147.105 Safari/537.36" "-"
18.97.14.90 - - [20/May/2025:05:19:54 +0900] "GET /shopdetail/29838491 HTTP/2.0" 404 11672 "-" "CCBot/2.0 (https://commoncrawl.org/faq/)" "-"
66.249.79.172 - - [20/May/2025:05:19:56 +0900] "GET /safe_search/config?return_url=%2Fproduct%2Fdetail%2F25514841 HTTP/1.1" 200 24444 "-" "Mozilla/5.0 (Linux; Android 6.0.1; Nexus 5X Build/MMB29P) AppleWebKit/537.36 (KHTML, like Gecko) Chrome/136.0.7103.92 Mobile Safari/537.36 (compatible; Googlebot/2.1; +http://www.google.com/bot.html)" "-"
47.128.22.93 - - [20/May/2025:05:20:27 +0900] "GET /shopdetail/11657024 HTTP/2.0" 403 0 "-" "Mozilla/5.0 (Linux; Android 5.0) AppleWebKit/537.36 (KHTML, like Gecko) Mobile Safari/537.36 (compatible; Bytespider; spider-feedback@bytedance.com)" "-"
160.251.148.50 - - [20/May/2025:05:20:37 +0900] "POST /wp-cron.php?doing_wp_cron=1747686037.7216100692749023437500 HTTP/1.1" 403 186 "-" "WordPress/6.7.2; https://kahokutaku.com" "-"
18.97.14.90 - - [20/May/2025:05:20:37 +0900] "GET /shopdetail/26404157 HTTP/2.0" 404 11672 "-" "CCBot/2.0 (https://commoncrawl.org/faq/)" "-"
206.206.95.10 - - [20/May/2025:05:20:51 +0900] "GET /%E7%B7%B4%E7%BF%92%E3%83%BB%E5%A4%A7%E4%BC%9A%E4%BA%88%E5%AE%9A/ HTTP/1.1" 200 12063 "-" "Mozilla/5.0 (Macintosh; Intel Mac OS X 12_5) AppleWebKit/537.36 (KHTML, like Gecko) Chrome/114.0.0.0 Safari/537.36 Edg/114.0.1264.71" "-"
18.97.14.90 - - [20/May/2025:05:21:22 +0900] "GET /shopdetail/19995202 HTTP/2.0" 404 11672 "-" "CCBot/2.0 (https://commoncrawl.org/faq/)" "-"
66.249.79.173 - - [20/May/2025:05:21:25 +0900] "GET /shopdetail/3361780 HTTP/1.1" 200 22435 "-" "Mozilla/5.0 (Linux; Android 6.0.1; Nexus 5X Build/MMB29P) AppleWebKit/537.36 (KHTML, like Gecko) Chrome/136.0.7103.92 Mobile Safari/537.36 (compatible; Googlebot/2.1; +http://www.google.com/bot.html)" "-"
160.251.148.50 - - [20/May/2025:05:22:04 +0900] "POST /wp-cron.php?doing_wp_cron=1747686124.2891609668731689453125 HTTP/1.1" 403 186 "-" "WordPress/6.7.2; https://kahokutaku.com" "-"
18.97.14.90 - - [20/May/2025:05:22:04 +0900] "GET /shopdetail/9179968 HTTP/2.0" 404 11672 "-" "CCBot/2.0 (https://commoncrawl.org/faq/)" "-"
66.249.79.160 - - [20/May/2025:05:22:45 +0900] "GET /safe_search/config?return_url=%2Fproduct%2Fdetail%2F96433400 HTTP/1.1" 200 22184 "-" "Mozilla/5.0 (compatible; Googlebot/2.1; +http://www.google.com/bot.html)" "-"
18.97.14.90 - - [20/May/2025:05:22:48 +0900] "GET /shopdetail/2484446 HTTP/2.0" 404 11672 "-" "CCBot/2.0 (https://commoncrawl.org/faq/)" "-"
160.251.148.50 - - [20/May/2025:05:23:33 +0900] "POST /wp-cron.php?doing_wp_cron=1747686213.0916531085968017578125 HTTP/1.1" 403 186 "-" "WordPress/6.7.2; https://kahokutaku.com" "-"
18.97.14.90 - - [20/May/2025:05:23:33 +0900] "GET /shopdetail/7042379 HTTP/2.0" 404 11672 "-" "CCBot/2.0 (https://commoncrawl.org/faq/)" "-"
47.82.60.237 - - [20/May/2025:05:24:12 +0900] "GET / HTTP/1.1" 200 14124 "https://kahokutaku.com/" "Mozilla/5.0 (Windows NT 10.0; Win64; x64) AppleWebKit/537.36 (KHTML, like Gecko) Chrome/114.0.0.0 Safari/537.36 Edg/114.0.1823.43" "-"
18.97.14.90 - - [20/May/2025:05:24:14 +0900] "GET /shopdetail/21293902 HTTP/2.0" 404 11672 "-" "CCBot/2.0 (https://commoncrawl.org/faq/)" "-"
38.57.3.35 - - [20/May/2025:05:24:20 +0900] "POST /wp-login.php HTTP/2.0" 403 175 "https://kahokutaku.com" "Mozilla/5.0 (Windows NT 10.0; Win64; x64) AppleWebKit/537.36 (KHTML, like Gecko) Chrome/116.0.5845.96 Safari/537.36 Edg/116.0.1938.62" "-"
66.249.79.173 - - [20/May/2025:05:24:24 +0900] "GET /shopdetail/6838091 HTTP/1.1" 200 24552 "-" "Mozilla/5.0 (Linux; Android 6.0.1; Nexus 5X Build/MMB29P) AppleWebKit/537.36 (KHTML, like Gecko) Chrome/136.0.7103.92 Mobile Safari/537.36 (compatible; Googlebot/2.1; +http://www.google.com/bot.html)" "-"
66.249.79.173 - - [20/May/2025:05:24:30 +0900] "GET /pcmypage?callback=product/review/42448334 HTTP/1.1" 200 23956 "-" "Mozilla/5.0 (Linux; Android 6.0.1; Nexus 5X Build/MMB29P) AppleWebKit/537.36 (KHTML, like Gecko) Chrome/136.0.7103.92 Mobile Safari/537.36 (compatible; Googlebot/2.1; +http://www.google.com/bot.html)" "-"
160.251.148.50 - - [20/May/2025:05:24:55 +0900] "POST /wp-cron.php?doing_wp_cron=1747686295.3810999393463134765625 HTTP/1.1" 403 186 "-" "WordPress/6.7.2; https://kahokutaku.com" "-"
18.97.14.90 - - [20/May/2025:05:24:55 +0900] "GET /shopdetail/27065902 HTTP/2.0" 404 11672 "-" "CCBot/2.0 (https://commoncrawl.org/faq/)" "-"
66.249.79.160 - - [20/May/2025:05:25:19 +0900] "GET /shopdetail/14128568 HTTP/1.1" 200 23667 "-" "Mozilla/5.0 (Linux; Android 6.0.1; Nexus 5X Build/MMB29P) AppleWebKit/537.36 (KHTML, like Gecko) Chrome/136.0.7103.92 Mobile Safari/537.36 (compatible; Googlebot/2.1; +http://www.google.com/bot.html)" "-"
18.97.14.90 - - [20/May/2025:05:25:34 +0900] "GET /shopdetail/22910068 HTTP/2.0" 404 11672 "-" "CCBot/2.0 (https://commoncrawl.org/faq/)" "-"
66.249.79.172 - - [20/May/2025:05:25:37 +0900] "GET /shopdetail/14589913 HTTP/1.1" 200 23849 "-" "Mozilla/5.0 (Linux; Android 6.0.1; Nexus 5X Build/MMB29P) AppleWebKit/537.36 (KHTML, like Gecko) Chrome/136.0.7103.92 Mobile Safari/537.36 (compatible; Googlebot/2.1; +http://www.google.com/bot.html)" "-"
160.251.148.50 - - [20/May/2025:05:26:13 +0900] "POST /wp-cron.php?doing_wp_cron=1747686373.2256689071655273437500 HTTP/1.1" 403 186 "-" "WordPress/6.7.2; https://kahokutaku.com" "-"
18.97.14.90 - - [20/May/2025:05:26:13 +0900] "GET /shopdetail/26692757 HTTP/2.0" 404 11672 "-" "CCBot/2.0 (https://commoncrawl.org/faq/)" "-"
66.249.79.172 - - [20/May/2025:05:26:14 +0900] "GET /shopdetail/30110291 HTTP/1.1" 200 23623 "-" "Mozilla/5.0 (Linux; Android 6.0.1; Nexus 5X Build/MMB29P) AppleWebKit/537.36 (KHTML, like Gecko) Chrome/136.0.7103.92 Mobile Safari/537.36 (compatible; Googlebot/2.1; +http://www.google.com/bot.html)" "-"
66.249.79.172 - - [20/May/2025:05:26:25 +0900] "GET /shopdetail/3177302 HTTP/1.1" 200 24669 "-" "Mozilla/5.0 (Linux; Android 6.0.1; Nexus 5X Build/MMB29P) AppleWebKit/537.36 (KHTML, like Gecko) Chrome/136.0.7103.92 Mobile Safari/537.36 (compatible; Googlebot/2.1; +http://www.google.com/bot.html)" "-"
18.97.14.90 - - [20/May/2025:05:26:52 +0900] "GET /shopdetail/20456968 HTTP/2.0" 404 11672 "-" "CCBot/2.0 (https://commoncrawl.org/faq/)" "-"
160.251.148.50 - - [20/May/2025:05:27:39 +0900] "POST /wp-cron.php?doing_wp_cron=1747686459.4625470638275146484375 HTTP/1.1" 403 186 "-" "WordPress/6.7.2; https://kahokutaku.com" "-"
18.97.14.90 - - [20/May/2025:05:27:39 +0900] "GET /shopdetail/23314102 HTTP/2.0" 404 11672 "-" "CCBot/2.0 (https://commoncrawl.org/faq/)" "-"
66.249.79.160 - - [20/May/2025:05:28:21 +0900] "GET /pcmypage?callback=product/review/19978243 HTTP/1.1" 200 22340 "-" "Mozilla/5.0 (Linux; Android 6.0.1; Nexus 5X Build/MMB29P) AppleWebKit/537.36 (KHTML, like Gecko) Chrome/136.0.7103.92 Mobile Safari/537.36 (compatible; Googlebot/2.1; +http://www.google.com/bot.html)" "-"
18.97.14.90 - - [20/May/2025:05:28:32 +0900] "GET /shopdetail/3754280 HTTP/2.0" 404 11672 "-" "CCBot/2.0 (https://commoncrawl.org/faq/)" "-"
66.249.79.173 - - [20/May/2025:05:28:48 +0900] "GET /shopdetail/9102913 HTTP/1.1" 200 24067 "-" "Mozilla/5.0 (Linux; Android 6.0.1; Nexus 5X Build/MMB29P) AppleWebKit/537.36 (KHTML, like Gecko) Chrome/136.0.7103.92 Mobile Safari/537.36 (compatible; Googlebot/2.1; +http://www.google.com/bot.html)" "-"
160.251.148.50 - - [20/May/2025:05:29:31 +0900] "POST /wp-cron.php?doing_wp_cron=1747686571.4105660915374755859375 HTTP/1.1" 403 186 "-" "WordPress/6.7.2; https://kahokutaku.com" "-"
18.97.14.90 - - [20/May/2025:05:29:31 +0900] "GET /shopdetail/14343957 HTTP/2.0" 404 11672 "-" "CCBot/2.0 (https://commoncrawl.org/faq/)" "-"
66.249.79.173 - - [20/May/2025:05:30:01 +0900] "GET /shopdetail/4972124 HTTP/1.1" 200 23338 "-" "Mozilla/5.0 (Linux; Android 6.0.1; Nexus 5X Build/MMB29P) AppleWebKit/537.36 (KHTML, like Gecko) Chrome/136.0.7103.92 Mobile Safari/537.36 (compatible; Googlebot/2.1; +http://www.google.com/bot.html)" "-"
66.249.79.173 - - [20/May/2025:05:30:14 +0900] "GET /shopdetail/11983268 HTTP/1.1" 200 22859 "-" "Mozilla/5.0 (Linux; Android 6.0.1; Nexus 5X Build/MMB29P) AppleWebKit/537.36 (KHTML, like Gecko) Chrome/136.0.7103.92 Mobile Safari/537.36 (compatible; Googlebot/2.1; +http://www.google.com/bot.html)" "-"
160.251.148.50 - - [20/May/2025:05:30:51 +0900] "POST /wp-cron.php?doing_wp_cron=1747686651.4780600070953369140625 HTTP/1.1" 403 186 "-" "WordPress/6.7.2; https://kahokutaku.com" "-"
18.97.14.90 - - [20/May/2025:05:30:51 +0900] "GET /shopdetail/11633068 HTTP/2.0" 404 11672 "-" "CCBot/2.0 (https://commoncrawl.org/faq/)" "-"
102.130.117.188 - - [20/May/2025:05:31:14 +0900] "POST /wp-login.php HTTP/2.0" 403 175 "https://kahokutaku.com" "Mozilla/5.0 (Windows NT 10.0; Win64; x64; rv:125.0.1) Gecko/20100101 Firefox/125.0.1" "-"
18.97.14.90 - - [20/May/2025:05:31:30 +0900] "GET /shopdetail/9091435 HTTP/2.0" 404 11672 "-" "CCBot/2.0 (https://commoncrawl.org/faq/)" "-"
66.249.79.172 - - [20/May/2025:05:32:07 +0900] "GET /shopdetail/3427480 HTTP/1.1" 200 23292 "-" "Mozilla/5.0 (Linux; Android 6.0.1; Nexus 5X Build/MMB29P) AppleWebKit/537.36 (KHTML, like Gecko) Chrome/136.0.7103.92 Mobile Safari/537.36 (compatible; Googlebot/2.1; +http://www.google.com/bot.html)" "-"
160.251.148.50 - - [20/May/2025:05:32:15 +0900] "POST /wp-cron.php?doing_wp_cron=1747686735.7623689174652099609375 HTTP/1.1" 403 186 "-" "WordPress/6.7.2; https://kahokutaku.com" "-"
18.97.14.90 - - [20/May/2025:05:32:15 +0900] "GET /shopdetail/8456513 HTTP/2.0" 404 11672 "-" "CCBot/2.0 (https://commoncrawl.org/faq/)" "-"
54.144.185.255 - - [20/May/2025:05:32:53 +0900] "GET /robots.txt HTTP/1.1" 200 180 "-" "Mozilla/5.0 AppleWebKit/537.36 (KHTML, like Gecko; compatible; Amazonbot/0.1; +https://developer.amazon.com/support/amazonbot) Chrome/119.0.6045.214 Safari/537.36" "-"
98.82.40.168 - - [20/May/2025:05:32:56 +0900] "GET /shopdetail/24603891 HTTP/1.1" 403 0 "-" "Mozilla/5.0 AppleWebKit/537.36 (KHTML, like Gecko; compatible; Amazonbot/0.1; +https://developer.amazon.com/support/amazonbot) Chrome/119.0.6045.214 Safari/537.36" "-"
18.97.14.90 - - [20/May/2025:05:33:08 +0900] "GET /shopdetail/6034224 HTTP/2.0" 404 11672 "-" "CCBot/2.0 (https://commoncrawl.org/faq/)" "-"
160.251.148.50 - - [20/May/2025:05:33:52 +0900] "POST /wp-cron.php?doing_wp_cron=1747686832.6647911071777343750000 HTTP/1.1" 403 186 "-" "WordPress/6.7.2; https://kahokutaku.com" "-"
18.97.14.90 - - [20/May/2025:05:33:52 +0900] "GET /shopdetail/13939913 HTTP/2.0" 404 11672 "-" "CCBot/2.0 (https://commoncrawl.org/faq/)" "-"
57.141.2.2 - - [20/May/2025:05:34:09 +0900] "GET /sitemap.xml HTTP/2.0" 200 7545 "-" "meta-externalagent/1.1 (+https://developers.facebook.com/docs/sharing/webmasters/crawler)" "-"
18.97.14.90 - - [20/May/2025:05:34:33 +0900] "GET /shopdetail/29634446 HTTP/2.0" 404 11672 "-" "CCBot/2.0 (https://commoncrawl.org/faq/)" "-"
160.251.148.50 - - [20/May/2025:05:35:09 +0900] "POST /wp-cron.php?doing_wp_cron=1747686909.8071920871734619140625 HTTP/1.1" 403 186 "-" "WordPress/6.7.2; https://kahokutaku.com" "-"
18.97.14.90 - - [20/May/2025:05:35:09 +0900] "GET /shopdetail/12614302 HTTP/2.0" 404 11672 "-" "CCBot/2.0 (https://commoncrawl.org/faq/)" "-"
18.97.14.90 - - [20/May/2025:05:35:47 +0900] "GET /shopdetail/19071680 HTTP/2.0" 404 11672 "-" "CCBot/2.0 (https://commoncrawl.org/faq/)" "-"
160.251.148.50 - - [20/May/2025:05:36:25 +0900] "POST /wp-cron.php?doing_wp_cron=1747686985.7136259078979492187500 HTTP/1.1" 403 186 "-" "WordPress/6.7.2; https://kahokutaku.com" "-"
18.97.14.90 - - [20/May/2025:05:36:25 +0900] "GET /shopdetail/5368491 HTTP/2.0" 404 11672 "-" "CCBot/2.0 (https://commoncrawl.org/faq/)" "-"
18.97.14.90 - - [20/May/2025:05:37:07 +0900] "GET /shopdetail/28972691 HTTP/2.0" 404 11672 "-" "CCBot/2.0 (https://commoncrawl.org/faq/)" "-"
66.249.79.172 - - [20/May/2025:05:37:23 +0900] "GET /zhHant/product/surugaya/16513354?campaign_uid=f64d716db5e979ed2f947dbaf4296895b951ae7f HTTP/1.1" 200 23750 "-" "Mozilla/5.0 (Linux; Android 6.0.1; Nexus 5X Build/MMB29P) AppleWebKit/537.36 (KHTML, like Gecko) Chrome/136.0.7103.92 Mobile Safari/537.36 (compatible; Googlebot/2.1; +http://www.google.com/bot.html)" "-"
160.251.148.50 - - [20/May/2025:05:37:43 +0900] "POST /wp-cron.php?doing_wp_cron=1747687063.2859120368957519531250 HTTP/1.1" 403 186 "-" "WordPress/6.7.2; https://kahokutaku.com" "-"
18.97.14.90 - - [20/May/2025:05:37:43 +0900] "GET /shopdetail/24181935 HTTP/2.0" 404 11672 "-" "CCBot/2.0 (https://commoncrawl.org/faq/)" "-"
68.65.123.203 - - [20/May/2025:05:38:13 +0900] "POST /wp-login.php HTTP/2.0" 403 175 "https://kahokutaku.com" "Mozilla/5.0 (Macintosh; Intel Mac OS X 14_6) AppleWebKit/605.1.15 (KHTML, like Gecko) Version/17.5 Safari/605.1.15" "-"
18.97.14.90 - - [20/May/2025:05:38:18 +0900] "GET /shopdetail/22767791 HTTP/2.0" 404 11672 "-" "CCBot/2.0 (https://commoncrawl.org/faq/)" "-"
160.251.148.50 - - [20/May/2025:05:38:51 +0900] "POST /wp-cron.php?doing_wp_cron=1747687131.1900410652160644531250 HTTP/1.1" 403 186 "-" "WordPress/6.7.2; https://kahokutaku.com" "-"
18.97.14.90 - - [20/May/2025:05:38:51 +0900] "GET /shopdetail/30038480 HTTP/2.0" 404 11672 "-" "CCBot/2.0 (https://commoncrawl.org/faq/)" "-"
18.97.14.90 - - [20/May/2025:05:39:23 +0900] "GET /shopdetail/9178013 HTTP/2.0" 404 11672 "-" "CCBot/2.0 (https://commoncrawl.org/faq/)" "-"
66.249.79.172 - - [20/May/2025:05:39:25 +0900] "GET /shopdetail/12509691 HTTP/1.1" 200 24382 "-" "Mozilla/5.0 (Linux; Android 6.0.1; Nexus 5X Build/MMB29P) AppleWebKit/537.36 (KHTML, like Gecko) Chrome/136.0.7103.92 Mobile Safari/537.36 (compatible; Googlebot/2.1; +http://www.google.com/bot.html)" "-"
160.251.148.50 - - [20/May/2025:05:39:58 +0900] "POST /wp-cron.php?doing_wp_cron=1747687198.3045110702514648437500 HTTP/1.1" 403 186 "-" "WordPress/6.7.2; https://kahokutaku.com" "-"
18.97.14.90 - - [20/May/2025:05:39:58 +0900] "GET /shopdetail/9755213 HTTP/2.0" 404 11672 "-" "CCBot/2.0 (https://commoncrawl.org/faq/)" "-"
18.97.14.90 - - [20/May/2025:05:40:34 +0900] "GET /shopdetail/17599824 HTTP/2.0" 404 11672 "-" "CCBot/2.0 (https://commoncrawl.org/faq/)" "-"
160.251.148.50 - - [20/May/2025:05:41:10 +0900] "POST /wp-cron.php?doing_wp_cron=1747687269.8369228839874267578125 HTTP/1.1" 403 186 "-" "WordPress/6.7.2; https://kahokutaku.com" "-"
18.97.14.90 - - [20/May/2025:05:41:10 +0900] "GET /shopdetail/25594046 HTTP/2.0" 404 11672 "-" "CCBot/2.0 (https://commoncrawl.org/faq/)" "-"
66.249.79.160 - - [20/May/2025:05:41:30 +0900] "GET /shopdetail/18614468 HTTP/1.1" 200 23794 "-" "Mozilla/5.0 (Linux; Android 6.0.1; Nexus 5X Build/MMB29P) AppleWebKit/537.36 (KHTML, like Gecko) Chrome/136.0.7103.92 Mobile Safari/537.36 (compatible; Googlebot/2.1; +http://www.google.com/bot.html)" "-"
18.97.14.90 - - [20/May/2025:05:41:44 +0900] "GET /shopdetail/18097702 HTTP/2.0" 404 11672 "-" "CCBot/2.0 (https://commoncrawl.org/faq/)" "-"
66.249.79.172 - - [20/May/2025:05:41:51 +0900] "POST /get-message-notify HTTP/1.1" 200 22945 "https://www.kahokutaku.com/shopdetail/18614468" "Mozilla/5.0 (Linux; Android 6.0.1; Nexus 5X Build/MMB29P) AppleWebKit/537.36 (KHTML, like Gecko) Chrome/136.0.7103.92 Mobile Safari/537.36 (compatible; Googlebot/2.1; +http://www.google.com/bot.html)" "-"
160.251.148.50 - - [20/May/2025:05:42:21 +0900] "POST /wp-cron.php?doing_wp_cron=1747687341.4432299137115478515625 HTTP/1.1" 403 186 "-" "WordPress/6.7.2; https://kahokutaku.com" "-"
18.97.14.90 - - [20/May/2025:05:42:21 +0900] "GET /shopdetail/24497368 HTTP/2.0" 404 11672 "-" "CCBot/2.0 (https://commoncrawl.org/faq/)" "-"
18.97.14.90 - - [20/May/2025:05:42:57 +0900] "GET /shopdetail/10851891 HTTP/2.0" 404 11672 "-" "CCBot/2.0 (https://commoncrawl.org/faq/)" "-"
160.251.148.50 - - [20/May/2025:05:43:33 +0900] "POST /wp-cron.php?doing_wp_cron=1747687413.4142301082611083984375 HTTP/1.1" 403 186 "-" "WordPress/6.7.2; https://kahokutaku.com" "-"
18.97.14.90 - - [20/May/2025:05:43:33 +0900] "GET /shopdetail/9524335 HTTP/2.0" 404 11672 "-" "CCBot/2.0 (https://commoncrawl.org/faq/)" "-"
18.97.14.90 - - [20/May/2025:05:44:06 +0900] "GET /shopdetail/2109268 HTTP/2.0" 404 11672 "-" "CCBot/2.0 (https://commoncrawl.org/faq/)" "-"
160.251.148.50 - - [20/May/2025:05:44:37 +0900] "POST /wp-cron.php?doing_wp_cron=1747687476.8814640045166015625000 HTTP/1.1" 403 186 "-" "WordPress/6.7.2; https://kahokutaku.com" "-"
18.97.14.90 - - [20/May/2025:05:44:37 +0900] "GET /shopdetail/3521457 HTTP/2.0" 404 11672 "-" "CCBot/2.0 (https://commoncrawl.org/faq/)" "-"
23.239.27.53 - - [20/May/2025:05:45:09 +0900] "POST /wp-login.php HTTP/2.0" 403 175 "https://kahokutaku.com" "Mozilla/5.0 (Macintosh; Intel Mac OS X 10_15_7; rv:127.0) Gecko/20100101 Firefox/127.0" "-"
18.97.14.90 - - [20/May/2025:05:45:09 +0900] "GET /shopdetail/817702 HTTP/2.0" 404 11672 "-" "CCBot/2.0 (https://commoncrawl.org/faq/)" "-"
160.251.148.50 - - [20/May/2025:05:45:42 +0900] "POST /wp-cron.php?doing_wp_cron=1747687541.8858931064605712890625 HTTP/1.1" 403 186 "-" "WordPress/6.7.2; https://kahokutaku.com" "-"
18.97.14.90 - - [20/May/2025:05:45:42 +0900] "GET /shopdetail/18268913 HTTP/2.0" 404 11672 "-" "CCBot/2.0 (https://commoncrawl.org/faq/)" "-"
18.97.14.90 - - [20/May/2025:05:46:13 +0900] "GET /shopdetail/7302113 HTTP/2.0" 404 11672 "-" "CCBot/2.0 (https://commoncrawl.org/faq/)" "-"
