18.118.37.74 - - [21/May/2025:17:02:16 +0900] "GET /robots.txt HTTP/2.0" 200 169 "-" "Mozilla/5.0 AppleWebKit/537.36 (KHTML, like Gecko; compatible; ClaudeBot/1.0; +claudebot@anthropic.com)" "-"
160.251.148.50 - - [21/May/2025:17:02:17 +0900] "POST /wp-cron.php?doing_wp_cron=1747814537.3801779747009277343750 HTTP/1.1" 403 186 "-" "WordPress/6.7.2; https://kahokutaku.com" "-"
18.118.37.74 - - [21/May/2025:17:02:17 +0900] "GET /shopdetail/18670891 HTTP/2.0" 301 0 "-" "Mozilla/5.0 AppleWebKit/537.36 (KHTML, like Gecko; compatible; ClaudeBot/1.0; +claudebot@anthropic.com)" "-"
66.249.79.172 - - [21/May/2025:17:03:37 +0900] "GET /shopdetail/10369391 HTTP/1.1" 200 22734 "-" "Mozilla/5.0 (compatible; Googlebot/2.1; +http://www.google.com/bot.html)" "-"
160.251.148.50 - - [21/May/2025:17:04:15 +0900] "POST /wp-cron.php?doing_wp_cron=1747814655.0454540252685546875000 HTTP/1.1" 403 186 "-" "WordPress/6.7.2; https://kahokutaku.com" "-"
57.141.2.8 - - [21/May/2025:17:04:15 +0900] "GET /shopdetail/25035024 HTTP/2.0" 404 43580 "-" "meta-externalagent/1.1 (+https://developers.facebook.com/docs/sharing/webmasters/crawler)" "-"
57.141.2.10 - - [21/May/2025:17:04:25 +0900] "GET /shopdetail/21542968 HTTP/2.0" 404 43580 "-" "meta-externalagent/1.1 (+https://developers.facebook.com/docs/sharing/webmasters/crawler)" "-"
57.141.2.25 - - [21/May/2025:17:04:28 +0900] "GET /shopdetail/6478046 HTTP/2.0" 404 43580 "-" "meta-externalagent/1.1 (+https://developers.facebook.com/docs/sharing/webmasters/crawler)" "-"
66.249.79.173 - - [21/May/2025:17:04:28 +0900] "GET /safe_search/config?return_url=%2Fproduct%2Fdetail%2F36811964 HTTP/1.1" 200 23024 "-" "Mozilla/5.0 (Linux; Android 6.0.1; Nexus 5X Build/MMB29P) AppleWebKit/537.36 (KHTML, like Gecko) Chrome/136.0.7103.113 Mobile Safari/537.36 (compatible; Googlebot/2.1; +http://www.google.com/bot.html)" "-"
57.141.2.12 - - [21/May/2025:17:04:28 +0900] "GET /shopdetail/22957102 HTTP/2.0" 404 43580 "-" "meta-externalagent/1.1 (+https://developers.facebook.com/docs/sharing/webmasters/crawler)" "-"
66.249.79.172 - - [21/May/2025:17:07:02 +0900] "GET /zhHant/product/surugaya/54917345?campaign_uid=f64d716db5e979ed2f947dbaf4296895b951ae7f HTTP/1.1" 200 24926 "-" "Mozilla/5.0 (Linux; Android 6.0.1; Nexus 5X Build/MMB29P) AppleWebKit/537.36 (KHTML, like Gecko) Chrome/136.0.7103.113 Mobile Safari/537.36 (compatible; Googlebot/2.1; +http://www.google.com/bot.html)" "-"
66.249.79.173 - - [21/May/2025:17:07:37 +0900] "GET /shopdetail/13251535 HTTP/1.1" 200 22345 "-" "Mozilla/5.0 (Linux; Android 6.0.1; Nexus 5X Build/MMB29P) AppleWebKit/537.36 (KHTML, like Gecko) Chrome/136.0.7103.113 Mobile Safari/537.36 (compatible; Googlebot/2.1; +http://www.google.com/bot.html)" "-"
66.249.79.173 - - [21/May/2025:17:07:37 +0900] "GET /shopdetail/29877379 HTTP/1.1" 200 25764 "-" "Mozilla/5.0 (Linux; Android 6.0.1; Nexus 5X Build/MMB29P) AppleWebKit/537.36 (KHTML, like Gecko) Chrome/136.0.7103.113 Mobile Safari/537.36 (compatible; Googlebot/2.1; +http://www.google.com/bot.html)" "-"
160.251.148.50 - - [21/May/2025:17:07:46 +0900] "POST /wp-cron.php?doing_wp_cron=1747814866.5195469856262207031250 HTTP/1.1" 403 186 "-" "WordPress/6.7.2; https://kahokutaku.com" "-"
18.191.251.36 - - [21/May/2025:17:07:46 +0900] "GET /shopdetail/6314157 HTTP/2.0" 301 0 "-" "Mozilla/5.0 AppleWebKit/537.36 (KHTML, like Gecko; compatible; ClaudeBot/1.0; +claudebot@anthropic.com)" "-"
160.251.148.50 - - [21/May/2025:17:08:52 +0900] "POST /wp-cron.php?doing_wp_cron=1747814932.7488749027252197265625 HTTP/1.1" 403 186 "-" "WordPress/6.7.2; https://kahokutaku.com" "-"
57.141.2.20 - - [21/May/2025:17:08:52 +0900] "GET /shopdetail/29739202 HTTP/2.0" 404 43580 "-" "meta-externalagent/1.1 (+https://developers.facebook.com/docs/sharing/webmasters/crawler)" "-"
66.249.79.172 - - [21/May/2025:17:09:54 +0900] "GET /shopdetail/2016291 HTTP/1.1" 200 23527 "-" "Mozilla/5.0 (compatible; Googlebot/2.1; +http://www.google.com/bot.html)" "-"
160.251.148.50 - - [21/May/2025:17:10:31 +0900] "POST /wp-cron.php?doing_wp_cron=1747815031.3458371162414550781250 HTTP/1.1" 403 186 "-" "WordPress/6.7.2; https://kahokutaku.com" "-"
18.227.111.48 - - [21/May/2025:17:10:31 +0900] "GET /shopdetail/18558446 HTTP/2.0" 301 0 "-" "Mozilla/5.0 AppleWebKit/537.36 (KHTML, like Gecko; compatible; ClaudeBot/1.0; +claudebot@anthropic.com)" "-"
66.249.79.172 - - [21/May/2025:17:10:34 +0900] "GET /shopdetail/5614113 HTTP/1.1" 200 22505 "-" "Mozilla/5.0 (Linux; Android 6.0.1; Nexus 5X Build/MMB29P) AppleWebKit/537.36 (KHTML, like Gecko) Chrome/136.0.7103.113 Mobile Safari/537.36 (compatible; Googlebot/2.1; +http://www.google.com/bot.html)" "-"
66.249.79.160 - - [21/May/2025:17:10:35 +0900] "GET /shopdetail/9620968 HTTP/1.1" 200 23918 "-" "Mozilla/5.0 (Linux; Android 6.0.1; Nexus 5X Build/MMB29P) AppleWebKit/537.36 (KHTML, like Gecko) Chrome/136.0.7103.113 Mobile Safari/537.36 (compatible; Googlebot/2.1; +http://www.google.com/bot.html)" "-"
66.249.79.172 - - [21/May/2025:17:10:44 +0900] "POST /get-message-notify HTTP/1.1" 200 22942 "https://www.kahokutaku.com/shopdetail/5614113" "Mozilla/5.0 (Linux; Android 6.0.1; Nexus 5X Build/MMB29P) AppleWebKit/537.36 (KHTML, like Gecko) Chrome/136.0.7103.92 Mobile Safari/537.36 (compatible; Googlebot/2.1; +http://www.google.com/bot.html)" "-"
66.249.79.173 - - [21/May/2025:17:10:44 +0900] "POST /get-message-notify HTTP/1.1" 200 22942 "https://www.kahokutaku.com/shopdetail/9620968" "Mozilla/5.0 (Linux; Android 6.0.1; Nexus 5X Build/MMB29P) AppleWebKit/537.36 (KHTML, like Gecko) Chrome/136.0.7103.92 Mobile Safari/537.36 (compatible; Googlebot/2.1; +http://www.google.com/bot.html)" "-"
66.249.79.160 - - [21/May/2025:17:11:27 +0900] "GET /shopdetail/26615357 HTTP/1.1" 200 24479 "-" "Mozilla/5.0 (Linux; Android 6.0.1; Nexus 5X Build/MMB29P) AppleWebKit/537.36 (KHTML, like Gecko) Chrome/136.0.7103.113 Mobile Safari/537.36 (compatible; Googlebot/2.1; +http://www.google.com/bot.html)" "-"
66.249.79.173 - - [21/May/2025:17:11:40 +0900] "GET /shopdetail/30205002 HTTP/1.1" 200 22259 "-" "Mozilla/5.0 (Linux; Android 6.0.1; Nexus 5X Build/MMB29P) AppleWebKit/537.36 (KHTML, like Gecko) Chrome/136.0.7103.113 Mobile Safari/537.36 (compatible; Googlebot/2.1; +http://www.google.com/bot.html)" "-"
1.73.28.177 - - [21/May/2025:17:11:43 +0900] "GET /shopdetail/30163835 HTTP/2.0" 200 321 "https://search.yahoo.co.jp/" "Mozilla/5.0 (iPhone; CPU iPhone OS 18_4_1 like Mac OS X) AppleWebKit/605.1.15 (KHTML, like Gecko) Version/18.4 Mobile/15E148 Safari/604.1" "-"
66.249.79.172 - - [21/May/2025:17:11:45 +0900] "POST /get-message-notify HTTP/1.1" 200 22942 "https://www.kahokutaku.com/shopdetail/30205002" "Mozilla/5.0 (Linux; Android 6.0.1; Nexus 5X Build/MMB29P) AppleWebKit/537.36 (KHTML, like Gecko) Chrome/136.0.7103.92 Mobile Safari/537.36 (compatible; Googlebot/2.1; +http://www.google.com/bot.html)" "-"
66.249.79.160 - - [21/May/2025:17:13:13 +0900] "GET /shopdetail/15080479 HTTP/1.1" 200 23321 "-" "Mozilla/5.0 (Linux; Android 6.0.1; Nexus 5X Build/MMB29P) AppleWebKit/537.36 (KHTML, like Gecko) Chrome/136.0.7103.113 Mobile Safari/537.36 (compatible; Googlebot/2.1; +http://www.google.com/bot.html)" "-"
160.251.148.50 - - [21/May/2025:17:13:34 +0900] "POST /wp-cron.php?doing_wp_cron=1747815213.8933229446411132812500 HTTP/1.1" 403 186 "-" "WordPress/6.7.2; https://kahokutaku.com" "-"
57.141.2.16 - - [21/May/2025:17:13:34 +0900] "GET /shopdetail/29681480 HTTP/2.0" 404 43580 "-" "meta-externalagent/1.1 (+https://developers.facebook.com/docs/sharing/webmasters/crawler)" "-"
104.210.140.136 - - [21/May/2025:17:14:28 +0900] "GET /robots.txt HTTP/2.0" 200 169 "-" "Mozilla/5.0 (Macintosh; Intel Mac OS X 10_15_7) AppleWebKit/537.36 (KHTML, like Gecko) Chrome/131.0.0.0 Safari/537.36; compatible; OAI-SearchBot/1.0; +https://openai.com/searchbot" "-"
69.63.189.5 - - [21/May/2025:17:16:14 +0900] "GET /robots.txt HTTP/2.0" 206 1028 "-" "facebookexternalhit/1.1 (+http://www.facebook.com/externalhit_uatext.php)" "-"
66.249.79.173 - - [21/May/2025:17:17:23 +0900] "GET /robots.txt HTTP/1.1" 200 180 "-" "Mozilla/5.0 (compatible; Googlebot/2.1; +http://www.google.com/bot.html)" "-"
66.249.79.173 - - [21/May/2025:17:17:24 +0900] "GET /shopdetail/12380257 HTTP/1.1" 200 24389 "-" "Mozilla/5.0 (Linux; Android 6.0.1; Nexus 5X Build/MMB29P) AppleWebKit/537.36 (KHTML, like Gecko) Chrome/136.0.7103.113 Mobile Safari/537.36 (compatible; Googlebot/2.1; +http://www.google.com/bot.html)" "-"
160.251.148.50 - - [21/May/2025:17:18:39 +0900] "POST /wp-cron.php?doing_wp_cron=1747815519.0083339214324951171875 HTTP/1.1" 403 186 "-" "WordPress/6.7.2; https://kahokutaku.com" "-"
57.141.2.23 - - [21/May/2025:17:18:39 +0900] "GET /shopdetail/15309202 HTTP/2.0" 404 43580 "-" "meta-externalagent/1.1 (+https://developers.facebook.com/docs/sharing/webmasters/crawler)" "-"
69.63.189.9 - - [21/May/2025:17:18:57 +0900] "GET /robots.txt HTTP/2.0" 206 1028 "-" "facebookexternalhit/1.1 (+http://www.facebook.com/externalhit_uatext.php)" "-"
66.249.79.173 - - [21/May/2025:17:19:30 +0900] "GET /robots.txt HTTP/1.1" 200 180 "-" "Mozilla/5.0 (compatible; Googlebot/2.1; +http://www.google.com/bot.html)" "-"
66.249.79.173 - - [21/May/2025:17:19:31 +0900] "GET /shopdetail/20626502 HTTP/1.1" 200 24573 "-" "Mozilla/5.0 (Linux; Android 6.0.1; Nexus 5X Build/MMB29P) AppleWebKit/537.36 (KHTML, like Gecko) Chrome/136.0.7103.113 Mobile Safari/537.36 (compatible; Googlebot/2.1; +http://www.google.com/bot.html)" "-"
66.249.79.160 - - [21/May/2025:17:20:33 +0900] "GET /robots.txt HTTP/1.1" 200 180 "-" "Mozilla/5.0 (compatible; Googlebot/2.1; +http://www.google.com/bot.html)" "-"
66.249.79.173 - - [21/May/2025:17:20:34 +0900] "GET /shopdetail/3068657 HTTP/1.1" 200 23430 "-" "Mozilla/5.0 (Linux; Android 6.0.1; Nexus 5X Build/MMB29P) AppleWebKit/537.36 (KHTML, like Gecko) Chrome/136.0.7103.113 Mobile Safari/537.36 (compatible; Googlebot/2.1; +http://www.google.com/bot.html)" "-"
69.63.189.3 - - [21/May/2025:17:21:02 +0900] "GET /robots.txt HTTP/2.0" 206 1028 "-" "facebookexternalhit/1.1 (+http://www.facebook.com/externalhit_uatext.php)" "-"
193.186.4.152 - - [21/May/2025:17:21:11 +0900] "GET /shopdetail/13298735 HTTP/2.0" 200 387 "https://www.google.com/" "Mozilla/5.0 (Windows NT 10.0; Win64; x64) AppleWebKit/537.36 (KHTML, like Gecko) Chrome/136.0.0.0 Safari/537.36" "-"
66.249.79.173 - - [21/May/2025:17:21:53 +0900] "GET /robots.txt HTTP/1.1" 200 180 "-" "Mozilla/5.0 (compatible; Googlebot/2.1; +http://www.google.com/bot.html)" "-"
66.249.79.172 - - [21/May/2025:17:21:54 +0900] "GET /shopdetail/4713335 HTTP/1.1" 200 22212 "-" "Mozilla/5.0 (compatible; Googlebot/2.1; +http://www.google.com/bot.html)" "-"
66.249.79.172 - - [21/May/2025:17:22:01 +0900] "GET /shopdetail/14268480 HTTP/1.1" 200 23996 "-" "Mozilla/5.0 (Linux; Android 6.0.1; Nexus 5X Build/MMB29P) AppleWebKit/537.36 (KHTML, like Gecko) Chrome/136.0.7103.113 Mobile Safari/537.36 (compatible; Googlebot/2.1; +http://www.google.com/bot.html)" "-"
69.63.189.115 - - [21/May/2025:17:22:34 +0900] "GET /robots.txt HTTP/2.0" 206 1028 "-" "facebookexternalhit/1.1 (+http://www.facebook.com/externalhit_uatext.php)" "-"
160.251.148.50 - - [21/May/2025:17:22:55 +0900] "POST /wp-cron.php?doing_wp_cron=1747815775.7228610515594482421875 HTTP/1.1" 403 186 "-" "WordPress/6.7.2; https://kahokutaku.com" "-"
57.141.2.5 - - [21/May/2025:17:22:55 +0900] "GET /shopdetail/14299102 HTTP/2.0" 404 43580 "-" "meta-externalagent/1.1 (+https://developers.facebook.com/docs/sharing/webmasters/crawler)" "-"
66.249.79.172 - - [21/May/2025:17:23:13 +0900] "GET /robots.txt HTTP/1.1" 200 180 "-" "Mozilla/5.0 (compatible; Googlebot/2.1; +http://www.google.com/bot.html)" "-"
66.249.79.173 - - [21/May/2025:17:23:14 +0900] "GET /shopdetail/19484879 HTTP/1.1" 200 22006 "-" "Mozilla/5.0 (compatible; Googlebot/2.1; +http://www.google.com/bot.html)" "-"
147.78.240.22 - - [21/May/2025:17:23:40 +0900] "GET /index.php?ic3b0jp2023708 HTTP/2.0" 404 50 "-" "Mozilla/5.0 (Windows NT 10.0; Win64; x64) AppleWebKit/537.36 (KHTML, like Gecko) Chrome/119.0.0.0 Safari/537.36" "-"
147.78.240.22 - - [21/May/2025:17:23:47 +0900] "GET /favicon.ico HTTP/2.0" 302 0 "https://www.kahokutaku.com/index.php?ic3b0jp2023708" "Mozilla/5.0 (Windows NT 10.0; Win64; x64) AppleWebKit/537.36 (KHTML, like Gecko) Chrome/119.0.0.0 Safari/537.36" "-"
147.78.240.22 - - [21/May/2025:17:23:48 +0900] "GET /wp-includes/images/w-logo-blue-white-bg.png HTTP/2.0" 200 4119 "https://www.kahokutaku.com/" "Mozilla/5.0 (Windows NT 10.0; Win64; x64) AppleWebKit/537.36 (KHTML, like Gecko) Chrome/119.0.0.0 Safari/537.36" "-"
160.251.148.50 - - [21/May/2025:17:23:57 +0900] "POST /wp-cron.php?doing_wp_cron=1747815836.8906149864196777343750 HTTP/1.1" 403 186 "-" "WordPress/6.7.2; https://kahokutaku.com" "-"
57.141.2.10 - - [21/May/2025:17:23:57 +0900] "GET /shopdetail/7892180 HTTP/2.0" 404 43580 "-" "meta-externalagent/1.1 (+https://developers.facebook.com/docs/sharing/webmasters/crawler)" "-"
66.249.79.172 - - [21/May/2025:17:24:09 +0900] "GET /pcmypage?callback=product/review/45644281 HTTP/1.1" 200 26115 "-" "Mozilla/5.0 (Linux; Android 6.0.1; Nexus 5X Build/MMB29P) AppleWebKit/537.36 (KHTML, like Gecko) Chrome/136.0.7103.113 Mobile Safari/537.36 (compatible; Googlebot/2.1; +http://www.google.com/bot.html)" "-"
66.249.79.173 - - [21/May/2025:17:24:32 +0900] "GET /robots.txt HTTP/1.1" 200 180 "-" "Mozilla/5.0 (compatible; Googlebot/2.1; +http://www.google.com/bot.html)" "-"
66.249.79.172 - - [21/May/2025:17:24:33 +0900] "GET /shopdetail/9801024 HTTP/1.1" 200 23168 "-" "Mozilla/5.0 (Linux; Android 6.0.1; Nexus 5X Build/MMB29P) AppleWebKit/537.36 (KHTML, like Gecko) Chrome/136.0.7103.113 Mobile Safari/537.36 (compatible; Googlebot/2.1; +http://www.google.com/bot.html)" "-"
66.249.79.172 - - [21/May/2025:17:24:47 +0900] "GET /shopdetail/20004657 HTTP/1.1" 200 24870 "-" "Mozilla/5.0 (Linux; Android 6.0.1; Nexus 5X Build/MMB29P) AppleWebKit/537.36 (KHTML, like Gecko) Chrome/136.0.7103.113 Mobile Safari/537.36 (compatible; Googlebot/2.1; +http://www.google.com/bot.html)" "-"
69.63.189.2 - - [21/May/2025:17:25:08 +0900] "GET /robots.txt HTTP/2.0" 206 1028 "-" "facebookexternalhit/1.1 (+http://www.facebook.com/externalhit_uatext.php)" "-"
69.63.189.115 - - [21/May/2025:17:25:33 +0900] "GET /robots.txt HTTP/2.0" 206 1028 "-" "facebookexternalhit/1.1 (+http://www.facebook.com/externalhit_uatext.php)" "-"
66.249.79.172 - - [21/May/2025:17:28:52 +0900] "GET /robots.txt HTTP/1.1" 200 180 "-" "Mozilla/5.0 (compatible; Googlebot/2.1; +http://www.google.com/bot.html)" "-"
66.249.79.160 - - [21/May/2025:17:28:53 +0900] "GET /shopdetail/12127968 HTTP/1.1" 200 24166 "-" "Mozilla/5.0 (compatible; Googlebot/2.1; +http://www.google.com/bot.html)" "-"
66.249.79.173 - - [21/May/2025:17:29:20 +0900] "GET /shopdetail/12127968 HTTP/1.1" 200 24166 "-" "Mozilla/5.0 (Linux; Android 6.0.1; Nexus 5X Build/MMB29P) AppleWebKit/537.36 (KHTML, like Gecko) Chrome/136.0.7103.113 Mobile Safari/537.36 (compatible; Googlebot/2.1; +http://www.google.com/bot.html)" "-"
160.251.148.50 - - [21/May/2025:17:29:36 +0900] "POST /wp-cron.php?doing_wp_cron=1747816176.2591409683227539062500 HTTP/1.1" 403 186 "-" "WordPress/6.7.2; https://kahokutaku.com" "-"
57.141.2.3 - - [21/May/2025:17:29:36 +0900] "GET /shopdetail/20936902 HTTP/2.0" 404 43580 "-" "meta-externalagent/1.1 (+https://developers.facebook.com/docs/sharing/webmasters/crawler)" "-"
57.141.2.13 - - [21/May/2025:17:29:49 +0900] "GET /shopdetail/29017702 HTTP/2.0" 404 43580 "-" "meta-externalagent/1.1 (+https://developers.facebook.com/docs/sharing/webmasters/crawler)" "-"
52.167.144.186 - - [21/May/2025:17:30:05 +0900] "GET /shopdetail/30450035 HTTP/2.0" 200 26184 "-" "Mozilla/5.0 AppleWebKit/537.36 (KHTML, like Gecko; compatible; bingbot/2.0; +http://www.bing.com/bingbot.htm) Chrome/116.0.1938.76 Safari/537.36" "-"
66.249.79.160 - - [21/May/2025:17:30:17 +0900] "GET /shopdetail/16764002 HTTP/1.1" 200 22169 "-" "Mozilla/5.0 (Linux; Android 6.0.1; Nexus 5X Build/MMB29P) AppleWebKit/537.36 (KHTML, like Gecko) Chrome/136.0.7103.113 Mobile Safari/537.36 (compatible; Googlebot/2.1; +http://www.google.com/bot.html)" "-"
66.249.79.173 - - [21/May/2025:17:30:19 +0900] "GET /shopdetail/1702791 HTTP/1.1" 200 24346 "-" "Mozilla/5.0 (Linux; Android 6.0.1; Nexus 5X Build/MMB29P) AppleWebKit/537.36 (KHTML, like Gecko) Chrome/136.0.7103.113 Mobile Safari/537.36 (compatible; Googlebot/2.1; +http://www.google.com/bot.html)" "-"
66.249.79.172 - - [21/May/2025:17:30:39 +0900] "POST /get-message-notify HTTP/1.1" 200 22942 "https://www.kahokutaku.com/shopdetail/16764002" "Mozilla/5.0 (Linux; Android 6.0.1; Nexus 5X Build/MMB29P) AppleWebKit/537.36 (KHTML, like Gecko) Chrome/136.0.7103.92 Mobile Safari/537.36 (compatible; Googlebot/2.1; +http://www.google.com/bot.html)" "-"
160.251.148.50 - - [21/May/2025:17:30:53 +0900] "POST /wp-cron.php?doing_wp_cron=1747816253.5124199390411376953125 HTTP/1.1" 403 186 "-" "WordPress/6.7.2; https://kahokutaku.com" "-"
5.161.58.50 - - [21/May/2025:17:30:53 +0900] "GET /shopdetail/3548991 HTTP/1.1" 301 0 "-" "Mozilla/5.0 (Windows NT 10.0; Win64; x64) AppleWebKit/537.36 (KHTML, like Gecko) Chrome/84.0.4147.105 Safari/537.36" "-"
5.161.58.50 - - [21/May/2025:17:30:55 +0900] "GET /shopdetail/3548991 HTTP/1.1" 404 11685 "-" "Mozilla/5.0 (Windows NT 10.0; Win64; x64) AppleWebKit/537.36 (KHTML, like Gecko) Chrome/84.0.4147.105 Safari/537.36" "-"
66.249.79.160 - - [21/May/2025:17:31:02 +0900] "GET /shopdetail/14397379 HTTP/1.1" 200 22110 "-" "Mozilla/5.0 (Linux; Android 6.0.1; Nexus 5X Build/MMB29P) AppleWebKit/537.36 (KHTML, like Gecko) Chrome/136.0.7103.113 Mobile Safari/537.36 (compatible; Googlebot/2.1; +http://www.google.com/bot.html)" "-"
66.249.79.173 - - [21/May/2025:17:31:24 +0900] "GET /shopdetail/6143524 HTTP/1.1" 200 25028 "-" "Mozilla/5.0 (Linux; Android 6.0.1; Nexus 5X Build/MMB29P) AppleWebKit/537.36 (KHTML, like Gecko) Chrome/136.0.7103.113 Mobile Safari/537.36 (compatible; Googlebot/2.1; +http://www.google.com/bot.html)" "-"
66.249.79.172 - - [21/May/2025:17:31:28 +0900] "GET /safe_search/config?return_url=%2Fproduct%2Fdetail%2F31819814 HTTP/1.1" 200 23009 "-" "Mozilla/5.0 (compatible; Googlebot/2.1; +http://www.google.com/bot.html)" "-"
66.249.79.172 - - [21/May/2025:17:31:28 +0900] "GET /shopdetail/3527391 HTTP/1.1" 200 23881 "-" "Mozilla/5.0 (compatible; Googlebot/2.1; +http://www.google.com/bot.html)" "-"
66.249.79.173 - - [21/May/2025:17:32:48 +0900] "GET /shopdetail/19082124 HTTP/1.1" 200 24980 "-" "Mozilla/5.0 (Linux; Android 6.0.1; Nexus 5X Build/MMB29P) AppleWebKit/537.36 (KHTML, like Gecko) Chrome/136.0.7103.113 Mobile Safari/537.36 (compatible; Googlebot/2.1; +http://www.google.com/bot.html)" "-"
66.249.79.173 - - [21/May/2025:17:33:09 +0900] "GET /shopdetail/22388779 HTTP/1.1" 200 24334 "-" "Mozilla/5.0 (Linux; Android 6.0.1; Nexus 5X Build/MMB29P) AppleWebKit/537.36 (KHTML, like Gecko) Chrome/136.0.7103.113 Mobile Safari/537.36 (compatible; Googlebot/2.1; +http://www.google.com/bot.html)" "-"
69.63.189.6 - - [21/May/2025:17:33:40 +0900] "GET /robots.txt HTTP/2.0" 206 1028 "-" "facebookexternalhit/1.1 (+http://www.facebook.com/externalhit_uatext.php)" "-"
69.63.189.1 - - [21/May/2025:17:33:48 +0900] "GET /robots.txt HTTP/2.0" 206 1028 "-" "facebookexternalhit/1.1 (+http://www.facebook.com/externalhit_uatext.php)" "-"
157.55.39.10 - - [21/May/2025:17:34:06 +0900] "GET /shopdetail/3449580 HTTP/2.0" 200 26024 "-" "Mozilla/5.0 AppleWebKit/537.36 (KHTML, like Gecko; compatible; bingbot/2.0; +http://www.bing.com/bingbot.htm) Chrome/116.0.1938.76 Safari/537.36" "-"
160.251.148.50 - - [21/May/2025:17:34:10 +0900] "POST /wp-cron.php?doing_wp_cron=1747816450.2532238960266113281250 HTTP/1.1" 403 186 "-" "WordPress/6.7.2; https://kahokutaku.com" "-"
66.249.79.2 - - [21/May/2025:17:34:10 +0900] "GET /user/38644463/plus/archives/style/common/item_layout.css HTTP/1.1" 404 11685 "https://www.kahokutaku.com/" "Mozilla/5.0 (Linux; Android 6.0.1; Nexus 5X Build/MMB29P) AppleWebKit/537.36 (KHTML, like Gecko) Chrome/136.0.7103.92 Mobile Safari/537.36 (compatible; Googlebot/2.1; +http://www.google.com/bot.html)" "-"
66.249.79.2 - - [21/May/2025:17:34:12 +0900] "GET /user/38644463/plus/archives/style/common/item_layout.css HTTP/1.1" 404 11685 "https://www.kahokutaku.com/" "Mozilla/5.0 (Linux; Android 6.0.1; Nexus 5X Build/MMB29P) AppleWebKit/537.36 (KHTML, like Gecko) Chrome/136.0.7103.92 Mobile Safari/537.36 (compatible; Googlebot/2.1; +http://www.google.com/bot.html)" "-"
69.63.189.115 - - [21/May/2025:17:34:12 +0900] "GET /robots.txt HTTP/2.0" 206 1028 "-" "facebookexternalhit/1.1 (+http://www.facebook.com/externalhit_uatext.php)" "-"
57.141.2.25 - - [21/May/2025:17:34:29 +0900] "GET /shopdetail/22639646 HTTP/2.0" 404 43580 "-" "meta-externalagent/1.1 (+https://developers.facebook.com/docs/sharing/webmasters/crawler)" "-"
57.141.2.13 - - [21/May/2025:17:34:33 +0900] "GET /shopdetail/8555968 HTTP/2.0" 404 43580 "-" "meta-externalagent/1.1 (+https://developers.facebook.com/docs/sharing/webmasters/crawler)" "-"
57.141.2.22 - - [21/May/2025:17:34:41 +0900] "GET /shopdetail/11268802 HTTP/2.0" 404 43580 "-" "meta-externalagent/1.1 (+https://developers.facebook.com/docs/sharing/webmasters/crawler)" "-"
69.63.189.1 - - [21/May/2025:17:35:58 +0900] "GET /robots.txt HTTP/2.0" 206 1028 "-" "facebookexternalhit/1.1 (+http://www.facebook.com/externalhit_uatext.php)" "-"
69.63.189.9 - - [21/May/2025:17:36:37 +0900] "GET /robots.txt HTTP/2.0" 206 1028 "-" "facebookexternalhit/1.1 (+http://www.facebook.com/externalhit_uatext.php)" "-"
40.77.167.70 - - [21/May/2025:17:37:43 +0900] "GET /shopdetail/2390780 HTTP/2.0" 200 22777 "-" "Mozilla/5.0 AppleWebKit/537.36 (KHTML, like Gecko; compatible; bingbot/2.0; +http://www.bing.com/bingbot.htm) Chrome/116.0.1938.76 Safari/537.36" "-"
69.63.189.112 - - [21/May/2025:17:39:26 +0900] "GET /robots.txt HTTP/2.0" 206 1028 "-" "facebookexternalhit/1.1 (+http://www.facebook.com/externalhit_uatext.php)" "-"
160.251.148.50 - - [21/May/2025:17:39:27 +0900] "POST /wp-cron.php?doing_wp_cron=1747816767.2077240943908691406250 HTTP/1.1" 403 186 "-" "WordPress/6.7.2; https://kahokutaku.com" "-"
57.141.2.14 - - [21/May/2025:17:39:27 +0900] "GET /shopdetail/27949880 HTTP/2.0" 404 43580 "-" "meta-externalagent/1.1 (+https://developers.facebook.com/docs/sharing/webmasters/crawler)" "-"
157.55.39.10 - - [21/May/2025:17:39:27 +0900] "GET /shopdetail/3821191 HTTP/2.0" 200 22450 "-" "Mozilla/5.0 AppleWebKit/537.36 (KHTML, like Gecko; compatible; bingbot/2.0; +http://www.bing.com/bingbot.htm) Chrome/116.0.1938.76 Safari/537.36" "-"
57.141.2.5 - - [21/May/2025:17:39:31 +0900] "GET /shopdetail/7978768 HTTP/2.0" 404 43580 "-" "meta-externalagent/1.1 (+https://developers.facebook.com/docs/sharing/webmasters/crawler)" "-"
57.141.2.2 - - [21/May/2025:17:39:56 +0900] "GET /shopdetail/28325068 HTTP/2.0" 404 43580 "-" "meta-externalagent/1.1 (+https://developers.facebook.com/docs/sharing/webmasters/crawler)" "-"
66.249.79.172 - - [21/May/2025:17:40:02 +0900] "GET /shopdetail/20135702 HTTP/1.1" 200 23335 "-" "Mozilla/5.0 (Linux; Android 6.0.1; Nexus 5X Build/MMB29P) AppleWebKit/537.36 (KHTML, like Gecko) Chrome/136.0.7103.113 Mobile Safari/537.36 (compatible; Googlebot/2.1; +http://www.google.com/bot.html)" "-"
66.249.79.173 - - [21/May/2025:17:40:32 +0900] "GET /shopdetail/4321913 HTTP/1.1" 200 23303 "-" "Mozilla/5.0 (Linux; Android 6.0.1; Nexus 5X Build/MMB29P) AppleWebKit/537.36 (KHTML, like Gecko) Chrome/136.0.7103.113 Mobile Safari/537.36 (compatible; Googlebot/2.1; +http://www.google.com/bot.html)" "-"
69.63.189.6 - - [21/May/2025:17:41:25 +0900] "GET /robots.txt HTTP/2.0" 206 1028 "-" "facebookexternalhit/1.1 (+http://www.facebook.com/externalhit_uatext.php)" "-"
66.249.79.172 - - [21/May/2025:17:42:34 +0900] "GET /shopdetail/3725635 HTTP/1.1" 200 23425 "-" "Mozilla/5.0 (compatible; Googlebot/2.1; +http://www.google.com/bot.html)" "-"
69.63.189.5 - - [21/May/2025:17:44:53 +0900] "GET /robots.txt HTTP/2.0" 206 1028 "-" "facebookexternalhit/1.1 (+http://www.facebook.com/externalhit_uatext.php)" "-"
160.251.148.50 - - [21/May/2025:17:45:33 +0900] "POST /wp-cron.php?doing_wp_cron=1747817132.9142448902130126953125 HTTP/1.1" 403 186 "-" "WordPress/6.7.2; https://kahokutaku.com" "-"
57.141.2.2 - - [21/May/2025:17:45:33 +0900] "GET /shopdetail/30258680 HTTP/2.0" 404 43580 "-" "meta-externalagent/1.1 (+https://developers.facebook.com/docs/sharing/webmasters/crawler)" "-"
160.251.148.50 - - [21/May/2025:17:48:00 +0900] "POST /wp-cron.php?doing_wp_cron=1747817280.7404849529266357421875 HTTP/1.1" 403 186 "-" "WordPress/6.7.2; https://kahokutaku.com" "-"
57.141.2.23 - - [21/May/2025:17:48:00 +0900] "GET /shopdetail/27776724 HTTP/2.0" 404 43580 "-" "meta-externalagent/1.1 (+https://developers.facebook.com/docs/sharing/webmasters/crawler)" "-"
57.141.2.27 - - [21/May/2025:17:48:01 +0900] "GET /shopdetail/6680068 HTTP/2.0" 404 43580 "-" "meta-externalagent/1.1 (+https://developers.facebook.com/docs/sharing/webmasters/crawler)" "-"
69.63.189.10 - - [21/May/2025:17:48:02 +0900] "GET /robots.txt HTTP/2.0" 206 1028 "-" "facebookexternalhit/1.1 (+http://www.facebook.com/externalhit_uatext.php)" "-"
57.141.2.28 - - [21/May/2025:17:48:11 +0900] "GET /shopdetail/20128824 HTTP/2.0" 404 43580 "-" "meta-externalagent/1.1 (+https://developers.facebook.com/docs/sharing/webmasters/crawler)" "-"
57.141.2.5 - - [21/May/2025:17:48:16 +0900] "GET /shopdetail/17877746 HTTP/2.0" 404 43580 "-" "meta-externalagent/1.1 (+https://developers.facebook.com/docs/sharing/webmasters/crawler)" "-"
57.141.2.19 - - [21/May/2025:17:48:31 +0900] "GET /shopdetail/9998968 HTTP/2.0" 404 43580 "-" "meta-externalagent/1.1 (+https://developers.facebook.com/docs/sharing/webmasters/crawler)" "-"
40.77.167.48 - - [21/May/2025:17:48:34 +0900] "GET /shopdetail/2620068 HTTP/2.0" 200 24240 "-" "Mozilla/5.0 AppleWebKit/537.36 (KHTML, like Gecko; compatible; bingbot/2.0; +http://www.bing.com/bingbot.htm) Chrome/116.0.1938.76 Safari/537.36" "-"
66.249.79.172 - - [21/May/2025:17:50:39 +0900] "GET /shopdetail/3243080 HTTP/1.1" 200 23285 "-" "Mozilla/5.0 (Linux; Android 6.0.1; Nexus 5X Build/MMB29P) AppleWebKit/537.36 (KHTML, like Gecko) Chrome/136.0.7103.113 Mobile Safari/537.36 (compatible; Googlebot/2.1; +http://www.google.com/bot.html)" "-"
66.249.79.172 - - [21/May/2025:17:50:39 +0900] "GET /shopdetail/16054668 HTTP/1.1" 200 22594 "-" "Mozilla/5.0 (Linux; Android 6.0.1; Nexus 5X Build/MMB29P) AppleWebKit/537.36 (KHTML, like Gecko) Chrome/136.0.7103.113 Mobile Safari/537.36 (compatible; Googlebot/2.1; +http://www.google.com/bot.html)" "-"
66.249.79.172 - - [21/May/2025:17:50:43 +0900] "POST /get-message-notify HTTP/1.1" 200 22942 "https://www.kahokutaku.com/shopdetail/16054668" "Mozilla/5.0 (Linux; Android 6.0.1; Nexus 5X Build/MMB29P) AppleWebKit/537.36 (KHTML, like Gecko) Chrome/136.0.7103.92 Mobile Safari/537.36 (compatible; Googlebot/2.1; +http://www.google.com/bot.html)" "-"
66.249.79.172 - - [21/May/2025:17:50:45 +0900] "POST /get-message-notify HTTP/1.1" 200 22942 "https://www.kahokutaku.com/shopdetail/3243080" "Mozilla/5.0 (Linux; Android 6.0.1; Nexus 5X Build/MMB29P) AppleWebKit/537.36 (KHTML, like Gecko) Chrome/136.0.7103.92 Mobile Safari/537.36 (compatible; Googlebot/2.1; +http://www.google.com/bot.html)" "-"
66.249.79.160 - - [21/May/2025:17:51:44 +0900] "GET /shopdetail/5855824 HTTP/1.1" 200 25820 "-" "Mozilla/5.0 (Linux; Android 6.0.1; Nexus 5X Build/MMB29P) AppleWebKit/537.36 (KHTML, like Gecko) Chrome/136.0.7103.113 Mobile Safari/537.36 (compatible; Googlebot/2.1; +http://www.google.com/bot.html)" "-"
52.167.144.212 - - [21/May/2025:17:51:45 +0900] "GET /shopdetail/11406891 HTTP/2.0" 200 23009 "-" "Mozilla/5.0 AppleWebKit/537.36 (KHTML, like Gecko; compatible; bingbot/2.0; +http://www.bing.com/bingbot.htm) Chrome/116.0.1938.76 Safari/537.36" "-"
66.249.79.160 - - [21/May/2025:17:51:45 +0900] "GET /shopdetail/3940002 HTTP/1.1" 200 23076 "-" "Mozilla/5.0 (Linux; Android 6.0.1; Nexus 5X Build/MMB29P) AppleWebKit/537.36 (KHTML, like Gecko) Chrome/136.0.7103.113 Mobile Safari/537.36 (compatible; Googlebot/2.1; +http://www.google.com/bot.html)" "-"
66.249.79.173 - - [21/May/2025:17:51:49 +0900] "POST /get-message-notify HTTP/1.1" 200 22942 "https://www.kahokutaku.com/shopdetail/3940002" "Mozilla/5.0 (Linux; Android 6.0.1; Nexus 5X Build/MMB29P) AppleWebKit/537.36 (KHTML, like Gecko) Chrome/136.0.7103.92 Mobile Safari/537.36 (compatible; Googlebot/2.1; +http://www.google.com/bot.html)" "-"
66.249.79.160 - - [21/May/2025:17:52:28 +0900] "GET /shopdetail/29223880 HTTP/1.1" 200 22894 "-" "Mozilla/5.0 (Linux; Android 6.0.1; Nexus 5X Build/MMB29P) AppleWebKit/537.36 (KHTML, like Gecko) Chrome/136.0.7103.113 Mobile Safari/537.36 (compatible; Googlebot/2.1; +http://www.google.com/bot.html)" "-"
160.251.148.50 - - [21/May/2025:17:52:29 +0900] "POST /wp-cron.php?doing_wp_cron=1747817549.0103380680084228515625 HTTP/1.1" 403 186 "-" "WordPress/6.7.2; https://kahokutaku.com" "-"
57.141.2.26 - - [21/May/2025:17:52:29 +0900] "GET /shopdetail/22495346 HTTP/2.0" 404 43580 "-" "meta-externalagent/1.1 (+https://developers.facebook.com/docs/sharing/webmasters/crawler)" "-"
57.141.2.27 - - [21/May/2025:17:53:10 +0900] "GET /shopdetail/26045124 HTTP/2.0" 404 43580 "-" "meta-externalagent/1.1 (+https://developers.facebook.com/docs/sharing/webmasters/crawler)" "-"
66.249.79.172 - - [21/May/2025:17:53:17 +0900] "GET /shopdetail/20795368 HTTP/1.1" 200 23403 "-" "Mozilla/5.0 (compatible; Googlebot/2.1; +http://www.google.com/bot.html)" "-"
66.249.79.173 - - [21/May/2025:17:53:21 +0900] "GET /safe_search/config?return_url=%2Fproduct%2Fdetail%2F93913244 HTTP/1.1" 200 25528 "-" "Mozilla/5.0 (Linux; Android 6.0.1; Nexus 5X Build/MMB29P) AppleWebKit/537.36 (KHTML, like Gecko) Chrome/136.0.7103.113 Mobile Safari/537.36 (compatible; Googlebot/2.1; +http://www.google.com/bot.html)" "-"
69.63.189.5 - - [21/May/2025:17:53:27 +0900] "GET /robots.txt HTTP/2.0" 206 1028 "-" "facebookexternalhit/1.1 (+http://www.facebook.com/externalhit_uatext.php)" "-"
160.251.148.50 - - [21/May/2025:17:54:25 +0900] "POST /wp-cron.php?doing_wp_cron=1747817665.5272328853607177734375 HTTP/1.1" 403 186 "-" "WordPress/6.7.2; https://kahokutaku.com" "-"
57.141.2.15 - - [21/May/2025:17:54:25 +0900] "GET /shopdetail/11211080 HTTP/2.0" 404 43580 "-" "meta-externalagent/1.1 (+https://developers.facebook.com/docs/sharing/webmasters/crawler)" "-"
69.63.189.8 - - [21/May/2025:17:55:33 +0900] "GET /robots.txt HTTP/2.0" 206 1028 "-" "facebookexternalhit/1.1 (+http://www.facebook.com/externalhit_uatext.php)" "-"
69.63.189.1 - - [21/May/2025:17:56:34 +0900] "GET /robots.txt HTTP/2.0" 206 1028 "-" "facebookexternalhit/1.1 (+http://www.facebook.com/externalhit_uatext.php)" "-"
69.63.189.114 - - [21/May/2025:17:57:00 +0900] "GET /robots.txt HTTP/2.0" 206 1028 "-" "facebookexternalhit/1.1 (+http://www.facebook.com/externalhit_uatext.php)" "-"
160.251.148.50 - - [21/May/2025:17:58:22 +0900] "POST /wp-cron.php?doing_wp_cron=1747817902.0319309234619140625000 HTTP/1.1" 403 186 "-" "WordPress/6.7.2; https://kahokutaku.com" "-"
57.141.2.20 - - [21/May/2025:17:58:22 +0900] "GET /shopdetail/13693046 HTTP/2.0" 404 43580 "-" "meta-externalagent/1.1 (+https://developers.facebook.com/docs/sharing/webmasters/crawler)" "-"
57.141.2.10 - - [21/May/2025:17:58:42 +0900] "GET /shopdetail/29219724 HTTP/2.0" 404 43580 "-" "meta-externalagent/1.1 (+https://developers.facebook.com/docs/sharing/webmasters/crawler)" "-"
40.77.167.56 - - [21/May/2025:17:58:47 +0900] "GET /shopdetail/2680735 HTTP/2.0" 200 23060 "-" "Mozilla/5.0 AppleWebKit/537.36 (KHTML, like Gecko; compatible; bingbot/2.0; +http://www.bing.com/bingbot.htm) Chrome/116.0.1938.76 Safari/537.36" "-"
160.251.148.50 - - [21/May/2025:17:59:36 +0900] "POST /wp-cron.php?doing_wp_cron=1747817976.1262309551239013671875 HTTP/1.1" 403 186 "-" "WordPress/6.7.2; https://kahokutaku.com" "-"
57.141.2.28 - - [21/May/2025:17:59:36 +0900] "GET /shopdetail/25727668 HTTP/2.0" 404 43580 "-" "meta-externalagent/1.1 (+https://developers.facebook.com/docs/sharing/webmasters/crawler)" "-"
69.63.189.3 - - [21/May/2025:18:00:03 +0900] "GET /robots.txt HTTP/2.0" 206 1028 "-" "facebookexternalhit/1.1 (+http://www.facebook.com/externalhit_uatext.php)" "-"
66.249.79.172 - - [21/May/2025:18:00:04 +0900] "GET /shopdetail/1180457 HTTP/1.1" 200 24106 "-" "Mozilla/5.0 (compatible; Googlebot/2.1; +http://www.google.com/bot.html)" "-"
66.249.79.172 - - [21/May/2025:18:00:23 +0900] "GET /shopdetail/10929502 HTTP/1.1" 200 22851 "-" "Mozilla/5.0 (compatible; Googlebot/2.1; +http://www.google.com/bot.html)" "-"
66.249.79.172 - - [21/May/2025:18:00:26 +0900] "GET /shopdetail/1180457 HTTP/1.1" 200 24106 "-" "Mozilla/5.0 (Linux; Android 6.0.1; Nexus 5X Build/MMB29P) AppleWebKit/537.36 (KHTML, like Gecko) Chrome/136.0.7103.113 Mobile Safari/537.36 (compatible; Googlebot/2.1; +http://www.google.com/bot.html)" "-"
57.141.2.20 - - [21/May/2025:18:00:35 +0900] "GET /shopdetail/24659846 HTTP/2.0" 404 43580 "-" "meta-externalagent/1.1 (+https://developers.facebook.com/docs/sharing/webmasters/crawler)" "-"
160.251.148.50 - - [21/May/2025:18:00:41 +0900] "POST /wp-cron.php?doing_wp_cron=1747818041.1082470417022705078125 HTTP/1.1" 403 186 "-" "WordPress/6.7.2; https://kahokutaku.com" "-"
57.141.2.27 - - [21/May/2025:18:00:41 +0900] "GET /shopdetail/25092746 HTTP/2.0" 404 43580 "-" "meta-externalagent/1.1 (+https://developers.facebook.com/docs/sharing/webmasters/crawler)" "-"
66.249.79.172 - - [21/May/2025:18:00:47 +0900] "GET /shopdetail/18770146 HTTP/1.1" 200 25271 "-" "Mozilla/5.0 (Linux; Android 6.0.1; Nexus 5X Build/MMB29P) AppleWebKit/537.36 (KHTML, like Gecko) Chrome/136.0.7103.113 Mobile Safari/537.36 (compatible; Googlebot/2.1; +http://www.google.com/bot.html)" "-"
66.249.79.172 - - [21/May/2025:18:02:10 +0900] "GET /shopdetail/11749180 HTTP/1.1" 200 25552 "-" "Mozilla/5.0 (Linux; Android 6.0.1; Nexus 5X Build/MMB29P) AppleWebKit/537.36 (KHTML, like Gecko) Chrome/136.0.7103.113 Mobile Safari/537.36 (compatible; Googlebot/2.1; +http://www.google.com/bot.html)" "-"
66.249.79.173 - - [21/May/2025:18:02:33 +0900] "GET /shopdetail/20908491 HTTP/1.1" 200 26247 "-" "Mozilla/5.0 (Linux; Android 6.0.1; Nexus 5X Build/MMB29P) AppleWebKit/537.36 (KHTML, like Gecko) Chrome/136.0.7103.113 Mobile Safari/537.36 (compatible; Googlebot/2.1; +http://www.google.com/bot.html)" "-"
160.251.148.50 - - [21/May/2025:18:05:17 +0900] "POST /wp-cron.php?doing_wp_cron=1747818317.7530350685119628906250 HTTP/1.1" 403 186 "-" "WordPress/6.7.2; https://kahokutaku.com" "-"
66.249.82.97 - - [21/May/2025:18:05:17 +0900] "GET /.well-known/traffic-advice HTTP/1.1" 301 0 "-" "Chrome Privacy Preserving Prefetch Proxy" "-"
162.120.185.22 - - [21/May/2025:18:05:18 +0900] "GET /shopdetail/19636579 HTTP/2.0" 200 407 "https://www.google.com/" "Mozilla/5.0 (Windows NT 10.0; Win64; x64) AppleWebKit/537.36 (KHTML, like Gecko) Chrome/136.0.0.0 Safari/537.36" "-"
66.249.79.160 - - [21/May/2025:18:05:47 +0900] "GET /shopdetail/15653180 HTTP/1.1" 200 21873 "-" "Mozilla/5.0 (compatible; Googlebot/2.1; +http://www.google.com/bot.html)" "-"
69.63.189.10 - - [21/May/2025:18:06:32 +0900] "GET /robots.txt HTTP/2.0" 206 1028 "-" "facebookexternalhit/1.1 (+http://www.facebook.com/externalhit_uatext.php)" "-"
121.106.79.65 - - [21/May/2025:18:06:40 +0900] "GET /shopdetail/10719135 HTTP/2.0" 200 373 "https://www.google.com/" "Mozilla/5.0 (Windows NT 10.0; Win64; x64) AppleWebKit/537.36 (KHTML, like Gecko) Chrome/136.0.0.0 Safari/537.36" "-"
57.141.2.8 - - [21/May/2025:18:06:52 +0900] "GET /sitemap334.xml HTTP/2.0" 200 141925 "-" "meta-externalagent/1.1 (+https://developers.facebook.com/docs/sharing/webmasters/crawler)" "-"
160.251.148.50 - - [21/May/2025:18:07:08 +0900] "POST /wp-cron.php?doing_wp_cron=1747818428.4521110057830810546875 HTTP/1.1" 403 186 "-" "WordPress/6.7.2; https://kahokutaku.com" "-"
57.141.2.8 - - [21/May/2025:18:07:08 +0900] "GET /shopdetail/21283224 HTTP/2.0" 404 43580 "-" "meta-externalagent/1.1 (+https://developers.facebook.com/docs/sharing/webmasters/crawler)" "-"
162.120.184.21 - - [21/May/2025:18:07:18 +0900] "GET /shopdetail/9884591 HTTP/2.0" 200 362 "https://www.google.com/" "Mozilla/5.0 (Windows NT 10.0; Win64; x64) AppleWebKit/537.36 (KHTML, like Gecko) Chrome/136.0.0.0 Safari/537.36" "-"
69.63.189.2 - - [21/May/2025:18:08:45 +0900] "GET /robots.txt HTTP/2.0" 206 1028 "-" "facebookexternalhit/1.1 (+http://www.facebook.com/externalhit_uatext.php)" "-"
47.128.42.76 - - [21/May/2025:18:09:19 +0900] "GET /shopdetail/27770691 HTTP/2.0" 403 0 "-" "Mozilla/5.0 (Linux; Android 5.0) AppleWebKit/537.36 (KHTML, like Gecko) Mobile Safari/537.36 (compatible; Bytespider; spider-feedback@bytedance.com)" "-"
66.249.79.172 - - [21/May/2025:18:09:29 +0900] "GET /shopdetail/19031279 HTTP/1.1" 200 26905 "-" "Mozilla/5.0 (Linux; Android 6.0.1; Nexus 5X Build/MMB29P) AppleWebKit/537.36 (KHTML, like Gecko) Chrome/136.0.7103.113 Mobile Safari/537.36 (compatible; Googlebot/2.1; +http://www.google.com/bot.html)" "-"
14.9.4.129 - - [21/May/2025:18:09:59 +0900] "GET /shopdetail/19385346 HTTP/2.0" 200 371 "https://www.google.com/" "Mozilla/5.0 (Linux; Android 10; K) AppleWebKit/537.36 (KHTML, like Gecko) Chrome/136.0.0.0 Mobile Safari/537.36" "-"
52.167.144.150 - - [21/May/2025:18:10:48 +0900] "GET /shopdetail/2915557 HTTP/2.0" 200 24333 "-" "Mozilla/5.0 AppleWebKit/537.36 (KHTML, like Gecko; compatible; bingbot/2.0; +http://www.bing.com/bingbot.htm) Chrome/116.0.1938.76 Safari/537.36" "-"
66.249.79.173 - - [21/May/2025:18:11:59 +0900] "GET /pcmypage?callback=product%2Fdetail%2F43594846 HTTP/1.1" 200 22649 "-" "Mozilla/5.0 (Linux; Android 6.0.1; Nexus 5X Build/MMB29P) AppleWebKit/537.36 (KHTML, like Gecko) Chrome/136.0.7103.113 Mobile Safari/537.36 (compatible; Googlebot/2.1; +http://www.google.com/bot.html)" "-"
160.251.148.50 - - [21/May/2025:18:12:38 +0900] "POST /wp-cron.php?doing_wp_cron=1747818758.4221758842468261718750 HTTP/1.1" 403 186 "-" "WordPress/6.7.2; https://kahokutaku.com" "-"
57.141.2.22 - - [21/May/2025:18:12:38 +0900] "GET /shopdetail/25323624 HTTP/2.0" 404 43580 "-" "meta-externalagent/1.1 (+https://developers.facebook.com/docs/sharing/webmasters/crawler)" "-"
170.39.218.58 - - [21/May/2025:18:13:12 +0900] "GET /wp-includes/js/jquery/jquery-migrate.min.js?ver=3.4.1 HTTP/1.1" 200 5355 "-" "Mozilla/5.0 (Macintosh; Intel Mac OS X 10_15_7) AppleWebKit/537.36 Chrome/120.0.0.0" "-"
66.249.79.172 - - [21/May/2025:18:13:26 +0900] "GET /pcmypage?callback=product%2Fdetail%2F39826675 HTTP/1.1" 200 23228 "-" "Mozilla/5.0 (Linux; Android 6.0.1; Nexus 5X Build/MMB29P) AppleWebKit/537.36 (KHTML, like Gecko) Chrome/136.0.7103.113 Mobile Safari/537.36 (compatible; Googlebot/2.1; +http://www.google.com/bot.html)" "-"
52.167.144.150 - - [21/May/2025:18:14:29 +0900] "GET / HTTP/2.0" 200 22955 "-" "Mozilla/5.0 AppleWebKit/537.36 (KHTML, like Gecko; compatible; bingbot/2.0; +http://www.bing.com/bingbot.htm) Chrome/116.0.1938.76 Safari/537.36" "-"
66.249.79.172 - - [21/May/2025:18:14:31 +0900] "GET /shopdetail/16449557 HTTP/1.1" 200 23218 "-" "Mozilla/5.0 (Linux; Android 6.0.1; Nexus 5X Build/MMB29P) AppleWebKit/537.36 (KHTML, like Gecko) Chrome/136.0.7103.113 Mobile Safari/537.36 (compatible; Googlebot/2.1; +http://www.google.com/bot.html)" "-"
66.249.79.172 - - [21/May/2025:18:14:51 +0900] "GET /shopdetail/20530735 HTTP/1.1" 200 22989 "-" "Mozilla/5.0 (Linux; Android 6.0.1; Nexus 5X Build/MMB29P) AppleWebKit/537.36 (KHTML, like Gecko) Chrome/136.0.7103.113 Mobile Safari/537.36 (compatible; Googlebot/2.1; +http://www.google.com/bot.html)" "-"
69.63.189.112 - - [21/May/2025:18:14:51 +0900] "GET /robots.txt HTTP/2.0" 206 1028 "-" "facebookexternalhit/1.1 (+http://www.facebook.com/externalhit_uatext.php)" "-"
162.120.184.23 - - [21/May/2025:18:15:26 +0900] "GET /shopdetail/2102635 HTTP/2.0" 200 370 "https://www.google.com/" "Mozilla/5.0 (Windows NT 10.0; Win64; x64) AppleWebKit/537.36 (KHTML, like Gecko) Chrome/136.0.0.0 Safari/537.36" "-"
160.251.148.50 - - [21/May/2025:18:15:43 +0900] "POST /wp-cron.php?doing_wp_cron=1747818943.2898800373077392578125 HTTP/1.1" 403 186 "-" "WordPress/6.7.2; https://kahokutaku.com" "-"
57.141.2.16 - - [21/May/2025:18:15:43 +0900] "GET /shopdetail/24775280 HTTP/2.0" 404 43580 "-" "meta-externalagent/1.1 (+https://developers.facebook.com/docs/sharing/webmasters/crawler)" "-"
69.63.189.4 - - [21/May/2025:18:16:19 +0900] "GET /robots.txt HTTP/2.0" 206 1028 "-" "facebookexternalhit/1.1 (+http://www.facebook.com/externalhit_uatext.php)" "-"
52.167.144.182 - - [21/May/2025:18:16:30 +0900] "GET /shopdetail/2704835 HTTP/2.0" 200 23528 "-" "Mozilla/5.0 AppleWebKit/537.36 (KHTML, like Gecko; compatible; bingbot/2.0; +http://www.bing.com/bingbot.htm) Chrome/116.0.1938.76 Safari/537.36" "-"
66.249.79.172 - - [21/May/2025:18:16:52 +0900] "GET /shopdetail/4735624 HTTP/1.1" 200 23018 "-" "Mozilla/5.0 (Linux; Android 6.0.1; Nexus 5X Build/MMB29P) AppleWebKit/537.36 (KHTML, like Gecko) Chrome/136.0.7103.113 Mobile Safari/537.36 (compatible; Googlebot/2.1; +http://www.google.com/bot.html)" "-"
69.63.189.9 - - [21/May/2025:18:18:53 +0900] "GET /robots.txt HTTP/2.0" 206 1028 "-" "facebookexternalhit/1.1 (+http://www.facebook.com/externalhit_uatext.php)" "-"
69.63.189.10 - - [21/May/2025:18:19:11 +0900] "GET /robots.txt HTTP/2.0" 206 1028 "-" "facebookexternalhit/1.1 (+http://www.facebook.com/externalhit_uatext.php)" "-"
35.205.192.51 - - [21/May/2025:18:19:14 +0900] "GET /media/system/js/core.js HTTP/1.1" 301 162 "-" "Mozilla/5.0 (Macintosh; Intel Mac OS X 10_10_1) AppleWebKit/537.36 (KHTML, like Gecko) Chrome/39.0.2171.95 Safari/537.36" "-"
160.251.148.50 - - [21/May/2025:18:19:17 +0900] "POST /wp-cron.php?doing_wp_cron=1747819157.2364690303802490234375 HTTP/1.1" 403 186 "-" "WordPress/6.7.2; https://kahokutaku.com" "-"
35.205.192.51 - - [21/May/2025:18:19:17 +0900] "GET /media/system/js/core.js HTTP/2.0" 404 11672 "http://kahokutaku.com/media/system/js/core.js" "Mozilla/5.0 (Macintosh; Intel Mac OS X 10_10_1) AppleWebKit/537.36 (KHTML, like Gecko) Chrome/39.0.2171.95 Safari/537.36" "-"
35.205.192.51 - - [21/May/2025:18:19:18 +0900] "GET /wp-includes/js/jquery/jquery.js HTTP/1.1" 301 162 "-" "Mozilla/5.0 (Macintosh; Intel Mac OS X 10_10_1) AppleWebKit/537.36 (KHTML, like Gecko) Chrome/39.0.2171.95 Safari/537.36" "-"
35.205.192.51 - - [21/May/2025:18:19:20 +0900] "GET /wp-includes/js/jquery/jquery.js HTTP/2.0" 200 102492 "http://kahokutaku.com/wp-includes/js/jquery/jquery.js" "Mozilla/5.0 (Macintosh; Intel Mac OS X 10_10_1) AppleWebKit/537.36 (KHTML, like Gecko) Chrome/39.0.2171.95 Safari/537.36" "-"
69.63.189.7 - - [21/May/2025:18:19:39 +0900] "GET /robots.txt HTTP/2.0" 206 1028 "-" "facebookexternalhit/1.1 (+http://www.facebook.com/externalhit_uatext.php)" "-"
57.141.2.29 - - [21/May/2025:18:19:54 +0900] "GET /shopdetail/24024924 HTTP/2.0" 404 43580 "-" "meta-externalagent/1.1 (+https://developers.facebook.com/docs/sharing/webmasters/crawler)" "-"
57.141.2.5 - - [21/May/2025:18:19:59 +0900] "GET /shopdetail/21687268 HTTP/2.0" 404 43580 "-" "meta-externalagent/1.1 (+https://developers.facebook.com/docs/sharing/webmasters/crawler)" "-"
66.249.79.160 - - [21/May/2025:18:20:23 +0900] "GET /shopdetail/17117202 HTTP/1.1" 200 23106 "-" "Mozilla/5.0 (Linux; Android 6.0.1; Nexus 5X Build/MMB29P) AppleWebKit/537.36 (KHTML, like Gecko) Chrome/136.0.7103.113 Mobile Safari/537.36 (compatible; Googlebot/2.1; +http://www.google.com/bot.html)" "-"
193.186.4.153 - - [21/May/2025:18:21:25 +0900] "GET /shopdetail/9064024 HTTP/2.0" 200 342 "https://www.google.com/" "Mozilla/5.0 (Windows NT 10.0; Win64; x64) AppleWebKit/537.36 (KHTML, like Gecko) Chrome/136.0.0.0 Safari/537.36" "-"
66.249.79.172 - - [21/May/2025:18:21:30 +0900] "GET /shopdetail/7169502 HTTP/1.1" 200 22191 "-" "Mozilla/5.0 (Linux; Android 6.0.1; Nexus 5X Build/MMB29P) AppleWebKit/537.36 (KHTML, like Gecko) Chrome/136.0.7103.113 Mobile Safari/537.36 (compatible; Googlebot/2.1; +http://www.google.com/bot.html)" "-"
66.249.79.173 - - [21/May/2025:18:21:31 +0900] "GET /shopdetail/4924657 HTTP/1.1" 200 22998 "-" "Mozilla/5.0 (Linux; Android 6.0.1; Nexus 5X Build/MMB29P) AppleWebKit/537.36 (KHTML, like Gecko) Chrome/136.0.7103.113 Mobile Safari/537.36 (compatible; Googlebot/2.1; +http://www.google.com/bot.html)" "-"
160.251.148.50 - - [21/May/2025:18:21:50 +0900] "POST /wp-cron.php?doing_wp_cron=1747819310.6670169830322265625000 HTTP/1.1" 403 186 "-" "WordPress/6.7.2; https://kahokutaku.com" "-"
57.141.2.14 - - [21/May/2025:18:21:50 +0900] "GET /shopdetail/7690168 HTTP/2.0" 404 43580 "-" "meta-externalagent/1.1 (+https://developers.facebook.com/docs/sharing/webmasters/crawler)" "-"
57.141.2.21 - - [21/May/2025:18:21:58 +0900] "GET /shopdetail/15568946 HTTP/2.0" 404 43580 "-" "meta-externalagent/1.1 (+https://developers.facebook.com/docs/sharing/webmasters/crawler)" "-"
57.141.2.28 - - [21/May/2025:18:21:59 +0900] "GET /shopdetail/23014824 HTTP/2.0" 404 43580 "-" "meta-externalagent/1.1 (+https://developers.facebook.com/docs/sharing/webmasters/crawler)" "-"
113.155.243.22 - - [21/May/2025:18:22:08 +0900] "GET /pcmypage?callback=product/review/69974648 HTTP/2.0" 200 372 "https://www.google.com/" "Mozilla/5.0 (iPhone; CPU iPhone OS 18_4_1 like Mac OS X) AppleWebKit/605.1.15 (KHTML, like Gecko) Version/18.4 Mobile/15E148 Safari/604.1" "-"
69.63.189.10 - - [21/May/2025:18:22:08 +0900] "GET /robots.txt HTTP/2.0" 206 1028 "-" "facebookexternalhit/1.1 (+http://www.facebook.com/externalhit_uatext.php)" "-"
69.63.189.114 - - [21/May/2025:18:23:07 +0900] "GET /robots.txt HTTP/2.0" 206 1028 "-" "facebookexternalhit/1.1 (+http://www.facebook.com/externalhit_uatext.php)" "-"
160.251.148.50 - - [21/May/2025:18:23:18 +0900] "POST /wp-cron.php?doing_wp_cron=1747819398.2168788909912109375000 HTTP/1.1" 403 186 "-" "WordPress/6.7.2; https://kahokutaku.com" "-"
57.141.2.15 - - [21/May/2025:18:23:18 +0900] "GET /shopdetail/14991746 HTTP/2.0" 404 43580 "-" "meta-externalagent/1.1 (+https://developers.facebook.com/docs/sharing/webmasters/crawler)" "-"
57.141.2.8 - - [21/May/2025:18:23:22 +0900] "GET /shopdetail/15280346 HTTP/2.0" 404 43580 "-" "meta-externalagent/1.1 (+https://developers.facebook.com/docs/sharing/webmasters/crawler)" "-"
69.63.189.9 - - [21/May/2025:18:23:29 +0900] "GET /robots.txt HTTP/2.0" 206 1028 "-" "facebookexternalhit/1.1 (+http://www.facebook.com/externalhit_uatext.php)" "-"
66.249.79.173 - - [21/May/2025:18:24:48 +0900] "GET /shopdetail/4399191 HTTP/1.1" 200 24794 "-" "Mozilla/5.0 (Linux; Android 6.0.1; Nexus 5X Build/MMB29P) AppleWebKit/537.36 (KHTML, like Gecko) Chrome/136.0.7103.113 Mobile Safari/537.36 (compatible; Googlebot/2.1; +http://www.google.com/bot.html)" "-"
66.249.79.173 - - [21/May/2025:18:25:49 +0900] "GET /shopdetail/17055668 HTTP/1.1" 200 22910 "-" "Mozilla/5.0 (compatible; Googlebot/2.1; +http://www.google.com/bot.html)" "-"
66.249.79.172 - - [21/May/2025:18:26:33 +0900] "GET /product/edit/83173418 HTTP/1.1" 200 22272 "-" "Mozilla/5.0 (Linux; Android 6.0.1; Nexus 5X Build/MMB29P) AppleWebKit/537.36 (KHTML, like Gecko) Chrome/136.0.7103.113 Mobile Safari/537.36 (compatible; Googlebot/2.1; +http://www.google.com/bot.html)" "-"
66.249.79.173 - - [21/May/2025:18:26:37 +0900] "POST /get-message-notify HTTP/1.1" 200 22942 "https://www.kahokutaku.com/product/edit/83173418" "Mozilla/5.0 (Linux; Android 6.0.1; Nexus 5X Build/MMB29P) AppleWebKit/537.36 (KHTML, like Gecko) Chrome/136.0.7103.92 Mobile Safari/537.36 (compatible; Googlebot/2.1; +http://www.google.com/bot.html)" "-"
196.251.116.156 - - [21/May/2025:18:27:16 +0900] "GET / HTTP/1.1" 301 162 "-" "-" "-"
160.251.148.50 - - [21/May/2025:18:27:20 +0900] "POST /wp-cron.php?doing_wp_cron=1747819640.1184420585632324218750 HTTP/1.1" 403 186 "-" "WordPress/6.7.2; https://kahokutaku.com" "-"
196.251.116.156 - - [21/May/2025:18:27:20 +0900] "GET / HTTP/1.1" 200 53377 "-" "-" "-"
196.251.116.156 - - [21/May/2025:18:27:21 +0900] "GET /wordpress HTTP/1.1" 301 162 "-" "-" "-"
196.251.116.156 - - [21/May/2025:18:27:21 +0900] "GET /wordpress HTTP/1.1" 404 43608 "-" "-" "-"
196.251.116.156 - - [21/May/2025:18:27:22 +0900] "GET /wp-admin/setup-config.php HTTP/1.1" 301 162 "-" "-" "-"
196.251.116.156 - - [21/May/2025:18:27:22 +0900] "GET /wp-admin/setup-config.php HTTP/1.1" 403 199 "-" "-" "-"
196.251.116.156 - - [21/May/2025:18:27:22 +0900] "GET /wp-admin/install.php HTTP/1.1" 301 162 "-" "-" "-"
66.249.79.172 - - [21/May/2025:18:27:22 +0900] "GET /shopdetail/28303579 HTTP/1.1" 200 22991 "-" "Mozilla/5.0 (Linux; Android 6.0.1; Nexus 5X Build/MMB29P) AppleWebKit/537.36 (KHTML, like Gecko) Chrome/136.0.7103.113 Mobile Safari/537.36 (compatible; Googlebot/2.1; +http://www.google.com/bot.html)" "-"
196.251.116.156 - - [21/May/2025:18:27:22 +0900] "GET /wp-admin/install.php HTTP/1.1" 403 199 "-" "-" "-"
196.251.116.156 - - [21/May/2025:18:27:23 +0900] "GET /wp HTTP/1.1" 301 162 "-" "-" "-"
196.251.116.156 - - [21/May/2025:18:27:23 +0900] "GET /wp HTTP/1.1" 404 43616 "-" "-" "-"
196.251.116.156 - - [21/May/2025:18:27:24 +0900] "GET /blog HTTP/1.1" 301 162 "-" "-" "-"
196.251.116.156 - - [21/May/2025:18:27:24 +0900] "GET /blog HTTP/1.1" 404 43608 "-" "-" "-"
196.251.116.156 - - [21/May/2025:18:27:25 +0900] "GET /new HTTP/1.1" 301 162 "-" "-" "-"
196.251.116.156 - - [21/May/2025:18:27:26 +0900] "GET /new HTTP/1.1" 404 43616 "-" "-" "-"
196.251.116.156 - - [21/May/2025:18:27:26 +0900] "GET /old HTTP/1.1" 301 162 "-" "-" "-"
196.251.116.156 - - [21/May/2025:18:27:27 +0900] "GET /old HTTP/1.1" 404 43616 "-" "-" "-"
196.251.116.156 - - [21/May/2025:18:27:27 +0900] "GET /newsite HTTP/1.1" 301 162 "-" "-" "-"
196.251.116.156 - - [21/May/2025:18:27:28 +0900] "GET /newsite HTTP/1.1" 404 43624 "-" "-" "-"
196.251.116.156 - - [21/May/2025:18:27:29 +0900] "GET /test HTTP/1.1" 301 162 "-" "-" "-"
196.251.116.156 - - [21/May/2025:18:27:30 +0900] "GET /test HTTP/1.1" 404 43616 "-" "-" "-"
