66.249.79.173 - - [08/May/2025:16:56:18 +0900] "GET /shopdetail/5025435 HTTP/1.1" 200 23519 "-" "Mozilla/5.0 (Linux; Android 6.0.1; Nexus 5X Build/MMB29P) AppleWebKit/537.36 (KHTML, like Gecko) Chrome/136.0.7103.59 Mobile Safari/537.36 (compatible; GoogleOther)" "-"
66.249.79.173 - - [08/May/2025:16:56:24 +0900] "POST /get-message-notify HTTP/1.1" 200 22945 "https://www.kahokutaku.com/shopdetail/5025435" "Mozilla/5.0 (Linux; Android 6.0.1; Nexus 5X Build/MMB29P) AppleWebKit/537.36 (KHTML, like Gecko) Chrome/135.0.7049.114 Mobile Safari/537.36 (compatible; Googlebot/2.1; +http://www.google.com/bot.html)" "-"
66.249.79.172 - - [08/May/2025:16:56:34 +0900] "GET /shopdetail/4965391 HTTP/1.1" 200 24479 "-" "Mozilla/5.0 (Linux; Android 6.0.1; Nexus 5X Build/MMB29P) AppleWebKit/537.36 (KHTML, like Gecko) Chrome/136.0.7103.59 Mobile Safari/537.36 (compatible; GoogleOther)" "-"
66.249.79.172 - - [08/May/2025:16:56:42 +0900] "GET /pcmypage?callback=product/review/76967321 HTTP/1.1" 200 24050 "-" "Mozilla/5.0 (compatible; Googlebot/2.1; +http://www.google.com/bot.html)" "-"
160.251.148.50 - - [08/May/2025:16:56:43 +0900] "POST /wp-cron.php?doing_wp_cron=1746691003.3986558914184570312500 HTTP/1.1" 403 186 "-" "WordPress/6.7.2; https://kahokutaku.com" "-"
14.9.98.32 - - [08/May/2025:16:56:43 +0900] "GET /%e7%b7%b4%e7%bf%92%e3%83%bb%e5%a4%a7%e4%bc%9a%e4%ba%88%e5%ae%9a/ HTTP/2.0" 200 12050 "-" "Mozilla/5.0 (Linux; Android 10; K) AppleWebKit/537.36 (KHTML, like Gecko) Chrome/136.0.0.0 Mobile Safari/537.36" "-"
66.249.79.172 - - [08/May/2025:16:56:43 +0900] "GET /shopdetail/8904335 HTTP/1.1" 200 24672 "-" "Mozilla/5.0 (compatible; Googlebot/2.1; +http://www.google.com/bot.html)" "-"
14.9.98.32 - - [08/May/2025:16:56:43 +0900] "GET /wp-includes/js/dist/script-modules/interactivity/index.min.js?ver=907ea3b2f317a78b7b9b HTTP/2.0" 304 0 "https://kahokutaku.com/%e7%b7%b4%e7%bf%92%e3%83%bb%e5%a4%a7%e4%bc%9a%e4%ba%88%e5%ae%9a/" "Mozilla/5.0 (Linux; Android 10; K) AppleWebKit/537.36 (KHTML, like Gecko) Chrome/136.0.0.0 Mobile Safari/537.36" "-"
222.14.55.53 - - [08/May/2025:16:57:41 +0900] "GET /shopdetail/29860568 HTTP/2.0" 200 356 "https://www.google.co.jp/" "Mozilla/5.0 (iPhone; CPU iPhone OS 17_7_1 like Mac OS X) AppleWebKit/605.1.15 (KHTML, like Gecko) Version/17.8 Mobile/15E148 Safari/604.1" "-"
66.249.79.173 - - [08/May/2025:16:58:17 +0900] "GET /shopdetail/9030057 HTTP/1.1" 200 22574 "-" "Mozilla/5.0 (Linux; Android 6.0.1; Nexus 5X Build/MMB29P) AppleWebKit/537.36 (KHTML, like Gecko) Chrome/136.0.7103.59 Mobile Safari/537.36 (compatible; Googlebot/2.1; +http://www.google.com/bot.html)" "-"
66.249.79.173 - - [08/May/2025:16:58:47 +0900] "GET /shopdetail/17321846 HTTP/1.1" 200 24868 "-" "Mozilla/5.0 (Linux; Android 6.0.1; Nexus 5X Build/MMB29P) AppleWebKit/537.36 (KHTML, like Gecko) Chrome/136.0.7103.59 Mobile Safari/537.36 (compatible; Googlebot/2.1; +http://www.google.com/bot.html)" "-"
66.249.79.172 - - [08/May/2025:16:58:52 +0900] "GET /shopdetail/5254713 HTTP/1.1" 200 22126 "-" "Mozilla/5.0 (Linux; Android 6.0.1; Nexus 5X Build/MMB29P) AppleWebKit/537.36 (KHTML, like Gecko) Chrome/136.0.7103.59 Mobile Safari/537.36 (compatible; GoogleOther)" "-"
66.249.79.173 - - [08/May/2025:17:01:12 +0900] "GET /shopdetail/20008913 HTTP/1.1" 200 24499 "-" "Mozilla/5.0 (Linux; Android 6.0.1; Nexus 5X Build/MMB29P) AppleWebKit/537.36 (KHTML, like Gecko) Chrome/136.0.7103.59 Mobile Safari/537.36 (compatible; Googlebot/2.1; +http://www.google.com/bot.html)" "-"
66.249.79.173 - - [08/May/2025:17:01:59 +0900] "GET /shopdetail/14369002 HTTP/1.1" 200 23120 "-" "Mozilla/5.0 (compatible; Googlebot/2.1; +http://www.google.com/bot.html)" "-"
66.249.79.172 - - [08/May/2025:17:02:03 +0900] "GET /shopdetail/6818746 HTTP/1.1" 200 23660 "-" "Mozilla/5.0 (Linux; Android 6.0.1; Nexus 5X Build/MMB29P) AppleWebKit/537.36 (KHTML, like Gecko) Chrome/136.0.7103.59 Mobile Safari/537.36 (compatible; Googlebot/2.1; +http://www.google.com/bot.html)" "-"
66.249.79.172 - - [08/May/2025:17:02:26 +0900] "GET /shopdetail/10547335 HTTP/1.1" 200 24181 "-" "Mozilla/5.0 (Linux; Android 6.0.1; Nexus 5X Build/MMB29P) AppleWebKit/537.36 (KHTML, like Gecko) Chrome/136.0.7103.59 Mobile Safari/537.36 (compatible; Googlebot/2.1; +http://www.google.com/bot.html)" "-"
180.196.173.118 - - [08/May/2025:17:02:29 +0900] "GET /shopdetail/6616568 HTTP/2.0" 200 473 "https://www.google.com/" "Mozilla/5.0 (Linux; Android 10; K) AppleWebKit/537.36 (KHTML, like Gecko) Chrome/136.0.0.0 Mobile Safari/537.36" "-"
66.249.79.172 - - [08/May/2025:17:02:38 +0900] "GET /shopdetail/8708168 HTTP/1.1" 200 23006 "-" "Mozilla/5.0 (Linux; Android 6.0.1; Nexus 5X Build/MMB29P) AppleWebKit/537.36 (KHTML, like Gecko) Chrome/136.0.7103.59 Mobile Safari/537.36 (compatible; GoogleOther)" "-"
66.249.79.172 - - [08/May/2025:17:02:43 +0900] "GET /shopdetail/8096524 HTTP/1.1" 200 25006 "-" "Mozilla/5.0 (Linux; Android 6.0.1; Nexus 5X Build/MMB29P) AppleWebKit/537.36 (KHTML, like Gecko) Chrome/136.0.7103.59 Mobile Safari/537.36 (compatible; Googlebot/2.1; +http://www.google.com/bot.html)" "-"
66.249.79.172 - - [08/May/2025:17:02:55 +0900] "GET /shopdetail/24206924 HTTP/1.1" 200 22648 "-" "Mozilla/5.0 (Linux; Android 6.0.1; Nexus 5X Build/MMB29P) AppleWebKit/537.36 (KHTML, like Gecko) Chrome/136.0.7103.59 Mobile Safari/537.36 (compatible; GoogleOther)" "-"
66.249.79.172 - - [08/May/2025:17:03:14 +0900] "GET /shopdetail/18852979 HTTP/1.1" 200 23918 "-" "Mozilla/5.0 (Linux; Android 6.0.1; Nexus 5X Build/MMB29P) AppleWebKit/537.36 (KHTML, like Gecko) Chrome/136.0.7103.59 Mobile Safari/537.36 (compatible; Googlebot/2.1; +http://www.google.com/bot.html)" "-"
54.83.23.103 - - [08/May/2025:17:03:26 +0900] "GET /shopdetail/3592724 HTTP/1.1" 403 0 "-" "Mozilla/5.0 AppleWebKit/537.36 (KHTML, like Gecko; compatible; Amazonbot/0.1; +https://developer.amazon.com/support/amazonbot) Chrome/119.0.6045.214 Safari/537.36" "-"
66.249.79.172 - - [08/May/2025:17:03:30 +0900] "GET /shopdetail/11137279 HTTP/1.1" 200 23106 "-" "Mozilla/5.0 (Linux; Android 6.0.1; Nexus 5X Build/MMB29P) AppleWebKit/537.36 (KHTML, like Gecko) Chrome/136.0.7103.59 Mobile Safari/537.36 (compatible; GoogleOther)" "-"
66.249.79.172 - - [08/May/2025:17:04:00 +0900] "POST /get-message-notify HTTP/1.1" 200 22945 "https://www.kahokutaku.com/shopdetail/24206924" "Mozilla/5.0 (Linux; Android 6.0.1; Nexus 5X Build/MMB29P) AppleWebKit/537.36 (KHTML, like Gecko) Chrome/135.0.7049.114 Mobile Safari/537.36 (compatible; Googlebot/2.1; +http://www.google.com/bot.html)" "-"
66.249.79.172 - - [08/May/2025:17:04:12 +0900] "GET /shopdetail/5525213 HTTP/1.1" 200 23904 "-" "Mozilla/5.0 (Linux; Android 6.0.1; Nexus 5X Build/MMB29P) AppleWebKit/537.36 (KHTML, like Gecko) Chrome/136.0.7103.59 Mobile Safari/537.36 (compatible; Googlebot/2.1; +http://www.google.com/bot.html)" "-"
66.249.79.172 - - [08/May/2025:17:04:22 +0900] "GET /shopdetail/1842157 HTTP/1.1" 200 22632 "-" "Mozilla/5.0 (Linux; Android 6.0.1; Nexus 5X Build/MMB29P) AppleWebKit/537.36 (KHTML, like Gecko) Chrome/136.0.7103.59 Mobile Safari/537.36 (compatible; GoogleOther)" "-"
66.249.79.172 - - [08/May/2025:17:04:37 +0900] "GET /shopdetail/5305968 HTTP/1.1" 200 24769 "-" "Mozilla/5.0 (Linux; Android 6.0.1; Nexus 5X Build/MMB29P) AppleWebKit/537.36 (KHTML, like Gecko) Chrome/136.0.7103.59 Mobile Safari/537.36 (compatible; GoogleOther)" "-"
66.249.79.172 - - [08/May/2025:17:04:44 +0900] "GET /shopdetail/10863613 HTTP/1.1" 200 25620 "-" "Mozilla/5.0 (compatible; Googlebot/2.1; +http://www.google.com/bot.html)" "-"
66.249.79.172 - - [08/May/2025:17:04:55 +0900] "GET /shopdetail/9621980 HTTP/1.1" 200 22424 "-" "Mozilla/5.0 (Linux; Android 6.0.1; Nexus 5X Build/MMB29P) AppleWebKit/537.36 (KHTML, like Gecko) Chrome/136.0.7103.59 Mobile Safari/537.36 (compatible; GoogleOther)" "-"
66.249.79.160 - - [08/May/2025:17:05:32 +0900] "GET /shopdetail/21782802 HTTP/1.1" 200 25448 "-" "Mozilla/5.0 (Linux; Android 6.0.1; Nexus 5X Build/MMB29P) AppleWebKit/537.36 (KHTML, like Gecko) Chrome/136.0.7103.59 Mobile Safari/537.36 (compatible; GoogleOther)" "-"
66.249.79.173 - - [08/May/2025:17:06:03 +0900] "GET /shopdetail/9459024 HTTP/1.1" 200 23692 "-" "Mozilla/5.0 (Linux; Android 6.0.1; Nexus 5X Build/MMB29P) AppleWebKit/537.36 (KHTML, like Gecko) Chrome/136.0.7103.59 Mobile Safari/537.36 (compatible; Googlebot/2.1; +http://www.google.com/bot.html)" "-"
66.249.79.172 - - [08/May/2025:17:06:04 +0900] "GET /shopdetail/29647046 HTTP/1.1" 200 25955 "-" "Mozilla/5.0 (Linux; Android 6.0.1; Nexus 5X Build/MMB29P) AppleWebKit/537.36 (KHTML, like Gecko) Chrome/136.0.7103.59 Mobile Safari/537.36 (compatible; Googlebot/2.1; +http://www.google.com/bot.html)" "-"
66.249.79.173 - - [08/May/2025:17:06:21 +0900] "GET /shopdetail/1996591 HTTP/1.1" 200 22449 "-" "Mozilla/5.0 (Linux; Android 6.0.1; Nexus 5X Build/MMB29P) AppleWebKit/537.36 (KHTML, like Gecko) Chrome/136.0.7103.59 Mobile Safari/537.36 (compatible; Googlebot/2.1; +http://www.google.com/bot.html)" "-"
66.249.79.172 - - [08/May/2025:17:06:40 +0900] "GET /shopdetail/12871257 HTTP/1.1" 200 21962 "-" "Mozilla/5.0 (Linux; Android 6.0.1; Nexus 5X Build/MMB29P) AppleWebKit/537.36 (KHTML, like Gecko) Chrome/136.0.7103.59 Mobile Safari/537.36 (compatible; GoogleOther)" "-"
66.249.79.172 - - [08/May/2025:17:06:59 +0900] "GET /shopdetail/24484668 HTTP/1.1" 200 24169 "-" "Mozilla/5.0 (compatible; Googlebot/2.1; +http://www.google.com/bot.html)" "-"
66.249.79.172 - - [08/May/2025:17:07:00 +0900] "GET /shopdetail/5944702 HTTP/1.1" 200 23800 "-" "Mozilla/5.0 (Linux; Android 6.0.1; Nexus 5X Build/MMB29P) AppleWebKit/537.36 (KHTML, like Gecko) Chrome/136.0.7103.59 Mobile Safari/537.36 (compatible; GoogleOther)" "-"
66.249.79.172 - - [08/May/2025:17:07:11 +0900] "POST /get-message-notify HTTP/1.1" 200 22945 "https://www.kahokutaku.com/shopdetail/1842157" "Mozilla/5.0 (Linux; Android 6.0.1; Nexus 5X Build/MMB29P) AppleWebKit/537.36 (KHTML, like Gecko) Chrome/135.0.7049.114 Mobile Safari/537.36 (compatible; Googlebot/2.1; +http://www.google.com/bot.html)" "-"
66.249.79.172 - - [08/May/2025:17:07:33 +0900] "GET /shopdetail/16641646 HTTP/1.1" 200 24985 "-" "Mozilla/5.0 (Linux; Android 6.0.1; Nexus 5X Build/MMB29P) AppleWebKit/537.36 (KHTML, like Gecko) Chrome/136.0.7103.59 Mobile Safari/537.36 (compatible; GoogleOther)" "-"
66.249.79.172 - - [08/May/2025:17:07:47 +0900] "POST /get-message-notify HTTP/1.1" 200 22945 "https://www.kahokutaku.com/shopdetail/1996591" "Mozilla/5.0 (Linux; Android 6.0.1; Nexus 5X Build/MMB29P) AppleWebKit/537.36 (KHTML, like Gecko) Chrome/135.0.7049.114 Mobile Safari/537.36 (compatible; Googlebot/2.1; +http://www.google.com/bot.html)" "-"
66.249.79.172 - - [08/May/2025:17:07:50 +0900] "GET /shopdetail/5648557 HTTP/1.1" 200 25274 "-" "Mozilla/5.0 (Linux; Android 6.0.1; Nexus 5X Build/MMB29P) AppleWebKit/537.36 (KHTML, like Gecko) Chrome/136.0.7103.59 Mobile Safari/537.36 (compatible; GoogleOther)" "-"
66.249.79.172 - - [08/May/2025:17:07:51 +0900] "GET /shopdetail/3900580 HTTP/1.1" 200 22580 "-" "Mozilla/5.0 (Linux; Android 6.0.1; Nexus 5X Build/MMB29P) AppleWebKit/537.36 (KHTML, like Gecko) Chrome/136.0.7103.59 Mobile Safari/537.36 (compatible; Googlebot/2.1; +http://www.google.com/bot.html)" "-"
66.249.79.172 - - [08/May/2025:17:07:53 +0900] "POST /get-message-notify HTTP/1.1" 200 22945 "https://www.kahokutaku.com/shopdetail/5305968" "Mozilla/5.0 (Linux; Android 6.0.1; Nexus 5X Build/MMB29P) AppleWebKit/537.36 (KHTML, like Gecko) Chrome/135.0.7049.114 Mobile Safari/537.36 (compatible; Googlebot/2.1; +http://www.google.com/bot.html)" "-"
66.249.79.172 - - [08/May/2025:17:07:59 +0900] "GET /shopdetail/27643735 HTTP/1.1" 200 22759 "-" "Mozilla/5.0 (Linux; Android 6.0.1; Nexus 5X Build/MMB29P) AppleWebKit/537.36 (KHTML, like Gecko) Chrome/136.0.7103.59 Mobile Safari/537.36 (compatible; Googlebot/2.1; +http://www.google.com/bot.html)" "-"
66.249.79.172 - - [08/May/2025:17:08:00 +0900] "GET /shopdetail/26247835 HTTP/1.1" 200 25420 "-" "Mozilla/5.0 (compatible; Googlebot/2.1; +http://www.google.com/bot.html)" "-"
66.249.79.172 - - [08/May/2025:17:08:46 +0900] "POST /get-message-notify HTTP/1.1" 200 22945 "https://www.kahokutaku.com/shopdetail/12871257" "Mozilla/5.0 (Linux; Android 6.0.1; Nexus 5X Build/MMB29P) AppleWebKit/537.36 (KHTML, like Gecko) Chrome/135.0.7049.114 Mobile Safari/537.36 (compatible; Googlebot/2.1; +http://www.google.com/bot.html)" "-"
66.249.79.172 - - [08/May/2025:17:08:59 +0900] "GET /shopdetail/28573946 HTTP/1.1" 200 24573 "-" "Mozilla/5.0 (compatible; Googlebot/2.1; +http://www.google.com/bot.html)" "-"
66.249.79.172 - - [08/May/2025:17:09:01 +0900] "GET /shopdetail/30365713 HTTP/1.1" 200 22078 "-" "Mozilla/5.0 (Linux; Android 6.0.1; Nexus 5X Build/MMB29P) AppleWebKit/537.36 (KHTML, like Gecko) Chrome/136.0.7103.59 Mobile Safari/537.36 (compatible; GoogleOther)" "-"
147.92.179.115 - - [08/May/2025:17:09:05 +0900] "GET / HTTP/1.1" 301 162 "-" "facebookexternalhit/1.1;line-poker/1.0" "-"
160.251.148.50 - - [08/May/2025:17:09:06 +0900] "POST /wp-cron.php?doing_wp_cron=1746691745.9972999095916748046875 HTTP/1.1" 403 186 "-" "WordPress/6.7.2; https://kahokutaku.com" "-"
147.92.179.115 - - [08/May/2025:17:09:06 +0900] "GET / HTTP/1.1" 200 14124 "-" "facebookexternalhit/1.1;line-poker/1.0" "-"
126.157.191.94 - - [08/May/2025:17:09:14 +0900] "GET / HTTP/2.0" 200 14111 "-" "Mozilla/5.0 (iPhone; CPU iPhone OS 18_3 like Mac OS X) AppleWebKit/605.1.15 (KHTML, like Gecko) Mobile/15E148 Safari Line/15.5.2" "-"
126.157.191.94 - - [08/May/2025:17:09:17 +0900] "GET /favicon.ico HTTP/2.0" 302 0 "-" "LINE/2025.415.1834 CFNetwork/3826.400.120 Darwin/24.3.0" "-"
126.157.191.94 - - [08/May/2025:17:09:17 +0900] "GET /%e7%b7%b4%e7%bf%92%e3%83%bb%e5%a4%a7%e4%bc%9a%e4%ba%88%e5%ae%9a/ HTTP/2.0" 200 12050 "https://kahokutaku.com/" "Mozilla/5.0 (iPhone; CPU iPhone OS 18_3 like Mac OS X) AppleWebKit/605.1.15 (KHTML, like Gecko) Mobile/15E148 Safari Line/15.5.2" "-"
126.157.191.94 - - [08/May/2025:17:09:17 +0900] "GET /wp-includes/images/w-logo-blue-white-bg.png HTTP/2.0" 200 4119 "-" "LINE/2025.415.1834 CFNetwork/3826.400.120 Darwin/24.3.0" "-"
66.249.79.172 - - [08/May/2025:17:09:28 +0900] "GET /shopdetail/10665757 HTTP/1.1" 200 23476 "-" "Mozilla/5.0 (Linux; Android 6.0.1; Nexus 5X Build/MMB29P) AppleWebKit/537.36 (KHTML, like Gecko) Chrome/136.0.7103.59 Mobile Safari/537.36 (compatible; Googlebot/2.1; +http://www.google.com/bot.html)" "-"
126.157.191.94 - - [08/May/2025:17:09:32 +0900] "GET /favicon.ico HTTP/2.0" 302 0 "-" "LINE/2025.415.1834 CFNetwork/3826.400.120 Darwin/24.3.0" "-"
180.196.173.118 - - [08/May/2025:17:09:38 +0900] "GET /shopdetail/6616568 HTTP/2.0" 200 473 "https://www.google.com/" "Mozilla/5.0 (Linux; Android 10; K) AppleWebKit/537.36 (KHTML, like Gecko) Chrome/136.0.0.0 Mobile Safari/537.36" "-"
66.249.79.172 - - [08/May/2025:17:09:38 +0900] "GET /shopdetail/23579579 HTTP/1.1" 200 23062 "-" "Mozilla/5.0 (compatible; Googlebot/2.1; +http://www.google.com/bot.html)" "-"
66.249.79.173 - - [08/May/2025:17:10:02 +0900] "POST /get-message-notify HTTP/1.1" 200 22945 "https://www.kahokutaku.com/shopdetail/16641646" "Mozilla/5.0 (Linux; Android 6.0.1; Nexus 5X Build/MMB29P) AppleWebKit/537.36 (KHTML, like Gecko) Chrome/135.0.7049.114 Mobile Safari/537.36 (compatible; Googlebot/2.1; +http://www.google.com/bot.html)" "-"
66.249.79.173 - - [08/May/2025:17:10:25 +0900] "GET /shopdetail/3420091 HTTP/1.1" 200 25324 "-" "Mozilla/5.0 (Linux; Android 6.0.1; Nexus 5X Build/MMB29P) AppleWebKit/537.36 (KHTML, like Gecko) Chrome/136.0.7103.59 Mobile Safari/537.36 (compatible; Googlebot/2.1; +http://www.google.com/bot.html)" "-"
66.249.79.173 - - [08/May/2025:17:10:27 +0900] "GET /shopdetail/2307902 HTTP/1.1" 200 23799 "-" "Mozilla/5.0 (Linux; Android 6.0.1; Nexus 5X Build/MMB29P) AppleWebKit/537.36 (KHTML, like Gecko) Chrome/136.0.7103.59 Mobile Safari/537.36 (compatible; Googlebot/2.1; +http://www.google.com/bot.html)" "-"
43.167.236.228 - - [08/May/2025:17:10:35 +0900] "GET / HTTP/1.1" 301 162 "-" "Mozilla/5.0 (iPhone; CPU iPhone OS 13_2_3 like Mac OS X) AppleWebKit/605.1.15 (KHTML, like Gecko) Version/13.0.3 Mobile/15E148 Safari/604.1" "-"
160.251.148.50 - - [08/May/2025:17:10:36 +0900] "POST /wp-cron.php?doing_wp_cron=1746691836.2788419723510742187500 HTTP/1.1" 403 186 "-" "WordPress/6.7.2; https://kahokutaku.com" "-"
43.167.236.228 - - [08/May/2025:17:10:36 +0900] "GET / HTTP/1.1" 301 0 "http://www.kahokutaku.com" "Mozilla/5.0 (iPhone; CPU iPhone OS 13_2_3 like Mac OS X) AppleWebKit/605.1.15 (KHTML, like Gecko) Version/13.0.3 Mobile/15E148 Safari/604.1" "-"
43.167.236.228 - - [08/May/2025:17:10:36 +0900] "GET / HTTP/1.1" 200 14124 "https://www.kahokutaku.com/" "Mozilla/5.0 (iPhone; CPU iPhone OS 13_2_3 like Mac OS X) AppleWebKit/605.1.15 (KHTML, like Gecko) Version/13.0.3 Mobile/15E148 Safari/604.1" "-"
66.249.79.172 - - [08/May/2025:17:10:44 +0900] "POST /get-message-notify HTTP/1.1" 200 22945 "https://www.kahokutaku.com/shopdetail/12871257" "Mozilla/5.0 (Linux; Android 6.0.1; Nexus 5X Build/MMB29P) AppleWebKit/537.36 (KHTML, like Gecko) Chrome/135.0.7049.114 Mobile Safari/537.36 (compatible; Googlebot/2.1; +http://www.google.com/bot.html)" "-"
66.249.79.172 - - [08/May/2025:17:11:01 +0900] "GET /shopdetail/1597268 HTTP/1.1" 200 23812 "-" "Mozilla/5.0 (Linux; Android 6.0.1; Nexus 5X Build/MMB29P) AppleWebKit/537.36 (KHTML, like Gecko) Chrome/136.0.7103.59 Mobile Safari/537.36 (compatible; GoogleOther)" "-"
66.249.79.172 - - [08/May/2025:17:11:17 +0900] "GET /shopdetail/21617179 HTTP/1.1" 200 22676 "-" "Mozilla/5.0 (Linux; Android 6.0.1; Nexus 5X Build/MMB29P) AppleWebKit/537.36 (KHTML, like Gecko) Chrome/136.0.7103.59 Mobile Safari/537.36 (compatible; GoogleOther)" "-"
66.249.79.172 - - [08/May/2025:17:11:47 +0900] "GET /shopdetail/20171168 HTTP/1.1" 200 23347 "-" "Mozilla/5.0 (Linux; Android 6.0.1; Nexus 5X Build/MMB29P) AppleWebKit/537.36 (KHTML, like Gecko) Chrome/136.0.7103.59 Mobile Safari/537.36 (compatible; GoogleOther)" "-"
66.249.79.173 - - [08/May/2025:17:12:03 +0900] "GET /shopdetail/30371602 HTTP/1.1" 200 23728 "-" "Mozilla/5.0 (compatible; Googlebot/2.1; +http://www.google.com/bot.html)" "-"
66.249.79.172 - - [08/May/2025:17:12:03 +0900] "GET /shopdetail/5729480 HTTP/1.1" 200 22297 "-" "Mozilla/5.0 (compatible; Googlebot/2.1; +http://www.google.com/bot.html)" "-"
66.249.79.160 - - [08/May/2025:17:12:05 +0900] "GET /shopdetail/19096824 HTTP/1.1" 200 27333 "-" "Mozilla/5.0 (Linux; Android 6.0.1; Nexus 5X Build/MMB29P) AppleWebKit/537.36 (KHTML, like Gecko) Chrome/136.0.7103.59 Mobile Safari/537.36 (compatible; GoogleOther)" "-"
66.249.79.173 - - [08/May/2025:17:12:10 +0900] "POST /get-message-notify HTTP/1.1" 200 22945 "https://www.kahokutaku.com/shopdetail/5305968" "Mozilla/5.0 (Linux; Android 6.0.1; Nexus 5X Build/MMB29P) AppleWebKit/537.36 (KHTML, like Gecko) Chrome/135.0.7049.114 Mobile Safari/537.36 (compatible; Googlebot/2.1; +http://www.google.com/bot.html)" "-"
66.249.79.172 - - [08/May/2025:17:12:32 +0900] "GET /shopdetail/2840235 HTTP/1.1" 200 23351 "-" "Mozilla/5.0 (compatible; Googlebot/2.1; +http://www.google.com/bot.html)" "-"
66.249.79.172 - - [08/May/2025:17:12:32 +0900] "GET /shopdetail/7599246 HTTP/1.1" 200 23401 "-" "Mozilla/5.0 (Linux; Android 6.0.1; Nexus 5X Build/MMB29P) AppleWebKit/537.36 (KHTML, like Gecko) Chrome/136.0.7103.59 Mobile Safari/537.36 (compatible; Googlebot/2.1; +http://www.google.com/bot.html)" "-"
66.249.79.172 - - [08/May/2025:17:12:45 +0900] "GET /shopdetail/14408313 HTTP/1.1" 200 24510 "-" "Mozilla/5.0 (Linux; Android 6.0.1; Nexus 5X Build/MMB29P) AppleWebKit/537.36 (KHTML, like Gecko) Chrome/136.0.7103.59 Mobile Safari/537.36 (compatible; GoogleOther)" "-"
66.249.79.172 - - [08/May/2025:17:12:57 +0900] "GET /shopdetail/4204135 HTTP/1.1" 200 25154 "-" "Mozilla/5.0 (compatible; Googlebot/2.1; +http://www.google.com/bot.html)" "-"
66.249.79.160 - - [08/May/2025:17:13:14 +0900] "GET /shopdetail/16008646 HTTP/1.1" 200 24626 "-" "Mozilla/5.0 (Linux; Android 6.0.1; Nexus 5X Build/MMB29P) AppleWebKit/537.36 (KHTML, like Gecko) Chrome/136.0.7103.59 Mobile Safari/537.36 (compatible; GoogleOther)" "-"
66.249.79.172 - - [08/May/2025:17:13:23 +0900] "GET /shopdetail/5592402 HTTP/1.1" 200 22330 "-" "Mozilla/5.0 (Linux; Android 6.0.1; Nexus 5X Build/MMB29P) AppleWebKit/537.36 (KHTML, like Gecko) Chrome/136.0.7103.59 Mobile Safari/537.36 (compatible; Googlebot/2.1; +http://www.google.com/bot.html)" "-"
66.249.79.160 - - [08/May/2025:17:14:06 +0900] "GET /zhHant/product/surugaya/61016392?campaign_uid=f64d716db5e979ed2f947dbaf4296895b951ae7f HTTP/1.1" 200 25425 "-" "Mozilla/5.0 (Linux; Android 6.0.1; Nexus 5X Build/MMB29P) AppleWebKit/537.36 (KHTML, like Gecko) Chrome/136.0.7103.59 Mobile Safari/537.36 (compatible; Googlebot/2.1; +http://www.google.com/bot.html)" "-"
66.249.79.173 - - [08/May/2025:17:14:09 +0900] "GET /shopdetail/20604346 HTTP/1.1" 200 24947 "-" "Mozilla/5.0 (Linux; Android 6.0.1; Nexus 5X Build/MMB29P) AppleWebKit/537.36 (KHTML, like Gecko) Chrome/136.0.7103.59 Mobile Safari/537.36 (compatible; GoogleOther)" "-"
66.249.79.173 - - [08/May/2025:17:14:24 +0900] "GET /pcmypage?callback=product/detail/19550806 HTTP/1.1" 200 25866 "-" "Mozilla/5.0 (Linux; Android 6.0.1; Nexus 5X Build/MMB29P) AppleWebKit/537.36 (KHTML, like Gecko) Chrome/136.0.7103.59 Mobile Safari/537.36 (compatible; Googlebot/2.1; +http://www.google.com/bot.html)" "-"
66.249.79.172 - - [08/May/2025:17:14:40 +0900] "GET /zhHant/product/surugaya/94261212?campaign_uid=f64d716db5e979ed2f947dbaf4296895b951ae7f HTTP/1.1" 200 22882 "-" "Mozilla/5.0 (Linux; Android 6.0.1; Nexus 5X Build/MMB29P) AppleWebKit/537.36 (KHTML, like Gecko) Chrome/136.0.7103.59 Mobile Safari/537.36 (compatible; Googlebot/2.1; +http://www.google.com/bot.html)" "-"
66.249.79.172 - - [08/May/2025:17:14:44 +0900] "GET /shopdetail/10505579 HTTP/1.1" 200 22915 "-" "Mozilla/5.0 (Linux; Android 6.0.1; Nexus 5X Build/MMB29P) AppleWebKit/537.36 (KHTML, like Gecko) Chrome/136.0.7103.59 Mobile Safari/537.36 (compatible; GoogleOther)" "-"
42.124.97.81 - - [08/May/2025:17:15:09 +0900] "GET /shopdetail/20115191 HTTP/2.0" 200 372 "https://www.google.com/" "Mozilla/5.0 (Linux; Android 10; K) AppleWebKit/537.36 (KHTML, like Gecko) Chrome/136.0.0.0 Mobile Safari/537.36" "-"
66.249.79.160 - - [08/May/2025:17:15:20 +0900] "POST /get-message-notify HTTP/1.1" 200 22945 "https://www.kahokutaku.com/zhHant/product/surugaya/94261212?campaign_uid=f64d716db5e979ed2f947dbaf4296895b951ae7f" "Mozilla/5.0 (Linux; Android 6.0.1; Nexus 5X Build/MMB29P) AppleWebKit/537.36 (KHTML, like Gecko) Chrome/135.0.7049.114 Mobile Safari/537.36 (compatible; Googlebot/2.1; +http://www.google.com/bot.html)" "-"
66.249.79.173 - - [08/May/2025:17:15:22 +0900] "GET /zhHant/product/surugaya/17248692?campaign_uid=f64d716db5e979ed2f947dbaf4296895b951ae7f HTTP/1.1" 200 22524 "-" "Mozilla/5.0 (Linux; Android 6.0.1; Nexus 5X Build/MMB29P) AppleWebKit/537.36 (KHTML, like Gecko) Chrome/136.0.7103.59 Mobile Safari/537.36 (compatible; Googlebot/2.1; +http://www.google.com/bot.html)" "-"
126.166.162.78 - - [08/May/2025:17:15:31 +0900] "GET /shopdetail/20115191 HTTP/2.0" 200 372 "https://www.google.com/" "Mozilla/5.0 (Linux; Android 10; K) AppleWebKit/537.36 (KHTML, like Gecko) Chrome/136.0.0.0 Mobile Safari/537.36" "-"
66.249.79.173 - - [08/May/2025:17:15:47 +0900] "GET /shopdetail/2965802 HTTP/1.1" 200 23863 "-" "Mozilla/5.0 (compatible; Googlebot/2.1; +http://www.google.com/bot.html)" "-"
66.249.79.160 - - [08/May/2025:17:16:18 +0900] "POST /get-message-notify HTTP/1.1" 200 22945 "https://www.kahokutaku.com/shopdetail/21617179" "Mozilla/5.0 (Linux; Android 6.0.1; Nexus 5X Build/MMB29P) AppleWebKit/537.36 (KHTML, like Gecko) Chrome/135.0.7049.114 Mobile Safari/537.36 (compatible; Googlebot/2.1; +http://www.google.com/bot.html)" "-"
66.249.79.172 - - [08/May/2025:17:16:18 +0900] "GET /zhHant/product/surugaya/71997049?campaign_uid=f64d716db5e979ed2f947dbaf4296895b951ae7f HTTP/1.1" 200 24847 "-" "Mozilla/5.0 (Linux; Android 6.0.1; Nexus 5X Build/MMB29P) AppleWebKit/537.36 (KHTML, like Gecko) Chrome/136.0.7103.59 Mobile Safari/537.36 (compatible; Googlebot/2.1; +http://www.google.com/bot.html)" "-"
66.249.79.173 - - [08/May/2025:17:16:23 +0900] "GET /shopdetail/24486279 HTTP/1.1" 200 22998 "-" "Mozilla/5.0 (compatible; Googlebot/2.1; +http://www.google.com/bot.html)" "-"
66.249.79.172 - - [08/May/2025:17:16:30 +0900] "GET /shopdetail/26784024 HTTP/1.1" 200 22189 "-" "Mozilla/5.0 (Linux; Android 6.0.1; Nexus 5X Build/MMB29P) AppleWebKit/537.36 (KHTML, like Gecko) Chrome/136.0.7103.59 Mobile Safari/537.36 (compatible; GoogleOther)" "-"
66.249.79.172 - - [08/May/2025:17:16:44 +0900] "GET /shopdetail/30561591 HTTP/1.1" 200 22897 "-" "Mozilla/5.0 (Linux; Android 6.0.1; Nexus 5X Build/MMB29P) AppleWebKit/537.36 (KHTML, like Gecko) Chrome/136.0.7103.59 Mobile Safari/537.36 (compatible; Googlebot/2.1; +http://www.google.com/bot.html)" "-"
66.249.79.172 - - [08/May/2025:17:17:01 +0900] "GET /shopdetail/26025979 HTTP/1.1" 200 22591 "-" "Mozilla/5.0 (Linux; Android 6.0.1; Nexus 5X Build/MMB29P) AppleWebKit/537.36 (KHTML, like Gecko) Chrome/136.0.7103.59 Mobile Safari/537.36 (compatible; GoogleOther)" "-"
66.249.79.172 - - [08/May/2025:17:17:21 +0900] "GET /shopdetail/27511002 HTTP/1.1" 200 24611 "-" "Mozilla/5.0 (Linux; Android 6.0.1; Nexus 5X Build/MMB29P) AppleWebKit/537.36 (KHTML, like Gecko) Chrome/136.0.7103.59 Mobile Safari/537.36 (compatible; Googlebot/2.1; +http://www.google.com/bot.html)" "-"
66.249.79.173 - - [08/May/2025:17:17:21 +0900] "GET /pcmypage?callback=/product%2Fdetail%2F14576227 HTTP/1.1" 200 21954 "-" "Mozilla/5.0 (Linux; Android 6.0.1; Nexus 5X Build/MMB29P) AppleWebKit/537.36 (KHTML, like Gecko) Chrome/136.0.7103.59 Mobile Safari/537.36 (compatible; GoogleOther)" "-"
66.249.79.172 - - [08/May/2025:17:17:59 +0900] "GET /shopdetail/12952480 HTTP/1.1" 200 22613 "-" "Mozilla/5.0 (Linux; Android 6.0.1; Nexus 5X Build/MMB29P) AppleWebKit/537.36 (KHTML, like Gecko) Chrome/136.0.7103.59 Mobile Safari/537.36 (compatible; GoogleOther)" "-"
66.249.79.172 - - [08/May/2025:17:18:03 +0900] "POST /get-message-notify HTTP/1.1" 200 22945 "https://www.kahokutaku.com/shopdetail/27511002" "Mozilla/5.0 (Linux; Android 6.0.1; Nexus 5X Build/MMB29P) AppleWebKit/537.36 (KHTML, like Gecko) Chrome/135.0.7049.114 Mobile Safari/537.36 (compatible; Googlebot/2.1; +http://www.google.com/bot.html)" "-"
66.249.79.173 - - [08/May/2025:17:18:13 +0900] "GET /shopdetail/25823935 HTTP/1.1" 200 23879 "-" "Mozilla/5.0 (Linux; Android 6.0.1; Nexus 5X Build/MMB29P) AppleWebKit/537.36 (KHTML, like Gecko) Chrome/136.0.7103.59 Mobile Safari/537.36 (compatible; GoogleOther)" "-"
66.249.79.172 - - [08/May/2025:17:18:18 +0900] "POST /get-message-notify HTTP/1.1" 200 22945 "https://www.kahokutaku.com/shopdetail/19096824" "Mozilla/5.0 (Linux; Android 6.0.1; Nexus 5X Build/MMB29P) AppleWebKit/537.36 (KHTML, like Gecko) Chrome/135.0.7049.114 Mobile Safari/537.36 (compatible; Googlebot/2.1; +http://www.google.com/bot.html)" "-"
66.249.79.172 - - [08/May/2025:17:18:21 +0900] "POST /get-message-notify HTTP/1.1" 200 22945 "https://www.kahokutaku.com/shopdetail/21617179" "Mozilla/5.0 (Linux; Android 6.0.1; Nexus 5X Build/MMB29P) AppleWebKit/537.36 (KHTML, like Gecko) Chrome/135.0.7049.114 Mobile Safari/537.36 (compatible; Googlebot/2.1; +http://www.google.com/bot.html)" "-"
66.249.79.172 - - [08/May/2025:17:18:22 +0900] "GET /shopdetail/20449057 HTTP/1.1" 200 22445 "-" "Mozilla/5.0 (Linux; Android 6.0.1; Nexus 5X Build/MMB29P) AppleWebKit/537.36 (KHTML, like Gecko) Chrome/136.0.7103.59 Mobile Safari/537.36 (compatible; Googlebot/2.1; +http://www.google.com/bot.html)" "-"
66.249.79.172 - - [08/May/2025:17:18:33 +0900] "GET /shopdetail/8173380 HTTP/1.1" 200 21842 "-" "Mozilla/5.0 (Linux; Android 6.0.1; Nexus 5X Build/MMB29P) AppleWebKit/537.36 (KHTML, like Gecko) Chrome/136.0.7103.59 Mobile Safari/537.36 (compatible; GoogleOther)" "-"
185.171.184.80 - - [08/May/2025:17:19:27 +0900] "POST /xmlrpc.php HTTP/2.0" 403 175 "https://kahokutaku.com" "Mozilla/5.0 (Macintosh; Intel Mac OS X 10_15_7; rv:129.0) Gecko/20100101 Firefox/129.0" "-"
66.249.79.160 - - [08/May/2025:17:19:29 +0900] "POST /get-message-notify HTTP/1.1" 200 22945 "https://www.kahokutaku.com/shopdetail/21782802" "Mozilla/5.0 (Linux; Android 6.0.1; Nexus 5X Build/MMB29P) AppleWebKit/537.36 (KHTML, like Gecko) Chrome/135.0.7049.114 Mobile Safari/537.36 (compatible; Googlebot/2.1; +http://www.google.com/bot.html)" "-"
66.249.79.173 - - [08/May/2025:17:19:39 +0900] "GET /shopdetail/4966068 HTTP/1.1" 200 30105 "-" "Mozilla/5.0 (Linux; Android 6.0.1; Nexus 5X Build/MMB29P) AppleWebKit/537.36 (KHTML, like Gecko) Chrome/136.0.7103.59 Mobile Safari/537.36 (compatible; GoogleOther)" "-"
66.249.79.173 - - [08/May/2025:17:20:25 +0900] "GET /shopdetail/18852179 HTTP/1.1" 200 23319 "-" "Mozilla/5.0 (compatible; Googlebot/2.1; +http://www.google.com/bot.html)" "-"
66.249.79.173 - - [08/May/2025:17:21:09 +0900] "GET /shopdetail/3033557 HTTP/1.1" 200 23922 "-" "Mozilla/5.0 (Linux; Android 6.0.1; Nexus 5X Build/MMB29P) AppleWebKit/537.36 (KHTML, like Gecko) Chrome/136.0.7103.59 Mobile Safari/537.36 (compatible; Googlebot/2.1; +http://www.google.com/bot.html)" "-"
66.249.79.172 - - [08/May/2025:17:21:58 +0900] "POST /get-message-notify HTTP/1.1" 200 22945 "https://www.kahokutaku.com/shopdetail/14408313" "Mozilla/5.0 (Linux; Android 6.0.1; Nexus 5X Build/MMB29P) AppleWebKit/537.36 (KHTML, like Gecko) Chrome/135.0.7049.114 Mobile Safari/537.36 (compatible; Googlebot/2.1; +http://www.google.com/bot.html)" "-"
66.249.79.172 - - [08/May/2025:17:22:00 +0900] "GET /shopdetail/8538680 HTTP/1.1" 200 22303 "-" "Mozilla/5.0 (Linux; Android 6.0.1; Nexus 5X Build/MMB29P) AppleWebKit/537.36 (KHTML, like Gecko) Chrome/136.0.7103.59 Mobile Safari/537.36 (compatible; GoogleOther)" "-"
66.249.79.172 - - [08/May/2025:17:22:02 +0900] "GET /product/edit/91840469 HTTP/1.1" 200 24952 "-" "Mozilla/5.0 (Linux; Android 6.0.1; Nexus 5X Build/MMB29P) AppleWebKit/537.36 (KHTML, like Gecko) Chrome/136.0.7103.59 Mobile Safari/537.36 (compatible; Googlebot/2.1; +http://www.google.com/bot.html)" "-"
66.249.79.172 - - [08/May/2025:17:22:32 +0900] "POST /get-message-notify HTTP/1.1" 200 22945 "https://www.kahokutaku.com/shopdetail/1597268" "Mozilla/5.0 (Linux; Android 6.0.1; Nexus 5X Build/MMB29P) AppleWebKit/537.36 (KHTML, like Gecko) Chrome/135.0.7049.114 Mobile Safari/537.36 (compatible; Googlebot/2.1; +http://www.google.com/bot.html)" "-"
66.249.79.172 - - [08/May/2025:17:22:35 +0900] "GET /shopdetail/25223080 HTTP/1.1" 200 23153 "-" "Mozilla/5.0 (Linux; Android 6.0.1; Nexus 5X Build/MMB29P) AppleWebKit/537.36 (KHTML, like Gecko) Chrome/136.0.7103.59 Mobile Safari/537.36 (compatible; GoogleOther)" "-"
66.249.79.172 - - [08/May/2025:17:22:45 +0900] "GET /shopdetail/16901346 HTTP/1.1" 200 24384 "-" "Mozilla/5.0 (compatible; Googlebot/2.1; +http://www.google.com/bot.html)" "-"
66.249.79.172 - - [08/May/2025:17:22:51 +0900] "GET /shopdetail/6078380 HTTP/1.1" 200 24210 "-" "Mozilla/5.0 (Linux; Android 6.0.1; Nexus 5X Build/MMB29P) AppleWebKit/537.36 (KHTML, like Gecko) Chrome/136.0.7103.59 Mobile Safari/537.36 (compatible; GoogleOther)" "-"
66.249.79.173 - - [08/May/2025:17:23:04 +0900] "POST /get-message-notify HTTP/1.1" 200 22945 "https://www.kahokutaku.com/pcmypage?callback=/product%2Fdetail%2F14576227" "Mozilla/5.0 (Linux; Android 6.0.1; Nexus 5X Build/MMB29P) AppleWebKit/537.36 (KHTML, like Gecko) Chrome/135.0.7049.114 Mobile Safari/537.36 (compatible; Googlebot/2.1; +http://www.google.com/bot.html)" "-"
66.249.79.172 - - [08/May/2025:17:23:30 +0900] "GET /shopdetail/5062802 HTTP/1.1" 200 23642 "-" "Mozilla/5.0 (Linux; Android 6.0.1; Nexus 5X Build/MMB29P) AppleWebKit/537.36 (KHTML, like Gecko) Chrome/136.0.7103.59 Mobile Safari/537.36 (compatible; GoogleOther)" "-"
66.249.79.172 - - [08/May/2025:17:23:50 +0900] "GET /shopdetail/14963191 HTTP/1.1" 200 22344 "-" "Mozilla/5.0 (Linux; Android 6.0.1; Nexus 5X Build/MMB29P) AppleWebKit/537.36 (KHTML, like Gecko) Chrome/136.0.7103.59 Mobile Safari/537.36 (compatible; Googlebot/2.1; +http://www.google.com/bot.html)" "-"
66.249.79.172 - - [08/May/2025:17:24:00 +0900] "GET /shopdetail/3610880 HTTP/1.1" 200 22682 "-" "Mozilla/5.0 (Linux; Android 6.0.1; Nexus 5X Build/MMB29P) AppleWebKit/537.36 (KHTML, like Gecko) Chrome/136.0.7103.59 Mobile Safari/537.36 (compatible; GoogleOther)" "-"
66.249.79.172 - - [08/May/2025:17:24:14 +0900] "GET /shopdetail/21668868 HTTP/1.1" 200 25993 "-" "Mozilla/5.0 (Linux; Android 6.0.1; Nexus 5X Build/MMB29P) AppleWebKit/537.36 (KHTML, like Gecko) Chrome/136.0.7103.59 Mobile Safari/537.36 (compatible; GoogleOther)" "-"
66.249.79.172 - - [08/May/2025:17:24:21 +0900] "POST /get-message-notify HTTP/1.1" 200 22945 "https://www.kahokutaku.com/shopdetail/30365713" "Mozilla/5.0 (Linux; Android 6.0.1; Nexus 5X Build/MMB29P) AppleWebKit/537.36 (KHTML, like Gecko) Chrome/135.0.7049.114 Mobile Safari/537.36 (compatible; Googlebot/2.1; +http://www.google.com/bot.html)" "-"
66.249.79.172 - - [08/May/2025:17:24:36 +0900] "POST /get-message-notify HTTP/1.1" 200 22945 "https://www.kahokutaku.com/shopdetail/8173380" "Mozilla/5.0 (Linux; Android 6.0.1; Nexus 5X Build/MMB29P) AppleWebKit/537.36 (KHTML, like Gecko) Chrome/135.0.7049.114 Mobile Safari/537.36 (compatible; Googlebot/2.1; +http://www.google.com/bot.html)" "-"
66.249.79.172 - - [08/May/2025:17:24:51 +0900] "GET /shopdetail/7661580 HTTP/1.1" 200 22539 "-" "Mozilla/5.0 (Linux; Android 6.0.1; Nexus 5X Build/MMB29P) AppleWebKit/537.36 (KHTML, like Gecko) Chrome/136.0.7103.59 Mobile Safari/537.36 (compatible; GoogleOther)" "-"
66.249.79.160 - - [08/May/2025:17:25:08 +0900] "GET /shopdetail/9381635 HTTP/1.1" 200 28877 "-" "Mozilla/5.0 (Linux; Android 6.0.1; Nexus 5X Build/MMB29P) AppleWebKit/537.36 (KHTML, like Gecko) Chrome/136.0.7103.59 Mobile Safari/537.36 (compatible; GoogleOther)" "-"
66.249.79.160 - - [08/May/2025:17:26:10 +0900] "GET /zhHant/product/surugaya/96033992?campaign_uid=f64d716db5e979ed2f947dbaf4296895b951ae7f HTTP/1.1" 200 24032 "-" "Mozilla/5.0 (Linux; Android 6.0.1; Nexus 5X Build/MMB29P) AppleWebKit/537.36 (KHTML, like Gecko) Chrome/136.0.7103.59 Mobile Safari/537.36 (compatible; Googlebot/2.1; +http://www.google.com/bot.html)" "-"
66.249.79.173 - - [08/May/2025:17:26:15 +0900] "POST /get-message-notify HTTP/1.1" 200 22945 "https://www.kahokutaku.com/zhHant/product/surugaya/96033992?campaign_uid=f64d716db5e979ed2f947dbaf4296895b951ae7f" "Mozilla/5.0 (Linux; Android 6.0.1; Nexus 5X Build/MMB29P) AppleWebKit/537.36 (KHTML, like Gecko) Chrome/135.0.7049.114 Mobile Safari/537.36 (compatible; Googlebot/2.1; +http://www.google.com/bot.html)" "-"
66.249.79.172 - - [08/May/2025:17:26:21 +0900] "GET /pcmypage?callback=product/review/23606905 HTTP/1.1" 200 24263 "-" "Mozilla/5.0 (Linux; Android 6.0.1; Nexus 5X Build/MMB29P) AppleWebKit/537.36 (KHTML, like Gecko) Chrome/136.0.7103.59 Mobile Safari/537.36 (compatible; Googlebot/2.1; +http://www.google.com/bot.html)" "-"
66.249.79.173 - - [08/May/2025:17:27:14 +0900] "GET /shopdetail/9614002 HTTP/1.1" 200 23721 "-" "Mozilla/5.0 (Linux; Android 6.0.1; Nexus 5X Build/MMB29P) AppleWebKit/537.36 (KHTML, like Gecko) Chrome/136.0.7103.59 Mobile Safari/537.36 (compatible; GoogleOther)" "-"
66.249.79.172 - - [08/May/2025:17:27:28 +0900] "GET /shopdetail/16387813 HTTP/1.1" 200 23490 "-" "Mozilla/5.0 (Linux; Android 6.0.1; Nexus 5X Build/MMB29P) AppleWebKit/537.36 (KHTML, like Gecko) Chrome/136.0.7103.59 Mobile Safari/537.36 (compatible; GoogleOther)" "-"
66.249.79.173 - - [08/May/2025:17:27:30 +0900] "GET /zhHant/product/surugaya/48220925?campaign_uid=f64d716db5e979ed2f947dbaf4296895b951ae7f HTTP/1.1" 200 23527 "-" "Mozilla/5.0 (Linux; Android 6.0.1; Nexus 5X Build/MMB29P) AppleWebKit/537.36 (KHTML, like Gecko) Chrome/136.0.7103.59 Mobile Safari/537.36 (compatible; Googlebot/2.1; +http://www.google.com/bot.html)" "-"
66.249.79.172 - - [08/May/2025:17:27:47 +0900] "GET /shopdetail/6987791 HTTP/1.1" 200 22870 "-" "Mozilla/5.0 (Linux; Android 6.0.1; Nexus 5X Build/MMB29P) AppleWebKit/537.36 (KHTML, like Gecko) Chrome/136.0.7103.59 Mobile Safari/537.36 (compatible; GoogleOther)" "-"
66.249.79.160 - - [08/May/2025:17:28:16 +0900] "GET /shopdetail/12646279 HTTP/1.1" 200 24041 "-" "Mozilla/5.0 (Linux; Android 6.0.1; Nexus 5X Build/MMB29P) AppleWebKit/537.36 (KHTML, like Gecko) Chrome/136.0.7103.59 Mobile Safari/537.36 (compatible; GoogleOther)" "-"
198.54.114.58 - - [08/May/2025:17:28:22 +0900] "POST /xmlrpc.php HTTP/2.0" 403 175 "https://kahokutaku.com" "Mozilla/5.0 (Macintosh; Intel Mac OS X 10_15_7; rv:126.0) Gecko/20100101 Firefox/126.0" "-"
66.249.79.172 - - [08/May/2025:17:29:00 +0900] "GET /shopdetail/13401624 HTTP/1.1" 200 25053 "-" "Mozilla/5.0 (Linux; Android 6.0.1; Nexus 5X Build/MMB29P) AppleWebKit/537.36 (KHTML, like Gecko) Chrome/136.0.7103.59 Mobile Safari/537.36 (compatible; GoogleOther)" "-"
66.249.79.173 - - [08/May/2025:17:30:18 +0900] "POST /get-message-notify HTTP/1.1" 200 22945 "https://www.kahokutaku.com/shopdetail/6078380" "Mozilla/5.0 (Linux; Android 6.0.1; Nexus 5X Build/MMB29P) AppleWebKit/537.36 (KHTML, like Gecko) Chrome/135.0.7049.114 Mobile Safari/537.36 (compatible; Googlebot/2.1; +http://www.google.com/bot.html)" "-"
193.186.4.171 - - [08/May/2025:17:31:24 +0900] "GET /shopdetail/1745191 HTTP/2.0" 200 411 "https://www.google.com/" "Mozilla/5.0 (Windows NT 10.0; Win64; x64) AppleWebKit/537.36 (KHTML, like Gecko) Chrome/135.0.0.0 Safari/537.36" "-"
66.249.79.172 - - [08/May/2025:17:32:12 +0900] "GET /shopdetail/1705735 HTTP/1.1" 200 24008 "-" "Mozilla/5.0 (compatible; Googlebot/2.1; +http://www.google.com/bot.html)" "-"
66.249.79.173 - - [08/May/2025:17:32:42 +0900] "GET /shopdetail/18054446 HTTP/1.1" 200 25552 "-" "Mozilla/5.0 (compatible; Googlebot/2.1; +http://www.google.com/bot.html)" "-"
66.249.79.173 - - [08/May/2025:17:32:42 +0900] "GET /shopdetail/18054446 HTTP/1.1" 200 25552 "-" "Mozilla/5.0 (Linux; Android 6.0.1; Nexus 5X Build/MMB29P) AppleWebKit/537.36 (KHTML, like Gecko) Chrome/136.0.7103.59 Mobile Safari/537.36 (compatible; Googlebot/2.1; +http://www.google.com/bot.html)" "-"
66.249.79.172 - - [08/May/2025:17:32:55 +0900] "GET /pcmypage?callback=product/review/53237271 HTTP/1.1" 200 24207 "-" "Mozilla/5.0 (compatible; Googlebot/2.1; +http://www.google.com/bot.html)" "-"
66.249.79.172 - - [08/May/2025:17:33:19 +0900] "POST /get-message-notify HTTP/1.1" 200 22945 "https://www.kahokutaku.com/shopdetail/21782802" "Mozilla/5.0 (Linux; Android 6.0.1; Nexus 5X Build/MMB29P) AppleWebKit/537.36 (KHTML, like Gecko) Chrome/135.0.7049.114 Mobile Safari/537.36 (compatible; Googlebot/2.1; +http://www.google.com/bot.html)" "-"
66.249.79.172 - - [08/May/2025:17:33:48 +0900] "POST /get-message-notify HTTP/1.1" 200 22945 "https://www.kahokutaku.com/shopdetail/21668868" "Mozilla/5.0 (Linux; Android 6.0.1; Nexus 5X Build/MMB29P) AppleWebKit/537.36 (KHTML, like Gecko) Chrome/135.0.7049.114 Mobile Safari/537.36 (compatible; Googlebot/2.1; +http://www.google.com/bot.html)" "-"
66.249.79.160 - - [08/May/2025:17:34:40 +0900] "GET /shopdetail/7449757 HTTP/1.1" 200 23775 "-" "Mozilla/5.0 (compatible; Googlebot/2.1; +http://www.google.com/bot.html)" "-"
66.249.79.172 - - [08/May/2025:17:34:47 +0900] "GET /shopdetail/13123935 HTTP/1.1" 200 24239 "-" "Mozilla/5.0 (Linux; Android 6.0.1; Nexus 5X Build/MMB29P) AppleWebKit/537.36 (KHTML, like Gecko) Chrome/136.0.7103.59 Mobile Safari/537.36 (compatible; Googlebot/2.1; +http://www.google.com/bot.html)" "-"
66.249.79.172 - - [08/May/2025:17:35:33 +0900] "GET /shopdetail/5251391 HTTP/1.1" 200 22034 "-" "Mozilla/5.0 (Linux; Android 6.0.1; Nexus 5X Build/MMB29P) AppleWebKit/537.36 (KHTML, like Gecko) Chrome/136.0.7103.59 Mobile Safari/537.36 (compatible; Googlebot/2.1; +http://www.google.com/bot.html)" "-"
66.249.79.173 - - [08/May/2025:17:35:46 +0900] "GET /shopdetail/3665168 HTTP/1.1" 200 23345 "-" "Mozilla/5.0 (compatible; Googlebot/2.1; +http://www.google.com/bot.html)" "-"
66.249.79.173 - - [08/May/2025:17:36:29 +0900] "GET /shopdetail/11503735 HTTP/1.1" 200 24024 "-" "Mozilla/5.0 (Linux; Android 6.0.1; Nexus 5X Build/MMB29P) AppleWebKit/537.36 (KHTML, like Gecko) Chrome/136.0.7103.59 Mobile Safari/537.36 (compatible; GoogleOther)" "-"
66.249.79.173 - - [08/May/2025:17:36:44 +0900] "GET /shopdetail/15356879 HTTP/1.1" 200 23475 "-" "Mozilla/5.0 (Linux; Android 6.0.1; Nexus 5X Build/MMB29P) AppleWebKit/537.36 (KHTML, like Gecko) Chrome/136.0.7103.59 Mobile Safari/537.36 (compatible; GoogleOther)" "-"
66.249.79.172 - - [08/May/2025:17:36:47 +0900] "POST /get-message-notify HTTP/1.1" 200 22945 "https://www.kahokutaku.com/shopdetail/4966068" "Mozilla/5.0 (Linux; Android 6.0.1; Nexus 5X Build/MMB29P) AppleWebKit/537.36 (KHTML, like Gecko) Chrome/135.0.7049.114 Mobile Safari/537.36 (compatible; Googlebot/2.1; +http://www.google.com/bot.html)" "-"
66.249.79.172 - - [08/May/2025:17:36:58 +0900] "GET /shopdetail/27211313 HTTP/1.1" 200 25279 "-" "Mozilla/5.0 (Linux; Android 6.0.1; Nexus 5X Build/MMB29P) AppleWebKit/537.36 (KHTML, like Gecko) Chrome/136.0.7103.59 Mobile Safari/537.36 (compatible; Googlebot/2.1; +http://www.google.com/bot.html)" "-"
66.249.79.172 - - [08/May/2025:17:37:01 +0900] "GET /shopdetail/3631780 HTTP/1.1" 200 24324 "-" "Mozilla/5.0 (Linux; Android 6.0.1; Nexus 5X Build/MMB29P) AppleWebKit/537.36 (KHTML, like Gecko) Chrome/136.0.7103.59 Mobile Safari/537.36 (compatible; GoogleOther)" "-"
66.249.79.172 - - [08/May/2025:17:37:17 +0900] "GET /shopdetail/28922802 HTTP/1.1" 200 26941 "-" "Mozilla/5.0 (Linux; Android 6.0.1; Nexus 5X Build/MMB29P) AppleWebKit/537.36 (KHTML, like Gecko) Chrome/136.0.7103.59 Mobile Safari/537.36 (compatible; GoogleOther)" "-"
66.249.79.172 - - [08/May/2025:17:37:36 +0900] "GET /shopdetail/22455280 HTTP/1.1" 200 23708 "-" "Mozilla/5.0 (Linux; Android 6.0.1; Nexus 5X Build/MMB29P) AppleWebKit/537.36 (KHTML, like Gecko) Chrome/136.0.7103.59 Mobile Safari/537.36 (compatible; GoogleOther)" "-"
66.249.79.172 - - [08/May/2025:17:37:46 +0900] "GET /shopdetail/16822202 HTTP/1.1" 200 23978 "-" "Mozilla/5.0 (Linux; Android 6.0.1; Nexus 5X Build/MMB29P) AppleWebKit/537.36 (KHTML, like Gecko) Chrome/136.0.7103.59 Mobile Safari/537.36 (compatible; Googlebot/2.1; +http://www.google.com/bot.html)" "-"
66.249.79.172 - - [08/May/2025:17:37:52 +0900] "GET /shopdetail/5633757 HTTP/1.1" 200 23559 "-" "Mozilla/5.0 (Linux; Android 6.0.1; Nexus 5X Build/MMB29P) AppleWebKit/537.36 (KHTML, like Gecko) Chrome/136.0.7103.59 Mobile Safari/537.36 (compatible; GoogleOther)" "-"
66.249.79.160 - - [08/May/2025:17:38:07 +0900] "GET /shopdetail/5317268 HTTP/1.1" 200 22917 "-" "Mozilla/5.0 (Linux; Android 6.0.1; Nexus 5X Build/MMB29P) AppleWebKit/537.36 (KHTML, like Gecko) Chrome/136.0.7103.59 Mobile Safari/537.36 (compatible; GoogleOther)" "-"
66.249.79.173 - - [08/May/2025:17:38:22 +0900] "POST /get-message-notify HTTP/1.1" 200 22945 "https://www.kahokutaku.com/shopdetail/28922802" "Mozilla/5.0 (Linux; Android 6.0.1; Nexus 5X Build/MMB29P) AppleWebKit/537.36 (KHTML, like Gecko) Chrome/135.0.7049.114 Mobile Safari/537.36 (compatible; Googlebot/2.1; +http://www.google.com/bot.html)" "-"
66.249.79.172 - - [08/May/2025:17:38:27 +0900] "GET /shopdetail/27789880 HTTP/1.1" 200 23583 "-" "Mozilla/5.0 (Linux; Android 6.0.1; Nexus 5X Build/MMB29P) AppleWebKit/537.36 (KHTML, like Gecko) Chrome/136.0.7103.59 Mobile Safari/537.36 (compatible; GoogleOther)" "-"
66.249.79.172 - - [08/May/2025:17:38:48 +0900] "GET /shopdetail/8470046 HTTP/1.1" 200 23148 "-" "Mozilla/5.0 (Linux; Android 6.0.1; Nexus 5X Build/MMB29P) AppleWebKit/537.36 (KHTML, like Gecko) Chrome/136.0.7103.59 Mobile Safari/537.36 (compatible; GoogleOther)" "-"
66.249.79.173 - - [08/May/2025:17:39:02 +0900] "GET /shopdetail/19615446 HTTP/1.1" 200 24322 "-" "Mozilla/5.0 (Linux; Android 6.0.1; Nexus 5X Build/MMB29P) AppleWebKit/537.36 (KHTML, like Gecko) Chrome/136.0.7103.59 Mobile Safari/537.36 (compatible; GoogleOther)" "-"
193.186.4.171 - - [08/May/2025:17:39:49 +0900] "GET /shopdetail/1745191 HTTP/2.0" 200 411 "https://www.google.com/" "Mozilla/5.0 (Windows NT 10.0; Win64; x64) AppleWebKit/537.36 (KHTML, like Gecko) Chrome/135.0.0.0 Safari/537.36" "-"
66.249.79.173 - - [08/May/2025:17:40:11 +0900] "GET /shopdetail/14950013 HTTP/1.1" 200 22941 "-" "Mozilla/5.0 (Linux; Android 6.0.1; Nexus 5X Build/MMB29P) AppleWebKit/537.36 (KHTML, like Gecko) Chrome/136.0.7103.59 Mobile Safari/537.36 (compatible; GoogleOther)" "-"
66.249.79.172 - - [08/May/2025:17:40:27 +0900] "GET /shopdetail/6849546 HTTP/1.1" 200 24275 "-" "Mozilla/5.0 (Linux; Android 6.0.1; Nexus 5X Build/MMB29P) AppleWebKit/537.36 (KHTML, like Gecko) Chrome/136.0.7103.59 Mobile Safari/537.36 (compatible; GoogleOther)" "-"
66.249.79.172 - - [08/May/2025:17:40:43 +0900] "GET /shopdetail/21384735 HTTP/1.1" 200 23291 "-" "Mozilla/5.0 (Linux; Android 6.0.1; Nexus 5X Build/MMB29P) AppleWebKit/537.36 (KHTML, like Gecko) Chrome/136.0.7103.59 Mobile Safari/537.36 (compatible; GoogleOther)" "-"
66.249.79.173 - - [08/May/2025:17:41:01 +0900] "GET /shopdetail/4284424 HTTP/1.1" 200 22600 "-" "Mozilla/5.0 (Linux; Android 6.0.1; Nexus 5X Build/MMB29P) AppleWebKit/537.36 (KHTML, like Gecko) Chrome/136.0.7103.59 Mobile Safari/537.36 (compatible; GoogleOther)" "-"
66.249.79.172 - - [08/May/2025:17:41:55 +0900] "GET /shopdetail/11373791 HTTP/1.1" 200 23316 "-" "Mozilla/5.0 (Linux; Android 6.0.1; Nexus 5X Build/MMB29P) AppleWebKit/537.36 (KHTML, like Gecko) Chrome/136.0.7103.59 Mobile Safari/537.36 (compatible; GoogleOther)" "-"
66.249.79.160 - - [08/May/2025:17:42:13 +0900] "GET /shopdetail/7166357 HTTP/1.1" 200 22468 "-" "Mozilla/5.0 (Linux; Android 6.0.1; Nexus 5X Build/MMB29P) AppleWebKit/537.36 (KHTML, like Gecko) Chrome/136.0.7103.59 Mobile Safari/537.36 (compatible; GoogleOther)" "-"
66.249.79.173 - - [08/May/2025:17:42:37 +0900] "GET /pcmypage?callback=product%2Fdetail%2F52618361 HTTP/1.1" 200 24160 "-" "Mozilla/5.0 (Linux; Android 6.0.1; Nexus 5X Build/MMB29P) AppleWebKit/537.36 (KHTML, like Gecko) Chrome/136.0.7103.59 Mobile Safari/537.36 (compatible; Googlebot/2.1; +http://www.google.com/bot.html)" "-"
66.249.79.172 - - [08/May/2025:17:42:54 +0900] "GET /shopdetail/4170491 HTTP/1.1" 200 25560 "-" "Mozilla/5.0 (compatible; Googlebot/2.1; +http://www.google.com/bot.html)" "-"
66.249.79.160 - - [08/May/2025:17:43:39 +0900] "GET /shopdetail/24376268 HTTP/1.1" 200 26496 "-" "Mozilla/5.0 (compatible; Googlebot/2.1; +http://www.google.com/bot.html)" "-"
66.249.79.173 - - [08/May/2025:17:44:31 +0900] "GET /shopdetail/17853391 HTTP/1.1" 200 23614 "-" "Mozilla/5.0 (Linux; Android 6.0.1; Nexus 5X Build/MMB29P) AppleWebKit/537.36 (KHTML, like Gecko) Chrome/136.0.7103.59 Mobile Safari/537.36 (compatible; GoogleOther)" "-"
66.249.79.172 - - [08/May/2025:17:44:47 +0900] "GET /shopdetail/7887180 HTTP/1.1" 200 25331 "-" "Mozilla/5.0 (Linux; Android 6.0.1; Nexus 5X Build/MMB29P) AppleWebKit/537.36 (KHTML, like Gecko) Chrome/136.0.7103.59 Mobile Safari/537.36 (compatible; GoogleOther)" "-"
66.249.79.160 - - [08/May/2025:17:45:06 +0900] "GET /shopdetail/24053079 HTTP/1.1" 200 23920 "-" "Mozilla/5.0 (Linux; Android 6.0.1; Nexus 5X Build/MMB29P) AppleWebKit/537.36 (KHTML, like Gecko) Chrome/136.0.7103.59 Mobile Safari/537.36 (compatible; GoogleOther)" "-"
66.249.79.172 - - [08/May/2025:17:45:13 +0900] "GET /shopdetail/13050124 HTTP/1.1" 200 22019 "-" "Mozilla/5.0 (compatible; Googlebot/2.1; +http://www.google.com/bot.html)" "-"
66.249.79.172 - - [08/May/2025:17:45:17 +0900] "GET /shopdetail/2500191 HTTP/1.1" 200 21993 "-" "Mozilla/5.0 (Linux; Android 6.0.1; Nexus 5X Build/MMB29P) AppleWebKit/537.36 (KHTML, like Gecko) Chrome/136.0.7103.59 Mobile Safari/537.36 (compatible; Googlebot/2.1; +http://www.google.com/bot.html)" "-"
66.249.79.172 - - [08/May/2025:17:45:43 +0900] "GET /shopdetail/10603713 HTTP/1.1" 200 22456 "-" "Mozilla/5.0 (Linux; Android 6.0.1; Nexus 5X Build/MMB29P) AppleWebKit/537.36 (KHTML, like Gecko) Chrome/136.0.7103.59 Mobile Safari/537.36 (compatible; GoogleOther)" "-"
66.249.79.172 - - [08/May/2025:17:45:59 +0900] "GET /shopdetail/8957657 HTTP/1.1" 200 22246 "-" "Mozilla/5.0 (Linux; Android 6.0.1; Nexus 5X Build/MMB29P) AppleWebKit/537.36 (KHTML, like Gecko) Chrome/136.0.7103.59 Mobile Safari/537.36 (compatible; GoogleOther)" "-"
66.249.79.172 - - [08/May/2025:17:46:19 +0900] "GET /shopdetail/15641424 HTTP/1.1" 200 24048 "-" "Mozilla/5.0 (Linux; Android 6.0.1; Nexus 5X Build/MMB29P) AppleWebKit/537.36 (KHTML, like Gecko) Chrome/136.0.7103.59 Mobile Safari/537.36 (compatible; GoogleOther)" "-"
116.204.78.140 - - [08/May/2025:17:46:23 +0900] "POST /xmlrpc.php HTTP/2.0" 403 175 "https://kahokutaku.com" "Mozilla/5.0 (Macintosh; Intel Mac OS X 13_3) AppleWebKit/537.36 (KHTML, like Gecko) Chrome/126.0.0.0 Safari/537.36 Edg/126.0.0.0" "-"
66.249.79.160 - - [08/May/2025:17:47:20 +0900] "GET /shopdetail/5614824 HTTP/1.1" 200 26027 "-" "Mozilla/5.0 (Linux; Android 6.0.1; Nexus 5X Build/MMB29P) AppleWebKit/537.36 (KHTML, like Gecko) Chrome/136.0.7103.59 Mobile Safari/537.36 (compatible; GoogleOther)" "-"
66.249.79.172 - - [08/May/2025:17:47:39 +0900] "GET /shopdetail/11703479 HTTP/1.1" 200 23750 "-" "Mozilla/5.0 (compatible; Googlebot/2.1; +http://www.google.com/bot.html)" "-"
66.249.79.172 - - [08/May/2025:17:48:02 +0900] "GET /shopdetail/14635535 HTTP/1.1" 200 24032 "-" "Mozilla/5.0 (Linux; Android 6.0.1; Nexus 5X Build/MMB29P) AppleWebKit/537.36 (KHTML, like Gecko) Chrome/136.0.7103.59 Mobile Safari/537.36 (compatible; Googlebot/2.1; +http://www.google.com/bot.html)" "-"
66.249.79.173 - - [08/May/2025:17:48:15 +0900] "GET /shopdetail/9177979 HTTP/1.1" 200 22757 "-" "Mozilla/5.0 (Linux; Android 6.0.1; Nexus 5X Build/MMB29P) AppleWebKit/537.36 (KHTML, like Gecko) Chrome/136.0.7103.59 Mobile Safari/537.36 (compatible; GoogleOther)" "-"
