101.203.14.175 - - [14/May/2025:18:25:26 +0900] "GET /shopdetail/22359546 HTTP/2.0" 301 0 "https://www.google.co.jp/" "Mozilla/5.0 (iPhone; CPU iPhone OS 18_2_1 like Mac OS X) AppleWebKit/605.1.15 (KHTML, like Gecko) Version/18.2 Mobile/15E148 Safari/604.1" "-"
101.203.14.175 - - [14/May/2025:18:25:28 +0900] "GET /shopdetail/22359546 HTTP/2.0" 404 11672 "https://www.google.co.jp/" "Mozilla/5.0 (iPhone; CPU iPhone OS 18_2_1 like Mac OS X) AppleWebKit/605.1.15 (KHTML, like Gecko) Version/18.2 Mobile/15E148 Safari/604.1" "-"
101.203.14.175 - - [14/May/2025:18:25:28 +0900] "GET /wp-content/plugins/contact-form-7/includes/css/styles.css?ver=5.7.4 HTTP/2.0" 200 1088 "https://kahokutaku.com/shopdetail/22359546" "Mozilla/5.0 (iPhone; CPU iPhone OS 18_2_1 like Mac OS X) AppleWebKit/605.1.15 (KHTML, like Gecko) Version/18.2 Mobile/15E148 Safari/604.1" "-"
101.203.14.175 - - [14/May/2025:18:25:28 +0900] "GET /wp-includes/blocks/navigation/style.min.css?ver=6.7.2 HTTP/2.0" 200 2795 "https://kahokutaku.com/shopdetail/22359546" "Mozilla/5.0 (iPhone; CPU iPhone OS 18_2_1 like Mac OS X) AppleWebKit/605.1.15 (KHTML, like Gecko) Version/18.2 Mobile/15E148 Safari/604.1" "-"
101.203.14.175 - - [14/May/2025:18:25:28 +0900] "GET /wp-includes/js/jquery/jquery-migrate.min.js?ver=3.4.1 HTTP/2.0" 200 5342 "https://kahokutaku.com/shopdetail/22359546" "Mozilla/5.0 (iPhone; CPU iPhone OS 18_2_1 like Mac OS X) AppleWebKit/605.1.15 (KHTML, like Gecko) Version/18.2 Mobile/15E148 Safari/604.1" "-"
101.203.14.175 - - [14/May/2025:18:25:28 +0900] "GET /wp-content/plugins/shortcodes-ultimate/vendor/jquery-inview/jquery-inview.js?ver=1.1.2 HTTP/2.0" 200 780 "https://kahokutaku.com/shopdetail/22359546" "Mozilla/5.0 (iPhone; CPU iPhone OS 18_2_1 like Mac OS X) AppleWebKit/605.1.15 (KHTML, like Gecko) Version/18.2 Mobile/15E148 Safari/604.1" "-"
101.203.14.175 - - [14/May/2025:18:25:28 +0900] "GET /wp-content/plugins/shortcodes-ultimate/includes/js/shortcodes/index.js?ver=5.12.8 HTTP/2.0" 200 4854 "https://kahokutaku.com/shopdetail/22359546" "Mozilla/5.0 (iPhone; CPU iPhone OS 18_2_1 like Mac OS X) AppleWebKit/605.1.15 (KHTML, like Gecko) Version/18.2 Mobile/15E148 Safari/604.1" "-"
101.203.14.175 - - [14/May/2025:18:25:28 +0900] "GET /wp-includes/js/jquery/jquery.min.js?ver=3.7.1 HTTP/2.0" 200 35438 "https://kahokutaku.com/shopdetail/22359546" "Mozilla/5.0 (iPhone; CPU iPhone OS 18_2_1 like Mac OS X) AppleWebKit/605.1.15 (KHTML, like Gecko) Version/18.2 Mobile/15E148 Safari/604.1" "-"
101.203.14.175 - - [14/May/2025:18:25:28 +0900] "GET /wp-content/plugins/contact-form-7/includes/js/index.js?ver=5.7.4 HTTP/2.0" 200 4681 "https://kahokutaku.com/shopdetail/22359546" "Mozilla/5.0 (iPhone; CPU iPhone OS 18_2_1 like Mac OS X) AppleWebKit/605.1.15 (KHTML, like Gecko) Version/18.2 Mobile/15E148 Safari/604.1" "-"
101.203.14.175 - - [14/May/2025:18:25:28 +0900] "GET /wp-content/plugins/contact-form-7/includes/swv/js/index.js?ver=5.7.4 HTTP/2.0" 200 3350 "https://kahokutaku.com/shopdetail/22359546" "Mozilla/5.0 (iPhone; CPU iPhone OS 18_2_1 like Mac OS X) AppleWebKit/605.1.15 (KHTML, like Gecko) Version/18.2 Mobile/15E148 Safari/604.1" "-"
101.203.14.175 - - [14/May/2025:18:25:28 +0900] "GET /wp-includes/js/dist/script-modules/block-library/navigation/view.min.js?ver=8ff192874fc8910a284c HTTP/2.0" 200 1206 "https://kahokutaku.com/shopdetail/22359546" "Mozilla/5.0 (iPhone; CPU iPhone OS 18_2_1 like Mac OS X) AppleWebKit/605.1.15 (KHTML, like Gecko) Version/18.2 Mobile/15E148 Safari/604.1" "-"
101.203.14.175 - - [14/May/2025:18:25:28 +0900] "GET /wp-content/plugins/shortcodes-ultimate/vendor/animatecss/animate.css?ver=3.1.1 HTTP/2.0" 200 5940 "https://kahokutaku.com/shopdetail/22359546" "Mozilla/5.0 (iPhone; CPU iPhone OS 18_2_1 like Mac OS X) AppleWebKit/605.1.15 (KHTML, like Gecko) Version/18.2 Mobile/15E148 Safari/604.1" "-"
101.203.14.175 - - [14/May/2025:18:25:28 +0900] "GET /wp-includes/js/dist/script-modules/interactivity/index.min.js?ver=907ea3b2f317a78b7b9b HTTP/2.0" 200 15440 "https://kahokutaku.com/shopdetail/22359546" "Mozilla/5.0 (iPhone; CPU iPhone OS 18_2_1 like Mac OS X) AppleWebKit/605.1.15 (KHTML, like Gecko) Version/18.2 Mobile/15E148 Safari/604.1" "-"
101.203.14.175 - - [14/May/2025:18:25:28 +0900] "GET /favicon.ico HTTP/2.0" 302 0 "https://kahokutaku.com/shopdetail/22359546" "Mozilla/5.0 (iPhone; CPU iPhone OS 18_2_1 like Mac OS X) AppleWebKit/605.1.15 (KHTML, like Gecko) Version/18.2 Mobile/15E148 Safari/604.1" "-"
101.203.14.175 - - [14/May/2025:18:25:28 +0900] "GET /wp-includes/images/w-logo-blue-white-bg.png HTTP/2.0" 200 4119 "https://kahokutaku.com/shopdetail/22359546" "Mozilla/5.0 (iPhone; CPU iPhone OS 18_2_1 like Mac OS X) AppleWebKit/605.1.15 (KHTML, like Gecko) Version/18.2 Mobile/15E148 Safari/604.1" "-"
66.249.79.172 - - [14/May/2025:18:26:29 +0900] "GET /shopdetail/4833979 HTTP/1.1" 200 24792 "-" "Mozilla/5.0 (Linux; Android 6.0.1; Nexus 5X Build/MMB29P) AppleWebKit/537.36 (KHTML, like Gecko) Chrome/136.0.7103.59 Mobile Safari/537.36 (compatible; Googlebot/2.1; +http://www.google.com/bot.html)" "-"
66.249.79.172 - - [14/May/2025:18:27:14 +0900] "GET /shopdetail/3785746 HTTP/1.1" 200 23584 "-" "Mozilla/5.0 (Linux; Android 6.0.1; Nexus 5X Build/MMB29P) AppleWebKit/537.36 (KHTML, like Gecko) Chrome/136.0.7103.59 Mobile Safari/537.36 (compatible; Googlebot/2.1; +http://www.google.com/bot.html)" "-"
106.132.157.122 - - [14/May/2025:18:31:41 +0900] "GET /shopdetail/9879580 HTTP/2.0" 200 338 "https://search.yahoo.co.jp/" "Mozilla/5.0 (Linux; Android 10; K) AppleWebKit/537.36 (KHTML, like Gecko) Chrome/136.0.0.0 Mobile Safari/537.36" "-"
66.249.79.160 - - [14/May/2025:18:33:30 +0900] "GET /shopdetail/19031813 HTTP/1.1" 200 24636 "-" "Mozilla/5.0 (compatible; Googlebot/2.1; +http://www.google.com/bot.html)" "-"
66.249.79.172 - - [14/May/2025:18:35:26 +0900] "GET /shopdetail/11634213 HTTP/1.1" 200 25002 "-" "Mozilla/5.0 (Linux; Android 6.0.1; Nexus 5X Build/MMB29P) AppleWebKit/537.36 (KHTML, like Gecko) Chrome/136.0.7103.59 Mobile Safari/537.36 (compatible; Googlebot/2.1; +http://www.google.com/bot.html)" "-"
66.249.79.172 - - [14/May/2025:18:43:27 +0900] "GET /shopdetail/6400968 HTTP/1.1" 200 23473 "-" "Mozilla/5.0 (Linux; Android 6.0.1; Nexus 5X Build/MMB29P) AppleWebKit/537.36 (KHTML, like Gecko) Chrome/136.0.7103.59 Mobile Safari/537.36 (compatible; Googlebot/2.1; +http://www.google.com/bot.html)" "-"
182.44.67.97 - - [14/May/2025:18:46:45 +0900] "GET / HTTP/1.1" 301 162 "-" "Mozilla/5.0 (iPhone; CPU iPhone OS 13_2_3 like Mac OS X) AppleWebKit/605.1.15 (KHTML, like Gecko) Version/13.0.3 Mobile/15E148 Safari/604.1" "-"
160.251.148.50 - - [14/May/2025:18:46:51 +0900] "POST /wp-cron.php?doing_wp_cron=1747216011.4474380016326904296875 HTTP/1.1" 403 186 "-" "WordPress/6.7.2; https://kahokutaku.com" "-"
182.44.67.97 - - [14/May/2025:18:46:51 +0900] "GET / HTTP/1.1" 200 14124 "http://kahokutaku.com" "Mozilla/5.0 (iPhone; CPU iPhone OS 13_2_3 like Mac OS X) AppleWebKit/605.1.15 (KHTML, like Gecko) Version/13.0.3 Mobile/15E148 Safari/604.1" "-"
64.225.49.116 - - [14/May/2025:18:46:55 +0900] "GET /wp-content/plugins/litespeed-cache/readme.txt HTTP/1.1" 301 162 "-" "Mozlila/5.0 (Linux; Android 7.0; SM-G892A Bulid/NRD90M; wv) AppleWebKit/537.36 (KHTML, like Gecko) Version/4.0 Chrome/60.0.3112.107 Moblie Safari/537.36" "-"
64.225.49.116 - - [14/May/2025:18:46:56 +0900] "GET /wp-content/plugins/litespeed-cache/readme.txt HTTP/1.1" 404 11685 "-" "Mozlila/5.0 (Linux; Android 7.0; SM-G892A Bulid/NRD90M; wv) AppleWebKit/537.36 (KHTML, like Gecko) Version/4.0 Chrome/60.0.3112.107 Moblie Safari/537.36" "-"
66.249.79.160 - - [14/May/2025:18:49:13 +0900] "GET /shopdetail/15125046 HTTP/1.1" 200 22604 "-" "Mozilla/5.0 (Linux; Android 6.0.1; Nexus 5X Build/MMB29P) AppleWebKit/537.36 (KHTML, like Gecko) Chrome/136.0.7103.59 Mobile Safari/537.36 (compatible; Googlebot/2.1; +http://www.google.com/bot.html)" "-"
66.249.79.173 - - [14/May/2025:18:49:19 +0900] "GET /shopdetail/20951613 HTTP/1.1" 200 25056 "-" "Mozilla/5.0 (Linux; Android 6.0.1; Nexus 5X Build/MMB29P) AppleWebKit/537.36 (KHTML, like Gecko) Chrome/136.0.7103.59 Mobile Safari/537.36 (compatible; Googlebot/2.1; +http://www.google.com/bot.html)" "-"
36.240.84.220 - - [14/May/2025:18:50:24 +0900] "GET /shopdetail/23034213 HTTP/2.0" 200 377 "https://www.google.com/url?q=https://www.kahokutaku.com/shopdetail/23034213&sa=U&ved=2ahUKEwjiqfPB16KNAxVVgFYBHdgQM3U4ChAWegQIMxAB&usg=AOvVaw3hBGqqiTT1QjKAOHS2kAL_" "Mozilla/5.0 (iPhone; CPU iPhone OS 18_4_1 like Mac OS X) AppleWebKit/605.1.15 (KHTML, like Gecko) GSA/368.0.756386193 Mobile/15E148 Safari/604.1" "-"
74.125.215.109 - - [14/May/2025:18:50:25 +0900] "GET /shopdetail/23034213 HTTP/1.1" 200 389 "-" "Mozilla/5.0 (Linux; Android 7.0; SM-G930V Build/NRD90M) AppleWebKit/537.36 (KHTML, like Gecko) Chrome/59.0.3071.125 Mobile Safari/537.36 (compatible; Google-Read-Aloud; +https://support.google.com/webmasters/answer/1061943)" "-"
74.125.215.96 - - [14/May/2025:18:50:25 +0900] "GET /shopdetail/23034213 HTTP/1.1" 200 389 "-" "Mozilla/5.0 (Linux; Android 7.0; SM-G930V Build/NRD90M) AppleWebKit/537.36 (KHTML, like Gecko) Chrome/59.0.3071.125 Mobile Safari/537.36 (compatible; Google-Read-Aloud; +https://support.google.com/webmasters/answer/1061943)" "-"
160.251.148.50 - - [14/May/2025:18:50:40 +0900] "POST /wp-cron.php?doing_wp_cron=1747216240.8039228916168212890625 HTTP/1.1" 403 186 "-" "WordPress/6.7.2; https://kahokutaku.com" "-"
14.9.98.32 - - [14/May/2025:18:50:40 +0900] "GET /%e7%b7%b4%e7%bf%92%e3%83%bb%e5%a4%a7%e4%bc%9a%e4%ba%88%e5%ae%9a/ HTTP/2.0" 200 12050 "-" "Mozilla/5.0 (Linux; Android 10; K) AppleWebKit/537.36 (KHTML, like Gecko) Chrome/136.0.0.0 Mobile Safari/537.36" "-"
3.19.229.57 - - [14/May/2025:18:52:11 +0900] "GET /robots.txt HTTP/1.1" 200 180 "-" "Mozilla/5.0 AppleWebKit/537.36 (KHTML, like Gecko; compatible; ClaudeBot/1.0; +claudebot@anthropic.com)" "-"
160.251.148.50 - - [14/May/2025:18:52:12 +0900] "POST /wp-cron.php?doing_wp_cron=1747216332.5791769027709960937500 HTTP/1.1" 403 186 "-" "WordPress/6.7.2; https://kahokutaku.com" "-"
3.19.229.57 - - [14/May/2025:18:52:12 +0900] "GET /shopdetail/9357946 HTTP/2.0" 404 11672 "-" "Mozilla/5.0 AppleWebKit/537.36 (KHTML, like Gecko; compatible; ClaudeBot/1.0; +claudebot@anthropic.com)" "-"
3.19.229.57 - - [14/May/2025:18:52:12 +0900] "GET /wp-includes/js/dist/script-modules/block-library/navigation/view.min.js?ver=8ff192874fc8910a284c HTTP/2.0" 200 1206 "https://kahokutaku.com/shopdetail/9357946" "Mozilla/5.0 AppleWebKit/537.36 (KHTML, like Gecko; compatible; ClaudeBot/1.0; +claudebot@anthropic.com)" "-"
3.19.229.57 - - [14/May/2025:18:52:12 +0900] "GET /wp-includes/js/dist/script-modules/interactivity/index.min.js?ver=907ea3b2f317a78b7b9b HTTP/2.0" 200 15440 "https://kahokutaku.com/shopdetail/9357946" "Mozilla/5.0 AppleWebKit/537.36 (KHTML, like Gecko; compatible; ClaudeBot/1.0; +claudebot@anthropic.com)" "-"
3.19.229.57 - - [14/May/2025:18:52:12 +0900] "GET /wp-content/plugins/contact-form-7/includes/swv/js/index.js?ver=5.7.4 HTTP/2.0" 200 3350 "https://kahokutaku.com/shopdetail/9357946" "Mozilla/5.0 AppleWebKit/537.36 (KHTML, like Gecko; compatible; ClaudeBot/1.0; +claudebot@anthropic.com)" "-"
3.19.229.57 - - [14/May/2025:18:52:12 +0900] "GET /wp-includes/js/jquery/jquery.min.js?ver=3.7.1 HTTP/2.0" 200 35438 "https://kahokutaku.com/shopdetail/9357946" "Mozilla/5.0 AppleWebKit/537.36 (KHTML, like Gecko; compatible; ClaudeBot/1.0; +claudebot@anthropic.com)" "-"
3.19.229.57 - - [14/May/2025:18:52:12 +0900] "GET /wp-content/plugins/contact-form-7/includes/js/index.js?ver=5.7.4 HTTP/2.0" 200 4681 "https://kahokutaku.com/shopdetail/9357946" "Mozilla/5.0 AppleWebKit/537.36 (KHTML, like Gecko; compatible; ClaudeBot/1.0; +claudebot@anthropic.com)" "-"
3.19.229.57 - - [14/May/2025:18:52:12 +0900] "GET /wp-includes/js/jquery/jquery-migrate.min.js?ver=3.4.1 HTTP/2.0" 200 5342 "https://kahokutaku.com/shopdetail/9357946" "Mozilla/5.0 AppleWebKit/537.36 (KHTML, like Gecko; compatible; ClaudeBot/1.0; +claudebot@anthropic.com)" "-"
3.19.229.57 - - [14/May/2025:18:52:12 +0900] "GET /wp-content/plugins/shortcodes-ultimate/includes/js/shortcodes/index.js?ver=5.12.8 HTTP/2.0" 200 4854 "https://kahokutaku.com/shopdetail/9357946" "Mozilla/5.0 AppleWebKit/537.36 (KHTML, like Gecko; compatible; ClaudeBot/1.0; +claudebot@anthropic.com)" "-"
3.19.229.57 - - [14/May/2025:18:52:12 +0900] "GET /wp-content/plugins/shortcodes-ultimate/vendor/jquery-inview/jquery-inview.js?ver=1.1.2 HTTP/2.0" 200 780 "https://kahokutaku.com/shopdetail/9357946" "Mozilla/5.0 AppleWebKit/537.36 (KHTML, like Gecko; compatible; ClaudeBot/1.0; +claudebot@anthropic.com)" "-"
3.19.229.57 - - [14/May/2025:18:52:13 +0900] "GET /wp-includes/js/wp-emoji-release.min.js?ver=6.7.2 HTTP/2.0" 200 5857 "https://kahokutaku.com/shopdetail/9357946" "Mozilla/5.0 AppleWebKit/537.36 (KHTML, like Gecko; compatible; ClaudeBot/1.0; +claudebot@anthropic.com)" "-"
66.249.79.160 - - [14/May/2025:18:53:06 +0900] "GET /shopdetail/29013602 HTTP/1.1" 200 22029 "-" "Mozilla/5.0 (Linux; Android 6.0.1; Nexus 5X Build/MMB29P) AppleWebKit/537.36 (KHTML, like Gecko) Chrome/136.0.7103.59 Mobile Safari/537.36 (compatible; Googlebot/2.1; +http://www.google.com/bot.html)" "-"
160.251.148.50 - - [14/May/2025:18:55:47 +0900] "POST /wp-cron.php?doing_wp_cron=1747216547.3592770099639892578125 HTTP/1.1" 403 186 "-" "WordPress/6.7.2; https://kahokutaku.com" "-"
35.206.251.169 - - [14/May/2025:18:55:47 +0900] "GET /shopdetail/21024446 HTTP/2.0" 301 0 "-" "Mozilla/5.0 (Windows NT 10.0; Win64; x64) AppleWebKit/537.36 (KHTML, like Gecko) Chrome/127.0.0.0 Safari/537.36" "-"
35.206.251.169 - - [14/May/2025:18:55:47 +0900] "GET /shopdetail/21024446 HTTP/2.0" 404 11672 "-" "Mozilla/5.0 (Windows NT 10.0; Win64; x64) AppleWebKit/537.36 (KHTML, like Gecko) Chrome/127.0.0.0 Safari/537.36" "-"
66.249.79.160 - - [14/May/2025:18:57:26 +0900] "GET /shopdetail/19407313 HTTP/1.1" 200 21966 "-" "Mozilla/5.0 (Linux; Android 6.0.1; Nexus 5X Build/MMB29P) AppleWebKit/537.36 (KHTML, like Gecko) Chrome/136.0.7103.59 Mobile Safari/537.36 (compatible; Googlebot/2.1; +http://www.google.com/bot.html)" "-"
1.75.77.63 - - [14/May/2025:18:58:28 +0900] "GET /shopdetail/27788346 HTTP/2.0" 200 345 "https://www.google.com/url?q=https://www.kahokutaku.com/shopdetail/27788346&sa=U&ved=2ahUKEwj40ZrD2KKNAxVIklYBHVYLGmg4ChAWegQINBAB&usg=AOvVaw0IwNwi9zHg2GcKb5dW6czo" "Mozilla/5.0 (iPhone; CPU iPhone OS 18_4_1 like Mac OS X) AppleWebKit/605.1.15 (KHTML, like Gecko) GSA/368.0.756386193 Mobile/15E148 Safari/604.1" "-"
74.125.215.109 - - [14/May/2025:18:58:29 +0900] "GET /shopdetail/27788346 HTTP/1.1" 200 357 "-" "Mozilla/5.0 (Linux; Android 7.0; SM-G930V Build/NRD90M) AppleWebKit/537.36 (KHTML, like Gecko) Chrome/59.0.3071.125 Mobile Safari/537.36 (compatible; Google-Read-Aloud; +https://support.google.com/webmasters/answer/1061943)" "-"
74.125.215.109 - - [14/May/2025:18:58:29 +0900] "GET /shopdetail/27788346 HTTP/1.1" 200 357 "-" "Mozilla/5.0 (Linux; Android 7.0; SM-G930V Build/NRD90M) AppleWebKit/537.36 (KHTML, like Gecko) Chrome/59.0.3071.125 Mobile Safari/537.36 (compatible; Google-Read-Aloud; +https://support.google.com/webmasters/answer/1061943)" "-"
126.126.244.43 - - [14/May/2025:18:59:15 +0900] "GET /pcmypage?callback=product/review/88828938 HTTP/2.0" 200 0 "https://www.google.com/" "Mozilla/5.0 (iPhone; CPU iPhone OS 18_4_1 like Mac OS X) AppleWebKit/605.1.15 (KHTML, like Gecko) CriOS/136.0.7103.91 Mobile/15E148 Safari/604.1" "-"
126.126.244.43 - - [14/May/2025:18:59:15 +0900] "GET /pcmypage?callback=product/review/88828938 HTTP/2.0" 200 364 "https://www.google.com/" "Mozilla/5.0 (iPhone; CPU iPhone OS 18_4_1 like Mac OS X) AppleWebKit/605.1.15 (KHTML, like Gecko) CriOS/136.0.7103.91 Mobile/15E148 Safari/604.1" "-"
160.251.148.50 - - [14/May/2025:18:59:16 +0900] "POST /wp-cron.php?doing_wp_cron=1747216756.0471899509429931640625 HTTP/1.1" 403 186 "-" "WordPress/6.7.2; https://kahokutaku.com" "-"
126.126.244.43 - - [14/May/2025:18:59:16 +0900] "GET /favicon.ico HTTP/2.0" 302 0 "-" "Mozilla/5.0 (iPhone; CPU iPhone OS 18_4_1 like Mac OS X) AppleWebKit/605.1.15 (KHTML, like Gecko) CriOS/136.0.7103.91 Mobile/15E148 Safari/604.1" "-"
126.126.244.43 - - [14/May/2025:18:59:16 +0900] "GET /wp-includes/images/w-logo-blue-white-bg.png HTTP/2.0" 200 4119 "-" "Mozilla/5.0 (iPhone; CPU iPhone OS 18_4_1 like Mac OS X) AppleWebKit/605.1.15 (KHTML, like Gecko) CriOS/136.0.7103.91 Mobile/15E148 Safari/604.1" "-"
66.249.79.160 - - [14/May/2025:19:01:51 +0900] "GET /shopdetail/10319657 HTTP/1.1" 200 22373 "-" "Mozilla/5.0 (Linux; Android 6.0.1; Nexus 5X Build/MMB29P) AppleWebKit/537.36 (KHTML, like Gecko) Chrome/136.0.7103.59 Mobile Safari/537.36 (compatible; Googlebot/2.1; +http://www.google.com/bot.html)" "-"
66.249.79.160 - - [14/May/2025:19:02:05 +0900] "GET /shopdetail/25726502 HTTP/1.1" 200 23669 "-" "Mozilla/5.0 (Linux; Android 6.0.1; Nexus 5X Build/MMB29P) AppleWebKit/537.36 (KHTML, like Gecko) Chrome/136.0.7103.59 Mobile Safari/537.36 (compatible; Googlebot/2.1; +http://www.google.com/bot.html)" "-"
1.75.77.63 - - [14/May/2025:19:03:00 +0900] "GET /shopdetail/27788346 HTTP/2.0" 200 345 "https://www.google.com/url?q=https://www.kahokutaku.com/shopdetail/27788346&sa=U&ved=2ahUKEwj40ZrD2KKNAxVIklYBHVYLGmg4ChAWegQINBAB&usg=AOvVaw0IwNwi9zHg2GcKb5dW6czo" "Mozilla/5.0 (iPhone; CPU iPhone OS 18_4_1 like Mac OS X) AppleWebKit/605.1.15 (KHTML, like Gecko) GSA/368.0.756386193 Mobile/15E148 Safari/604.1" "-"
160.251.148.50 - - [14/May/2025:19:04:39 +0900] "POST /wp-cron.php?doing_wp_cron=1747217079.9875669479370117187500 HTTP/1.1" 403 186 "-" "WordPress/6.7.2; https://kahokutaku.com" "-"
3.21.171.107 - - [14/May/2025:19:04:40 +0900] "GET /shopdetail/28822013 HTTP/2.0" 404 11672 "-" "Mozilla/5.0 AppleWebKit/537.36 (KHTML, like Gecko; compatible; ClaudeBot/1.0; +claudebot@anthropic.com)" "-"
3.21.171.107 - - [14/May/2025:19:04:40 +0900] "GET /wp-includes/js/dist/script-modules/block-library/navigation/view.min.js?ver=8ff192874fc8910a284c HTTP/2.0" 200 1206 "https://kahokutaku.com/shopdetail/28822013" "Mozilla/5.0 AppleWebKit/537.36 (KHTML, like Gecko; compatible; ClaudeBot/1.0; +claudebot@anthropic.com)" "-"
3.21.171.107 - - [14/May/2025:19:04:40 +0900] "GET /wp-includes/js/dist/script-modules/interactivity/index.min.js?ver=907ea3b2f317a78b7b9b HTTP/2.0" 200 15440 "https://kahokutaku.com/shopdetail/28822013" "Mozilla/5.0 AppleWebKit/537.36 (KHTML, like Gecko; compatible; ClaudeBot/1.0; +claudebot@anthropic.com)" "-"
3.21.171.107 - - [14/May/2025:19:04:40 +0900] "GET /wp-content/plugins/contact-form-7/includes/swv/js/index.js?ver=5.7.4 HTTP/2.0" 200 3350 "https://kahokutaku.com/shopdetail/28822013" "Mozilla/5.0 AppleWebKit/537.36 (KHTML, like Gecko; compatible; ClaudeBot/1.0; +claudebot@anthropic.com)" "-"
3.21.171.107 - - [14/May/2025:19:04:40 +0900] "GET /wp-content/plugins/contact-form-7/includes/js/index.js?ver=5.7.4 HTTP/2.0" 200 4681 "https://kahokutaku.com/shopdetail/28822013" "Mozilla/5.0 AppleWebKit/537.36 (KHTML, like Gecko; compatible; ClaudeBot/1.0; +claudebot@anthropic.com)" "-"
3.21.171.107 - - [14/May/2025:19:04:40 +0900] "GET /wp-includes/js/jquery/jquery.min.js?ver=3.7.1 HTTP/2.0" 200 35438 "https://kahokutaku.com/shopdetail/28822013" "Mozilla/5.0 AppleWebKit/537.36 (KHTML, like Gecko; compatible; ClaudeBot/1.0; +claudebot@anthropic.com)" "-"
3.21.171.107 - - [14/May/2025:19:04:40 +0900] "GET /wp-includes/js/jquery/jquery-migrate.min.js?ver=3.4.1 HTTP/2.0" 200 5342 "https://kahokutaku.com/shopdetail/28822013" "Mozilla/5.0 AppleWebKit/537.36 (KHTML, like Gecko; compatible; ClaudeBot/1.0; +claudebot@anthropic.com)" "-"
3.21.171.107 - - [14/May/2025:19:04:40 +0900] "GET /wp-content/plugins/shortcodes-ultimate/vendor/jquery-inview/jquery-inview.js?ver=1.1.2 HTTP/2.0" 200 780 "https://kahokutaku.com/shopdetail/28822013" "Mozilla/5.0 AppleWebKit/537.36 (KHTML, like Gecko; compatible; ClaudeBot/1.0; +claudebot@anthropic.com)" "-"
3.21.171.107 - - [14/May/2025:19:04:40 +0900] "GET /wp-content/plugins/shortcodes-ultimate/includes/js/shortcodes/index.js?ver=5.12.8 HTTP/2.0" 200 4854 "https://kahokutaku.com/shopdetail/28822013" "Mozilla/5.0 AppleWebKit/537.36 (KHTML, like Gecko; compatible; ClaudeBot/1.0; +claudebot@anthropic.com)" "-"
3.21.171.107 - - [14/May/2025:19:04:40 +0900] "GET /wp-includes/js/wp-emoji-release.min.js?ver=6.7.2 HTTP/2.0" 200 5857 "https://kahokutaku.com/shopdetail/28822013" "Mozilla/5.0 AppleWebKit/537.36 (KHTML, like Gecko; compatible; ClaudeBot/1.0; +claudebot@anthropic.com)" "-"
66.249.79.173 - - [14/May/2025:19:06:14 +0900] "GET /shopdetail/18417068 HTTP/1.1" 200 26566 "-" "Mozilla/5.0 (compatible; Googlebot/2.1; +http://www.google.com/bot.html)" "-"
66.249.79.160 - - [14/May/2025:19:07:29 +0900] "GET /shopdetail/16752946 HTTP/1.1" 200 23529 "-" "Mozilla/5.0 (compatible; Googlebot/2.1; +http://www.google.com/bot.html)" "-"
66.249.79.172 - - [14/May/2025:19:08:25 +0900] "GET /shopdetail/17768813 HTTP/1.1" 200 22021 "-" "Mozilla/5.0 (Linux; Android 6.0.1; Nexus 5X Build/MMB29P) AppleWebKit/537.36 (KHTML, like Gecko) Chrome/136.0.7103.59 Mobile Safari/537.36 (compatible; Googlebot/2.1; +http://www.google.com/bot.html)" "-"
66.249.79.173 - - [14/May/2025:19:08:26 +0900] "GET /shopdetail/12002779 HTTP/1.1" 200 24865 "-" "Mozilla/5.0 (Linux; Android 6.0.1; Nexus 5X Build/MMB29P) AppleWebKit/537.36 (KHTML, like Gecko) Chrome/136.0.7103.59 Mobile Safari/537.36 (compatible; Googlebot/2.1; +http://www.google.com/bot.html)" "-"
106.133.111.67 - - [14/May/2025:19:11:13 +0900] "GET /shopdetail/28690813 HTTP/2.0" 200 335 "https://www.google.com/" "Mozilla/5.0 (Linux; Android 10; K) AppleWebKit/537.36 (KHTML, like Gecko) Chrome/135.0.0.0 Mobile Safari/537.36" "-"
66.249.79.172 - - [14/May/2025:19:11:29 +0900] "GET /shopdetail/30526680 HTTP/1.1" 200 23484 "-" "Mozilla/5.0 (Linux; Android 6.0.1; Nexus 5X Build/MMB29P) AppleWebKit/537.36 (KHTML, like Gecko) Chrome/136.0.7103.59 Mobile Safari/537.36 (compatible; Googlebot/2.1; +http://www.google.com/bot.html)" "-"
131.147.132.246 - - [14/May/2025:19:11:30 +0900] "GET /shopdetail/28410280 HTTP/2.0" 200 495 "https://www.google.com/" "Mozilla/5.0 (iPhone; CPU iPhone OS 18_4_1 like Mac OS X) AppleWebKit/605.1.15 (KHTML, like Gecko) Version/18.4 Mobile/15E148 Safari/604.1" "-"
66.249.79.172 - - [14/May/2025:19:11:34 +0900] "POST /get-message-notify HTTP/1.1" 200 22944 "https://www.kahokutaku.com/shopdetail/30526680" "Mozilla/5.0 (Linux; Android 6.0.1; Nexus 5X Build/MMB29P) AppleWebKit/537.36 (KHTML, like Gecko) Chrome/135.0.7049.114 Mobile Safari/537.36 (compatible; Googlebot/2.1; +http://www.google.com/bot.html)" "-"
66.249.79.160 - - [14/May/2025:19:15:20 +0900] "GET /shopdetail/28937646 HTTP/1.1" 200 22925 "-" "Mozilla/5.0 (Linux; Android 6.0.1; Nexus 5X Build/MMB29P) AppleWebKit/537.36 (KHTML, like Gecko) Chrome/136.0.7103.59 Mobile Safari/537.36 (compatible; Googlebot/2.1; +http://www.google.com/bot.html)" "-"
66.249.79.172 - - [14/May/2025:19:15:22 +0900] "GET /shopdetail/7882024 HTTP/1.1" 200 24561 "-" "Mozilla/5.0 (Linux; Android 6.0.1; Nexus 5X Build/MMB29P) AppleWebKit/537.36 (KHTML, like Gecko) Chrome/136.0.7103.59 Mobile Safari/537.36 (compatible; Googlebot/2.1; +http://www.google.com/bot.html)" "-"
66.249.79.160 - - [14/May/2025:19:15:23 +0900] "POST /get-message-notify HTTP/1.1" 200 22944 "https://www.kahokutaku.com/shopdetail/28937646" "Mozilla/5.0 (Linux; Android 6.0.1; Nexus 5X Build/MMB29P) AppleWebKit/537.36 (KHTML, like Gecko) Chrome/135.0.7049.114 Mobile Safari/537.36 (compatible; Googlebot/2.1; +http://www.google.com/bot.html)" "-"
106.146.84.125 - - [14/May/2025:19:15:55 +0900] "GET /shopdetail/13430224 HTTP/2.0" 200 304 "https://www.google.com/" "Mozilla/5.0 (iPhone; CPU iPhone OS 18_3_2 like Mac OS X) AppleWebKit/605.1.15 (KHTML, like Gecko) Version/18.3.1 Mobile/15E148 Safari/604.1" "-"
52.167.144.56 - - [14/May/2025:19:15:59 +0900] "GET /robots.txt HTTP/2.0" 200 169 "-" "Mozilla/5.0 AppleWebKit/537.36 (KHTML, like Gecko; compatible; bingbot/2.0; +http://www.bing.com/bingbot.htm) Chrome/116.0.1938.76 Safari/537.36" "-"
207.46.13.54 - - [14/May/2025:19:16:08 +0900] "GET /shopdetail/6522335 HTTP/2.0" 200 24146 "-" "Mozilla/5.0 AppleWebKit/537.36 (KHTML, like Gecko; compatible; bingbot/2.0; +http://www.bing.com/bingbot.htm) Chrome/116.0.1938.76 Safari/537.36" "-"
160.251.148.50 - - [14/May/2025:19:16:48 +0900] "POST /wp-cron.php?doing_wp_cron=1747217808.4873061180114746093750 HTTP/1.1" 403 186 "-" "WordPress/6.7.2; https://kahokutaku.com" "-"
160.251.148.50 - - [14/May/2025:19:16:48 +0900] "POST /wp-cron.php?doing_wp_cron=1747217808.4872460365295410156250 HTTP/1.1" 403 186 "-" "WordPress/6.7.2; https://kahokutaku.com" "-"
3.137.173.170 - - [14/May/2025:19:16:48 +0900] "GET /shopdetail/10423091 HTTP/2.0" 404 11672 "-" "Mozilla/5.0 AppleWebKit/537.36 (KHTML, like Gecko; compatible; ClaudeBot/1.0; +claudebot@anthropic.com)" "-"
3.137.173.170 - - [14/May/2025:19:16:48 +0900] "GET /shopdetail/1130179 HTTP/2.0" 404 11672 "-" "Mozilla/5.0 AppleWebKit/537.36 (KHTML, like Gecko; compatible; ClaudeBot/1.0; +claudebot@anthropic.com)" "-"
3.137.173.170 - - [14/May/2025:19:16:48 +0900] "GET /wp-includes/js/dist/script-modules/block-library/navigation/view.min.js?ver=8ff192874fc8910a284c HTTP/2.0" 200 1206 "https://kahokutaku.com/shopdetail/10423091" "Mozilla/5.0 AppleWebKit/537.36 (KHTML, like Gecko; compatible; ClaudeBot/1.0; +claudebot@anthropic.com)" "-"
3.137.173.170 - - [14/May/2025:19:16:48 +0900] "GET /wp-includes/js/dist/script-modules/interactivity/index.min.js?ver=907ea3b2f317a78b7b9b HTTP/2.0" 200 15440 "https://kahokutaku.com/shopdetail/10423091" "Mozilla/5.0 AppleWebKit/537.36 (KHTML, like Gecko; compatible; ClaudeBot/1.0; +claudebot@anthropic.com)" "-"
3.137.173.170 - - [14/May/2025:19:16:48 +0900] "GET /wp-content/plugins/contact-form-7/includes/swv/js/index.js?ver=5.7.4 HTTP/2.0" 200 3350 "https://kahokutaku.com/shopdetail/10423091" "Mozilla/5.0 AppleWebKit/537.36 (KHTML, like Gecko; compatible; ClaudeBot/1.0; +claudebot@anthropic.com)" "-"
3.137.173.170 - - [14/May/2025:19:16:48 +0900] "GET /wp-content/plugins/contact-form-7/includes/js/index.js?ver=5.7.4 HTTP/2.0" 200 4681 "https://kahokutaku.com/shopdetail/10423091" "Mozilla/5.0 AppleWebKit/537.36 (KHTML, like Gecko; compatible; ClaudeBot/1.0; +claudebot@anthropic.com)" "-"
3.137.173.170 - - [14/May/2025:19:16:48 +0900] "GET /wp-includes/js/jquery/jquery.min.js?ver=3.7.1 HTTP/2.0" 200 35438 "https://kahokutaku.com/shopdetail/10423091" "Mozilla/5.0 AppleWebKit/537.36 (KHTML, like Gecko; compatible; ClaudeBot/1.0; +claudebot@anthropic.com)" "-"
3.137.173.170 - - [14/May/2025:19:16:48 +0900] "GET /wp-includes/js/jquery/jquery-migrate.min.js?ver=3.4.1 HTTP/2.0" 200 5342 "https://kahokutaku.com/shopdetail/10423091" "Mozilla/5.0 AppleWebKit/537.36 (KHTML, like Gecko; compatible; ClaudeBot/1.0; +claudebot@anthropic.com)" "-"
3.137.173.170 - - [14/May/2025:19:16:48 +0900] "GET /wp-content/plugins/shortcodes-ultimate/vendor/jquery-inview/jquery-inview.js?ver=1.1.2 HTTP/2.0" 200 780 "https://kahokutaku.com/shopdetail/10423091" "Mozilla/5.0 AppleWebKit/537.36 (KHTML, like Gecko; compatible; ClaudeBot/1.0; +claudebot@anthropic.com)" "-"
3.137.173.170 - - [14/May/2025:19:16:48 +0900] "GET /wp-content/plugins/shortcodes-ultimate/includes/js/shortcodes/index.js?ver=5.12.8 HTTP/2.0" 200 4854 "https://kahokutaku.com/shopdetail/10423091" "Mozilla/5.0 AppleWebKit/537.36 (KHTML, like Gecko; compatible; ClaudeBot/1.0; +claudebot@anthropic.com)" "-"
3.137.173.170 - - [14/May/2025:19:16:49 +0900] "GET /wp-includes/js/dist/script-modules/block-library/navigation/view.min.js?ver=8ff192874fc8910a284c HTTP/2.0" 200 1206 "https://kahokutaku.com/shopdetail/1130179" "Mozilla/5.0 AppleWebKit/537.36 (KHTML, like Gecko; compatible; ClaudeBot/1.0; +claudebot@anthropic.com)" "-"
3.137.173.170 - - [14/May/2025:19:16:49 +0900] "GET /wp-includes/js/dist/script-modules/interactivity/index.min.js?ver=907ea3b2f317a78b7b9b HTTP/2.0" 200 15440 "https://kahokutaku.com/shopdetail/1130179" "Mozilla/5.0 AppleWebKit/537.36 (KHTML, like Gecko; compatible; ClaudeBot/1.0; +claudebot@anthropic.com)" "-"
3.137.173.170 - - [14/May/2025:19:16:49 +0900] "GET /wp-content/plugins/contact-form-7/includes/js/index.js?ver=5.7.4 HTTP/2.0" 200 4681 "https://kahokutaku.com/shopdetail/1130179" "Mozilla/5.0 AppleWebKit/537.36 (KHTML, like Gecko; compatible; ClaudeBot/1.0; +claudebot@anthropic.com)" "-"
3.137.173.170 - - [14/May/2025:19:16:49 +0900] "GET /wp-content/plugins/contact-form-7/includes/swv/js/index.js?ver=5.7.4 HTTP/2.0" 200 3350 "https://kahokutaku.com/shopdetail/1130179" "Mozilla/5.0 AppleWebKit/537.36 (KHTML, like Gecko; compatible; ClaudeBot/1.0; +claudebot@anthropic.com)" "-"
3.137.173.170 - - [14/May/2025:19:16:49 +0900] "GET /wp-includes/js/jquery/jquery.min.js?ver=3.7.1 HTTP/2.0" 200 35438 "https://kahokutaku.com/shopdetail/1130179" "Mozilla/5.0 AppleWebKit/537.36 (KHTML, like Gecko; compatible; ClaudeBot/1.0; +claudebot@anthropic.com)" "-"
3.137.173.170 - - [14/May/2025:19:16:49 +0900] "GET /wp-includes/js/jquery/jquery-migrate.min.js?ver=3.4.1 HTTP/2.0" 200 5342 "https://kahokutaku.com/shopdetail/1130179" "Mozilla/5.0 AppleWebKit/537.36 (KHTML, like Gecko; compatible; ClaudeBot/1.0; +claudebot@anthropic.com)" "-"
3.137.173.170 - - [14/May/2025:19:16:49 +0900] "GET /wp-content/plugins/shortcodes-ultimate/vendor/jquery-inview/jquery-inview.js?ver=1.1.2 HTTP/2.0" 200 780 "https://kahokutaku.com/shopdetail/1130179" "Mozilla/5.0 AppleWebKit/537.36 (KHTML, like Gecko; compatible; ClaudeBot/1.0; +claudebot@anthropic.com)" "-"
3.137.173.170 - - [14/May/2025:19:16:49 +0900] "GET /wp-content/plugins/shortcodes-ultimate/includes/js/shortcodes/index.js?ver=5.12.8 HTTP/2.0" 200 4854 "https://kahokutaku.com/shopdetail/1130179" "Mozilla/5.0 AppleWebKit/537.36 (KHTML, like Gecko; compatible; ClaudeBot/1.0; +claudebot@anthropic.com)" "-"
3.137.173.170 - - [14/May/2025:19:16:49 +0900] "GET /wp-includes/js/wp-emoji-release.min.js?ver=6.7.2 HTTP/2.0" 200 5857 "https://kahokutaku.com/shopdetail/10423091" "Mozilla/5.0 AppleWebKit/537.36 (KHTML, like Gecko; compatible; ClaudeBot/1.0; +claudebot@anthropic.com)" "-"
3.137.173.170 - - [14/May/2025:19:16:49 +0900] "GET /wp-includes/js/wp-emoji-release.min.js?ver=6.7.2 HTTP/2.0" 200 5857 "https://kahokutaku.com/shopdetail/1130179" "Mozilla/5.0 AppleWebKit/537.36 (KHTML, like Gecko; compatible; ClaudeBot/1.0; +claudebot@anthropic.com)" "-"
66.249.79.160 - - [14/May/2025:19:18:50 +0900] "GET /shopdetail/6798491 HTTP/1.1" 200 22139 "-" "Mozilla/5.0 (Linux; Android 6.0.1; Nexus 5X Build/MMB29P) AppleWebKit/537.36 (KHTML, like Gecko) Chrome/136.0.7103.59 Mobile Safari/537.36 (compatible; Googlebot/2.1; +http://www.google.com/bot.html)" "-"
66.249.79.172 - - [14/May/2025:19:20:51 +0900] "GET /shopdetail/7036246 HTTP/1.1" 200 23229 "-" "Mozilla/5.0 (compatible; Googlebot/2.1; +http://www.google.com/bot.html)" "-"
66.249.79.173 - - [14/May/2025:19:23:25 +0900] "GET /shopdetail/16714102 HTTP/1.1" 200 25675 "-" "Mozilla/5.0 (Linux; Android 6.0.1; Nexus 5X Build/MMB29P) AppleWebKit/537.36 (KHTML, like Gecko) Chrome/136.0.7103.59 Mobile Safari/537.36 (compatible; Googlebot/2.1; +http://www.google.com/bot.html)" "-"
66.249.79.173 - - [14/May/2025:19:23:53 +0900] "GET /shopdetail/18474880 HTTP/1.1" 200 24055 "-" "Mozilla/5.0 (Linux; Android 6.0.1; Nexus 5X Build/MMB29P) AppleWebKit/537.36 (KHTML, like Gecko) Chrome/136.0.7103.59 Mobile Safari/537.36 (compatible; Googlebot/2.1; +http://www.google.com/bot.html)" "-"
153.239.44.7 - - [14/May/2025:19:24:14 +0900] "GET /shopdetail/9879580 HTTP/2.0" 200 338 "https://search.yahoo.co.jp/" "Mozilla/5.0 (Linux; Android 10; K) AppleWebKit/537.36 (KHTML, like Gecko) Chrome/136.0.0.0 Mobile Safari/537.36" "-"
160.251.148.50 - - [14/May/2025:19:29:01 +0900] "POST /wp-cron.php?doing_wp_cron=1747218541.9436349868774414062500 HTTP/1.1" 403 186 "-" "WordPress/6.7.2; https://kahokutaku.com" "-"
3.142.146.163 - - [14/May/2025:19:29:01 +0900] "GET /shopdetail/23900702 HTTP/2.0" 404 11672 "-" "Mozilla/5.0 AppleWebKit/537.36 (KHTML, like Gecko; compatible; ClaudeBot/1.0; +claudebot@anthropic.com)" "-"
3.142.146.163 - - [14/May/2025:19:29:02 +0900] "GET /wp-includes/js/dist/script-modules/block-library/navigation/view.min.js?ver=8ff192874fc8910a284c HTTP/2.0" 200 1206 "https://kahokutaku.com/shopdetail/23900702" "Mozilla/5.0 AppleWebKit/537.36 (KHTML, like Gecko; compatible; ClaudeBot/1.0; +claudebot@anthropic.com)" "-"
3.142.146.163 - - [14/May/2025:19:29:02 +0900] "GET /wp-includes/js/dist/script-modules/interactivity/index.min.js?ver=907ea3b2f317a78b7b9b HTTP/2.0" 200 15440 "https://kahokutaku.com/shopdetail/23900702" "Mozilla/5.0 AppleWebKit/537.36 (KHTML, like Gecko; compatible; ClaudeBot/1.0; +claudebot@anthropic.com)" "-"
3.142.146.163 - - [14/May/2025:19:29:02 +0900] "GET /wp-content/plugins/contact-form-7/includes/swv/js/index.js?ver=5.7.4 HTTP/2.0" 200 3350 "https://kahokutaku.com/shopdetail/23900702" "Mozilla/5.0 AppleWebKit/537.36 (KHTML, like Gecko; compatible; ClaudeBot/1.0; +claudebot@anthropic.com)" "-"
3.142.146.163 - - [14/May/2025:19:29:02 +0900] "GET /wp-content/plugins/contact-form-7/includes/js/index.js?ver=5.7.4 HTTP/2.0" 200 4681 "https://kahokutaku.com/shopdetail/23900702" "Mozilla/5.0 AppleWebKit/537.36 (KHTML, like Gecko; compatible; ClaudeBot/1.0; +claudebot@anthropic.com)" "-"
3.142.146.163 - - [14/May/2025:19:29:02 +0900] "GET /wp-includes/js/jquery/jquery.min.js?ver=3.7.1 HTTP/2.0" 200 35438 "https://kahokutaku.com/shopdetail/23900702" "Mozilla/5.0 AppleWebKit/537.36 (KHTML, like Gecko; compatible; ClaudeBot/1.0; +claudebot@anthropic.com)" "-"
3.142.146.163 - - [14/May/2025:19:29:02 +0900] "GET /wp-includes/js/jquery/jquery-migrate.min.js?ver=3.4.1 HTTP/2.0" 200 5342 "https://kahokutaku.com/shopdetail/23900702" "Mozilla/5.0 AppleWebKit/537.36 (KHTML, like Gecko; compatible; ClaudeBot/1.0; +claudebot@anthropic.com)" "-"
3.142.146.163 - - [14/May/2025:19:29:02 +0900] "GET /wp-content/plugins/shortcodes-ultimate/includes/js/shortcodes/index.js?ver=5.12.8 HTTP/2.0" 200 4854 "https://kahokutaku.com/shopdetail/23900702" "Mozilla/5.0 AppleWebKit/537.36 (KHTML, like Gecko; compatible; ClaudeBot/1.0; +claudebot@anthropic.com)" "-"
3.142.146.163 - - [14/May/2025:19:29:02 +0900] "GET /wp-content/plugins/shortcodes-ultimate/vendor/jquery-inview/jquery-inview.js?ver=1.1.2 HTTP/2.0" 200 780 "https://kahokutaku.com/shopdetail/23900702" "Mozilla/5.0 AppleWebKit/537.36 (KHTML, like Gecko; compatible; ClaudeBot/1.0; +claudebot@anthropic.com)" "-"
3.142.146.163 - - [14/May/2025:19:29:03 +0900] "GET /wp-includes/js/wp-emoji-release.min.js?ver=6.7.2 HTTP/2.0" 200 5857 "https://kahokutaku.com/shopdetail/23900702" "Mozilla/5.0 AppleWebKit/537.36 (KHTML, like Gecko; compatible; ClaudeBot/1.0; +claudebot@anthropic.com)" "-"
66.249.79.172 - - [14/May/2025:19:29:30 +0900] "GET /shopdetail/19031813 HTTP/1.1" 200 24636 "-" "Mozilla/5.0 (compatible; Googlebot/2.1; +http://www.google.com/bot.html)" "-"
66.249.79.160 - - [14/May/2025:19:31:02 +0900] "GET /shopdetail/789879 HTTP/1.1" 200 21999 "-" "Mozilla/5.0 (compatible; Googlebot/2.1; +http://www.google.com/bot.html)" "-"
106.146.28.54 - - [14/May/2025:19:35:45 +0900] "GET /shopdetail/7959857 HTTP/2.0" 200 292 "https://search.yahoo.co.jp/" "Mozilla/5.0 (iPhone; CPU iPhone OS 17_6_1 like Mac OS X) AppleWebKit/605.1.15 (KHTML, like Gecko) Version/17.6 Mobile/15E148 Safari/604.1" "-"
66.249.79.160 - - [14/May/2025:19:37:15 +0900] "GET /zhHant/product/surugaya/67936641?campaign_uid=f64d716db5e979ed2f947dbaf4296895b951ae7f HTTP/1.1" 200 22830 "-" "Mozilla/5.0 (compatible; Googlebot/2.1; +http://www.google.com/bot.html)" "-"
160.251.148.50 - - [14/May/2025:19:37:35 +0900] "POST /wp-cron.php?doing_wp_cron=1747219055.8358049392700195312500 HTTP/1.1" 403 186 "-" "WordPress/6.7.2; https://kahokutaku.com" "-"
66.249.82.97 - - [14/May/2025:19:37:35 +0900] "GET /.well-known/traffic-advice HTTP/1.1" 301 0 "-" "Chrome Privacy Preserving Prefetch Proxy" "-"
162.120.184.19 - - [14/May/2025:19:37:36 +0900] "GET /shopdetail/22335391 HTTP/2.0" 200 353 "https://www.google.com/" "Mozilla/5.0 (Linux; Android 10; K) AppleWebKit/537.36 (KHTML, like Gecko) Chrome/136.0.0.0 Mobile Safari/537.36" "-"
66.249.79.172 - - [14/May/2025:19:40:06 +0900] "GET /shopdetail/25113557 HTTP/1.1" 200 22810 "-" "Mozilla/5.0 (Linux; Android 6.0.1; Nexus 5X Build/MMB29P) AppleWebKit/537.36 (KHTML, like Gecko) Chrome/136.0.7103.59 Mobile Safari/537.36 (compatible; Googlebot/2.1; +http://www.google.com/bot.html)" "-"
122.102.232.99 - - [14/May/2025:19:43:09 +0900] "GET /shopdetail/7964424 HTTP/2.0" 200 23335 "https://search.yahoo.co.jp/" "Mozilla/5.0 (Linux; Android 13; SH-54B Build/S9210; wv) AppleWebKit/537.36 (KHTML, like Gecko) Version/4.0 Chrome/136.0.7103.60 Mobile Safari/537.36 YJApp-ANDROID jp.co.yahoo.android.yjtop/3.193.0" "-"
122.102.232.99 - - [14/May/2025:19:43:11 +0900] "POST /get-message-notify HTTP/2.0" 200 22931 "https://www.kahokutaku.com/shopdetail/7964424" "Mozilla/5.0 (Linux; Android 13; SH-54B Build/S9210; wv) AppleWebKit/537.36 (KHTML, like Gecko) Version/4.0 Chrome/136.0.7103.60 Mobile Safari/537.36 YJApp-ANDROID jp.co.yahoo.android.yjtop/3.193.0" "-"
66.249.79.173 - - [14/May/2025:19:45:32 +0900] "GET /shopdetail/5578902 HTTP/1.1" 200 24507 "-" "Mozilla/5.0 (Linux; Android 6.0.1; Nexus 5X Build/MMB29P) AppleWebKit/537.36 (KHTML, like Gecko) Chrome/136.0.7103.59 Mobile Safari/537.36 (compatible; Googlebot/2.1; +http://www.google.com/bot.html)" "-"
66.249.79.173 - - [14/May/2025:19:45:43 +0900] "GET /shopdetail/6668579 HTTP/1.1" 200 24505 "-" "Mozilla/5.0 (Linux; Android 6.0.1; Nexus 5X Build/MMB29P) AppleWebKit/537.36 (KHTML, like Gecko) Chrome/136.0.7103.59 Mobile Safari/537.36 (compatible; Googlebot/2.1; +http://www.google.com/bot.html)" "-"
66.249.79.160 - - [14/May/2025:19:48:10 +0900] "GET /safe_search/config?return_url=%2Fproduct%2Fdetail%2F48665267 HTTP/1.1" 200 24607 "-" "Mozilla/5.0 (Linux; Android 6.0.1; Nexus 5X Build/MMB29P) AppleWebKit/537.36 (KHTML, like Gecko) Chrome/136.0.7103.59 Mobile Safari/537.36 (compatible; Googlebot/2.1; +http://www.google.com/bot.html)" "-"
160.251.148.50 - - [14/May/2025:19:52:11 +0900] "POST /wp-cron.php?doing_wp_cron=1747219931.1993780136108398437500 HTTP/1.1" 403 186 "-" "WordPress/6.7.2; https://kahokutaku.com" "-"
160.251.148.50 - - [14/May/2025:19:52:11 +0900] "POST /wp-cron.php?doing_wp_cron=1747219931.1995520591735839843750 HTTP/1.1" 403 186 "-" "WordPress/6.7.2; https://kahokutaku.com" "-"
3.145.86.34 - - [14/May/2025:19:52:11 +0900] "GET /shopdetail/1882557 HTTP/2.0" 404 11672 "-" "Mozilla/5.0 AppleWebKit/537.36 (KHTML, like Gecko; compatible; ClaudeBot/1.0; +claudebot@anthropic.com)" "-"
3.145.86.34 - - [14/May/2025:19:52:11 +0900] "GET /shopdetail/1218779 HTTP/2.0" 404 11672 "-" "Mozilla/5.0 AppleWebKit/537.36 (KHTML, like Gecko; compatible; ClaudeBot/1.0; +claudebot@anthropic.com)" "-"
3.145.86.34 - - [14/May/2025:19:52:11 +0900] "GET /wp-includes/js/dist/script-modules/block-library/navigation/view.min.js?ver=8ff192874fc8910a284c HTTP/2.0" 200 1206 "https://kahokutaku.com/shopdetail/1882557" "Mozilla/5.0 AppleWebKit/537.36 (KHTML, like Gecko; compatible; ClaudeBot/1.0; +claudebot@anthropic.com)" "-"
3.145.86.34 - - [14/May/2025:19:52:11 +0900] "GET /wp-includes/js/dist/script-modules/interactivity/index.min.js?ver=907ea3b2f317a78b7b9b HTTP/2.0" 200 15440 "https://kahokutaku.com/shopdetail/1882557" "Mozilla/5.0 AppleWebKit/537.36 (KHTML, like Gecko; compatible; ClaudeBot/1.0; +claudebot@anthropic.com)" "-"
3.145.86.34 - - [14/May/2025:19:52:11 +0900] "GET /wp-content/plugins/contact-form-7/includes/swv/js/index.js?ver=5.7.4 HTTP/2.0" 200 3350 "https://kahokutaku.com/shopdetail/1882557" "Mozilla/5.0 AppleWebKit/537.36 (KHTML, like Gecko; compatible; ClaudeBot/1.0; +claudebot@anthropic.com)" "-"
3.145.86.34 - - [14/May/2025:19:52:11 +0900] "GET /wp-includes/js/jquery/jquery.min.js?ver=3.7.1 HTTP/2.0" 200 35438 "https://kahokutaku.com/shopdetail/1882557" "Mozilla/5.0 AppleWebKit/537.36 (KHTML, like Gecko; compatible; ClaudeBot/1.0; +claudebot@anthropic.com)" "-"
3.145.86.34 - - [14/May/2025:19:52:11 +0900] "GET /wp-content/plugins/contact-form-7/includes/js/index.js?ver=5.7.4 HTTP/2.0" 200 4681 "https://kahokutaku.com/shopdetail/1882557" "Mozilla/5.0 AppleWebKit/537.36 (KHTML, like Gecko; compatible; ClaudeBot/1.0; +claudebot@anthropic.com)" "-"
3.145.86.34 - - [14/May/2025:19:52:11 +0900] "GET /wp-includes/js/jquery/jquery-migrate.min.js?ver=3.4.1 HTTP/2.0" 200 5342 "https://kahokutaku.com/shopdetail/1882557" "Mozilla/5.0 AppleWebKit/537.36 (KHTML, like Gecko; compatible; ClaudeBot/1.0; +claudebot@anthropic.com)" "-"
3.145.86.34 - - [14/May/2025:19:52:11 +0900] "GET /wp-content/plugins/shortcodes-ultimate/vendor/jquery-inview/jquery-inview.js?ver=1.1.2 HTTP/2.0" 200 780 "https://kahokutaku.com/shopdetail/1882557" "Mozilla/5.0 AppleWebKit/537.36 (KHTML, like Gecko; compatible; ClaudeBot/1.0; +claudebot@anthropic.com)" "-"
3.145.86.34 - - [14/May/2025:19:52:11 +0900] "GET /wp-content/plugins/shortcodes-ultimate/includes/js/shortcodes/index.js?ver=5.12.8 HTTP/2.0" 200 4854 "https://kahokutaku.com/shopdetail/1882557" "Mozilla/5.0 AppleWebKit/537.36 (KHTML, like Gecko; compatible; ClaudeBot/1.0; +claudebot@anthropic.com)" "-"
3.145.86.34 - - [14/May/2025:19:52:11 +0900] "GET /wp-includes/js/dist/script-modules/block-library/navigation/view.min.js?ver=8ff192874fc8910a284c HTTP/2.0" 200 1206 "https://kahokutaku.com/shopdetail/1218779" "Mozilla/5.0 AppleWebKit/537.36 (KHTML, like Gecko; compatible; ClaudeBot/1.0; +claudebot@anthropic.com)" "-"
3.145.86.34 - - [14/May/2025:19:52:11 +0900] "GET /wp-includes/js/dist/script-modules/interactivity/index.min.js?ver=907ea3b2f317a78b7b9b HTTP/2.0" 200 15440 "https://kahokutaku.com/shopdetail/1218779" "Mozilla/5.0 AppleWebKit/537.36 (KHTML, like Gecko; compatible; ClaudeBot/1.0; +claudebot@anthropic.com)" "-"
3.145.86.34 - - [14/May/2025:19:52:11 +0900] "GET /wp-content/plugins/contact-form-7/includes/js/index.js?ver=5.7.4 HTTP/2.0" 200 4681 "https://kahokutaku.com/shopdetail/1218779" "Mozilla/5.0 AppleWebKit/537.36 (KHTML, like Gecko; compatible; ClaudeBot/1.0; +claudebot@anthropic.com)" "-"
3.145.86.34 - - [14/May/2025:19:52:11 +0900] "GET /wp-content/plugins/contact-form-7/includes/swv/js/index.js?ver=5.7.4 HTTP/2.0" 200 3350 "https://kahokutaku.com/shopdetail/1218779" "Mozilla/5.0 AppleWebKit/537.36 (KHTML, like Gecko; compatible; ClaudeBot/1.0; +claudebot@anthropic.com)" "-"
3.145.86.34 - - [14/May/2025:19:52:11 +0900] "GET /wp-includes/js/jquery/jquery.min.js?ver=3.7.1 HTTP/2.0" 200 35438 "https://kahokutaku.com/shopdetail/1218779" "Mozilla/5.0 AppleWebKit/537.36 (KHTML, like Gecko; compatible; ClaudeBot/1.0; +claudebot@anthropic.com)" "-"
3.145.86.34 - - [14/May/2025:19:52:11 +0900] "GET /wp-includes/js/jquery/jquery-migrate.min.js?ver=3.4.1 HTTP/2.0" 200 5342 "https://kahokutaku.com/shopdetail/1218779" "Mozilla/5.0 AppleWebKit/537.36 (KHTML, like Gecko; compatible; ClaudeBot/1.0; +claudebot@anthropic.com)" "-"
3.145.86.34 - - [14/May/2025:19:52:11 +0900] "GET /wp-content/plugins/shortcodes-ultimate/vendor/jquery-inview/jquery-inview.js?ver=1.1.2 HTTP/2.0" 200 780 "https://kahokutaku.com/shopdetail/1218779" "Mozilla/5.0 AppleWebKit/537.36 (KHTML, like Gecko; compatible; ClaudeBot/1.0; +claudebot@anthropic.com)" "-"
3.145.86.34 - - [14/May/2025:19:52:11 +0900] "GET /wp-content/plugins/shortcodes-ultimate/includes/js/shortcodes/index.js?ver=5.12.8 HTTP/2.0" 200 4854 "https://kahokutaku.com/shopdetail/1218779" "Mozilla/5.0 AppleWebKit/537.36 (KHTML, like Gecko; compatible; ClaudeBot/1.0; +claudebot@anthropic.com)" "-"
3.145.86.34 - - [14/May/2025:19:52:12 +0900] "GET /wp-includes/js/wp-emoji-release.min.js?ver=6.7.2 HTTP/2.0" 200 5857 "https://kahokutaku.com/shopdetail/1882557" "Mozilla/5.0 AppleWebKit/537.36 (KHTML, like Gecko; compatible; ClaudeBot/1.0; +claudebot@anthropic.com)" "-"
66.249.79.160 - - [14/May/2025:19:53:46 +0900] "GET /shopdetail/2600046 HTTP/1.1" 200 22898 "-" "Mozilla/5.0 (Linux; Android 6.0.1; Nexus 5X Build/MMB29P) AppleWebKit/537.36 (KHTML, like Gecko) Chrome/136.0.7103.59 Mobile Safari/537.36 (compatible; Googlebot/2.1; +http://www.google.com/bot.html)" "-"
103.121.138.197 - - [14/May/2025:19:57:08 +0900] "POST /xmlrpc.php HTTP/1.1" 403 199 "-" "Mozilla/5.0 (Windows NT 10.0; Win64; x64) AppleWebKit/537.36 (KHTML, like Gecko) Chrome/91.0.4472.124 Safari/537.36" "-"
66.249.79.173 - - [14/May/2025:19:58:38 +0900] "GET /shopdetail/2017491 HTTP/1.1" 200 24038 "-" "Mozilla/5.0 (Linux; Android 6.0.1; Nexus 5X Build/MMB29P) AppleWebKit/537.36 (KHTML, like Gecko) Chrome/136.0.7103.59 Mobile Safari/537.36 (compatible; Googlebot/2.1; +http://www.google.com/bot.html)" "-"
3.144.158.98 - - [14/May/2025:20:01:23 +0900] "GET /robots.txt HTTP/1.1" 200 180 "-" "Mozilla/5.0 AppleWebKit/537.36 (KHTML, like Gecko; compatible; ClaudeBot/1.0; +claudebot@anthropic.com)" "-"
160.251.148.50 - - [14/May/2025:20:01:24 +0900] "POST /wp-cron.php?doing_wp_cron=1747220484.1714870929718017578125 HTTP/1.1" 403 186 "-" "WordPress/6.7.2; https://kahokutaku.com" "-"
3.144.158.98 - - [14/May/2025:20:01:24 +0900] "GET /shopdetail/8953257 HTTP/2.0" 404 11672 "-" "Mozilla/5.0 AppleWebKit/537.36 (KHTML, like Gecko; compatible; ClaudeBot/1.0; +claudebot@anthropic.com)" "-"
3.144.158.98 - - [14/May/2025:20:01:24 +0900] "GET /wp-includes/js/dist/script-modules/block-library/navigation/view.min.js?ver=8ff192874fc8910a284c HTTP/2.0" 200 1206 "https://kahokutaku.com/shopdetail/8953257" "Mozilla/5.0 AppleWebKit/537.36 (KHTML, like Gecko; compatible; ClaudeBot/1.0; +claudebot@anthropic.com)" "-"
3.144.158.98 - - [14/May/2025:20:01:24 +0900] "GET /wp-includes/js/dist/script-modules/interactivity/index.min.js?ver=907ea3b2f317a78b7b9b HTTP/2.0" 200 15440 "https://kahokutaku.com/shopdetail/8953257" "Mozilla/5.0 AppleWebKit/537.36 (KHTML, like Gecko; compatible; ClaudeBot/1.0; +claudebot@anthropic.com)" "-"
3.144.158.98 - - [14/May/2025:20:01:24 +0900] "GET /wp-content/plugins/contact-form-7/includes/swv/js/index.js?ver=5.7.4 HTTP/2.0" 200 3350 "https://kahokutaku.com/shopdetail/8953257" "Mozilla/5.0 AppleWebKit/537.36 (KHTML, like Gecko; compatible; ClaudeBot/1.0; +claudebot@anthropic.com)" "-"
3.144.158.98 - - [14/May/2025:20:01:24 +0900] "GET /wp-content/plugins/contact-form-7/includes/js/index.js?ver=5.7.4 HTTP/2.0" 200 4681 "https://kahokutaku.com/shopdetail/8953257" "Mozilla/5.0 AppleWebKit/537.36 (KHTML, like Gecko; compatible; ClaudeBot/1.0; +claudebot@anthropic.com)" "-"
3.144.158.98 - - [14/May/2025:20:01:24 +0900] "GET /wp-includes/js/jquery/jquery.min.js?ver=3.7.1 HTTP/2.0" 200 35438 "https://kahokutaku.com/shopdetail/8953257" "Mozilla/5.0 AppleWebKit/537.36 (KHTML, like Gecko; compatible; ClaudeBot/1.0; +claudebot@anthropic.com)" "-"
3.144.158.98 - - [14/May/2025:20:01:24 +0900] "GET /wp-content/plugins/shortcodes-ultimate/includes/js/shortcodes/index.js?ver=5.12.8 HTTP/2.0" 200 4854 "https://kahokutaku.com/shopdetail/8953257" "Mozilla/5.0 AppleWebKit/537.36 (KHTML, like Gecko; compatible; ClaudeBot/1.0; +claudebot@anthropic.com)" "-"
3.144.158.98 - - [14/May/2025:20:01:24 +0900] "GET /wp-includes/js/jquery/jquery-migrate.min.js?ver=3.4.1 HTTP/2.0" 200 5342 "https://kahokutaku.com/shopdetail/8953257" "Mozilla/5.0 AppleWebKit/537.36 (KHTML, like Gecko; compatible; ClaudeBot/1.0; +claudebot@anthropic.com)" "-"
3.144.158.98 - - [14/May/2025:20:01:24 +0900] "GET /wp-content/plugins/shortcodes-ultimate/vendor/jquery-inview/jquery-inview.js?ver=1.1.2 HTTP/2.0" 200 780 "https://kahokutaku.com/shopdetail/8953257" "Mozilla/5.0 AppleWebKit/537.36 (KHTML, like Gecko; compatible; ClaudeBot/1.0; +claudebot@anthropic.com)" "-"
3.144.158.98 - - [14/May/2025:20:01:24 +0900] "GET /wp-includes/js/wp-emoji-release.min.js?ver=6.7.2 HTTP/2.0" 200 5857 "https://kahokutaku.com/shopdetail/8953257" "Mozilla/5.0 AppleWebKit/537.36 (KHTML, like Gecko; compatible; ClaudeBot/1.0; +claudebot@anthropic.com)" "-"
66.249.79.160 - - [14/May/2025:20:03:29 +0900] "GET /pcmypage?callback=product%2Fdetail%2F78654512 HTTP/1.1" 200 22195 "-" "Mozilla/5.0 (compatible; Googlebot/2.1; +http://www.google.com/bot.html)" "-"
1.75.80.249 - - [14/May/2025:20:07:23 +0900] "GET /shopdetail/25932935 HTTP/2.0" 200 328 "https://www.google.com/url?q=https://www.kahokutaku.com/shopdetail/25932935&sa=U&ved=2ahUKEwi9ksHT6KKNAxVVs1YBHbkTKR0QFnoECE0QAQ&usg=AOvVaw10q-pizFHqsY-HJGoo1NFF" "Mozilla/5.0 (iPhone; CPU iPhone OS 18_3_2 like Mac OS X) AppleWebKit/605.1.15 (KHTML, like Gecko) GSA/367.0.752095380 Mobile/15E148 Safari/604.1" "-"
23.94.74.183 - - [14/May/2025:20:09:39 +0900] "GET /wp-login.php HTTP/1.1" 301 162 "-" "Mozilla/5.0" "-"
23.94.74.183 - - [14/May/2025:20:09:41 +0900] "GET /wp-login.php HTTP/1.1" 403 186 "-" "Mozilla/5.0" "-"
66.249.79.173 - - [14/May/2025:20:10:05 +0900] "GET /pcmypage?callback=/product%2Fdetail%2F54775220 HTTP/1.1" 200 23431 "-" "Mozilla/5.0 (compatible; Googlebot/2.1; +http://www.google.com/bot.html)" "-"
66.249.79.173 - - [14/May/2025:20:11:22 +0900] "GET /shopdetail/9705735 HTTP/1.1" 200 25328 "-" "Mozilla/5.0 (Linux; Android 6.0.1; Nexus 5X Build/MMB29P) AppleWebKit/537.36 (KHTML, like Gecko) Chrome/136.0.7103.59 Mobile Safari/537.36 (compatible; Googlebot/2.1; +http://www.google.com/bot.html)" "-"
207.46.13.51 - - [14/May/2025:20:12:40 +0900] "GET / HTTP/2.0" 200 22953 "-" "Mozilla/5.0 AppleWebKit/537.36 (KHTML, like Gecko; compatible; bingbot/2.0; +http://www.bing.com/bingbot.htm) Chrome/116.0.1938.76 Safari/537.36" "-"
66.249.79.160 - - [14/May/2025:20:14:19 +0900] "GET /shopdetail/7230924 HTTP/1.1" 200 22341 "-" "Mozilla/5.0 (Linux; Android 6.0.1; Nexus 5X Build/MMB29P) AppleWebKit/537.36 (KHTML, like Gecko) Chrome/136.0.7103.59 Mobile Safari/537.36 (compatible; Googlebot/2.1; +http://www.google.com/bot.html)" "-"
