66.249.79.160 - - [12/May/2025:13:44:42 +0900] "GET /pcmypage?callback=product%2Fdetail%2F22086152 HTTP/1.1" 200 22790 "-" "Mozilla/5.0 (Linux; Android 6.0.1; Nexus 5X Build/MMB29P) AppleWebKit/537.36 (KHTML, like Gecko) Chrome/136.0.7103.59 Mobile Safari/537.36 (compatible; Googlebot/2.1; +http://www.google.com/bot.html)" "-"
160.251.148.50 - - [12/May/2025:13:44:44 +0900] "POST /wp-cron.php?doing_wp_cron=1747025084.3640890121459960937500 HTTP/1.1" 403 186 "-" "WordPress/6.7.2; https://kahokutaku.com" "-"
18.227.183.185 - - [12/May/2025:13:44:44 +0900] "GET /shopdetail/22914368 HTTP/2.0" 301 0 "-" "Mozilla/5.0 AppleWebKit/537.36 (KHTML, like Gecko; compatible; ClaudeBot/1.0; +claudebot@anthropic.com)" "-"
66.249.79.173 - - [12/May/2025:13:44:52 +0900] "GET /shopdetail/14771702 HTTP/1.1" 200 24058 "-" "Mozilla/5.0 (Linux; Android 6.0.1; Nexus 5X Build/MMB29P) AppleWebKit/537.36 (KHTML, like Gecko) Chrome/136.0.7103.59 Mobile Safari/537.36 (compatible; Googlebot/2.1; +http://www.google.com/bot.html)" "-"
66.249.79.173 - - [12/May/2025:13:44:53 +0900] "GET /shopdetail/9355002 HTTP/1.1" 200 23009 "-" "Mozilla/5.0 (Linux; Android 6.0.1; Nexus 5X Build/MMB29P) AppleWebKit/537.36 (KHTML, like Gecko) Chrome/136.0.7103.59 Mobile Safari/537.36 (compatible; Googlebot/2.1; +http://www.google.com/bot.html)" "-"
66.249.79.172 - - [12/May/2025:13:44:55 +0900] "POST /get-message-notify HTTP/1.1" 200 22943 "https://www.kahokutaku.com/shopdetail/14771702" "Mozilla/5.0 (Linux; Android 6.0.1; Nexus 5X Build/MMB29P) AppleWebKit/537.36 (KHTML, like Gecko) Chrome/135.0.7049.114 Mobile Safari/537.36 (compatible; Googlebot/2.1; +http://www.google.com/bot.html)" "-"
66.249.79.172 - - [12/May/2025:13:45:23 +0900] "GET /zhHant/product/surugaya/39337575?campaign_uid=f64d716db5e979ed2f947dbaf4296895b951ae7f HTTP/1.1" 200 25519 "-" "Mozilla/5.0 (Linux; Android 6.0.1; Nexus 5X Build/MMB29P) AppleWebKit/537.36 (KHTML, like Gecko) Chrome/136.0.7103.59 Mobile Safari/537.36 (compatible; Googlebot/2.1; +http://www.google.com/bot.html)" "-"
66.249.79.173 - - [12/May/2025:13:45:25 +0900] "GET /shopdetail/1788857 HTTP/1.1" 200 22725 "-" "Mozilla/5.0 (Linux; Android 6.0.1; Nexus 5X Build/MMB29P) AppleWebKit/537.36 (KHTML, like Gecko) Chrome/136.0.7103.59 Mobile Safari/537.36 (compatible; Googlebot/2.1; +http://www.google.com/bot.html)" "-"
43.153.7.191 - - [12/May/2025:13:45:53 +0900] "GET / HTTP/1.1" 301 162 "-" "Mozilla/5.0 (iPhone; CPU iPhone OS 13_2_3 like Mac OS X) AppleWebKit/605.1.15 (KHTML, like Gecko) Version/13.0.3 Mobile/15E148 Safari/604.1" "-"
160.251.148.50 - - [12/May/2025:13:45:55 +0900] "POST /wp-cron.php?doing_wp_cron=1747025155.6872920989990234375000 HTTP/1.1" 403 186 "-" "WordPress/6.7.2; https://kahokutaku.com" "-"
43.153.7.191 - - [12/May/2025:13:45:55 +0900] "GET / HTTP/1.1" 301 0 "http://www.kahokutaku.com" "Mozilla/5.0 (iPhone; CPU iPhone OS 13_2_3 like Mac OS X) AppleWebKit/605.1.15 (KHTML, like Gecko) Version/13.0.3 Mobile/15E148 Safari/604.1" "-"
43.153.7.191 - - [12/May/2025:13:45:57 +0900] "GET / HTTP/1.1" 200 14124 "https://www.kahokutaku.com/" "Mozilla/5.0 (iPhone; CPU iPhone OS 13_2_3 like Mac OS X) AppleWebKit/605.1.15 (KHTML, like Gecko) Version/13.0.3 Mobile/15E148 Safari/604.1" "-"
66.249.79.160 - - [12/May/2025:13:46:20 +0900] "GET /shopdetail/6674968 HTTP/1.1" 200 21958 "-" "Mozilla/5.0 (compatible; Googlebot/2.1; +http://www.google.com/bot.html)" "-"
66.249.79.172 - - [12/May/2025:13:46:39 +0900] "GET /shopdetail/6742491 HTTP/1.1" 200 26070 "-" "Mozilla/5.0 (Linux; Android 6.0.1; Nexus 5X Build/MMB29P) AppleWebKit/537.36 (KHTML, like Gecko) Chrome/136.0.7103.59 Mobile Safari/537.36 (compatible; Googlebot/2.1; +http://www.google.com/bot.html)" "-"
66.249.66.32 - - [12/May/2025:13:47:44 +0900] "GET /shopdetail/14393335 HTTP/1.1" 200 22659 "-" "Mozilla/5.0 (compatible; Googlebot/2.1; +http://www.google.com/bot.html)" "-"
66.249.79.172 - - [12/May/2025:13:48:20 +0900] "GET /safe_search/config?return_url=%2Fproduct%2Fdetail%2F67427153 HTTP/1.1" 200 23115 "-" "Mozilla/5.0 (Linux; Android 6.0.1; Nexus 5X Build/MMB29P) AppleWebKit/537.36 (KHTML, like Gecko) Chrome/136.0.7103.59 Mobile Safari/537.36 (compatible; Googlebot/2.1; +http://www.google.com/bot.html)" "-"
66.249.79.172 - - [12/May/2025:13:48:55 +0900] "GET /shopdetail/16434157 HTTP/1.1" 200 24596 "-" "Mozilla/5.0 (Linux; Android 6.0.1; Nexus 5X Build/MMB29P) AppleWebKit/537.36 (KHTML, like Gecko) Chrome/136.0.7103.59 Mobile Safari/537.36 (compatible; Googlebot/2.1; +http://www.google.com/bot.html)" "-"
162.0.215.249 - - [12/May/2025:13:49:07 +0900] "POST /wp-login.php HTTP/2.0" 403 175 "https://kahokutaku.com" "Mozilla/5.0 (Macintosh; Intel Mac OS X 10_15_7) AppleWebKit/537.36 (KHTML, like Gecko) Chrome/112.0.5615.138 Safari/537.36" "-"
66.249.79.160 - - [12/May/2025:13:49:42 +0900] "GET /shopdetail/15061680 HTTP/1.1" 200 24512 "-" "Mozilla/5.0 (compatible; Googlebot/2.1; +http://www.google.com/bot.html)" "-"
66.249.79.173 - - [12/May/2025:13:50:09 +0900] "GET /pcmypage?callback=product/review/60874960 HTTP/1.1" 200 24654 "-" "Mozilla/5.0 (Linux; Android 6.0.1; Nexus 5X Build/MMB29P) AppleWebKit/537.36 (KHTML, like Gecko) Chrome/136.0.7103.59 Mobile Safari/537.36 (compatible; Googlebot/2.1; +http://www.google.com/bot.html)" "-"
66.249.79.173 - - [12/May/2025:13:50:36 +0900] "GET /shopdetail/19031813 HTTP/1.1" 200 24635 "-" "Mozilla/5.0 (Linux; Android 6.0.1; Nexus 5X Build/MMB29P) AppleWebKit/537.36 (KHTML, like Gecko) Chrome/136.0.7103.59 Mobile Safari/537.36 (compatible; Googlebot/2.1; +http://www.google.com/bot.html)" "-"
66.249.79.172 - - [12/May/2025:13:50:43 +0900] "GET /shopdetail/26896746 HTTP/1.1" 200 23878 "-" "Mozilla/5.0 (Linux; Android 6.0.1; Nexus 5X Build/MMB29P) AppleWebKit/537.36 (KHTML, like Gecko) Chrome/136.0.7103.59 Mobile Safari/537.36 (compatible; Googlebot/2.1; +http://www.google.com/bot.html)" "-"
66.249.79.160 - - [12/May/2025:13:51:16 +0900] "GET /shopdetail/2606480 HTTP/1.1" 200 23017 "-" "Mozilla/5.0 (Linux; Android 6.0.1; Nexus 5X Build/MMB29P) AppleWebKit/537.36 (KHTML, like Gecko) Chrome/136.0.7103.59 Mobile Safari/537.36 (compatible; Googlebot/2.1; +http://www.google.com/bot.html)" "-"
66.249.79.173 - - [12/May/2025:13:51:35 +0900] "GET /shopdetail/12656568 HTTP/1.1" 200 24076 "-" "Mozilla/5.0 (Linux; Android 6.0.1; Nexus 5X Build/MMB29P) AppleWebKit/537.36 (KHTML, like Gecko) Chrome/136.0.7103.59 Mobile Safari/537.36 (compatible; Googlebot/2.1; +http://www.google.com/bot.html)" "-"
66.249.79.172 - - [12/May/2025:13:51:35 +0900] "GET /shopdetail/3388413 HTTP/1.1" 200 23334 "-" "Mozilla/5.0 (Linux; Android 6.0.1; Nexus 5X Build/MMB29P) AppleWebKit/537.36 (KHTML, like Gecko) Chrome/136.0.7103.59 Mobile Safari/537.36 (compatible; Googlebot/2.1; +http://www.google.com/bot.html)" "-"
66.249.79.172 - - [12/May/2025:13:51:36 +0900] "GET /shopdetail/13221779 HTTP/1.1" 200 22235 "-" "Mozilla/5.0 (Linux; Android 6.0.1; Nexus 5X Build/MMB29P) AppleWebKit/537.36 (KHTML, like Gecko) Chrome/136.0.7103.59 Mobile Safari/537.36 (compatible; Googlebot/2.1; +http://www.google.com/bot.html)" "-"
66.249.79.172 - - [12/May/2025:13:51:46 +0900] "GET /shopdetail/23007013 HTTP/1.1" 200 24497 "-" "Mozilla/5.0 (Linux; Android 6.0.1; Nexus 5X Build/MMB29P) AppleWebKit/537.36 (KHTML, like Gecko) Chrome/136.0.7103.59 Mobile Safari/537.36 (compatible; Googlebot/2.1; +http://www.google.com/bot.html)" "-"
81.88.53.143 - - [12/May/2025:13:54:38 +0900] "POST /wp-login.php HTTP/2.0" 403 175 "https://kahokutaku.com" "Mozilla/5.0 (Macintosh; Intel Mac OS X 10_15_7) AppleWebKit/537.36 (KHTML, like Gecko) Chrome/112.0.5615.138 Safari/537.36" "-"
160.251.148.50 - - [12/May/2025:13:55:40 +0900] "POST /wp-cron.php?doing_wp_cron=1747025740.3547871112823486328125 HTTP/1.1" 403 186 "-" "WordPress/6.7.2; https://kahokutaku.com" "-"
5.161.80.142 - - [12/May/2025:13:55:40 +0900] "GET /shopdetail/3137180 HTTP/1.1" 301 0 "-" "Mozilla/5.0 (Windows NT 10.0; Win64; x64) AppleWebKit/537.36 (KHTML, like Gecko) Chrome/84.0.4147.105 Safari/537.36" "-"
5.161.80.142 - - [12/May/2025:13:55:41 +0900] "GET /shopdetail/3137180 HTTP/1.1" 404 11685 "-" "Mozilla/5.0 (Windows NT 10.0; Win64; x64) AppleWebKit/537.36 (KHTML, like Gecko) Chrome/84.0.4147.105 Safari/537.36" "-"
18.117.108.134 - - [12/May/2025:13:55:57 +0900] "GET /robots.txt HTTP/1.1" 200 180 "-" "Mozilla/5.0 AppleWebKit/537.36 (KHTML, like Gecko; compatible; ClaudeBot/1.0; +claudebot@anthropic.com)" "-"
18.117.108.134 - - [12/May/2025:13:55:58 +0900] "GET /shopdetail/21346924 HTTP/2.0" 404 11672 "-" "Mozilla/5.0 AppleWebKit/537.36 (KHTML, like Gecko; compatible; ClaudeBot/1.0; +claudebot@anthropic.com)" "-"
18.117.108.134 - - [12/May/2025:13:55:58 +0900] "GET /wp-includes/js/dist/script-modules/block-library/navigation/view.min.js?ver=8ff192874fc8910a284c HTTP/2.0" 200 1206 "https://kahokutaku.com/shopdetail/21346924" "Mozilla/5.0 AppleWebKit/537.36 (KHTML, like Gecko; compatible; ClaudeBot/1.0; +claudebot@anthropic.com)" "-"
18.117.108.134 - - [12/May/2025:13:55:58 +0900] "GET /wp-includes/js/dist/script-modules/interactivity/index.min.js?ver=907ea3b2f317a78b7b9b HTTP/2.0" 200 15440 "https://kahokutaku.com/shopdetail/21346924" "Mozilla/5.0 AppleWebKit/537.36 (KHTML, like Gecko; compatible; ClaudeBot/1.0; +claudebot@anthropic.com)" "-"
18.117.108.134 - - [12/May/2025:13:55:58 +0900] "GET /wp-includes/js/jquery/jquery.min.js?ver=3.7.1 HTTP/2.0" 200 35438 "https://kahokutaku.com/shopdetail/21346924" "Mozilla/5.0 AppleWebKit/537.36 (KHTML, like Gecko; compatible; ClaudeBot/1.0; +claudebot@anthropic.com)" "-"
18.117.108.134 - - [12/May/2025:13:55:58 +0900] "GET /wp-content/plugins/contact-form-7/includes/swv/js/index.js?ver=5.7.4 HTTP/2.0" 200 3350 "https://kahokutaku.com/shopdetail/21346924" "Mozilla/5.0 AppleWebKit/537.36 (KHTML, like Gecko; compatible; ClaudeBot/1.0; +claudebot@anthropic.com)" "-"
18.117.108.134 - - [12/May/2025:13:55:58 +0900] "GET /wp-content/plugins/contact-form-7/includes/js/index.js?ver=5.7.4 HTTP/2.0" 200 4681 "https://kahokutaku.com/shopdetail/21346924" "Mozilla/5.0 AppleWebKit/537.36 (KHTML, like Gecko; compatible; ClaudeBot/1.0; +claudebot@anthropic.com)" "-"
18.117.108.134 - - [12/May/2025:13:55:58 +0900] "GET /wp-content/plugins/shortcodes-ultimate/includes/js/shortcodes/index.js?ver=5.12.8 HTTP/2.0" 200 4854 "https://kahokutaku.com/shopdetail/21346924" "Mozilla/5.0 AppleWebKit/537.36 (KHTML, like Gecko; compatible; ClaudeBot/1.0; +claudebot@anthropic.com)" "-"
18.117.108.134 - - [12/May/2025:13:55:58 +0900] "GET /wp-includes/js/jquery/jquery-migrate.min.js?ver=3.4.1 HTTP/2.0" 200 5342 "https://kahokutaku.com/shopdetail/21346924" "Mozilla/5.0 AppleWebKit/537.36 (KHTML, like Gecko; compatible; ClaudeBot/1.0; +claudebot@anthropic.com)" "-"
18.117.108.134 - - [12/May/2025:13:55:58 +0900] "GET /wp-content/plugins/shortcodes-ultimate/vendor/jquery-inview/jquery-inview.js?ver=1.1.2 HTTP/2.0" 200 780 "https://kahokutaku.com/shopdetail/21346924" "Mozilla/5.0 AppleWebKit/537.36 (KHTML, like Gecko; compatible; ClaudeBot/1.0; +claudebot@anthropic.com)" "-"
18.117.108.134 - - [12/May/2025:13:55:59 +0900] "GET /wp-includes/js/wp-emoji-release.min.js?ver=6.7.2 HTTP/2.0" 200 5857 "https://kahokutaku.com/shopdetail/21346924" "Mozilla/5.0 AppleWebKit/537.36 (KHTML, like Gecko; compatible; ClaudeBot/1.0; +claudebot@anthropic.com)" "-"
150.249.251.84 - - [12/May/2025:13:56:54 +0900] "GET /safe_search/config?return_url=%2Fproduct%2Fdetail%2F54636997 HTTP/2.0" 200 366 "https://www.google.co.jp/" "Mozilla/5.0 (Windows NT 10.0; Win64; x64) AppleWebKit/537.36 (KHTML, like Gecko) Chrome/136.0.0.0 Safari/537.36 Edg/136.0.0.0" "-"
66.249.79.172 - - [12/May/2025:13:57:25 +0900] "GET /shopdetail/8533257 HTTP/1.1" 200 22096 "-" "Mozilla/5.0 (Linux; Android 6.0.1; Nexus 5X Build/MMB29P) AppleWebKit/537.36 (KHTML, like Gecko) Chrome/136.0.7103.59 Mobile Safari/537.36 (compatible; Googlebot/2.1; +http://www.google.com/bot.html)" "-"
66.249.79.172 - - [12/May/2025:13:57:29 +0900] "POST /get-message-notify HTTP/1.1" 200 22943 "https://www.kahokutaku.com/shopdetail/8533257" "Mozilla/5.0 (Linux; Android 6.0.1; Nexus 5X Build/MMB29P) AppleWebKit/537.36 (KHTML, like Gecko) Chrome/135.0.7049.114 Mobile Safari/537.36 (compatible; Googlebot/2.1; +http://www.google.com/bot.html)" "-"
66.249.79.173 - - [12/May/2025:13:57:53 +0900] "GET /shopdetail/19422224 HTTP/1.1" 200 23629 "-" "Mozilla/5.0 (Linux; Android 6.0.1; Nexus 5X Build/MMB29P) AppleWebKit/537.36 (KHTML, like Gecko) Chrome/136.0.7103.59 Mobile Safari/537.36 (compatible; Googlebot/2.1; +http://www.google.com/bot.html)" "-"
66.249.79.173 - - [12/May/2025:13:59:04 +0900] "GET /shopdetail/29149402 HTTP/1.1" 200 23843 "-" "Mozilla/5.0 (Linux; Android 6.0.1; Nexus 5X Build/MMB29P) AppleWebKit/537.36 (KHTML, like Gecko) Chrome/136.0.7103.59 Mobile Safari/537.36 (compatible; Googlebot/2.1; +http://www.google.com/bot.html)" "-"
66.249.79.160 - - [12/May/2025:13:59:06 +0900] "GET /shopdetail/4882057 HTTP/1.1" 200 23422 "-" "Mozilla/5.0 (Linux; Android 6.0.1; Nexus 5X Build/MMB29P) AppleWebKit/537.36 (KHTML, like Gecko) Chrome/136.0.7103.59 Mobile Safari/537.36 (compatible; Googlebot/2.1; +http://www.google.com/bot.html)" "-"
66.249.79.172 - - [12/May/2025:13:59:10 +0900] "POST /get-message-notify HTTP/1.1" 200 22943 "https://www.kahokutaku.com/shopdetail/4882057" "Mozilla/5.0 (Linux; Android 6.0.1; Nexus 5X Build/MMB29P) AppleWebKit/537.36 (KHTML, like Gecko) Chrome/135.0.7049.114 Mobile Safari/537.36 (compatible; Googlebot/2.1; +http://www.google.com/bot.html)" "-"
66.249.79.172 - - [12/May/2025:13:59:17 +0900] "GET /shopdetail/6879346 HTTP/1.1" 200 23516 "-" "Mozilla/5.0 (Linux; Android 6.0.1; Nexus 5X Build/MMB29P) AppleWebKit/537.36 (KHTML, like Gecko) Chrome/136.0.7103.59 Mobile Safari/537.36 (compatible; Googlebot/2.1; +http://www.google.com/bot.html)" "-"
66.29.132.7 - - [12/May/2025:14:00:11 +0900] "POST /wp-login.php HTTP/2.0" 403 175 "https://kahokutaku.com" "Mozilla/5.0 (Macintosh; Intel Mac OS X 14.5) AppleWebKit/618.3.5 (KHTML, like Gecko) Version/17.4 Safari/618.3.5" "-"
52.167.144.221 - - [12/May/2025:14:00:37 +0900] "GET /shopdetail/5965402 HTTP/2.0" 200 24138 "-" "Mozilla/5.0 AppleWebKit/537.36 (KHTML, like Gecko; compatible; bingbot/2.0; +http://www.bing.com/bingbot.htm) Chrome/116.0.1938.76 Safari/537.36" "-"
66.249.79.160 - - [12/May/2025:14:02:57 +0900] "GET /shopdetail/26971480 HTTP/1.1" 200 22544 "-" "Mozilla/5.0 (Linux; Android 6.0.1; Nexus 5X Build/MMB29P) AppleWebKit/537.36 (KHTML, like Gecko) Chrome/136.0.7103.59 Mobile Safari/537.36 (compatible; Googlebot/2.1; +http://www.google.com/bot.html)" "-"
173.208.153.154 - - [12/May/2025:14:04:33 +0900] "GET /shopdetail/21582279 HTTP/1.1" 200 394 "https://yahoo.co.jp" "Mozilla/5.0 (Windows NT 10.0; Win64; x64) AppleWebKit/537.36 (KHTML, like Gecko) Chrome/74.0.3729.169 Safari/537.36" "-"
52.220.105.192 - - [12/May/2025:14:05:39 +0900] "POST /wp-login.php HTTP/2.0" 403 175 "https://kahokutaku.com" "Mozilla/5.0 (Windows NT 10.0; Win64; x64) AppleWebKit/537.36 (KHTML, like Gecko) Chrome/116.0.5845.96 Safari/537.36" "-"
66.249.79.173 - - [12/May/2025:14:06:12 +0900] "GET /shopdetail/14326513 HTTP/1.1" 200 25341 "-" "Mozilla/5.0 (Linux; Android 6.0.1; Nexus 5X Build/MMB29P) AppleWebKit/537.36 (KHTML, like Gecko) Chrome/136.0.7103.59 Mobile Safari/537.36 (compatible; Googlebot/2.1; +http://www.google.com/bot.html)" "-"
66.249.79.173 - - [12/May/2025:14:06:13 +0900] "GET /shopdetail/15100913 HTTP/1.1" 200 22897 "-" "Mozilla/5.0 (Linux; Android 6.0.1; Nexus 5X Build/MMB29P) AppleWebKit/537.36 (KHTML, like Gecko) Chrome/136.0.7103.59 Mobile Safari/537.36 (compatible; Googlebot/2.1; +http://www.google.com/bot.html)" "-"
160.251.148.50 - - [12/May/2025:14:06:16 +0900] "POST /wp-cron.php?doing_wp_cron=1747026375.9543309211730957031250 HTTP/1.1" 403 186 "-" "WordPress/6.7.2; https://kahokutaku.com" "-"
66.249.79.172 - - [12/May/2025:14:06:16 +0900] "GET /user/55613716/plus/css/base.css HTTP/1.1" 301 0 "https://www.kahokutaku.com/shopdetail/14326513" "Mozilla/5.0 (Linux; Android 6.0.1; Nexus 5X Build/MMB29P) AppleWebKit/537.36 (KHTML, like Gecko) Chrome/135.0.7049.114 Mobile Safari/537.36 (compatible; Googlebot/2.1; +http://www.google.com/bot.html)" "-"
66.249.79.2 - - [12/May/2025:14:06:18 +0900] "GET /user/55613716/plus/css/base.css HTTP/1.1" 404 11685 "https://www.kahokutaku.com/" "Mozilla/5.0 (Linux; Android 6.0.1; Nexus 5X Build/MMB29P) AppleWebKit/537.36 (KHTML, like Gecko) Chrome/135.0.7049.114 Mobile Safari/537.36 (compatible; Googlebot/2.1; +http://www.google.com/bot.html)" "-"
66.249.79.3 - - [12/May/2025:14:06:19 +0900] "GET /user/55613716/plus/css/base.css HTTP/1.1" 404 11685 "https://www.kahokutaku.com/" "Mozilla/5.0 (Linux; Android 6.0.1; Nexus 5X Build/MMB29P) AppleWebKit/537.36 (KHTML, like Gecko) Chrome/135.0.7049.114 Mobile Safari/537.36 (compatible; Googlebot/2.1; +http://www.google.com/bot.html)" "-"
66.249.79.172 - - [12/May/2025:14:06:21 +0900] "POST /get-message-notify HTTP/1.1" 200 22943 "https://www.kahokutaku.com/shopdetail/14326513" "Mozilla/5.0 (Linux; Android 6.0.1; Nexus 5X Build/MMB29P) AppleWebKit/537.36 (KHTML, like Gecko) Chrome/135.0.7049.114 Mobile Safari/537.36 (compatible; Googlebot/2.1; +http://www.google.com/bot.html)" "-"
173.208.153.154 - - [12/May/2025:14:06:29 +0900] "GET /shopdetail/10701780 HTTP/1.1" 200 411 "https://yahoo.co.jp" "Mozilla/5.0 (Windows NT 10.0; Win64; x64) AppleWebKit/537.36 (KHTML, like Gecko) Chrome/74.0.3729.169 Safari/537.36" "-"
66.249.79.173 - - [12/May/2025:14:08:24 +0900] "GET /shopdetail/9034657 HTTP/1.1" 200 24571 "-" "Mozilla/5.0 (Linux; Android 6.0.1; Nexus 5X Build/MMB29P) AppleWebKit/537.36 (KHTML, like Gecko) Chrome/136.0.7103.59 Mobile Safari/537.36 (compatible; Googlebot/2.1; +http://www.google.com/bot.html)" "-"
173.208.153.154 - - [12/May/2025:14:08:26 +0900] "GET /shopdetail/26971135 HTTP/1.1" 200 430 "https://yahoo.co.jp" "Mozilla/5.0 (Windows NT 10.0; Win64; x64) AppleWebKit/537.36 (KHTML, like Gecko) Chrome/74.0.3729.169 Safari/537.36" "-"
66.249.79.172 - - [12/May/2025:14:09:59 +0900] "GET /shopdetail/8667324 HTTP/1.1" 200 23675 "-" "Mozilla/5.0 (Linux; Android 6.0.1; Nexus 5X Build/MMB29P) AppleWebKit/537.36 (KHTML, like Gecko) Chrome/136.0.7103.59 Mobile Safari/537.36 (compatible; Googlebot/2.1; +http://www.google.com/bot.html)" "-"
198.54.114.110 - - [12/May/2025:14:11:17 +0900] "POST /wp-login.php HTTP/2.0" 403 175 "https://kahokutaku.com" "Mozilla/5.0 (Macintosh; Intel Mac OS X 10_15_7) AppleWebKit/537.36 (KHTML, like Gecko) Chrome/116.0.5845.96 Safari/537.36" "-"
66.249.79.160 - - [12/May/2025:14:12:26 +0900] "GET /shopdetail/3180591 HTTP/1.1" 200 23626 "-" "Mozilla/5.0 (compatible; Googlebot/2.1; +http://www.google.com/bot.html)" "-"
213.136.91.231 - - [12/May/2025:14:12:31 +0900] "GET /wp-content/plugins/HelloDollyV2/hello_dolly_v2.php HTTP/1.1" 301 162 "www.google.com" "Mozilla/5.0 (Linux; Android 7.0; SM-G892A Build/NRD90M; wv) AppleWebKit/537.36 (KHTML, like Gecko) Version/4.0 Chrome/60.0.3112.107 Mobile Safari/537.36" "127.0.0.1"
160.251.148.50 - - [12/May/2025:14:12:35 +0900] "POST /wp-cron.php?doing_wp_cron=1747026754.9584519863128662109375 HTTP/1.1" 403 186 "-" "WordPress/6.7.2; https://kahokutaku.com" "-"
213.136.91.231 - - [12/May/2025:14:12:35 +0900] "GET /wp-content/plugins/HelloDollyV2/hello_dolly_v2.php HTTP/1.1" 404 11685 "www.google.com" "Mozilla/5.0 (Linux; Android 7.0; SM-G892A Build/NRD90M; wv) AppleWebKit/537.36 (KHTML, like Gecko) Version/4.0 Chrome/60.0.3112.107 Mobile Safari/537.36" "127.0.0.1"
213.136.91.231 - - [12/May/2025:14:12:41 +0900] "GET /wp-content/themes/hello_dolly_v2.php HTTP/1.1" 301 162 "www.google.com" "Mozilla/5.0 (Linux; Android 7.0; SM-G892A Build/NRD90M; wv) AppleWebKit/537.36 (KHTML, like Gecko) Version/4.0 Chrome/60.0.3112.107 Mobile Safari/537.36" "127.0.0.1"
213.136.91.231 - - [12/May/2025:14:12:44 +0900] "GET /wp-content/themes/hello_dolly_v2.php HTTP/1.1" 403 186 "www.google.com" "Mozilla/5.0 (Linux; Android 7.0; SM-G892A Build/NRD90M; wv) AppleWebKit/537.36 (KHTML, like Gecko) Version/4.0 Chrome/60.0.3112.107 Mobile Safari/537.36" "127.0.0.1"
213.136.91.231 - - [12/May/2025:14:12:47 +0900] "GET /wp-content/themes/include.php HTTP/1.1" 301 162 "www.google.com" "Mozilla/5.0 (Linux; Android 7.0; SM-G892A Build/NRD90M; wv) AppleWebKit/537.36 (KHTML, like Gecko) Version/4.0 Chrome/60.0.3112.107 Mobile Safari/537.36" "127.0.0.1"
213.136.91.231 - - [12/May/2025:14:12:50 +0900] "GET /wp-content/themes/include.php HTTP/1.1" 403 186 "www.google.com" "Mozilla/5.0 (Linux; Android 7.0; SM-G892A Build/NRD90M; wv) AppleWebKit/537.36 (KHTML, like Gecko) Version/4.0 Chrome/60.0.3112.107 Mobile Safari/537.36" "127.0.0.1"
213.136.91.231 - - [12/May/2025:14:12:52 +0900] "GET /style.php HTTP/1.1" 301 162 "www.google.com" "Mozilla/5.0 (Linux; Android 7.0; SM-G892A Build/NRD90M; wv) AppleWebKit/537.36 (KHTML, like Gecko) Version/4.0 Chrome/60.0.3112.107 Mobile Safari/537.36" "-"
213.136.91.231 - - [12/May/2025:14:12:56 +0900] "GET /style.php HTTP/1.1" 403 186 "www.google.com" "Mozilla/5.0 (Linux; Android 7.0; SM-G892A Build/NRD90M; wv) AppleWebKit/537.36 (KHTML, like Gecko) Version/4.0 Chrome/60.0.3112.107 Mobile Safari/537.36" "-"
213.136.91.231 - - [12/May/2025:14:12:58 +0900] "GET /wp-content/plugins/suretriggers/readme.txt HTTP/1.1" 301 162 "www.google.com" "Mozilla/5.0 (Linux; Android 7.0; SM-G892A Build/NRD90M; wv) AppleWebKit/537.36 (KHTML, like Gecko) Version/4.0 Chrome/60.0.3112.107 Mobile Safari/537.36" "-"
213.136.91.231 - - [12/May/2025:14:13:04 +0900] "GET /wp-content/plugins/suretriggers/readme.txt HTTP/1.1" 404 11685 "www.google.com" "Mozilla/5.0 (Linux; Android 7.0; SM-G892A Build/NRD90M; wv) AppleWebKit/537.36 (KHTML, like Gecko) Version/4.0 Chrome/60.0.3112.107 Mobile Safari/537.36" "-"
114.96.103.33 - - [12/May/2025:14:13:48 +0900] "GET / HTTP/1.1" 301 162 "-" "Mozilla/5.0 (iPhone; CPU iPhone OS 13_2_3 like Mac OS X) AppleWebKit/605.1.15 (KHTML, like Gecko) Version/13.0.3 Mobile/15E148 Safari/604.1" "-"
160.251.148.50 - - [12/May/2025:14:13:50 +0900] "POST /wp-cron.php?doing_wp_cron=1747026830.0738410949707031250000 HTTP/1.1" 403 186 "-" "WordPress/6.7.2; https://kahokutaku.com" "-"
114.96.103.33 - - [12/May/2025:14:13:50 +0900] "GET / HTTP/1.1" 200 14124 "http://kahokutaku.com" "Mozilla/5.0 (iPhone; CPU iPhone OS 13_2_3 like Mac OS X) AppleWebKit/605.1.15 (KHTML, like Gecko) Version/13.0.3 Mobile/15E148 Safari/604.1" "-"
66.249.79.160 - - [12/May/2025:14:15:31 +0900] "GET /shopdetail/27616157 HTTP/1.1" 200 22923 "-" "Mozilla/5.0 (Linux; Android 6.0.1; Nexus 5X Build/MMB29P) AppleWebKit/537.36 (KHTML, like Gecko) Chrome/136.0.7103.59 Mobile Safari/537.36 (compatible; Googlebot/2.1; +http://www.google.com/bot.html)" "-"
66.249.79.173 - - [12/May/2025:14:15:59 +0900] "GET /shopdetail/7883757 HTTP/1.1" 200 23010 "-" "Mozilla/5.0 (Linux; Android 6.0.1; Nexus 5X Build/MMB29P) AppleWebKit/537.36 (KHTML, like Gecko) Chrome/136.0.7103.59 Mobile Safari/537.36 (compatible; Googlebot/2.1; +http://www.google.com/bot.html)" "-"
40.77.167.25 - - [12/May/2025:14:16:19 +0900] "GET /shopdetail/19994891 HTTP/2.0" 200 21940 "-" "Mozilla/5.0 AppleWebKit/537.36 (KHTML, like Gecko; compatible; bingbot/2.0; +http://www.bing.com/bingbot.htm) Chrome/116.0.1938.76 Safari/537.36" "-"
66.249.79.160 - - [12/May/2025:14:16:38 +0900] "GET /shopdetail/23204591 HTTP/1.1" 200 26222 "-" "Mozilla/5.0 (Linux; Android 6.0.1; Nexus 5X Build/MMB29P) AppleWebKit/537.36 (KHTML, like Gecko) Chrome/136.0.7103.59 Mobile Safari/537.36 (compatible; Googlebot/2.1; +http://www.google.com/bot.html)" "-"
198.54.114.72 - - [12/May/2025:14:16:45 +0900] "POST /wp-login.php HTTP/2.0" 403 175 "https://kahokutaku.com" "Mozilla/5.0 (Macintosh; Intel Mac OS X 10.15; rv:126.0) Gecko/20100101 Firefox/126.0" "-"
160.251.148.50 - - [12/May/2025:14:16:47 +0900] "POST /wp-cron.php?doing_wp_cron=1747027007.3226189613342285156250 HTTP/1.1" 403 186 "-" "WordPress/6.7.2; https://kahokutaku.com" "-"
3.15.231.17 - - [12/May/2025:14:16:47 +0900] "GET /shopdetail/13203313 HTTP/2.0" 404 11672 "-" "Mozilla/5.0 AppleWebKit/537.36 (KHTML, like Gecko; compatible; ClaudeBot/1.0; +claudebot@anthropic.com)" "-"
3.15.231.17 - - [12/May/2025:14:16:47 +0900] "GET /wp-includes/js/dist/script-modules/block-library/navigation/view.min.js?ver=8ff192874fc8910a284c HTTP/2.0" 200 1206 "https://kahokutaku.com/shopdetail/13203313" "Mozilla/5.0 AppleWebKit/537.36 (KHTML, like Gecko; compatible; ClaudeBot/1.0; +claudebot@anthropic.com)" "-"
3.15.231.17 - - [12/May/2025:14:16:47 +0900] "GET /wp-includes/js/dist/script-modules/interactivity/index.min.js?ver=907ea3b2f317a78b7b9b HTTP/2.0" 200 15440 "https://kahokutaku.com/shopdetail/13203313" "Mozilla/5.0 AppleWebKit/537.36 (KHTML, like Gecko; compatible; ClaudeBot/1.0; +claudebot@anthropic.com)" "-"
3.15.231.17 - - [12/May/2025:14:16:47 +0900] "GET /wp-includes/js/jquery/jquery-migrate.min.js?ver=3.4.1 HTTP/2.0" 200 5342 "https://kahokutaku.com/shopdetail/13203313" "Mozilla/5.0 AppleWebKit/537.36 (KHTML, like Gecko; compatible; ClaudeBot/1.0; +claudebot@anthropic.com)" "-"
3.15.231.17 - - [12/May/2025:14:16:47 +0900] "GET /wp-content/plugins/contact-form-7/includes/js/index.js?ver=5.7.4 HTTP/2.0" 200 4681 "https://kahokutaku.com/shopdetail/13203313" "Mozilla/5.0 AppleWebKit/537.36 (KHTML, like Gecko; compatible; ClaudeBot/1.0; +claudebot@anthropic.com)" "-"
3.15.231.17 - - [12/May/2025:14:16:47 +0900] "GET /wp-content/plugins/contact-form-7/includes/swv/js/index.js?ver=5.7.4 HTTP/2.0" 200 3350 "https://kahokutaku.com/shopdetail/13203313" "Mozilla/5.0 AppleWebKit/537.36 (KHTML, like Gecko; compatible; ClaudeBot/1.0; +claudebot@anthropic.com)" "-"
3.15.231.17 - - [12/May/2025:14:16:47 +0900] "GET /wp-includes/js/jquery/jquery.min.js?ver=3.7.1 HTTP/2.0" 200 35438 "https://kahokutaku.com/shopdetail/13203313" "Mozilla/5.0 AppleWebKit/537.36 (KHTML, like Gecko; compatible; ClaudeBot/1.0; +claudebot@anthropic.com)" "-"
3.15.231.17 - - [12/May/2025:14:16:47 +0900] "GET /wp-content/plugins/shortcodes-ultimate/includes/js/shortcodes/index.js?ver=5.12.8 HTTP/2.0" 200 4854 "https://kahokutaku.com/shopdetail/13203313" "Mozilla/5.0 AppleWebKit/537.36 (KHTML, like Gecko; compatible; ClaudeBot/1.0; +claudebot@anthropic.com)" "-"
3.15.231.17 - - [12/May/2025:14:16:47 +0900] "GET /wp-content/plugins/shortcodes-ultimate/vendor/jquery-inview/jquery-inview.js?ver=1.1.2 HTTP/2.0" 200 780 "https://kahokutaku.com/shopdetail/13203313" "Mozilla/5.0 AppleWebKit/537.36 (KHTML, like Gecko; compatible; ClaudeBot/1.0; +claudebot@anthropic.com)" "-"
3.15.231.17 - - [12/May/2025:14:16:48 +0900] "GET /wp-includes/js/wp-emoji-release.min.js?ver=6.7.2 HTTP/2.0" 200 5857 "https://kahokutaku.com/shopdetail/13203313" "Mozilla/5.0 AppleWebKit/537.36 (KHTML, like Gecko; compatible; ClaudeBot/1.0; +claudebot@anthropic.com)" "-"
66.249.79.173 - - [12/May/2025:14:16:48 +0900] "GET /shopdetail/5844591 HTTP/1.1" 200 24899 "-" "Mozilla/5.0 (Linux; Android 6.0.1; Nexus 5X Build/MMB29P) AppleWebKit/537.36 (KHTML, like Gecko) Chrome/136.0.7103.59 Mobile Safari/537.36 (compatible; Googlebot/2.1; +http://www.google.com/bot.html)" "-"
160.251.148.50 - - [12/May/2025:14:20:01 +0900] "POST /wp-cron.php?doing_wp_cron=1747027201.4277219772338867187500 HTTP/1.1" 403 186 "-" "WordPress/6.7.2; https://kahokutaku.com" "-"
173.208.153.154 - - [12/May/2025:14:20:01 +0900] "GET /pcmypage?callback=product%2Fdetail%2F48889602 HTTP/1.1" 301 0 "https://yahoo.co.jp" "Mozilla/5.0 (Windows NT 10.0; Win64; x64) AppleWebKit/537.36 (KHTML, like Gecko) Chrome/74.0.3729.169 Safari/537.36" "-"
66.249.79.172 - - [12/May/2025:14:20:01 +0900] "GET /shopdetail/19763791 HTTP/1.1" 200 23680 "-" "Mozilla/5.0 (Linux; Android 6.0.1; Nexus 5X Build/MMB29P) AppleWebKit/537.36 (KHTML, like Gecko) Chrome/136.0.7103.59 Mobile Safari/537.36 (compatible; Googlebot/2.1; +http://www.google.com/bot.html)" "-"
173.208.153.154 - - [12/May/2025:14:20:04 +0900] "GET /pcmypage?callback=product%2Fdetail%2F48889602 HTTP/1.1" 404 11685 "https://yahoo.co.jp" "Mozilla/5.0 (Windows NT 10.0; Win64; x64) AppleWebKit/537.36 (KHTML, like Gecko) Chrome/74.0.3729.169 Safari/537.36" "-"
66.249.79.172 - - [12/May/2025:14:20:39 +0900] "GET /safe_search/config?return_url=%2Fproduct%2Fdetail%2F31392009 HTTP/1.1" 200 26040 "-" "Mozilla/5.0 (Linux; Android 6.0.1; Nexus 5X Build/MMB29P) AppleWebKit/537.36 (KHTML, like Gecko) Chrome/136.0.7103.59 Mobile Safari/537.36 (compatible; Googlebot/2.1; +http://www.google.com/bot.html)" "-"
66.249.79.172 - - [12/May/2025:14:20:41 +0900] "POST /get-message-notify HTTP/1.1" 200 22943 "https://www.kahokutaku.com/safe_search/config?return_url=%2Fproduct%2Fdetail%2F31392009" "Mozilla/5.0 (Linux; Android 6.0.1; Nexus 5X Build/MMB29P) AppleWebKit/537.36 (KHTML, like Gecko) Chrome/135.0.7049.114 Mobile Safari/537.36 (compatible; Googlebot/2.1; +http://www.google.com/bot.html)" "-"
66.249.79.172 - - [12/May/2025:14:21:23 +0900] "GET /shopdetail/18255224 HTTP/1.1" 200 24819 "-" "Mozilla/5.0 (Linux; Android 6.0.1; Nexus 5X Build/MMB29P) AppleWebKit/537.36 (KHTML, like Gecko) Chrome/136.0.7103.59 Mobile Safari/537.36 (compatible; Googlebot/2.1; +http://www.google.com/bot.html)" "-"
66.249.79.173 - - [12/May/2025:14:21:28 +0900] "POST /get-message-notify HTTP/1.1" 200 22943 "https://www.kahokutaku.com/shopdetail/18255224" "Mozilla/5.0 (Linux; Android 6.0.1; Nexus 5X Build/MMB29P) AppleWebKit/537.36 (KHTML, like Gecko) Chrome/135.0.7049.114 Mobile Safari/537.36 (compatible; Googlebot/2.1; +http://www.google.com/bot.html)" "-"
66.249.79.172 - - [12/May/2025:14:21:55 +0900] "GET /shopdetail/28527480 HTTP/1.1" 200 23695 "-" "Mozilla/5.0 (Linux; Android 6.0.1; Nexus 5X Build/MMB29P) AppleWebKit/537.36 (KHTML, like Gecko) Chrome/136.0.7103.59 Mobile Safari/537.36 (compatible; Googlebot/2.1; +http://www.google.com/bot.html)" "-"
188.165.54.175 - - [12/May/2025:14:22:23 +0900] "POST /wp-login.php HTTP/2.0" 403 175 "https://kahokutaku.com" "Mozilla/5.0 (Macintosh; Intel Mac OS X 14_6) AppleWebKit/605.1.15 (KHTML, like Gecko) Version/17.5 Safari/605.1.15" "-"
66.249.79.160 - - [12/May/2025:14:23:59 +0900] "GET /shopdetail/2598724 HTTP/1.1" 200 22574 "-" "Mozilla/5.0 (compatible; Googlebot/2.1; +http://www.google.com/bot.html)" "-"
66.249.79.160 - - [12/May/2025:14:24:24 +0900] "GET /shopdetail/15529346 HTTP/1.1" 200 23299 "-" "Mozilla/5.0 (Linux; Android 6.0.1; Nexus 5X Build/MMB29P) AppleWebKit/537.36 (KHTML, like Gecko) Chrome/136.0.7103.59 Mobile Safari/537.36 (compatible; Googlebot/2.1; +http://www.google.com/bot.html)" "-"
66.249.79.160 - - [12/May/2025:14:25:12 +0900] "GET /shopdetail/9671679 HTTP/1.1" 200 22792 "-" "Mozilla/5.0 (Linux; Android 6.0.1; Nexus 5X Build/MMB29P) AppleWebKit/537.36 (KHTML, like Gecko) Chrome/136.0.7103.59 Mobile Safari/537.36 (compatible; Googlebot/2.1; +http://www.google.com/bot.html)" "-"
118.158.180.147 - - [12/May/2025:14:27:24 +0900] "GET /shopdetail/22231780 HTTP/2.0" 200 343 "https://search.yahoo.co.jp/" "Mozilla/5.0 (Windows NT 10.0; Win64; x64) AppleWebKit/537.36 (KHTML, like Gecko) Chrome/136.0.0.0 Safari/537.36" "-"
66.249.79.172 - - [12/May/2025:14:27:30 +0900] "GET /shopdetail/11860157 HTTP/1.1" 200 23043 "-" "Mozilla/5.0 (Linux; Android 6.0.1; Nexus 5X Build/MMB29P) AppleWebKit/537.36 (KHTML, like Gecko) Chrome/136.0.7103.59 Mobile Safari/537.36 (compatible; Googlebot/2.1; +http://www.google.com/bot.html)" "-"
66.249.79.173 - - [12/May/2025:14:27:46 +0900] "GET /shopdetail/9751113 HTTP/1.1" 200 22908 "-" "Mozilla/5.0 (Linux; Android 6.0.1; Nexus 5X Build/MMB29P) AppleWebKit/537.36 (KHTML, like Gecko) Chrome/136.0.7103.59 Mobile Safari/537.36 (compatible; Googlebot/2.1; +http://www.google.com/bot.html)" "-"
3.29.219.162 - - [12/May/2025:14:27:47 +0900] "POST /wp-login.php HTTP/2.0" 403 175 "https://kahokutaku.com" "Mozilla/5.0 (Windows NT 10.0; Win64; x64) AppleWebKit/537.36 (KHTML, like Gecko) Chrome/112.0.5615.138 Safari/537.36 Edg/112.0.1722.68" "-"
66.249.79.172 - - [12/May/2025:14:27:49 +0900] "POST /get-message-notify HTTP/1.1" 200 22943 "https://www.kahokutaku.com/shopdetail/9751113" "Mozilla/5.0 (Linux; Android 6.0.1; Nexus 5X Build/MMB29P) AppleWebKit/537.36 (KHTML, like Gecko) Chrome/135.0.7049.114 Mobile Safari/537.36 (compatible; Googlebot/2.1; +http://www.google.com/bot.html)" "-"
115.162.218.107 - - [12/May/2025:14:27:55 +0900] "GET /shopdetail/25917724 HTTP/2.0" 200 22791 "https://search.yahoo.co.jp/" "Mozilla/5.0 (iPhone; CPU iPhone OS 18_4_1 like Mac OS X) AppleWebKit/605.1.15 (KHTML, like Gecko) Mobile/15E148 YJApp-IOS jp.co.yahoo.ipn.appli/4.137.0" "-"
115.162.218.107 - - [12/May/2025:14:27:56 +0900] "POST /get-message-notify HTTP/2.0" 200 22930 "https://www.kahokutaku.com/shopdetail/25917724" "Mozilla/5.0 (iPhone; CPU iPhone OS 18_4_1 like Mac OS X) AppleWebKit/605.1.15 (KHTML, like Gecko) Mobile/15E148 YJApp-IOS jp.co.yahoo.ipn.appli/4.137.0" "-"
160.251.148.50 - - [12/May/2025:14:28:12 +0900] "POST /wp-cron.php?doing_wp_cron=1747027692.2335760593414306640625 HTTP/1.1" 403 186 "-" "WordPress/6.7.2; https://kahokutaku.com" "-"
160.251.148.50 - - [12/May/2025:14:28:12 +0900] "POST /wp-cron.php?doing_wp_cron=1747027692.2335770130157470703125 HTTP/1.1" 403 186 "-" "WordPress/6.7.2; https://kahokutaku.com" "-"
18.222.159.83 - - [12/May/2025:14:28:12 +0900] "GET /shopdetail/29064979 HTTP/2.0" 404 11672 "-" "Mozilla/5.0 AppleWebKit/537.36 (KHTML, like Gecko; compatible; ClaudeBot/1.0; +claudebot@anthropic.com)" "-"
18.222.159.83 - - [12/May/2025:14:28:12 +0900] "GET /shopdetail/13850568 HTTP/2.0" 404 11672 "-" "Mozilla/5.0 AppleWebKit/537.36 (KHTML, like Gecko; compatible; ClaudeBot/1.0; +claudebot@anthropic.com)" "-"
18.222.159.83 - - [12/May/2025:14:28:12 +0900] "GET /wp-includes/js/dist/script-modules/interactivity/index.min.js?ver=907ea3b2f317a78b7b9b HTTP/2.0" 200 15440 "https://kahokutaku.com/shopdetail/29064979" "Mozilla/5.0 AppleWebKit/537.36 (KHTML, like Gecko; compatible; ClaudeBot/1.0; +claudebot@anthropic.com)" "-"
18.222.159.83 - - [12/May/2025:14:28:12 +0900] "GET /wp-includes/js/dist/script-modules/block-library/navigation/view.min.js?ver=8ff192874fc8910a284c HTTP/2.0" 200 1206 "https://kahokutaku.com/shopdetail/29064979" "Mozilla/5.0 AppleWebKit/537.36 (KHTML, like Gecko; compatible; ClaudeBot/1.0; +claudebot@anthropic.com)" "-"
18.222.159.83 - - [12/May/2025:14:28:12 +0900] "GET /wp-content/plugins/contact-form-7/includes/swv/js/index.js?ver=5.7.4 HTTP/2.0" 200 3350 "https://kahokutaku.com/shopdetail/29064979" "Mozilla/5.0 AppleWebKit/537.36 (KHTML, like Gecko; compatible; ClaudeBot/1.0; +claudebot@anthropic.com)" "-"
18.222.159.83 - - [12/May/2025:14:28:12 +0900] "GET /wp-content/plugins/contact-form-7/includes/js/index.js?ver=5.7.4 HTTP/2.0" 200 4681 "https://kahokutaku.com/shopdetail/29064979" "Mozilla/5.0 AppleWebKit/537.36 (KHTML, like Gecko; compatible; ClaudeBot/1.0; +claudebot@anthropic.com)" "-"
18.222.159.83 - - [12/May/2025:14:28:12 +0900] "GET /wp-includes/js/jquery/jquery.min.js?ver=3.7.1 HTTP/2.0" 200 35438 "https://kahokutaku.com/shopdetail/29064979" "Mozilla/5.0 AppleWebKit/537.36 (KHTML, like Gecko; compatible; ClaudeBot/1.0; +claudebot@anthropic.com)" "-"
18.222.159.83 - - [12/May/2025:14:28:12 +0900] "GET /wp-content/plugins/shortcodes-ultimate/vendor/jquery-inview/jquery-inview.js?ver=1.1.2 HTTP/2.0" 200 780 "https://kahokutaku.com/shopdetail/29064979" "Mozilla/5.0 AppleWebKit/537.36 (KHTML, like Gecko; compatible; ClaudeBot/1.0; +claudebot@anthropic.com)" "-"
18.222.159.83 - - [12/May/2025:14:28:12 +0900] "GET /wp-includes/js/jquery/jquery-migrate.min.js?ver=3.4.1 HTTP/2.0" 200 5342 "https://kahokutaku.com/shopdetail/29064979" "Mozilla/5.0 AppleWebKit/537.36 (KHTML, like Gecko; compatible; ClaudeBot/1.0; +claudebot@anthropic.com)" "-"
18.222.159.83 - - [12/May/2025:14:28:12 +0900] "GET /wp-content/plugins/shortcodes-ultimate/includes/js/shortcodes/index.js?ver=5.12.8 HTTP/2.0" 200 4854 "https://kahokutaku.com/shopdetail/29064979" "Mozilla/5.0 AppleWebKit/537.36 (KHTML, like Gecko; compatible; ClaudeBot/1.0; +claudebot@anthropic.com)" "-"
18.222.159.83 - - [12/May/2025:14:28:12 +0900] "GET /wp-includes/js/dist/script-modules/block-library/navigation/view.min.js?ver=8ff192874fc8910a284c HTTP/2.0" 200 1206 "https://kahokutaku.com/shopdetail/13850568" "Mozilla/5.0 AppleWebKit/537.36 (KHTML, like Gecko; compatible; ClaudeBot/1.0; +claudebot@anthropic.com)" "-"
18.222.159.83 - - [12/May/2025:14:28:12 +0900] "GET /wp-includes/js/dist/script-modules/interactivity/index.min.js?ver=907ea3b2f317a78b7b9b HTTP/2.0" 200 15440 "https://kahokutaku.com/shopdetail/13850568" "Mozilla/5.0 AppleWebKit/537.36 (KHTML, like Gecko; compatible; ClaudeBot/1.0; +claudebot@anthropic.com)" "-"
18.222.159.83 - - [12/May/2025:14:28:12 +0900] "GET /wp-content/plugins/contact-form-7/includes/swv/js/index.js?ver=5.7.4 HTTP/2.0" 200 3350 "https://kahokutaku.com/shopdetail/13850568" "Mozilla/5.0 AppleWebKit/537.36 (KHTML, like Gecko; compatible; ClaudeBot/1.0; +claudebot@anthropic.com)" "-"
18.222.159.83 - - [12/May/2025:14:28:12 +0900] "GET /wp-content/plugins/contact-form-7/includes/js/index.js?ver=5.7.4 HTTP/2.0" 200 4681 "https://kahokutaku.com/shopdetail/13850568" "Mozilla/5.0 AppleWebKit/537.36 (KHTML, like Gecko; compatible; ClaudeBot/1.0; +claudebot@anthropic.com)" "-"
18.222.159.83 - - [12/May/2025:14:28:12 +0900] "GET /wp-includes/js/jquery/jquery.min.js?ver=3.7.1 HTTP/2.0" 200 35438 "https://kahokutaku.com/shopdetail/13850568" "Mozilla/5.0 AppleWebKit/537.36 (KHTML, like Gecko; compatible; ClaudeBot/1.0; +claudebot@anthropic.com)" "-"
18.222.159.83 - - [12/May/2025:14:28:12 +0900] "GET /wp-includes/js/jquery/jquery-migrate.min.js?ver=3.4.1 HTTP/2.0" 200 5342 "https://kahokutaku.com/shopdetail/13850568" "Mozilla/5.0 AppleWebKit/537.36 (KHTML, like Gecko; compatible; ClaudeBot/1.0; +claudebot@anthropic.com)" "-"
18.222.159.83 - - [12/May/2025:14:28:12 +0900] "GET /wp-content/plugins/shortcodes-ultimate/vendor/jquery-inview/jquery-inview.js?ver=1.1.2 HTTP/2.0" 200 780 "https://kahokutaku.com/shopdetail/13850568" "Mozilla/5.0 AppleWebKit/537.36 (KHTML, like Gecko; compatible; ClaudeBot/1.0; +claudebot@anthropic.com)" "-"
18.222.159.83 - - [12/May/2025:14:28:12 +0900] "GET /wp-content/plugins/shortcodes-ultimate/includes/js/shortcodes/index.js?ver=5.12.8 HTTP/2.0" 200 4854 "https://kahokutaku.com/shopdetail/13850568" "Mozilla/5.0 AppleWebKit/537.36 (KHTML, like Gecko; compatible; ClaudeBot/1.0; +claudebot@anthropic.com)" "-"
18.222.159.83 - - [12/May/2025:14:28:12 +0900] "GET /wp-includes/js/wp-emoji-release.min.js?ver=6.7.2 HTTP/2.0" 200 5857 "https://kahokutaku.com/shopdetail/29064979" "Mozilla/5.0 AppleWebKit/537.36 (KHTML, like Gecko; compatible; ClaudeBot/1.0; +claudebot@anthropic.com)" "-"
18.222.159.83 - - [12/May/2025:14:28:13 +0900] "GET /wp-includes/js/wp-emoji-release.min.js?ver=6.7.2 HTTP/2.0" 200 5857 "https://kahokutaku.com/shopdetail/13850568" "Mozilla/5.0 AppleWebKit/537.36 (KHTML, like Gecko; compatible; ClaudeBot/1.0; +claudebot@anthropic.com)" "-"
66.249.79.172 - - [12/May/2025:14:28:14 +0900] "GET /shopdetail/28250002 HTTP/1.1" 200 25106 "-" "Mozilla/5.0 (Linux; Android 6.0.1; Nexus 5X Build/MMB29P) AppleWebKit/537.36 (KHTML, like Gecko) Chrome/136.0.7103.59 Mobile Safari/537.36 (compatible; Googlebot/2.1; +http://www.google.com/bot.html)" "-"
66.249.79.172 - - [12/May/2025:14:30:06 +0900] "GET /shopdetail/3833746 HTTP/1.1" 200 24350 "-" "Mozilla/5.0 (Linux; Android 6.0.1; Nexus 5X Build/MMB29P) AppleWebKit/537.36 (KHTML, like Gecko) Chrome/136.0.7103.59 Mobile Safari/537.36 (compatible; Googlebot/2.1; +http://www.google.com/bot.html)" "-"
173.208.153.154 - - [12/May/2025:14:30:09 +0900] "GET /shopdetail/19576357 HTTP/1.1" 200 408 "https://yahoo.co.jp" "Mozilla/5.0 (Windows NT 10.0; Win64; x64) AppleWebKit/537.36 (KHTML, like Gecko) Chrome/74.0.3729.169 Safari/537.36" "-"
66.249.79.173 - - [12/May/2025:14:30:11 +0900] "POST /get-message-notify HTTP/1.1" 200 22943 "https://www.kahokutaku.com/shopdetail/3833746" "Mozilla/5.0 (Linux; Android 6.0.1; Nexus 5X Build/MMB29P) AppleWebKit/537.36 (KHTML, like Gecko) Chrome/135.0.7049.114 Mobile Safari/537.36 (compatible; Googlebot/2.1; +http://www.google.com/bot.html)" "-"
66.249.79.172 - - [12/May/2025:14:30:16 +0900] "GET /shopdetail/21887579 HTTP/1.1" 200 26569 "-" "Mozilla/5.0 (Linux; Android 6.0.1; Nexus 5X Build/MMB29P) AppleWebKit/537.36 (KHTML, like Gecko) Chrome/136.0.7103.59 Mobile Safari/537.36 (compatible; Googlebot/2.1; +http://www.google.com/bot.html)" "-"
160.251.148.50 - - [12/May/2025:14:30:20 +0900] "POST /wp-cron.php?doing_wp_cron=1747027820.4770910739898681640625 HTTP/1.1" 403 186 "-" "WordPress/6.7.2; https://kahokutaku.com" "-"
104.28.99.214 - - [12/May/2025:14:30:20 +0900] "GET / HTTP/2.0" 200 14111 "-" "Mozilla/5.0 (iPhone; CPU iPhone OS 18_4_1 like Mac OS X) AppleWebKit/605.1.15 (KHTML, like Gecko) Version/18.4 Mobile/15E148 Safari/604.1" "-"
104.28.99.214 - - [12/May/2025:14:30:20 +0900] "GET /favicon.ico HTTP/2.0" 302 0 "-" "NetworkingExtension/8621.1.15.10.7 Network/4277.102.4 iOS/18.4.1" "-"
104.28.99.214 - - [12/May/2025:14:30:21 +0900] "GET /apple-touch-icon.png HTTP/2.0" 404 11672 "-" "NetworkingExtension/8621.1.15.10.7 Network/4277.102.4 iOS/18.4.1" "-"
104.28.99.214 - - [12/May/2025:14:30:21 +0900] "GET /apple-touch-icon-precomposed.png HTTP/2.0" 404 11672 "-" "NetworkingExtension/8621.1.15.10.7 Network/4277.102.4 iOS/18.4.1" "-"
104.28.99.214 - - [12/May/2025:14:30:21 +0900] "GET /wp-includes/images/w-logo-blue-white-bg.png HTTP/2.0" 200 4119 "-" "NetworkingExtension/8621.1.15.10.7 Network/4277.102.4 iOS/18.4.1" "-"
104.28.99.214 - - [12/May/2025:14:30:21 +0900] "GET /%e7%b7%b4%e7%bf%92%e3%83%bb%e5%a4%a7%e4%bc%9a%e4%ba%88%e5%ae%9a/ HTTP/2.0" 200 12050 "https://kahokutaku.com/" "Mozilla/5.0 (iPhone; CPU iPhone OS 18_4_1 like Mac OS X) AppleWebKit/605.1.15 (KHTML, like Gecko) Version/18.4 Mobile/15E148 Safari/604.1" "-"
104.28.99.214 - - [12/May/2025:14:30:22 +0900] "GET /favicon.ico HTTP/2.0" 302 0 "-" "NetworkingExtension/8621.1.15.10.7 Network/4277.102.4 iOS/18.4.1" "-"
104.28.99.214 - - [12/May/2025:14:30:22 +0900] "GET /wp-includes/images/w-logo-blue-white-bg.png HTTP/2.0" 200 4119 "-" "NetworkingExtension/8621.1.15.10.7 Network/4277.102.4 iOS/18.4.1" "-"
104.28.99.214 - - [12/May/2025:14:30:22 +0900] "GET /apple-touch-icon.png HTTP/2.0" 404 11672 "-" "NetworkingExtension/8621.1.15.10.7 Network/4277.102.4 iOS/18.4.1" "-"
104.28.99.214 - - [12/May/2025:14:30:22 +0900] "GET /apple-touch-icon-precomposed.png HTTP/2.0" 404 11672 "-" "NetworkingExtension/8621.1.15.10.7 Network/4277.102.4 iOS/18.4.1" "-"
66.249.79.173 - - [12/May/2025:14:31:51 +0900] "GET /shopdetail/10774024 HTTP/1.1" 200 22644 "-" "Mozilla/5.0 (Linux; Android 6.0.1; Nexus 5X Build/MMB29P) AppleWebKit/537.36 (KHTML, like Gecko) Chrome/136.0.7103.59 Mobile Safari/537.36 (compatible; Googlebot/2.1; +http://www.google.com/bot.html)" "-"
66.249.79.173 - - [12/May/2025:14:31:54 +0900] "POST /get-message-notify HTTP/1.1" 200 22943 "https://www.kahokutaku.com/shopdetail/10774024" "Mozilla/5.0 (Linux; Android 6.0.1; Nexus 5X Build/MMB29P) AppleWebKit/537.36 (KHTML, like Gecko) Chrome/135.0.7049.114 Mobile Safari/537.36 (compatible; Googlebot/2.1; +http://www.google.com/bot.html)" "-"
198.54.120.17 - - [12/May/2025:14:33:17 +0900] "POST /wp-login.php HTTP/2.0" 403 175 "https://kahokutaku.com" "Mozilla/5.0 (Macintosh; Intel Mac OS X 10_15_7; rv:127.0) Gecko/20100101 Firefox/127.0" "-"
66.249.79.173 - - [12/May/2025:14:34:13 +0900] "GET /shopdetail/4494791 HTTP/1.1" 200 21861 "-" "Mozilla/5.0 (Linux; Android 6.0.1; Nexus 5X Build/MMB29P) AppleWebKit/537.36 (KHTML, like Gecko) Chrome/136.0.7103.59 Mobile Safari/537.36 (compatible; Googlebot/2.1; +http://www.google.com/bot.html)" "-"
180.197.56.115 - - [12/May/2025:14:35:13 +0900] "GET /shopdetail/17336957 HTTP/2.0" 200 23385 "https://search.yahoo.co.jp/" "Mozilla/5.0 (iPhone; CPU iPhone OS 18_3_2 like Mac OS X) AppleWebKit/605.1.15 (KHTML, like Gecko) Mobile/15E148 YJApp-IOS jp.co.yahoo.ipn.appli/4.137.0" "-"
180.197.56.115 - - [12/May/2025:14:35:14 +0900] "POST /get-message-notify HTTP/2.0" 200 22930 "https://www.kahokutaku.com/shopdetail/17336957" "Mozilla/5.0 (iPhone; CPU iPhone OS 18_3_2 like Mac OS X) AppleWebKit/605.1.15 (KHTML, like Gecko) Mobile/15E148 YJApp-IOS jp.co.yahoo.ipn.appli/4.137.0" "-"
196.251.83.213 - - [12/May/2025:14:36:01 +0900] "POST /wp-plain.php HTTP/1.1" 301 162 "www.google.com" "Mozilla/5.0 (Linux; Android 7.0; SM-G892A Bulid/NRD90M; wv) AppleWebKit/537.36 (KHTML, like Gecko) Version/4.0 Chrome/60.0.3112.107 Moblie Safari/537.36" "-"
196.251.83.213 - - [12/May/2025:14:36:01 +0900] "GET /wp-content/themes/seotheme/db.php?u HTTP/1.1" 301 162 "www.google.com" "Mozlila/5.0 (Linux; Android 7.0; SM-G892A Bulid/NRD90M; wv) AppleWebKit/537.36 (KHTML, like Gecko) Version/4.0 Chrome/60.0.3112.107 Moblie Safari/537.36" "-"
66.249.79.160 - - [12/May/2025:14:36:06 +0900] "GET /shopdetail/26991391 HTTP/1.1" 200 26706 "-" "Mozilla/5.0 (Linux; Android 6.0.1; Nexus 5X Build/MMB29P) AppleWebKit/537.36 (KHTML, like Gecko) Chrome/136.0.7103.59 Mobile Safari/537.36 (compatible; Googlebot/2.1; +http://www.google.com/bot.html)" "-"
196.251.83.213 - - [12/May/2025:14:36:08 +0900] "GET / HTTP/1.1" 301 162 "-" "Mozlila/5.0 (Linux; Android 7.0; SM-G892A Bulid/NRD90M; wv) AppleWebKit/537.36 (KHTML, like Gecko) Version/4.0 Chrome/60.0.3112.107 Moblie Safari/537.36" "-"
196.251.83.213 - - [12/May/2025:14:36:08 +0900] "POST /ALFA_DATA/alfacgiapi/perl.alfa HTTP/1.1" 301 162 "www.google.com" "Mozlila/5.0 (Linux; Android 7.0; SM-G892A Bulid/NRD90M; wv) AppleWebKit/537.36 (KHTML, like Gecko) Version/4.0 Chrome/60.0.3112.107 Moblie Safari/537.36" "-"
196.251.83.213 - - [12/May/2025:14:36:09 +0900] "POST /wp-plain.php HTTP/1.1" 403 199 "www.google.com" "Mozilla/5.0 (Linux; Android 7.0; SM-G892A Bulid/NRD90M; wv) AppleWebKit/537.36 (KHTML, like Gecko) Version/4.0 Chrome/60.0.3112.107 Moblie Safari/537.36" "-"
196.251.83.213 - - [12/May/2025:14:36:09 +0900] "GET /kjuouwew.php?Fox=d3wL7 HTTP/1.1" 403 199 "www.google.com" "Mozilla/5.0 (Linux; Android 7.0; SM-G892A Bulid/NRD90M; wv) AppleWebKit/537.36 (KHTML, like Gecko) Version/4.0 Chrome/60.0.3112.107 Moblie Safari/537.36" "-"
160.251.148.50 - - [12/May/2025:14:36:10 +0900] "POST /wp-cron.php?doing_wp_cron=1747028170.0909109115600585937500 HTTP/1.1" 403 186 "-" "WordPress/6.7.2; https://kahokutaku.com" "-"
196.251.83.213 - - [12/May/2025:14:36:10 +0900] "GET /wp-content/themes/seotheme/db.php?u HTTP/1.1" 404 43616 "www.google.com" "Mozlila/5.0 (Linux; Android 7.0; SM-G892A Bulid/NRD90M; wv) AppleWebKit/537.36 (KHTML, like Gecko) Version/4.0 Chrome/60.0.3112.107 Moblie Safari/537.36" "-"
196.251.83.213 - - [12/May/2025:14:36:10 +0900] "GET / HTTP/1.1" 200 53384 "-" "Mozlila/5.0 (Linux; Android 7.0; SM-G892A Bulid/NRD90M; wv) AppleWebKit/537.36 (KHTML, like Gecko) Version/4.0 Chrome/60.0.3112.107 Moblie Safari/537.36" "-"
196.251.83.213 - - [12/May/2025:14:36:11 +0900] "GET /wp-content/plugins/apikey/apikey.php?test=hello HTTP/1.1" 404 43608 "-" "Mozlila/5.0 (Linux; Android 7.0; SM-G892A Bulid/NRD90M; wv) AppleWebKit/537.36 (KHTML, like Gecko) Version/4.0 Chrome/60.0.3112.107 Moblie Safari/537.36" "-"
196.251.83.213 - - [12/May/2025:14:36:11 +0900] "POST /ALFA_DATA/alfacgiapi/perl.alfa HTTP/1.1" 404 43593 "www.google.com" "Mozlila/5.0 (Linux; Android 7.0; SM-G892A Bulid/NRD90M; wv) AppleWebKit/537.36 (KHTML, like Gecko) Version/4.0 Chrome/60.0.3112.107 Moblie Safari/537.36" "-"
196.251.83.213 - - [12/May/2025:14:36:11 +0900] "GET /plugins/content/apismtp/apismtp.php?test=hello HTTP/1.1" 404 43608 "-" "Mozlila/5.0 (Linux; Android 7.0; SM-G892A Bulid/NRD90M; wv) AppleWebKit/537.36 (KHTML, like Gecko) Version/4.0 Chrome/60.0.3112.107 Moblie Safari/537.36" "-"
196.251.83.213 - - [12/May/2025:14:36:11 +0900] "GET /wp-content/plugins/apikey/apikey.php.suspected?test=hello HTTP/1.1" 404 43624 "-" "Mozlila/5.0 (Linux; Android 7.0; SM-G892A Bulid/NRD90M; wv) AppleWebKit/537.36 (KHTML, like Gecko) Version/4.0 Chrome/60.0.3112.107 Moblie Safari/537.36" "-"
196.251.83.213 - - [12/May/2025:14:36:12 +0900] "GET /plugins/content/apismtp/apismtp.php.suspected?test=hello HTTP/1.1" 404 43624 "-" "Mozlila/5.0 (Linux; Android 7.0; SM-G892A Bulid/NRD90M; wv) AppleWebKit/537.36 (KHTML, like Gecko) Version/4.0 Chrome/60.0.3112.107 Moblie Safari/537.36" "-"
196.251.83.213 - - [12/May/2025:14:36:12 +0900] "POST /alfacgiapi/perl.alfa HTTP/1.1" 301 162 "www.google.com" "Mozlila/5.0 (Linux; Android 7.0; SM-G892A Bulid/NRD90M; wv) AppleWebKit/537.36 (KHTML, like Gecko) Version/4.0 Chrome/60.0.3112.107 Moblie Safari/537.36" "-"
196.251.83.213 - - [12/May/2025:14:36:12 +0900] "GET /wp-content/themes/seotheme/db.php?u HTTP/1.1" 404 43608 "www.google.com" "Mozlila/5.0 (Linux; Android 7.0; SM-G892A Bulid/NRD90M; wv) AppleWebKit/537.36 (KHTML, like Gecko) Version/4.0 Chrome/60.0.3112.107 Moblie Safari/537.36" "-"
196.251.83.213 - - [12/May/2025:14:36:13 +0900] "POST /alfacgiapi/perl.alfa HTTP/1.1" 404 43616 "www.google.com" "Mozlila/5.0 (Linux; Android 7.0; SM-G892A Bulid/NRD90M; wv) AppleWebKit/537.36 (KHTML, like Gecko) Version/4.0 Chrome/60.0.3112.107 Moblie Safari/537.36" "-"
66.249.79.173 - - [12/May/2025:14:36:26 +0900] "GET /pcmypage?callback=/product%2Fdetail%2F53521011 HTTP/1.1" 200 22231 "-" "Mozilla/5.0 (compatible; Googlebot/2.1; +http://www.google.com/bot.html)" "-"
40.84.221.223 - - [12/May/2025:14:36:39 +0900] "GET /shopdetail/15840157 HTTP/2.0" 301 0 "-" "Mozilla/5.0 AppleWebKit/537.36 (KHTML, like Gecko); compatible; ChatGPT-User/1.0; +https://openai.com/bot" "-"
40.84.221.209 - - [12/May/2025:14:36:40 +0900] "GET / HTTP/2.0" 200 14111 "-" "Mozilla/5.0 AppleWebKit/537.36 (KHTML, like Gecko); compatible; ChatGPT-User/1.0; +https://openai.com/bot" "-"
