27.115.124.109 - - [12/May/2025:17:35:35 +0900] "GET /wp-includes/js/dist/script-modules/block-library/navigation/view.min.js?ver=8ff192874fc8910a284c HTTP/2.0" 200 1206 "https://kahokutaku.com/%E7%B7%B4%E7%BF%92%E3%83%BB%E5%A4%A7%E4%BC%9A%E4%BA%88%E5%AE%9A/" "Mozilla/5.0 (Linux; U; Android 8.1.0; zh-cn; MI 8 Build/OPM1.171019.011) AppleWebKit/537.36 (KHTML, like Gecko) Version/4.0 Chrome/57.0.2987.108 Mobile Safari/537.36" "-"
27.115.124.6 - - [12/May/2025:17:35:35 +0900] "GET /wp-includes/js/wp-emoji-release.min.js?ver=6.7.2 HTTP/2.0" 200 5857 "https://kahokutaku.com/" "Mozilla/5.0 (Linux; Android 11; CPH2185) AppleWebKit/537.36 (KHTML, like Gecko) Chrome/91.0.4472.101 Mobile Safari/537.36" "-"
27.115.124.101 - - [12/May/2025:17:35:35 +0900] "GET /wp-includes/js/wp-emoji-release.min.js?ver=6.7.2 HTTP/2.0" 200 5857 "https://kahokutaku.com/%E7%B7%B4%E7%BF%92%E3%83%BB%E5%A4%A7%E4%BC%9A%E4%BA%88%E5%AE%9A/" "Mozilla/5.0 (Linux; U; Android 8.1.0; zh-cn; MI 8 Build/OPM1.171019.011) AppleWebKit/537.36 (KHTML, like Gecko) Version/4.0 Chrome/57.0.2987.108 Mobile Safari/537.36" "-"
162.120.184.22 - - [12/May/2025:17:35:37 +0900] "GET /shopdetail/12002935 HTTP/2.0" 200 354 "https://www.google.com/" "Mozilla/5.0 (Windows NT 10.0; Win64; x64) AppleWebKit/537.36 (KHTML, like Gecko) Chrome/135.0.0.0 Safari/537.36" "-"
27.115.124.109 - - [12/May/2025:17:35:38 +0900] "GET /favicon.ico HTTP/2.0" 302 0 "-" "Mozilla/5.0 (Windows NT 10.0; WOW64) AppleWebKit/537.36 (KHTML, like Gecko) Chrome/78.0.3904.108 Safari/537.36" "-"
27.115.124.53 - - [12/May/2025:17:35:39 +0900] "GET /favicon.ico HTTP/1.1" 302 0 "-" "Mozilla/5.0 (Windows NT 10.0; Win64; x64) AppleWebKit/537.36 (KHTML, like Gecko) Chrome/120.0.0.0 Safari/537.36" "-"
27.115.124.53 - - [12/May/2025:17:35:40 +0900] "GET /wp-includes/images/w-logo-blue-white-bg.png HTTP/1.1" 200 4119 "https://kahokutaku.com/favicon.ico" "Mozilla/5.0 (Windows NT 10.0; Win64; x64) AppleWebKit/537.36 (KHTML, like Gecko) Chrome/120.0.0.0 Safari/537.36" "-"
27.115.124.101 - - [12/May/2025:17:35:41 +0900] "GET /favicon.ico HTTP/2.0" 302 0 "-" "Mozilla/5.0 (Windows NT 10.0; WOW64) AppleWebKit/537.36 (KHTML, like Gecko) Chrome/78.0.3904.108 Safari/537.36" "-"
27.115.124.38 - - [12/May/2025:17:35:43 +0900] "GET /favicon.ico HTTP/1.1" 302 0 "-" "Mozilla/5.0 (Windows NT 10.0; Win64; x64) AppleWebKit/537.36 (KHTML, like Gecko) Chrome/120.0.0.0 Safari/537.36" "-"
27.115.124.38 - - [12/May/2025:17:35:43 +0900] "GET /wp-includes/images/w-logo-blue-white-bg.png HTTP/1.1" 200 4119 "https://kahokutaku.com/favicon.ico" "Mozilla/5.0 (Windows NT 10.0; Win64; x64) AppleWebKit/537.36 (KHTML, like Gecko) Chrome/120.0.0.0 Safari/537.36" "-"
66.249.79.160 - - [12/May/2025:17:36:15 +0900] "GET /pcmypage?callback=/product%2Fdetail%2F92310445 HTTP/1.1" 200 24654 "-" "Mozilla/5.0 (Linux; Android 6.0.1; Nexus 5X Build/MMB29P) AppleWebKit/537.36 (KHTML, like Gecko) Chrome/136.0.7103.59 Mobile Safari/537.36 (compatible; Googlebot/2.1; +http://www.google.com/bot.html)" "-"
66.249.79.160 - - [12/May/2025:17:36:17 +0900] "GET /shopdetail/2840946 HTTP/1.1" 200 21887 "-" "Mozilla/5.0 (Linux; Android 6.0.1; Nexus 5X Build/MMB29P) AppleWebKit/537.36 (KHTML, like Gecko) Chrome/136.0.7103.59 Mobile Safari/537.36 (compatible; Googlebot/2.1; +http://www.google.com/bot.html)" "-"
61.25.7.19 - - [12/May/2025:17:36:50 +0900] "GET /shopdetail/18829602 HTTP/2.0" 200 366 "https://www.google.com/" "Mozilla/5.0 (Linux; Android 10; K) AppleWebKit/537.36 (KHTML, like Gecko) Chrome/136.0.0.0 Mobile Safari/537.36" "-"
66.249.79.172 - - [12/May/2025:17:38:07 +0900] "GET /shopdetail/2936913 HTTP/1.1" 200 26151 "-" "Mozilla/5.0 (Linux; Android 6.0.1; Nexus 5X Build/MMB29P) AppleWebKit/537.36 (KHTML, like Gecko) Chrome/136.0.7103.59 Mobile Safari/537.36 (compatible; Googlebot/2.1; +http://www.google.com/bot.html)" "-"
66.249.79.173 - - [12/May/2025:17:38:24 +0900] "GET /shopdetail/26595280 HTTP/1.1" 200 22559 "-" "Mozilla/5.0 (Linux; Android 6.0.1; Nexus 5X Build/MMB29P) AppleWebKit/537.36 (KHTML, like Gecko) Chrome/136.0.7103.59 Mobile Safari/537.36 (compatible; Googlebot/2.1; +http://www.google.com/bot.html)" "-"
66.249.79.172 - - [12/May/2025:17:38:28 +0900] "POST /get-message-notify HTTP/1.1" 200 22943 "https://www.kahokutaku.com/shopdetail/26595280" "Mozilla/5.0 (Linux; Android 6.0.1; Nexus 5X Build/MMB29P) AppleWebKit/537.36 (KHTML, like Gecko) Chrome/135.0.7049.114 Mobile Safari/537.36 (compatible; Googlebot/2.1; +http://www.google.com/bot.html)" "-"
198.187.29.18 - - [12/May/2025:17:39:59 +0900] "POST /wp-login.php HTTP/2.0" 403 175 "https://kahokutaku.com" "Mozilla/5.0 (Windows NT 10.0; Win64; x64) AppleWebKit/537.36 (KHTML, like Gecko) Chrome/112.0.5615.138 Safari/537.36" "-"
66.249.79.160 - - [12/May/2025:17:40:40 +0900] "GET /shopdetail/8573646 HTTP/1.1" 200 22019 "-" "Mozilla/5.0 (Linux; Android 6.0.1; Nexus 5X Build/MMB29P) AppleWebKit/537.36 (KHTML, like Gecko) Chrome/136.0.7103.59 Mobile Safari/537.36 (compatible; Googlebot/2.1; +http://www.google.com/bot.html)" "-"
66.249.79.160 - - [12/May/2025:17:41:21 +0900] "GET /pcmypage?callback=product/review/32073150 HTTP/1.1" 200 22947 "-" "Mozilla/5.0 (Linux; Android 6.0.1; Nexus 5X Build/MMB29P) AppleWebKit/537.36 (KHTML, like Gecko) Chrome/136.0.7103.59 Mobile Safari/537.36 (compatible; Googlebot/2.1; +http://www.google.com/bot.html)" "-"
66.249.79.160 - - [12/May/2025:17:41:22 +0900] "GET /shopdetail/27226491 HTTP/1.1" 200 24219 "-" "Mozilla/5.0 (Linux; Android 6.0.1; Nexus 5X Build/MMB29P) AppleWebKit/537.36 (KHTML, like Gecko) Chrome/136.0.7103.59 Mobile Safari/537.36 (compatible; Googlebot/2.1; +http://www.google.com/bot.html)" "-"
66.249.79.172 - - [12/May/2025:17:41:54 +0900] "GET /shopdetail/12005513 HTTP/1.1" 200 24015 "-" "Mozilla/5.0 (Linux; Android 6.0.1; Nexus 5X Build/MMB29P) AppleWebKit/537.36 (KHTML, like Gecko) Chrome/136.0.7103.59 Mobile Safari/537.36 (compatible; Googlebot/2.1; +http://www.google.com/bot.html)" "-"
66.249.79.160 - - [12/May/2025:17:42:21 +0900] "GET /shopdetail/18011279 HTTP/1.1" 200 24705 "-" "Mozilla/5.0 (Linux; Android 6.0.1; Nexus 5X Build/MMB29P) AppleWebKit/537.36 (KHTML, like Gecko) Chrome/136.0.7103.59 Mobile Safari/537.36 (compatible; Googlebot/2.1; +http://www.google.com/bot.html)" "-"
66.249.79.160 - - [12/May/2025:17:42:21 +0900] "GET /shopdetail/7103113 HTTP/1.1" 200 22332 "-" "Mozilla/5.0 (Linux; Android 6.0.1; Nexus 5X Build/MMB29P) AppleWebKit/537.36 (KHTML, like Gecko) Chrome/136.0.7103.59 Mobile Safari/537.36 (compatible; Googlebot/2.1; +http://www.google.com/bot.html)" "-"
66.249.79.160 - - [12/May/2025:17:43:16 +0900] "GET /shopdetail/5325746 HTTP/1.1" 200 24760 "-" "Mozilla/5.0 (Linux; Android 6.0.1; Nexus 5X Build/MMB29P) AppleWebKit/537.36 (KHTML, like Gecko) Chrome/136.0.7103.59 Mobile Safari/537.36 (compatible; Googlebot/2.1; +http://www.google.com/bot.html)" "-"
66.249.79.173 - - [12/May/2025:17:43:24 +0900] "GET /shopdetail/29730813 HTTP/1.1" 200 22722 "-" "Mozilla/5.0 (Linux; Android 6.0.1; Nexus 5X Build/MMB29P) AppleWebKit/537.36 (KHTML, like Gecko) Chrome/136.0.7103.59 Mobile Safari/537.36 (compatible; Googlebot/2.1; +http://www.google.com/bot.html)" "-"
66.249.79.172 - - [12/May/2025:17:43:29 +0900] "POST /get-message-notify HTTP/1.1" 200 22943 "https://www.kahokutaku.com/shopdetail/29730813" "Mozilla/5.0 (Linux; Android 6.0.1; Nexus 5X Build/MMB29P) AppleWebKit/537.36 (KHTML, like Gecko) Chrome/135.0.7049.114 Mobile Safari/537.36 (compatible; Googlebot/2.1; +http://www.google.com/bot.html)" "-"
66.249.79.160 - - [12/May/2025:17:45:13 +0900] "GET /shopdetail/29541035 HTTP/1.1" 200 23425 "-" "Mozilla/5.0 (Linux; Android 6.0.1; Nexus 5X Build/MMB29P) AppleWebKit/537.36 (KHTML, like Gecko) Chrome/136.0.7103.59 Mobile Safari/537.36 (compatible; Googlebot/2.1; +http://www.google.com/bot.html)" "-"
66.249.79.172 - - [12/May/2025:17:45:33 +0900] "GET /shopdetail/30183602 HTTP/1.1" 200 23283 "-" "Mozilla/5.0 (Linux; Android 6.0.1; Nexus 5X Build/MMB29P) AppleWebKit/537.36 (KHTML, like Gecko) Chrome/136.0.7103.59 Mobile Safari/537.36 (compatible; Googlebot/2.1; +http://www.google.com/bot.html)" "-"
66.249.79.173 - - [12/May/2025:17:45:37 +0900] "POST /get-message-notify HTTP/1.1" 200 22943 "https://www.kahokutaku.com/shopdetail/30183602" "Mozilla/5.0 (Linux; Android 6.0.1; Nexus 5X Build/MMB29P) AppleWebKit/537.36 (KHTML, like Gecko) Chrome/135.0.7049.114 Mobile Safari/537.36 (compatible; Googlebot/2.1; +http://www.google.com/bot.html)" "-"
66.249.79.172 - - [12/May/2025:17:46:48 +0900] "GET /shopdetail/13254957 HTTP/1.1" 200 22262 "-" "Mozilla/5.0 (Linux; Android 6.0.1; Nexus 5X Build/MMB29P) AppleWebKit/537.36 (KHTML, like Gecko) Chrome/136.0.7103.59 Mobile Safari/537.36 (compatible; Googlebot/2.1; +http://www.google.com/bot.html)" "-"
66.249.79.172 - - [12/May/2025:17:46:51 +0900] "POST /get-message-notify HTTP/1.1" 200 22943 "https://www.kahokutaku.com/shopdetail/13254957" "Mozilla/5.0 (Linux; Android 6.0.1; Nexus 5X Build/MMB29P) AppleWebKit/537.36 (KHTML, like Gecko) Chrome/135.0.7049.114 Mobile Safari/537.36 (compatible; Googlebot/2.1; +http://www.google.com/bot.html)" "-"
66.249.79.172 - - [12/May/2025:17:46:56 +0900] "GET /shopdetail/9680024 HTTP/1.1" 200 23154 "-" "Mozilla/5.0 (Linux; Android 6.0.1; Nexus 5X Build/MMB29P) AppleWebKit/537.36 (KHTML, like Gecko) Chrome/136.0.7103.59 Mobile Safari/537.36 (compatible; Googlebot/2.1; +http://www.google.com/bot.html)" "-"
66.249.79.160 - - [12/May/2025:17:47:14 +0900] "GET /shopdetail/13082168 HTTP/1.1" 200 25447 "-" "Mozilla/5.0 (Linux; Android 6.0.1; Nexus 5X Build/MMB29P) AppleWebKit/537.36 (KHTML, like Gecko) Chrome/136.0.7103.59 Mobile Safari/537.36 (compatible; Googlebot/2.1; +http://www.google.com/bot.html)" "-"
66.249.79.172 - - [12/May/2025:17:47:23 +0900] "GET /pcmypage?callback=/product%2Fdetail%2F89642101 HTTP/1.1" 200 26293 "-" "Mozilla/5.0 (Linux; Android 6.0.1; Nexus 5X Build/MMB29P) AppleWebKit/537.36 (KHTML, like Gecko) Chrome/136.0.7103.59 Mobile Safari/537.36 (compatible; Googlebot/2.1; +http://www.google.com/bot.html)" "-"
66.249.79.173 - - [12/May/2025:17:47:26 +0900] "GET /shopdetail/13373779 HTTP/1.1" 200 22916 "-" "Mozilla/5.0 (Linux; Android 6.0.1; Nexus 5X Build/MMB29P) AppleWebKit/537.36 (KHTML, like Gecko) Chrome/136.0.7103.59 Mobile Safari/537.36 (compatible; Googlebot/2.1; +http://www.google.com/bot.html)" "-"
66.249.79.172 - - [12/May/2025:17:47:28 +0900] "POST /get-message-notify HTTP/1.1" 200 22943 "https://www.kahokutaku.com/pcmypage?callback=/product%2Fdetail%2F89642101" "Mozilla/5.0 (Linux; Android 6.0.1; Nexus 5X Build/MMB29P) AppleWebKit/537.36 (KHTML, like Gecko) Chrome/135.0.7049.114 Mobile Safari/537.36 (compatible; Googlebot/2.1; +http://www.google.com/bot.html)" "-"
66.249.79.172 - - [12/May/2025:17:47:30 +0900] "POST /get-message-notify HTTP/1.1" 200 22943 "https://www.kahokutaku.com/shopdetail/13373779" "Mozilla/5.0 (Linux; Android 6.0.1; Nexus 5X Build/MMB29P) AppleWebKit/537.36 (KHTML, like Gecko) Chrome/135.0.7049.114 Mobile Safari/537.36 (compatible; Googlebot/2.1; +http://www.google.com/bot.html)" "-"
98.82.59.253 - - [12/May/2025:17:47:30 +0900] "GET /robots.txt HTTP/1.1" 200 180 "-" "Mozilla/5.0 AppleWebKit/537.36 (KHTML, like Gecko; compatible; Amazonbot/0.1; +https://developer.amazon.com/support/amazonbot) Chrome/119.0.6045.214 Safari/537.36" "-"
3.214.176.44 - - [12/May/2025:17:47:33 +0900] "GET /shopdetail/6218757 HTTP/1.1" 403 0 "-" "Mozilla/5.0 AppleWebKit/537.36 (KHTML, like Gecko; compatible; Amazonbot/0.1; +https://developer.amazon.com/support/amazonbot) Chrome/119.0.6045.214 Safari/537.36" "-"
162.120.184.18 - - [12/May/2025:17:48:16 +0900] "GET /shopdetail/10333235 HTTP/2.0" 200 478 "https://www.google.com/" "Mozilla/5.0 (Linux; Android 10; K) AppleWebKit/537.36 (KHTML, like Gecko) Chrome/136.0.0.0 Mobile Safari/537.36" "-"
66.249.79.160 - - [12/May/2025:17:48:41 +0900] "GET /shopdetail/15005502 HTTP/1.1" 200 21752 "-" "Mozilla/5.0 (Linux; Android 6.0.1; Nexus 5X Build/MMB29P) AppleWebKit/537.36 (KHTML, like Gecko) Chrome/136.0.7103.59 Mobile Safari/537.36 (compatible; Googlebot/2.1; +http://www.google.com/bot.html)" "-"
66.249.79.172 - - [12/May/2025:17:48:59 +0900] "GET /shopdetail/19305280 HTTP/1.1" 200 24500 "-" "Mozilla/5.0 (Linux; Android 6.0.1; Nexus 5X Build/MMB29P) AppleWebKit/537.36 (KHTML, like Gecko) Chrome/136.0.7103.59 Mobile Safari/537.36 (compatible; Googlebot/2.1; +http://www.google.com/bot.html)" "-"
162.120.185.22 - - [12/May/2025:17:49:10 +0900] "GET /shopdetail/21615157 HTTP/2.0" 200 305 "https://www.google.com/" "Mozilla/5.0 (Macintosh; Intel Mac OS X 10_15_7) AppleWebKit/537.36 (KHTML, like Gecko) Chrome/135.0.0.0 Safari/537.36" "-"
160.251.148.50 - - [12/May/2025:17:49:12 +0900] "POST /wp-cron.php?doing_wp_cron=1747039752.8152329921722412109375 HTTP/1.1" 403 186 "-" "WordPress/6.7.2; https://kahokutaku.com" "-"
14.9.98.32 - - [12/May/2025:17:49:12 +0900] "GET /%e7%b7%b4%e7%bf%92%e3%83%bb%e5%a4%a7%e4%bc%9a%e4%ba%88%e5%ae%9a/ HTTP/2.0" 200 12050 "-" "Mozilla/5.0 (Linux; Android 10; K) AppleWebKit/537.36 (KHTML, like Gecko) Chrome/136.0.0.0 Mobile Safari/537.36" "-"
66.249.79.160 - - [12/May/2025:17:49:30 +0900] "GET /shopdetail/28040257 HTTP/1.1" 200 23068 "-" "Mozilla/5.0 (compatible; Googlebot/2.1; +http://www.google.com/bot.html)" "-"
66.249.79.173 - - [12/May/2025:17:49:49 +0900] "GET /shopdetail/8204280 HTTP/1.1" 200 24118 "-" "Mozilla/5.0 (Linux; Android 6.0.1; Nexus 5X Build/MMB29P) AppleWebKit/537.36 (KHTML, like Gecko) Chrome/136.0.7103.59 Mobile Safari/537.36 (compatible; Googlebot/2.1; +http://www.google.com/bot.html)" "-"
66.249.79.172 - - [12/May/2025:17:49:52 +0900] "GET /shopdetail/8219157 HTTP/1.1" 200 23391 "-" "Mozilla/5.0 (compatible; Googlebot/2.1; +http://www.google.com/bot.html)" "-"
114.134.103.121 - - [12/May/2025:17:50:37 +0900] "GET /shopdetail/15920613 HTTP/2.0" 200 325 "https://search.yahoo.co.jp/" "Mozilla/5.0 (Windows NT 10.0; Win64; x64) AppleWebKit/537.36 (KHTML, like Gecko) Chrome/136.0.0.0 Safari/537.36" "-"
66.249.79.172 - - [12/May/2025:17:50:56 +0900] "GET /shopdetail/23368880 HTTP/1.1" 200 24504 "-" "Mozilla/5.0 (Linux; Android 6.0.1; Nexus 5X Build/MMB29P) AppleWebKit/537.36 (KHTML, like Gecko) Chrome/136.0.7103.59 Mobile Safari/537.36 (compatible; Googlebot/2.1; +http://www.google.com/bot.html)" "-"
66.249.79.160 - - [12/May/2025:17:50:56 +0900] "GET /shopdetail/14142168 HTTP/1.1" 200 23732 "-" "Mozilla/5.0 (Linux; Android 6.0.1; Nexus 5X Build/MMB29P) AppleWebKit/537.36 (KHTML, like Gecko) Chrome/136.0.7103.59 Mobile Safari/537.36 (compatible; Googlebot/2.1; +http://www.google.com/bot.html)" "-"
66.249.79.172 - - [12/May/2025:17:53:03 +0900] "GET /shopdetail/3816057 HTTP/1.1" 200 22626 "-" "Mozilla/5.0 (Linux; Android 6.0.1; Nexus 5X Build/MMB29P) AppleWebKit/537.36 (KHTML, like Gecko) Chrome/136.0.7103.59 Mobile Safari/537.36 (compatible; Googlebot/2.1; +http://www.google.com/bot.html)" "-"
198.44.189.74 - - [12/May/2025:17:53:11 +0900] "GET /wp-includes/ID3/index.php HTTP/1.1" 301 162 "-" "Mozlila/5.0 (Linux; Android 7.0; SM-G892A Bulid/NRD90M; wv) AppleWebKit/537.36 (KHTML, like Gecko) Version/4.0 Chrome/60.0.3112.107 Moblie Safari/537.36" "-"
160.251.148.50 - - [12/May/2025:17:53:13 +0900] "POST /wp-cron.php?doing_wp_cron=1747039993.1626639366149902343750 HTTP/1.1" 403 186 "-" "WordPress/6.7.2; https://kahokutaku.com" "-"
198.44.189.74 - - [12/May/2025:17:53:13 +0900] "GET /wp-includes/ID3/index.php HTTP/1.1" 301 0 "-" "Mozlila/5.0 (Linux; Android 7.0; SM-G892A Bulid/NRD90M; wv) AppleWebKit/537.36 (KHTML, like Gecko) Version/4.0 Chrome/60.0.3112.107 Moblie Safari/537.36" "-"
198.44.189.74 - - [12/May/2025:17:53:13 +0900] "GET /wp-includes/ID3/ HTTP/1.1" 403 186 "-" "Mozlila/5.0 (Linux; Android 7.0; SM-G892A Bulid/NRD90M; wv) AppleWebKit/537.36 (KHTML, like Gecko) Version/4.0 Chrome/60.0.3112.107 Moblie Safari/537.36" "-"
66.249.79.172 - - [12/May/2025:17:53:13 +0900] "GET /shopdetail/23490402 HTTP/1.1" 200 25984 "-" "Mozilla/5.0 (Linux; Android 6.0.1; Nexus 5X Build/MMB29P) AppleWebKit/537.36 (KHTML, like Gecko) Chrome/136.0.7103.59 Mobile Safari/537.36 (compatible; Googlebot/2.1; +http://www.google.com/bot.html)" "-"
198.44.189.74 - - [12/May/2025:17:53:16 +0900] "GET /wp-content/plugins/index.php HTTP/1.1" 301 162 "-" "Mozlila/5.0 (Linux; Android 7.0; SM-G892A Bulid/NRD90M; wv) AppleWebKit/537.36 (KHTML, like Gecko) Version/4.0 Chrome/60.0.3112.107 Moblie Safari/537.36" "-"
66.249.79.172 - - [12/May/2025:17:53:16 +0900] "POST /get-message-notify HTTP/1.1" 200 22943 "https://www.kahokutaku.com/shopdetail/23490402" "Mozilla/5.0 (Linux; Android 6.0.1; Nexus 5X Build/MMB29P) AppleWebKit/537.36 (KHTML, like Gecko) Chrome/135.0.7049.114 Mobile Safari/537.36 (compatible; Googlebot/2.1; +http://www.google.com/bot.html)" "-"
198.44.189.74 - - [12/May/2025:17:53:17 +0900] "GET /wp-content/plugins/index.php HTTP/1.1" 200 0 "-" "Mozlila/5.0 (Linux; Android 7.0; SM-G892A Bulid/NRD90M; wv) AppleWebKit/537.36 (KHTML, like Gecko) Version/4.0 Chrome/60.0.3112.107 Moblie Safari/537.36" "-"
198.44.189.74 - - [12/May/2025:17:53:19 +0900] "GET /wp-admin/network/index.php HTTP/1.1" 301 162 "-" "Mozlila/5.0 (Linux; Android 7.0; SM-G892A Bulid/NRD90M; wv) AppleWebKit/537.36 (KHTML, like Gecko) Version/4.0 Chrome/60.0.3112.107 Moblie Safari/537.36" "-"
198.44.189.74 - - [12/May/2025:17:53:19 +0900] "GET /wp-admin/network/index.php HTTP/1.1" 403 186 "-" "Mozlila/5.0 (Linux; Android 7.0; SM-G892A Bulid/NRD90M; wv) AppleWebKit/537.36 (KHTML, like Gecko) Version/4.0 Chrome/60.0.3112.107 Moblie Safari/537.36" "-"
198.44.189.74 - - [12/May/2025:17:53:21 +0900] "GET /wp-includes/IXR/index.php HTTP/1.1" 301 162 "-" "Mozlila/5.0 (Linux; Android 7.0; SM-G892A Bulid/NRD90M; wv) AppleWebKit/537.36 (KHTML, like Gecko) Version/4.0 Chrome/60.0.3112.107 Moblie Safari/537.36" "-"
103.191.76.181 - - [12/May/2025:17:53:22 +0900] "POST /wp-login.php HTTP/2.0" 403 175 "https://kahokutaku.com" "Mozilla/5.0 (Macintosh; Intel Mac OS X 10.15; rv:126.0) Gecko/20100101 Firefox/126.0" "-"
198.44.189.74 - - [12/May/2025:17:53:22 +0900] "GET /wp-includes/IXR/index.php HTTP/1.1" 301 0 "-" "Mozlila/5.0 (Linux; Android 7.0; SM-G892A Bulid/NRD90M; wv) AppleWebKit/537.36 (KHTML, like Gecko) Version/4.0 Chrome/60.0.3112.107 Moblie Safari/537.36" "-"
198.44.189.74 - - [12/May/2025:17:53:22 +0900] "GET /wp-includes/IXR/ HTTP/1.1" 403 186 "-" "Mozlila/5.0 (Linux; Android 7.0; SM-G892A Bulid/NRD90M; wv) AppleWebKit/537.36 (KHTML, like Gecko) Version/4.0 Chrome/60.0.3112.107 Moblie Safari/537.36" "-"
66.249.79.172 - - [12/May/2025:17:53:22 +0900] "GET /shopdetail/16707135 HTTP/1.1" 200 23409 "-" "Mozilla/5.0 (Linux; Android 6.0.1; Nexus 5X Build/MMB29P) AppleWebKit/537.36 (KHTML, like Gecko) Chrome/136.0.7103.59 Mobile Safari/537.36 (compatible; Googlebot/2.1; +http://www.google.com/bot.html)" "-"
198.44.189.74 - - [12/May/2025:17:53:23 +0900] "GET /wp-admin/images/index.php HTTP/1.1" 301 162 "-" "Mozlila/5.0 (Linux; Android 7.0; SM-G892A Bulid/NRD90M; wv) AppleWebKit/537.36 (KHTML, like Gecko) Version/4.0 Chrome/60.0.3112.107 Moblie Safari/537.36" "-"
198.44.189.74 - - [12/May/2025:17:53:24 +0900] "GET /wp-admin/images/index.php HTTP/1.1" 403 186 "-" "Mozlila/5.0 (Linux; Android 7.0; SM-G892A Bulid/NRD90M; wv) AppleWebKit/537.36 (KHTML, like Gecko) Version/4.0 Chrome/60.0.3112.107 Moblie Safari/537.36" "-"
198.44.189.74 - - [12/May/2025:17:53:25 +0900] "GET /wp-login.php HTTP/1.1" 301 162 "-" "Mozlila/5.0 (Linux; Android 7.0; SM-G892A Bulid/NRD90M; wv) AppleWebKit/537.36 (KHTML, like Gecko) Version/4.0 Chrome/60.0.3112.107 Moblie Safari/537.36" "-"
198.44.189.74 - - [12/May/2025:17:53:26 +0900] "GET /wp-login.php HTTP/1.1" 403 186 "-" "Mozlila/5.0 (Linux; Android 7.0; SM-G892A Bulid/NRD90M; wv) AppleWebKit/537.36 (KHTML, like Gecko) Version/4.0 Chrome/60.0.3112.107 Moblie Safari/537.36" "-"
198.44.189.74 - - [12/May/2025:17:53:27 +0900] "GET /wp-content/plugins/admin.php HTTP/1.1" 301 162 "-" "Mozlila/5.0 (Linux; Android 7.0; SM-G892A Bulid/NRD90M; wv) AppleWebKit/537.36 (KHTML, like Gecko) Version/4.0 Chrome/60.0.3112.107 Moblie Safari/537.36" "-"
198.44.189.74 - - [12/May/2025:17:53:27 +0900] "GET /wp-content/plugins/admin.php HTTP/1.1" 403 186 "-" "Mozlila/5.0 (Linux; Android 7.0; SM-G892A Bulid/NRD90M; wv) AppleWebKit/537.36 (KHTML, like Gecko) Version/4.0 Chrome/60.0.3112.107 Moblie Safari/537.36" "-"
198.44.189.74 - - [12/May/2025:17:53:30 +0900] "GET /xmlrpc.php HTTP/1.1" 301 162 "-" "Mozlila/5.0 (Linux; Android 7.0; SM-G892A Bulid/NRD90M; wv) AppleWebKit/537.36 (KHTML, like Gecko) Version/4.0 Chrome/60.0.3112.107 Moblie Safari/537.36" "-"
198.44.189.74 - - [12/May/2025:17:53:31 +0900] "GET /xmlrpc.php HTTP/1.1" 403 186 "-" "Mozlila/5.0 (Linux; Android 7.0; SM-G892A Bulid/NRD90M; wv) AppleWebKit/537.36 (KHTML, like Gecko) Version/4.0 Chrome/60.0.3112.107 Moblie Safari/537.36" "-"
198.44.189.74 - - [12/May/2025:17:53:37 +0900] "GET /wp-admin.php HTTP/1.1" 301 162 "-" "Mozlila/5.0 (Linux; Android 7.0; SM-G892A Bulid/NRD90M; wv) AppleWebKit/537.36 (KHTML, like Gecko) Version/4.0 Chrome/60.0.3112.107 Moblie Safari/537.36" "-"
66.249.79.172 - - [12/May/2025:17:53:38 +0900] "GET /product/edit/50119561 HTTP/1.1" 200 22594 "-" "Mozilla/5.0 (Linux; Android 6.0.1; Nexus 5X Build/MMB29P) AppleWebKit/537.36 (KHTML, like Gecko) Chrome/136.0.7103.59 Mobile Safari/537.36 (compatible; Googlebot/2.1; +http://www.google.com/bot.html)" "-"
198.44.189.74 - - [12/May/2025:17:53:39 +0900] "GET /wp-admin.php HTTP/1.1" 403 186 "-" "Mozlila/5.0 (Linux; Android 7.0; SM-G892A Bulid/NRD90M; wv) AppleWebKit/537.36 (KHTML, like Gecko) Version/4.0 Chrome/60.0.3112.107 Moblie Safari/537.36" "-"
66.249.79.172 - - [12/May/2025:17:53:40 +0900] "GET /zhHant/product/surugaya/47201657?campaign_uid=f64d716db5e979ed2f947dbaf4296895b951ae7f HTTP/1.1" 200 23262 "-" "Mozilla/5.0 (Linux; Android 6.0.1; Nexus 5X Build/MMB29P) AppleWebKit/537.36 (KHTML, like Gecko) Chrome/136.0.7103.59 Mobile Safari/537.36 (compatible; Googlebot/2.1; +http://www.google.com/bot.html)" "-"
66.249.79.172 - - [12/May/2025:17:53:42 +0900] "POST /get-message-notify HTTP/1.1" 200 22943 "https://www.kahokutaku.com/product/edit/50119561" "Mozilla/5.0 (Linux; Android 6.0.1; Nexus 5X Build/MMB29P) AppleWebKit/537.36 (KHTML, like Gecko) Chrome/135.0.7049.114 Mobile Safari/537.36 (compatible; Googlebot/2.1; +http://www.google.com/bot.html)" "-"
198.44.189.74 - - [12/May/2025:17:53:44 +0900] "GET /wp-content/plugins/Core-Econ/upH.php HTTP/1.1" 301 162 "-" "Mozlila/5.0 (Linux; Android 7.0; SM-G892A Bulid/NRD90M; wv) AppleWebKit/537.36 (KHTML, like Gecko) Version/4.0 Chrome/60.0.3112.107 Moblie Safari/537.36" "-"
198.44.189.74 - - [12/May/2025:17:53:44 +0900] "GET /wp-content/plugins/Core-Econ/upH.php HTTP/1.1" 404 11685 "-" "Mozlila/5.0 (Linux; Android 7.0; SM-G892A Bulid/NRD90M; wv) AppleWebKit/537.36 (KHTML, like Gecko) Version/4.0 Chrome/60.0.3112.107 Moblie Safari/537.36" "-"
66.249.79.172 - - [12/May/2025:17:53:47 +0900] "GET /shopdetail/10697635 HTTP/1.1" 200 22258 "-" "Mozilla/5.0 (Linux; Android 6.0.1; Nexus 5X Build/MMB29P) AppleWebKit/537.36 (KHTML, like Gecko) Chrome/136.0.7103.59 Mobile Safari/537.36 (compatible; Googlebot/2.1; +http://www.google.com/bot.html)" "-"
198.44.189.74 - - [12/May/2025:17:53:47 +0900] "GET /wp-content/plugins/fix/up.php HTTP/1.1" 301 162 "-" "Mozlila/5.0 (Linux; Android 7.0; SM-G892A Bulid/NRD90M; wv) AppleWebKit/537.36 (KHTML, like Gecko) Version/4.0 Chrome/60.0.3112.107 Moblie Safari/537.36" "-"
198.44.189.74 - - [12/May/2025:17:53:48 +0900] "GET /wp-content/plugins/fix/up.php HTTP/1.1" 404 11685 "-" "Mozlila/5.0 (Linux; Android 7.0; SM-G892A Bulid/NRD90M; wv) AppleWebKit/537.36 (KHTML, like Gecko) Version/4.0 Chrome/60.0.3112.107 Moblie Safari/537.36" "-"
66.249.79.172 - - [12/May/2025:17:53:50 +0900] "GET /pcmypage?callback=product/review/64548579 HTTP/1.1" 200 22406 "-" "Mozilla/5.0 (Linux; Android 6.0.1; Nexus 5X Build/MMB29P) AppleWebKit/537.36 (KHTML, like Gecko) Chrome/136.0.7103.59 Mobile Safari/537.36 (compatible; Googlebot/2.1; +http://www.google.com/bot.html)" "-"
66.249.79.172 - - [12/May/2025:17:53:51 +0900] "POST /get-message-notify HTTP/1.1" 200 22943 "https://www.kahokutaku.com/shopdetail/10697635" "Mozilla/5.0 (Linux; Android 6.0.1; Nexus 5X Build/MMB29P) AppleWebKit/537.36 (KHTML, like Gecko) Chrome/135.0.7049.114 Mobile Safari/537.36 (compatible; Googlebot/2.1; +http://www.google.com/bot.html)" "-"
198.44.189.74 - - [12/May/2025:17:53:51 +0900] "GET /wp-content/plugins/pwnd/pwnd.php HTTP/1.1" 301 162 "-" "Mozlila/5.0 (Linux; Android 7.0; SM-G892A Bulid/NRD90M; wv) AppleWebKit/537.36 (KHTML, like Gecko) Version/4.0 Chrome/60.0.3112.107 Moblie Safari/537.36" "-"
198.44.189.74 - - [12/May/2025:17:53:52 +0900] "GET /wp-content/plugins/pwnd/pwnd.php HTTP/1.1" 404 11685 "-" "Mozlila/5.0 (Linux; Android 7.0; SM-G892A Bulid/NRD90M; wv) AppleWebKit/537.36 (KHTML, like Gecko) Version/4.0 Chrome/60.0.3112.107 Moblie Safari/537.36" "-"
198.44.189.74 - - [12/May/2025:17:54:00 +0900] "GET /wp-content/plugins/shell/noimg.php HTTP/1.1" 301 162 "-" "Mozlila/5.0 (Linux; Android 7.0; SM-G892A Bulid/NRD90M; wv) AppleWebKit/537.36 (KHTML, like Gecko) Version/4.0 Chrome/60.0.3112.107 Moblie Safari/537.36" "-"
198.44.189.74 - - [12/May/2025:17:54:00 +0900] "GET /wp-content/plugins/shell/noimg.php HTTP/1.1" 404 11685 "-" "Mozlila/5.0 (Linux; Android 7.0; SM-G892A Bulid/NRD90M; wv) AppleWebKit/537.36 (KHTML, like Gecko) Version/4.0 Chrome/60.0.3112.107 Moblie Safari/537.36" "-"
198.44.189.74 - - [12/May/2025:17:54:02 +0900] "GET /WSOEnigma.php HTTP/1.1" 301 162 "-" "Mozlila/5.0 (Linux; Android 7.0; SM-G892A Bulid/NRD90M; wv) AppleWebKit/537.36 (KHTML, like Gecko) Version/4.0 Chrome/60.0.3112.107 Moblie Safari/537.36" "-"
198.44.189.74 - - [12/May/2025:17:54:03 +0900] "GET /WSOEnigma.php HTTP/1.1" 403 186 "-" "Mozlila/5.0 (Linux; Android 7.0; SM-G892A Bulid/NRD90M; wv) AppleWebKit/537.36 (KHTML, like Gecko) Version/4.0 Chrome/60.0.3112.107 Moblie Safari/537.36" "-"
198.44.189.74 - - [12/May/2025:17:54:05 +0900] "GET /wp-content/plugins/pwnd-1/pwnd.php HTTP/1.1" 301 162 "-" "Mozlila/5.0 (Linux; Android 7.0; SM-G892A Bulid/NRD90M; wv) AppleWebKit/537.36 (KHTML, like Gecko) Version/4.0 Chrome/60.0.3112.107 Moblie Safari/537.36" "-"
198.44.189.74 - - [12/May/2025:17:54:05 +0900] "GET /wp-content/plugins/pwnd-1/pwnd.php HTTP/1.1" 404 11685 "-" "Mozlila/5.0 (Linux; Android 7.0; SM-G892A Bulid/NRD90M; wv) AppleWebKit/537.36 (KHTML, like Gecko) Version/4.0 Chrome/60.0.3112.107 Moblie Safari/537.36" "-"
66.249.79.172 - - [12/May/2025:17:54:07 +0900] "GET /shopdetail/2306724 HTTP/1.1" 200 23173 "-" "Mozilla/5.0 (Linux; Android 6.0.1; Nexus 5X Build/MMB29P) AppleWebKit/537.36 (KHTML, like Gecko) Chrome/136.0.7103.59 Mobile Safari/537.36 (compatible; Googlebot/2.1; +http://www.google.com/bot.html)" "-"
66.249.79.160 - - [12/May/2025:17:54:08 +0900] "GET /shopdetail/9098135 HTTP/1.1" 200 22528 "-" "Mozilla/5.0 (Linux; Android 6.0.1; Nexus 5X Build/MMB29P) AppleWebKit/537.36 (KHTML, like Gecko) Chrome/136.0.7103.59 Mobile Safari/537.36 (compatible; Googlebot/2.1; +http://www.google.com/bot.html)" "-"
198.44.189.74 - - [12/May/2025:17:54:09 +0900] "GET /wp-content/plugins/dummyyummy/wp-signup.php HTTP/1.1" 301 162 "-" "Mozlila/5.0 (Linux; Android 7.0; SM-G892A Bulid/NRD90M; wv) AppleWebKit/537.36 (KHTML, like Gecko) Version/4.0 Chrome/60.0.3112.107 Moblie Safari/537.36" "-"
198.44.189.74 - - [12/May/2025:17:54:10 +0900] "GET /wp-content/plugins/dummyyummy/wp-signup.php HTTP/1.1" 404 11685 "-" "Mozlila/5.0 (Linux; Android 7.0; SM-G892A Bulid/NRD90M; wv) AppleWebKit/537.36 (KHTML, like Gecko) Version/4.0 Chrome/60.0.3112.107 Moblie Safari/537.36" "-"
198.44.189.74 - - [12/May/2025:17:54:12 +0900] "GET /wp-content/plugins/clara/clara.php HTTP/1.1" 301 162 "-" "Mozlila/5.0 (Linux; Android 7.0; SM-G892A Bulid/NRD90M; wv) AppleWebKit/537.36 (KHTML, like Gecko) Version/4.0 Chrome/60.0.3112.107 Moblie Safari/537.36" "-"
198.44.189.74 - - [12/May/2025:17:54:12 +0900] "GET /wp-content/plugins/clara/clara.php HTTP/1.1" 404 11685 "-" "Mozlila/5.0 (Linux; Android 7.0; SM-G892A Bulid/NRD90M; wv) AppleWebKit/537.36 (KHTML, like Gecko) Version/4.0 Chrome/60.0.3112.107 Moblie Safari/537.36" "-"
66.249.79.173 - - [12/May/2025:17:54:24 +0900] "GET /shopdetail/21823168 HTTP/1.1" 200 23819 "-" "Mozilla/5.0 (Linux; Android 6.0.1; Nexus 5X Build/MMB29P) AppleWebKit/537.36 (KHTML, like Gecko) Chrome/136.0.7103.59 Mobile Safari/537.36 (compatible; Googlebot/2.1; +http://www.google.com/bot.html)" "-"
66.249.79.173 - - [12/May/2025:17:54:27 +0900] "POST /get-message-notify HTTP/1.1" 200 22943 "https://www.kahokutaku.com/shopdetail/21823168" "Mozilla/5.0 (Linux; Android 6.0.1; Nexus 5X Build/MMB29P) AppleWebKit/537.36 (KHTML, like Gecko) Chrome/135.0.7049.114 Mobile Safari/537.36 (compatible; Googlebot/2.1; +http://www.google.com/bot.html)" "-"
66.249.79.172 - - [12/May/2025:17:54:33 +0900] "GET /shopdetail/12151035 HTTP/1.1" 200 22448 "-" "Mozilla/5.0 (Linux; Android 6.0.1; Nexus 5X Build/MMB29P) AppleWebKit/537.36 (KHTML, like Gecko) Chrome/136.0.7103.59 Mobile Safari/537.36 (compatible; Googlebot/2.1; +http://www.google.com/bot.html)" "-"
66.249.79.172 - - [12/May/2025:17:54:34 +0900] "GET /shopdetail/20838802 HTTP/1.1" 200 22895 "-" "Mozilla/5.0 (Linux; Android 6.0.1; Nexus 5X Build/MMB29P) AppleWebKit/537.36 (KHTML, like Gecko) Chrome/136.0.7103.59 Mobile Safari/537.36 (compatible; Googlebot/2.1; +http://www.google.com/bot.html)" "-"
66.249.79.173 - - [12/May/2025:17:55:09 +0900] "GET /shopdetail/16740880 HTTP/1.1" 200 21899 "-" "Mozilla/5.0 (Linux; Android 6.0.1; Nexus 5X Build/MMB29P) AppleWebKit/537.36 (KHTML, like Gecko) Chrome/136.0.7103.59 Mobile Safari/537.36 (compatible; Googlebot/2.1; +http://www.google.com/bot.html)" "-"
66.249.79.173 - - [12/May/2025:17:55:14 +0900] "POST /get-message-notify HTTP/1.1" 200 22943 "https://www.kahokutaku.com/shopdetail/20838802" "Mozilla/5.0 (Linux; Android 6.0.1; Nexus 5X Build/MMB29P) AppleWebKit/537.36 (KHTML, like Gecko) Chrome/135.0.7049.114 Mobile Safari/537.36 (compatible; Googlebot/2.1; +http://www.google.com/bot.html)" "-"
66.249.79.172 - - [12/May/2025:17:55:24 +0900] "GET /shopdetail/17725924 HTTP/1.1" 200 23948 "-" "Mozilla/5.0 (Linux; Android 6.0.1; Nexus 5X Build/MMB29P) AppleWebKit/537.36 (KHTML, like Gecko) Chrome/136.0.7103.59 Mobile Safari/537.36 (compatible; Googlebot/2.1; +http://www.google.com/bot.html)" "-"
66.249.79.172 - - [12/May/2025:17:56:25 +0900] "GET /shopdetail/18744613 HTTP/1.1" 200 23206 "-" "Mozilla/5.0 (Linux; Android 6.0.1; Nexus 5X Build/MMB29P) AppleWebKit/537.36 (KHTML, like Gecko) Chrome/136.0.7103.59 Mobile Safari/537.36 (compatible; Googlebot/2.1; +http://www.google.com/bot.html)" "-"
66.249.79.160 - - [12/May/2025:17:56:26 +0900] "GET /shopdetail/12461180 HTTP/1.1" 200 24355 "-" "Mozilla/5.0 (Linux; Android 6.0.1; Nexus 5X Build/MMB29P) AppleWebKit/537.36 (KHTML, like Gecko) Chrome/136.0.7103.59 Mobile Safari/537.36 (compatible; Googlebot/2.1; +http://www.google.com/bot.html)" "-"
66.249.79.173 - - [12/May/2025:17:57:08 +0900] "GET /zhHant/product/surugaya/70441541?campaign_uid=f64d716db5e979ed2f947dbaf4296895b951ae7f HTTP/1.1" 200 25259 "-" "Mozilla/5.0 (Linux; Android 6.0.1; Nexus 5X Build/MMB29P) AppleWebKit/537.36 (KHTML, like Gecko) Chrome/136.0.7103.59 Mobile Safari/537.36 (compatible; Googlebot/2.1; +http://www.google.com/bot.html)" "-"
66.249.79.172 - - [12/May/2025:17:57:50 +0900] "GET /shopdetail/15005080 HTTP/1.1" 200 25040 "-" "Mozilla/5.0 (Linux; Android 6.0.1; Nexus 5X Build/MMB29P) AppleWebKit/537.36 (KHTML, like Gecko) Chrome/136.0.7103.59 Mobile Safari/537.36 (compatible; Googlebot/2.1; +http://www.google.com/bot.html)" "-"
66.249.79.160 - - [12/May/2025:17:58:22 +0900] "GET /shopdetail/6610546 HTTP/1.1" 200 23263 "-" "Mozilla/5.0 (Linux; Android 6.0.1; Nexus 5X Build/MMB29P) AppleWebKit/537.36 (KHTML, like Gecko) Chrome/136.0.7103.59 Mobile Safari/537.36 (compatible; Googlebot/2.1; +http://www.google.com/bot.html)" "-"
78.128.8.148 - - [12/May/2025:17:59:58 +0900] "POST /wp-login.php HTTP/2.0" 403 175 "https://kahokutaku.com" "Mozilla/5.0 (Macintosh; Intel Mac OS X 10_15_7) AppleWebKit/537.36 (KHTML, like Gecko) Chrome/113.0.5672.93 Safari/537.36" "-"
66.249.79.172 - - [12/May/2025:18:00:56 +0900] "GET /safe_search/config?return_url=%2Fproduct%2Fdetail%2F30422246 HTTP/1.1" 200 22004 "-" "Mozilla/5.0 (compatible; Googlebot/2.1; +http://www.google.com/bot.html)" "-"
66.249.79.172 - - [12/May/2025:18:02:42 +0900] "GET /product/edit/69841891 HTTP/1.1" 200 22053 "-" "Mozilla/5.0 (Linux; Android 6.0.1; Nexus 5X Build/MMB29P) AppleWebKit/537.36 (KHTML, like Gecko) Chrome/136.0.7103.59 Mobile Safari/537.36 (compatible; Googlebot/2.1; +http://www.google.com/bot.html)" "-"
66.249.79.172 - - [12/May/2025:18:03:11 +0900] "GET /shopdetail/17827235 HTTP/1.1" 200 23001 "-" "Mozilla/5.0 (compatible; Googlebot/2.1; +http://www.google.com/bot.html)" "-"
18.188.193.228 - - [12/May/2025:18:04:06 +0900] "GET /robots.txt HTTP/1.1" 200 180 "-" "Mozilla/5.0 AppleWebKit/537.36 (KHTML, like Gecko; compatible; ClaudeBot/1.0; +claudebot@anthropic.com)" "-"
160.251.148.50 - - [12/May/2025:18:04:07 +0900] "POST /wp-cron.php?doing_wp_cron=1747040647.3544011116027832031250 HTTP/1.1" 403 186 "-" "WordPress/6.7.2; https://kahokutaku.com" "-"
160.251.148.50 - - [12/May/2025:18:04:07 +0900] "POST /wp-cron.php?doing_wp_cron=1747040647.3544030189514160156250 HTTP/1.1" 403 186 "-" "WordPress/6.7.2; https://kahokutaku.com" "-"
18.188.193.228 - - [12/May/2025:18:04:07 +0900] "GET /shopdetail/17944768 HTTP/2.0" 404 11672 "-" "Mozilla/5.0 AppleWebKit/537.36 (KHTML, like Gecko; compatible; ClaudeBot/1.0; +claudebot@anthropic.com)" "-"
18.188.193.228 - - [12/May/2025:18:04:07 +0900] "GET /shopdetail/7712279 HTTP/2.0" 404 11672 "-" "Mozilla/5.0 AppleWebKit/537.36 (KHTML, like Gecko; compatible; ClaudeBot/1.0; +claudebot@anthropic.com)" "-"
160.251.148.50 - - [12/May/2025:18:04:07 +0900] "POST /wp-cron.php?doing_wp_cron=1747040647.3543970584869384765625 HTTP/1.1" 403 186 "-" "WordPress/6.7.2; https://kahokutaku.com" "-"
18.188.193.228 - - [12/May/2025:18:04:07 +0900] "GET /shopdetail/8842602 HTTP/2.0" 404 11672 "-" "Mozilla/5.0 AppleWebKit/537.36 (KHTML, like Gecko; compatible; ClaudeBot/1.0; +claudebot@anthropic.com)" "-"
18.188.193.228 - - [12/May/2025:18:04:07 +0900] "GET /wp-includes/js/dist/script-modules/block-library/navigation/view.min.js?ver=8ff192874fc8910a284c HTTP/2.0" 200 1206 "https://kahokutaku.com/shopdetail/17944768" "Mozilla/5.0 AppleWebKit/537.36 (KHTML, like Gecko; compatible; ClaudeBot/1.0; +claudebot@anthropic.com)" "-"
18.188.193.228 - - [12/May/2025:18:04:07 +0900] "GET /wp-includes/js/dist/script-modules/interactivity/index.min.js?ver=907ea3b2f317a78b7b9b HTTP/2.0" 200 15440 "https://kahokutaku.com/shopdetail/17944768" "Mozilla/5.0 AppleWebKit/537.36 (KHTML, like Gecko; compatible; ClaudeBot/1.0; +claudebot@anthropic.com)" "-"
18.188.193.228 - - [12/May/2025:18:04:07 +0900] "GET /wp-content/plugins/contact-form-7/includes/swv/js/index.js?ver=5.7.4 HTTP/2.0" 200 3350 "https://kahokutaku.com/shopdetail/17944768" "Mozilla/5.0 AppleWebKit/537.36 (KHTML, like Gecko; compatible; ClaudeBot/1.0; +claudebot@anthropic.com)" "-"
18.188.193.228 - - [12/May/2025:18:04:07 +0900] "GET /wp-includes/js/jquery/jquery.min.js?ver=3.7.1 HTTP/2.0" 200 35438 "https://kahokutaku.com/shopdetail/17944768" "Mozilla/5.0 AppleWebKit/537.36 (KHTML, like Gecko; compatible; ClaudeBot/1.0; +claudebot@anthropic.com)" "-"
18.188.193.228 - - [12/May/2025:18:04:07 +0900] "GET /wp-content/plugins/contact-form-7/includes/js/index.js?ver=5.7.4 HTTP/2.0" 200 4681 "https://kahokutaku.com/shopdetail/17944768" "Mozilla/5.0 AppleWebKit/537.36 (KHTML, like Gecko; compatible; ClaudeBot/1.0; +claudebot@anthropic.com)" "-"
18.188.193.228 - - [12/May/2025:18:04:07 +0900] "GET /wp-includes/js/jquery/jquery-migrate.min.js?ver=3.4.1 HTTP/2.0" 200 5342 "https://kahokutaku.com/shopdetail/17944768" "Mozilla/5.0 AppleWebKit/537.36 (KHTML, like Gecko; compatible; ClaudeBot/1.0; +claudebot@anthropic.com)" "-"
18.188.193.228 - - [12/May/2025:18:04:07 +0900] "GET /wp-content/plugins/shortcodes-ultimate/vendor/jquery-inview/jquery-inview.js?ver=1.1.2 HTTP/2.0" 200 780 "https://kahokutaku.com/shopdetail/17944768" "Mozilla/5.0 AppleWebKit/537.36 (KHTML, like Gecko; compatible; ClaudeBot/1.0; +claudebot@anthropic.com)" "-"
18.188.193.228 - - [12/May/2025:18:04:07 +0900] "GET /wp-content/plugins/shortcodes-ultimate/includes/js/shortcodes/index.js?ver=5.12.8 HTTP/2.0" 200 4854 "https://kahokutaku.com/shopdetail/17944768" "Mozilla/5.0 AppleWebKit/537.36 (KHTML, like Gecko; compatible; ClaudeBot/1.0; +claudebot@anthropic.com)" "-"
18.188.193.228 - - [12/May/2025:18:04:07 +0900] "GET /wp-includes/js/dist/script-modules/block-library/navigation/view.min.js?ver=8ff192874fc8910a284c HTTP/2.0" 200 1206 "https://kahokutaku.com/shopdetail/7712279" "Mozilla/5.0 AppleWebKit/537.36 (KHTML, like Gecko; compatible; ClaudeBot/1.0; +claudebot@anthropic.com)" "-"
18.188.193.228 - - [12/May/2025:18:04:07 +0900] "GET /wp-includes/js/dist/script-modules/interactivity/index.min.js?ver=907ea3b2f317a78b7b9b HTTP/2.0" 200 15440 "https://kahokutaku.com/shopdetail/7712279" "Mozilla/5.0 AppleWebKit/537.36 (KHTML, like Gecko; compatible; ClaudeBot/1.0; +claudebot@anthropic.com)" "-"
18.188.193.228 - - [12/May/2025:18:04:07 +0900] "GET /wp-content/plugins/contact-form-7/includes/swv/js/index.js?ver=5.7.4 HTTP/2.0" 200 3350 "https://kahokutaku.com/shopdetail/7712279" "Mozilla/5.0 AppleWebKit/537.36 (KHTML, like Gecko; compatible; ClaudeBot/1.0; +claudebot@anthropic.com)" "-"
18.188.193.228 - - [12/May/2025:18:04:07 +0900] "GET /wp-content/plugins/contact-form-7/includes/js/index.js?ver=5.7.4 HTTP/2.0" 200 4681 "https://kahokutaku.com/shopdetail/7712279" "Mozilla/5.0 AppleWebKit/537.36 (KHTML, like Gecko; compatible; ClaudeBot/1.0; +claudebot@anthropic.com)" "-"
18.188.193.228 - - [12/May/2025:18:04:07 +0900] "GET /wp-includes/js/jquery/jquery.min.js?ver=3.7.1 HTTP/2.0" 200 35438 "https://kahokutaku.com/shopdetail/7712279" "Mozilla/5.0 AppleWebKit/537.36 (KHTML, like Gecko; compatible; ClaudeBot/1.0; +claudebot@anthropic.com)" "-"
18.188.193.228 - - [12/May/2025:18:04:07 +0900] "GET /wp-includes/js/jquery/jquery-migrate.min.js?ver=3.4.1 HTTP/2.0" 200 5342 "https://kahokutaku.com/shopdetail/7712279" "Mozilla/5.0 AppleWebKit/537.36 (KHTML, like Gecko; compatible; ClaudeBot/1.0; +claudebot@anthropic.com)" "-"
18.188.193.228 - - [12/May/2025:18:04:07 +0900] "GET /wp-content/plugins/shortcodes-ultimate/vendor/jquery-inview/jquery-inview.js?ver=1.1.2 HTTP/2.0" 200 780 "https://kahokutaku.com/shopdetail/7712279" "Mozilla/5.0 AppleWebKit/537.36 (KHTML, like Gecko; compatible; ClaudeBot/1.0; +claudebot@anthropic.com)" "-"
18.188.193.228 - - [12/May/2025:18:04:07 +0900] "GET /wp-content/plugins/shortcodes-ultimate/includes/js/shortcodes/index.js?ver=5.12.8 HTTP/2.0" 200 4854 "https://kahokutaku.com/shopdetail/7712279" "Mozilla/5.0 AppleWebKit/537.36 (KHTML, like Gecko; compatible; ClaudeBot/1.0; +claudebot@anthropic.com)" "-"
18.188.193.228 - - [12/May/2025:18:04:07 +0900] "GET /wp-includes/js/dist/script-modules/block-library/navigation/view.min.js?ver=8ff192874fc8910a284c HTTP/2.0" 200 1206 "https://kahokutaku.com/shopdetail/8842602" "Mozilla/5.0 AppleWebKit/537.36 (KHTML, like Gecko; compatible; ClaudeBot/1.0; +claudebot@anthropic.com)" "-"
18.188.193.228 - - [12/May/2025:18:04:07 +0900] "GET /wp-includes/js/dist/script-modules/interactivity/index.min.js?ver=907ea3b2f317a78b7b9b HTTP/2.0" 200 15440 "https://kahokutaku.com/shopdetail/8842602" "Mozilla/5.0 AppleWebKit/537.36 (KHTML, like Gecko; compatible; ClaudeBot/1.0; +claudebot@anthropic.com)" "-"
18.188.193.228 - - [12/May/2025:18:04:07 +0900] "GET /wp-content/plugins/contact-form-7/includes/swv/js/index.js?ver=5.7.4 HTTP/2.0" 200 3350 "https://kahokutaku.com/shopdetail/8842602" "Mozilla/5.0 AppleWebKit/537.36 (KHTML, like Gecko; compatible; ClaudeBot/1.0; +claudebot@anthropic.com)" "-"
18.188.193.228 - - [12/May/2025:18:04:07 +0900] "GET /wp-content/plugins/contact-form-7/includes/js/index.js?ver=5.7.4 HTTP/2.0" 200 4681 "https://kahokutaku.com/shopdetail/8842602" "Mozilla/5.0 AppleWebKit/537.36 (KHTML, like Gecko; compatible; ClaudeBot/1.0; +claudebot@anthropic.com)" "-"
18.188.193.228 - - [12/May/2025:18:04:07 +0900] "GET /wp-includes/js/jquery/jquery.min.js?ver=3.7.1 HTTP/2.0" 200 35438 "https://kahokutaku.com/shopdetail/8842602" "Mozilla/5.0 AppleWebKit/537.36 (KHTML, like Gecko; compatible; ClaudeBot/1.0; +claudebot@anthropic.com)" "-"
18.188.193.228 - - [12/May/2025:18:04:07 +0900] "GET /wp-includes/js/jquery/jquery-migrate.min.js?ver=3.4.1 HTTP/2.0" 200 5342 "https://kahokutaku.com/shopdetail/8842602" "Mozilla/5.0 AppleWebKit/537.36 (KHTML, like Gecko; compatible; ClaudeBot/1.0; +claudebot@anthropic.com)" "-"
18.188.193.228 - - [12/May/2025:18:04:07 +0900] "GET /wp-content/plugins/shortcodes-ultimate/vendor/jquery-inview/jquery-inview.js?ver=1.1.2 HTTP/2.0" 200 780 "https://kahokutaku.com/shopdetail/8842602" "Mozilla/5.0 AppleWebKit/537.36 (KHTML, like Gecko; compatible; ClaudeBot/1.0; +claudebot@anthropic.com)" "-"
18.188.193.228 - - [12/May/2025:18:04:07 +0900] "GET /wp-content/plugins/shortcodes-ultimate/includes/js/shortcodes/index.js?ver=5.12.8 HTTP/2.0" 200 4854 "https://kahokutaku.com/shopdetail/8842602" "Mozilla/5.0 AppleWebKit/537.36 (KHTML, like Gecko; compatible; ClaudeBot/1.0; +claudebot@anthropic.com)" "-"
18.188.193.228 - - [12/May/2025:18:04:08 +0900] "GET /wp-includes/js/wp-emoji-release.min.js?ver=6.7.2 HTTP/2.0" 200 5857 "https://kahokutaku.com/shopdetail/17944768" "Mozilla/5.0 AppleWebKit/537.36 (KHTML, like Gecko; compatible; ClaudeBot/1.0; +claudebot@anthropic.com)" "-"
18.188.193.228 - - [12/May/2025:18:04:08 +0900] "GET /wp-includes/js/wp-emoji-release.min.js?ver=6.7.2 HTTP/2.0" 200 5857 "https://kahokutaku.com/shopdetail/7712279" "Mozilla/5.0 AppleWebKit/537.36 (KHTML, like Gecko; compatible; ClaudeBot/1.0; +claudebot@anthropic.com)" "-"
18.188.193.228 - - [12/May/2025:18:04:08 +0900] "GET /wp-includes/js/wp-emoji-release.min.js?ver=6.7.2 HTTP/2.0" 200 5857 "https://kahokutaku.com/shopdetail/8842602" "Mozilla/5.0 AppleWebKit/537.36 (KHTML, like Gecko; compatible; ClaudeBot/1.0; +claudebot@anthropic.com)" "-"
91.151.95.70 - - [12/May/2025:18:06:36 +0900] "POST /wp-login.php HTTP/2.0" 403 175 "https://kahokutaku.com" "Mozilla/5.0 (Macintosh; Intel Mac OS X 13.3; rv:126.0) Gecko/20100101 Firefox/126.0" "-"
66.249.79.160 - - [12/May/2025:18:06:52 +0900] "GET /shopdetail/5255668 HTTP/1.1" 200 22991 "-" "Mozilla/5.0 (Linux; Android 6.0.1; Nexus 5X Build/MMB29P) AppleWebKit/537.36 (KHTML, like Gecko) Chrome/136.0.7103.59 Mobile Safari/537.36 (compatible; Googlebot/2.1; +http://www.google.com/bot.html)" "-"
66.249.79.173 - - [12/May/2025:18:07:00 +0900] "GET /shopdetail/20297857 HTTP/1.1" 200 22143 "-" "Mozilla/5.0 (compatible; Googlebot/2.1; +http://www.google.com/bot.html)" "-"
66.249.79.172 - - [12/May/2025:18:07:07 +0900] "POST /get-message-notify HTTP/1.1" 200 22943 "https://www.kahokutaku.com/shopdetail/5255668" "Mozilla/5.0 (Linux; Android 6.0.1; Nexus 5X Build/MMB29P) AppleWebKit/537.36 (KHTML, like Gecko) Chrome/135.0.7049.114 Mobile Safari/537.36 (compatible; Googlebot/2.1; +http://www.google.com/bot.html)" "-"
66.249.79.172 - - [12/May/2025:18:07:11 +0900] "GET /shopdetail/22881913 HTTP/1.1" 200 22253 "-" "Mozilla/5.0 (Linux; Android 6.0.1; Nexus 5X Build/MMB29P) AppleWebKit/537.36 (KHTML, like Gecko) Chrome/136.0.7103.59 Mobile Safari/537.36 (compatible; Googlebot/2.1; +http://www.google.com/bot.html)" "-"
164.68.102.93 - - [12/May/2025:18:07:12 +0900] "GET /wp-content/plugins/HelloDollyV2/hello_dolly_v2.php HTTP/1.1" 301 162 "www.google.com" "Mozilla/5.0 (Linux; Android 7.0; SM-G892A Build/NRD90M; wv) AppleWebKit/537.36 (KHTML, like Gecko) Version/4.0 Chrome/60.0.3112.107 Mobile Safari/537.36" "127.0.0.1"
66.249.79.172 - - [12/May/2025:18:07:14 +0900] "POST /get-message-notify HTTP/1.1" 200 22943 "https://www.kahokutaku.com/shopdetail/22881913" "Mozilla/5.0 (Linux; Android 6.0.1; Nexus 5X Build/MMB29P) AppleWebKit/537.36 (KHTML, like Gecko) Chrome/135.0.7049.114 Mobile Safari/537.36 (compatible; Googlebot/2.1; +http://www.google.com/bot.html)" "-"
160.251.148.50 - - [12/May/2025:18:07:18 +0900] "POST /wp-cron.php?doing_wp_cron=1747040838.6779170036315917968750 HTTP/1.1" 403 186 "-" "WordPress/6.7.2; https://kahokutaku.com" "-"
164.68.102.93 - - [12/May/2025:18:07:18 +0900] "GET /wp-content/plugins/HelloDollyV2/hello_dolly_v2.php HTTP/1.1" 404 11685 "www.google.com" "Mozilla/5.0 (Linux; Android 7.0; SM-G892A Build/NRD90M; wv) AppleWebKit/537.36 (KHTML, like Gecko) Version/4.0 Chrome/60.0.3112.107 Mobile Safari/537.36" "127.0.0.1"
164.68.102.93 - - [12/May/2025:18:07:27 +0900] "GET /wp-content/themes/hello_dolly_v2.php HTTP/1.1" 301 162 "www.google.com" "Mozilla/5.0 (Linux; Android 7.0; SM-G892A Build/NRD90M; wv) AppleWebKit/537.36 (KHTML, like Gecko) Version/4.0 Chrome/60.0.3112.107 Mobile Safari/537.36" "127.0.0.1"
164.68.102.93 - - [12/May/2025:18:07:33 +0900] "GET /wp-content/themes/hello_dolly_v2.php HTTP/1.1" 403 186 "www.google.com" "Mozilla/5.0 (Linux; Android 7.0; SM-G892A Build/NRD90M; wv) AppleWebKit/537.36 (KHTML, like Gecko) Version/4.0 Chrome/60.0.3112.107 Mobile Safari/537.36" "127.0.0.1"
164.68.102.93 - - [12/May/2025:18:07:36 +0900] "GET /wp-content/themes/include.php HTTP/1.1" 301 162 "www.google.com" "Mozilla/5.0 (Linux; Android 7.0; SM-G892A Build/NRD90M; wv) AppleWebKit/537.36 (KHTML, like Gecko) Version/4.0 Chrome/60.0.3112.107 Mobile Safari/537.36" "127.0.0.1"
164.68.102.93 - - [12/May/2025:18:07:39 +0900] "GET /wp-content/themes/include.php HTTP/1.1" 403 186 "www.google.com" "Mozilla/5.0 (Linux; Android 7.0; SM-G892A Build/NRD90M; wv) AppleWebKit/537.36 (KHTML, like Gecko) Version/4.0 Chrome/60.0.3112.107 Mobile Safari/537.36" "127.0.0.1"
164.68.102.93 - - [12/May/2025:18:07:42 +0900] "GET /style.php HTTP/1.1" 301 162 "www.google.com" "Mozilla/5.0 (Linux; Android 7.0; SM-G892A Build/NRD90M; wv) AppleWebKit/537.36 (KHTML, like Gecko) Version/4.0 Chrome/60.0.3112.107 Mobile Safari/537.36" "-"
164.68.102.93 - - [12/May/2025:18:07:45 +0900] "GET /style.php HTTP/1.1" 403 186 "www.google.com" "Mozilla/5.0 (Linux; Android 7.0; SM-G892A Build/NRD90M; wv) AppleWebKit/537.36 (KHTML, like Gecko) Version/4.0 Chrome/60.0.3112.107 Mobile Safari/537.36" "-"
164.68.102.93 - - [12/May/2025:18:07:53 +0900] "GET /wp-content/plugins/suretriggers/readme.txt HTTP/1.1" 301 162 "www.google.com" "Mozilla/5.0 (Linux; Android 7.0; SM-G892A Build/NRD90M; wv) AppleWebKit/537.36 (KHTML, like Gecko) Version/4.0 Chrome/60.0.3112.107 Mobile Safari/537.36" "-"
66.249.79.172 - - [12/May/2025:18:07:54 +0900] "GET /shopdetail/13332257 HTTP/1.1" 200 23231 "-" "Mozilla/5.0 (Linux; Android 6.0.1; Nexus 5X Build/MMB29P) AppleWebKit/537.36 (KHTML, like Gecko) Chrome/136.0.7103.59 Mobile Safari/537.36 (compatible; Googlebot/2.1; +http://www.google.com/bot.html)" "-"
164.68.102.93 - - [12/May/2025:18:07:58 +0900] "GET /wp-content/plugins/suretriggers/readme.txt HTTP/1.1" 404 11685 "www.google.com" "Mozilla/5.0 (Linux; Android 7.0; SM-G892A Build/NRD90M; wv) AppleWebKit/537.36 (KHTML, like Gecko) Version/4.0 Chrome/60.0.3112.107 Mobile Safari/537.36" "-"
66.249.79.172 - - [12/May/2025:18:08:07 +0900] "GET /shopdetail/29751691 HTTP/1.1" 200 23080 "-" "Mozilla/5.0 (Linux; Android 6.0.1; Nexus 5X Build/MMB29P) AppleWebKit/537.36 (KHTML, like Gecko) Chrome/136.0.7103.59 Mobile Safari/537.36 (compatible; Googlebot/2.1; +http://www.google.com/bot.html)" "-"
66.249.79.172 - - [12/May/2025:18:09:28 +0900] "GET /shopdetail/28055924 HTTP/1.1" 200 26774 "-" "Mozilla/5.0 (Linux; Android 6.0.1; Nexus 5X Build/MMB29P) AppleWebKit/537.36 (KHTML, like Gecko) Chrome/136.0.7103.59 Mobile Safari/537.36 (compatible; Googlebot/2.1; +http://www.google.com/bot.html)" "-"
66.249.79.172 - - [12/May/2025:18:09:45 +0900] "GET /shopdetail/11660413 HTTP/1.1" 200 22725 "-" "Mozilla/5.0 (Linux; Android 6.0.1; Nexus 5X Build/MMB29P) AppleWebKit/537.36 (KHTML, like Gecko) Chrome/136.0.7103.59 Mobile Safari/537.36 (compatible; Googlebot/2.1; +http://www.google.com/bot.html)" "-"
66.249.79.160 - - [12/May/2025:18:10:07 +0900] "GET /shopdetail/10642379 HTTP/1.1" 200 23341 "-" "Mozilla/5.0 (compatible; Googlebot/2.1; +http://www.google.com/bot.html)" "-"
66.249.79.172 - - [12/May/2025:18:11:57 +0900] "GET /shopdetail/8753257 HTTP/1.1" 200 23535 "-" "Mozilla/5.0 (Linux; Android 6.0.1; Nexus 5X Build/MMB29P) AppleWebKit/537.36 (KHTML, like Gecko) Chrome/136.0.7103.59 Mobile Safari/537.36 (compatible; Googlebot/2.1; +http://www.google.com/bot.html)" "-"
66.249.79.160 - - [12/May/2025:18:12:31 +0900] "GET /shopdetail/10107646 HTTP/1.1" 200 24676 "-" "Mozilla/5.0 (Linux; Android 6.0.1; Nexus 5X Build/MMB29P) AppleWebKit/537.36 (KHTML, like Gecko) Chrome/136.0.7103.59 Mobile Safari/537.36 (compatible; Googlebot/2.1; +http://www.google.com/bot.html)" "-"
103.186.185.28 - - [12/May/2025:18:13:14 +0900] "POST /wp-login.php HTTP/2.0" 403 175 "https://kahokutaku.com" "Mozilla/5.0 (Macintosh; Intel Mac OS X 10_15_7; rv:126.0) Gecko/20100101 Firefox/126.0" "-"
49.243.225.64 - - [12/May/2025:18:13:21 +0900] "GET /shopdetail/30675924 HTTP/2.0" 200 317 "https://www.google.com/" "Mozilla/5.0 (Linux; Android 10; K) AppleWebKit/537.36 (KHTML, like Gecko) Chrome/136.0.0.0 Mobile Safari/537.36" "-"
160.251.148.50 - - [12/May/2025:18:13:23 +0900] "POST /wp-cron.php?doing_wp_cron=1747041203.0142509937286376953125 HTTP/1.1" 403 186 "-" "WordPress/6.7.2; https://kahokutaku.com" "-"
3.129.5.73 - - [12/May/2025:18:13:23 +0900] "GET /shopdetail/10454735 HTTP/2.0" 404 11672 "-" "Mozilla/5.0 AppleWebKit/537.36 (KHTML, like Gecko; compatible; ClaudeBot/1.0; +claudebot@anthropic.com)" "-"
