57.141.2.22 - - [29/May/2025:11:36:19 +0900] "GET /shopdetail/8116168 HTTP/2.0" 404 43580 "-" "meta-externalagent/1.1 (+https://developers.facebook.com/docs/sharing/webmasters/crawler)" "-"
57.141.2.28 - - [29/May/2025:11:36:19 +0900] "GET /shopdetail/11218402 HTTP/2.0" 404 43580 "-" "meta-externalagent/1.1 (+https://developers.facebook.com/docs/sharing/webmasters/crawler)" "-"
57.141.2.6 - - [29/May/2025:11:36:22 +0900] "GET /shopdetail/10326091 HTTP/2.0" 404 43580 "-" "meta-externalagent/1.1 (+https://developers.facebook.com/docs/sharing/webmasters/crawler)" "-"
66.249.79.160 - - [29/May/2025:11:36:22 +0900] "GET /shopdetail/4909791 HTTP/1.1" 200 23102 "-" "Mozilla/5.0 (Linux; Android 6.0.1; Nexus 5X Build/MMB29P) AppleWebKit/537.36 (KHTML, like Gecko) Chrome/136.0.7103.113 Mobile Safari/537.36 (compatible; Googlebot/2.1; +http://www.google.com/bot.html)" "-"
57.141.2.9 - - [29/May/2025:11:36:29 +0900] "GET /shopdetail/1195257 HTTP/2.0" 404 43580 "-" "meta-externalagent/1.1 (+https://developers.facebook.com/docs/sharing/webmasters/crawler)" "-"
57.141.2.12 - - [29/May/2025:11:36:37 +0900] "GET /shopdetail/26600579 HTTP/2.0" 404 43580 "-" "meta-externalagent/1.1 (+https://developers.facebook.com/docs/sharing/webmasters/crawler)" "-"
57.141.2.15 - - [29/May/2025:11:36:37 +0900] "GET /shopdetail/20043080 HTTP/2.0" 404 43580 "-" "meta-externalagent/1.1 (+https://developers.facebook.com/docs/sharing/webmasters/crawler)" "-"
57.141.2.6 - - [29/May/2025:11:36:39 +0900] "GET /shopdetail/24109246 HTTP/2.0" 404 43580 "-" "meta-externalagent/1.1 (+https://developers.facebook.com/docs/sharing/webmasters/crawler)" "-"
57.141.2.5 - - [29/May/2025:11:36:41 +0900] "GET /shopdetail/25693779 HTTP/2.0" 404 43580 "-" "meta-externalagent/1.1 (+https://developers.facebook.com/docs/sharing/webmasters/crawler)" "-"
57.141.2.22 - - [29/May/2025:11:36:42 +0900] "GET /shopdetail/20722413 HTTP/2.0" 404 43580 "-" "meta-externalagent/1.1 (+https://developers.facebook.com/docs/sharing/webmasters/crawler)" "-"
57.141.2.18 - - [29/May/2025:11:36:43 +0900] "GET /shopdetail/17370557 HTTP/2.0" 404 43580 "-" "meta-externalagent/1.1 (+https://developers.facebook.com/docs/sharing/webmasters/crawler)" "-"
57.141.2.21 - - [29/May/2025:11:36:46 +0900] "GET /shopdetail/10893591 HTTP/2.0" 404 43580 "-" "meta-externalagent/1.1 (+https://developers.facebook.com/docs/sharing/webmasters/crawler)" "-"
57.141.2.23 - - [29/May/2025:11:36:46 +0900] "GET /shopdetail/10616813 HTTP/2.0" 404 43580 "-" "meta-externalagent/1.1 (+https://developers.facebook.com/docs/sharing/webmasters/crawler)" "-"
57.141.2.28 - - [29/May/2025:11:36:52 +0900] "GET /shopdetail/26063924 HTTP/2.0" 404 43580 "-" "meta-externalagent/1.1 (+https://developers.facebook.com/docs/sharing/webmasters/crawler)" "-"
160.251.148.50 - - [29/May/2025:11:37:08 +0900] "POST /wp-cron.php?doing_wp_cron=1748486228.7194359302520751953125 HTTP/1.1" 403 186 "-" "WordPress/6.7.2; https://kahokutaku.com" "-"
57.141.2.7 - - [29/May/2025:11:37:08 +0900] "GET /shopdetail/5436113 HTTP/2.0" 404 43580 "-" "meta-externalagent/1.1 (+https://developers.facebook.com/docs/sharing/webmasters/crawler)" "-"
57.141.2.28 - - [29/May/2025:11:37:11 +0900] "GET /shopdetail/26644413 HTTP/2.0" 404 43580 "-" "meta-externalagent/1.1 (+https://developers.facebook.com/docs/sharing/webmasters/crawler)" "-"
57.141.2.28 - - [29/May/2025:11:37:16 +0900] "GET /shopdetail/23174824 HTTP/2.0" 404 43580 "-" "meta-externalagent/1.1 (+https://developers.facebook.com/docs/sharing/webmasters/crawler)" "-"
57.141.2.13 - - [29/May/2025:11:37:18 +0900] "GET /shopdetail/10616813 HTTP/2.0" 404 43580 "-" "meta-externalagent/1.1 (+https://developers.facebook.com/docs/sharing/webmasters/crawler)" "-"
57.141.2.28 - - [29/May/2025:11:37:23 +0900] "GET /shopdetail/5444035 HTTP/2.0" 404 43580 "-" "meta-externalagent/1.1 (+https://developers.facebook.com/docs/sharing/webmasters/crawler)" "-"
57.141.2.20 - - [29/May/2025:11:37:29 +0900] "GET /shopdetail/23174824 HTTP/2.0" 404 43580 "-" "meta-externalagent/1.1 (+https://developers.facebook.com/docs/sharing/webmasters/crawler)" "-"
57.141.2.7 - - [29/May/2025:11:37:30 +0900] "GET /shopdetail/15363491 HTTP/2.0" 404 43580 "-" "meta-externalagent/1.1 (+https://developers.facebook.com/docs/sharing/webmasters/crawler)" "-"
57.141.2.19 - - [29/May/2025:11:37:31 +0900] "GET /shopdetail/7333446 HTTP/2.0" 404 43580 "-" "meta-externalagent/1.1 (+https://developers.facebook.com/docs/sharing/webmasters/crawler)" "-"
57.141.2.4 - - [29/May/2025:11:37:32 +0900] "GET /shopdetail/29786335 HTTP/2.0" 404 43580 "-" "meta-externalagent/1.1 (+https://developers.facebook.com/docs/sharing/webmasters/crawler)" "-"
57.141.2.12 - - [29/May/2025:11:37:34 +0900] "GET /shopdetail/11096868 HTTP/2.0" 404 43580 "-" "meta-externalagent/1.1 (+https://developers.facebook.com/docs/sharing/webmasters/crawler)" "-"
57.141.2.14 - - [29/May/2025:11:37:39 +0900] "GET /shopdetail/4156468 HTTP/2.0" 404 43580 "-" "meta-externalagent/1.1 (+https://developers.facebook.com/docs/sharing/webmasters/crawler)" "-"
57.141.2.13 - - [29/May/2025:11:37:40 +0900] "GET /shopdetail/2376680 HTTP/2.0" 404 43580 "-" "meta-externalagent/1.1 (+https://developers.facebook.com/docs/sharing/webmasters/crawler)" "-"
57.141.2.23 - - [29/May/2025:11:37:50 +0900] "GET /shopdetail/28296435 HTTP/2.0" 404 43580 "-" "meta-externalagent/1.1 (+https://developers.facebook.com/docs/sharing/webmasters/crawler)" "-"
57.141.2.15 - - [29/May/2025:11:37:58 +0900] "GET /shopdetail/21410957 HTTP/2.0" 404 43580 "-" "meta-externalagent/1.1 (+https://developers.facebook.com/docs/sharing/webmasters/crawler)" "-"
57.141.2.9 - - [29/May/2025:11:38:05 +0900] "GET /shopdetail/21098724 HTTP/2.0" 404 43580 "-" "meta-externalagent/1.1 (+https://developers.facebook.com/docs/sharing/webmasters/crawler)" "-"
160.251.148.50 - - [29/May/2025:11:38:10 +0900] "POST /wp-cron.php?doing_wp_cron=1748486290.7335610389709472656250 HTTP/1.1" 403 186 "-" "WordPress/6.7.2; https://kahokutaku.com" "-"
57.141.2.23 - - [29/May/2025:11:38:10 +0900] "GET /shopdetail/4156468 HTTP/2.0" 404 43580 "-" "meta-externalagent/1.1 (+https://developers.facebook.com/docs/sharing/webmasters/crawler)" "-"
57.141.2.12 - - [29/May/2025:11:38:19 +0900] "GET /shopdetail/24970191 HTTP/2.0" 404 43580 "-" "meta-externalagent/1.1 (+https://developers.facebook.com/docs/sharing/webmasters/crawler)" "-"
57.141.2.11 - - [29/May/2025:11:38:25 +0900] "GET /shopdetail/15363491 HTTP/2.0" 404 43580 "-" "meta-externalagent/1.1 (+https://developers.facebook.com/docs/sharing/webmasters/crawler)" "-"
57.141.2.29 - - [29/May/2025:11:38:28 +0900] "GET /shopdetail/7543857 HTTP/2.0" 404 43580 "-" "meta-externalagent/1.1 (+https://developers.facebook.com/docs/sharing/webmasters/crawler)" "-"
57.141.2.23 - - [29/May/2025:11:38:29 +0900] "GET /shopdetail/24742257 HTTP/2.0" 404 43580 "-" "meta-externalagent/1.1 (+https://developers.facebook.com/docs/sharing/webmasters/crawler)" "-"
57.141.2.17 - - [29/May/2025:11:38:30 +0900] "GET /shopdetail/7302168 HTTP/2.0" 404 43580 "-" "meta-externalagent/1.1 (+https://developers.facebook.com/docs/sharing/webmasters/crawler)" "-"
57.141.2.1 - - [29/May/2025:11:38:38 +0900] "GET /shopdetail/9300013 HTTP/2.0" 404 43580 "-" "meta-externalagent/1.1 (+https://developers.facebook.com/docs/sharing/webmasters/crawler)" "-"
57.141.2.21 - - [29/May/2025:11:38:41 +0900] "GET /shopdetail/21564746 HTTP/2.0" 404 43580 "-" "meta-externalagent/1.1 (+https://developers.facebook.com/docs/sharing/webmasters/crawler)" "-"
57.141.2.11 - - [29/May/2025:11:38:41 +0900] "GET /shopdetail/9997291 HTTP/2.0" 404 43580 "-" "meta-externalagent/1.1 (+https://developers.facebook.com/docs/sharing/webmasters/crawler)" "-"
57.141.2.19 - - [29/May/2025:11:38:41 +0900] "GET /shopdetail/19599735 HTTP/2.0" 404 43580 "-" "meta-externalagent/1.1 (+https://developers.facebook.com/docs/sharing/webmasters/crawler)" "-"
57.141.2.17 - - [29/May/2025:11:38:47 +0900] "GET /shopdetail/5089524 HTTP/2.0" 404 43580 "-" "meta-externalagent/1.1 (+https://developers.facebook.com/docs/sharing/webmasters/crawler)" "-"
57.141.2.12 - - [29/May/2025:11:38:49 +0900] "GET /shopdetail/10683879 HTTP/2.0" 404 43580 "-" "meta-externalagent/1.1 (+https://developers.facebook.com/docs/sharing/webmasters/crawler)" "-"
57.141.2.27 - - [29/May/2025:11:38:53 +0900] "GET /shopdetail/9580846 HTTP/2.0" 404 43580 "-" "meta-externalagent/1.1 (+https://developers.facebook.com/docs/sharing/webmasters/crawler)" "-"
57.141.2.28 - - [29/May/2025:11:38:59 +0900] "GET /shopdetail/26644413 HTTP/2.0" 404 43580 "-" "meta-externalagent/1.1 (+https://developers.facebook.com/docs/sharing/webmasters/crawler)" "-"
57.141.2.16 - - [29/May/2025:11:39:01 +0900] "GET /shopdetail/20903846 HTTP/2.0" 404 43580 "-" "meta-externalagent/1.1 (+https://developers.facebook.com/docs/sharing/webmasters/crawler)" "-"
57.141.2.4 - - [29/May/2025:11:39:01 +0900] "GET /shopdetail/20722413 HTTP/2.0" 404 43580 "-" "meta-externalagent/1.1 (+https://developers.facebook.com/docs/sharing/webmasters/crawler)" "-"
57.141.2.19 - - [29/May/2025:11:39:07 +0900] "GET /shopdetail/9300013 HTTP/2.0" 404 43580 "-" "meta-externalagent/1.1 (+https://developers.facebook.com/docs/sharing/webmasters/crawler)" "-"
57.141.2.28 - - [29/May/2025:11:39:08 +0900] "GET /shopdetail/24246935 HTTP/2.0" 404 43580 "-" "meta-externalagent/1.1 (+https://developers.facebook.com/docs/sharing/webmasters/crawler)" "-"
160.251.148.50 - - [29/May/2025:11:39:12 +0900] "POST /wp-cron.php?doing_wp_cron=1748486352.0712180137634277343750 HTTP/1.1" 403 186 "-" "WordPress/6.7.2; https://kahokutaku.com" "-"
57.141.2.1 - - [29/May/2025:11:39:12 +0900] "GET /shopdetail/22685768 HTTP/2.0" 404 43580 "-" "meta-externalagent/1.1 (+https://developers.facebook.com/docs/sharing/webmasters/crawler)" "-"
57.141.2.3 - - [29/May/2025:11:39:18 +0900] "GET /shopdetail/9379524 HTTP/2.0" 404 43580 "-" "meta-externalagent/1.1 (+https://developers.facebook.com/docs/sharing/webmasters/crawler)" "-"
57.141.2.21 - - [29/May/2025:11:39:19 +0900] "GET /shopdetail/2376680 HTTP/2.0" 404 43580 "-" "meta-externalagent/1.1 (+https://developers.facebook.com/docs/sharing/webmasters/crawler)" "-"
57.141.2.24 - - [29/May/2025:11:39:21 +0900] "GET /shopdetail/26948057 HTTP/2.0" 404 43580 "-" "meta-externalagent/1.1 (+https://developers.facebook.com/docs/sharing/webmasters/crawler)" "-"
57.141.2.17 - - [29/May/2025:11:39:32 +0900] "GET /shopdetail/16867379 HTTP/2.0" 404 43580 "-" "meta-externalagent/1.1 (+https://developers.facebook.com/docs/sharing/webmasters/crawler)" "-"
57.141.2.25 - - [29/May/2025:11:39:42 +0900] "GET /shopdetail/5803868 HTTP/2.0" 404 43580 "-" "meta-externalagent/1.1 (+https://developers.facebook.com/docs/sharing/webmasters/crawler)" "-"
57.141.2.25 - - [29/May/2025:11:39:42 +0900] "GET /shopdetail/15852513 HTTP/2.0" 404 43580 "-" "meta-externalagent/1.1 (+https://developers.facebook.com/docs/sharing/webmasters/crawler)" "-"
57.141.2.4 - - [29/May/2025:11:39:45 +0900] "GET /shopdetail/7359080 HTTP/2.0" 404 43580 "-" "meta-externalagent/1.1 (+https://developers.facebook.com/docs/sharing/webmasters/crawler)" "-"
66.249.79.173 - - [29/May/2025:11:39:45 +0900] "GET /pcmypage?callback=/product%2Fdetail%2F58054640 HTTP/1.1" 200 23607 "-" "Mozilla/5.0 (Linux; Android 6.0.1; Nexus 5X Build/MMB29P) AppleWebKit/537.36 (KHTML, like Gecko) Chrome/136.0.7103.113 Mobile Safari/537.36 (compatible; Googlebot/2.1; +http://www.google.com/bot.html)" "-"
57.141.2.20 - - [29/May/2025:11:39:51 +0900] "GET /shopdetail/25238635 HTTP/2.0" 404 43580 "-" "meta-externalagent/1.1 (+https://developers.facebook.com/docs/sharing/webmasters/crawler)" "-"
57.141.2.6 - - [29/May/2025:11:39:55 +0900] "GET /shopdetail/10545891 HTTP/2.0" 404 43580 "-" "meta-externalagent/1.1 (+https://developers.facebook.com/docs/sharing/webmasters/crawler)" "-"
57.141.2.7 - - [29/May/2025:11:39:55 +0900] "GET /shopdetail/21603724 HTTP/2.0" 404 43580 "-" "meta-externalagent/1.1 (+https://developers.facebook.com/docs/sharing/webmasters/crawler)" "-"
57.141.2.30 - - [29/May/2025:11:40:02 +0900] "GET /shopdetail/25890668 HTTP/2.0" 404 43580 "-" "meta-externalagent/1.1 (+https://developers.facebook.com/docs/sharing/webmasters/crawler)" "-"
57.141.2.19 - - [29/May/2025:11:40:04 +0900] "GET /shopdetail/19378435 HTTP/2.0" 404 43580 "-" "meta-externalagent/1.1 (+https://developers.facebook.com/docs/sharing/webmasters/crawler)" "-"
57.141.2.22 - - [29/May/2025:11:40:09 +0900] "GET /shopdetail/7226391 HTTP/2.0" 404 43580 "-" "meta-externalagent/1.1 (+https://developers.facebook.com/docs/sharing/webmasters/crawler)" "-"
57.141.2.24 - - [29/May/2025:11:40:09 +0900] "GET /shopdetail/28934102 HTTP/2.0" 404 43580 "-" "meta-externalagent/1.1 (+https://developers.facebook.com/docs/sharing/webmasters/crawler)" "-"
160.251.148.50 - - [29/May/2025:11:40:14 +0900] "POST /wp-cron.php?doing_wp_cron=1748486414.1562390327453613281250 HTTP/1.1" 403 186 "-" "WordPress/6.7.2; https://kahokutaku.com" "-"
57.141.2.1 - - [29/May/2025:11:40:14 +0900] "GET /shopdetail/18674035 HTTP/2.0" 404 43580 "-" "meta-externalagent/1.1 (+https://developers.facebook.com/docs/sharing/webmasters/crawler)" "-"
57.141.2.14 - - [29/May/2025:11:40:16 +0900] "GET /shopdetail/19585435 HTTP/2.0" 404 43580 "-" "meta-externalagent/1.1 (+https://developers.facebook.com/docs/sharing/webmasters/crawler)" "-"
57.141.2.5 - - [29/May/2025:11:40:16 +0900] "GET /shopdetail/7359080 HTTP/2.0" 404 43580 "-" "meta-externalagent/1.1 (+https://developers.facebook.com/docs/sharing/webmasters/crawler)" "-"
57.141.2.24 - - [29/May/2025:11:40:17 +0900] "GET /shopdetail/28298879 HTTP/2.0" 404 43580 "-" "meta-externalagent/1.1 (+https://developers.facebook.com/docs/sharing/webmasters/crawler)" "-"
57.141.2.15 - - [29/May/2025:11:40:22 +0900] "GET /shopdetail/21603724 HTTP/2.0" 404 43580 "-" "meta-externalagent/1.1 (+https://developers.facebook.com/docs/sharing/webmasters/crawler)" "-"
57.141.2.30 - - [29/May/2025:11:40:23 +0900] "GET /shopdetail/25890668 HTTP/2.0" 404 43580 "-" "meta-externalagent/1.1 (+https://developers.facebook.com/docs/sharing/webmasters/crawler)" "-"
57.141.2.9 - - [29/May/2025:11:40:34 +0900] "GET /shopdetail/18892791 HTTP/2.0" 404 43580 "-" "meta-externalagent/1.1 (+https://developers.facebook.com/docs/sharing/webmasters/crawler)" "-"
57.141.2.30 - - [29/May/2025:11:40:44 +0900] "GET /shopdetail/27302491 HTTP/2.0" 404 43580 "-" "meta-externalagent/1.1 (+https://developers.facebook.com/docs/sharing/webmasters/crawler)" "-"
57.141.2.24 - - [29/May/2025:11:40:46 +0900] "GET /shopdetail/24476091 HTTP/2.0" 404 43580 "-" "meta-externalagent/1.1 (+https://developers.facebook.com/docs/sharing/webmasters/crawler)" "-"
57.141.2.16 - - [29/May/2025:11:40:50 +0900] "GET /shopdetail/20531357 HTTP/2.0" 404 43580 "-" "meta-externalagent/1.1 (+https://developers.facebook.com/docs/sharing/webmasters/crawler)" "-"
57.141.2.18 - - [29/May/2025:11:40:54 +0900] "GET /shopdetail/27339624 HTTP/2.0" 404 43580 "-" "meta-externalagent/1.1 (+https://developers.facebook.com/docs/sharing/webmasters/crawler)" "-"
57.141.2.27 - - [29/May/2025:11:41:02 +0900] "GET /shopdetail/10545891 HTTP/2.0" 404 43580 "-" "meta-externalagent/1.1 (+https://developers.facebook.com/docs/sharing/webmasters/crawler)" "-"
57.141.2.13 - - [29/May/2025:11:41:03 +0900] "GET /shopdetail/27302491 HTTP/2.0" 404 43580 "-" "meta-externalagent/1.1 (+https://developers.facebook.com/docs/sharing/webmasters/crawler)" "-"
57.141.2.2 - - [29/May/2025:11:41:07 +0900] "GET /shopdetail/25026202 HTTP/2.0" 404 43580 "-" "meta-externalagent/1.1 (+https://developers.facebook.com/docs/sharing/webmasters/crawler)" "-"
57.141.2.1 - - [29/May/2025:11:41:12 +0900] "GET /shopdetail/5803868 HTTP/2.0" 404 43580 "-" "meta-externalagent/1.1 (+https://developers.facebook.com/docs/sharing/webmasters/crawler)" "-"
160.251.148.50 - - [29/May/2025:11:41:16 +0900] "POST /wp-cron.php?doing_wp_cron=1748486476.5241029262542724609375 HTTP/1.1" 403 186 "-" "WordPress/6.7.2; https://kahokutaku.com" "-"
57.141.2.17 - - [29/May/2025:11:41:16 +0900] "GET /shopdetail/2269113 HTTP/2.0" 404 43580 "-" "meta-externalagent/1.1 (+https://developers.facebook.com/docs/sharing/webmasters/crawler)" "-"
57.141.2.7 - - [29/May/2025:11:41:18 +0900] "GET /shopdetail/15301479 HTTP/2.0" 404 43580 "-" "meta-externalagent/1.1 (+https://developers.facebook.com/docs/sharing/webmasters/crawler)" "-"
57.141.2.6 - - [29/May/2025:11:41:20 +0900] "GET /shopdetail/13803980 HTTP/2.0" 404 43580 "-" "meta-externalagent/1.1 (+https://developers.facebook.com/docs/sharing/webmasters/crawler)" "-"
57.141.2.24 - - [29/May/2025:11:41:26 +0900] "GET /shopdetail/6038246 HTTP/2.0" 404 43580 "-" "meta-externalagent/1.1 (+https://developers.facebook.com/docs/sharing/webmasters/crawler)" "-"
57.141.2.17 - - [29/May/2025:11:41:30 +0900] "GET /shopdetail/7916746 HTTP/2.0" 404 43580 "-" "meta-externalagent/1.1 (+https://developers.facebook.com/docs/sharing/webmasters/crawler)" "-"
216.244.66.200 - - [29/May/2025:11:41:33 +0900] "GET /robots.txt HTTP/1.1" 301 162 "-" "Mozilla/5.0 (compatible; DotBot/1.2; +https://opensiteexplorer.org/dotbot; help@moz.com)" "-"
216.244.66.200 - - [29/May/2025:11:41:34 +0900] "GET /robots.txt HTTP/1.1" 200 1028 "-" "Mozilla/5.0 (compatible; DotBot/1.2; +https://opensiteexplorer.org/dotbot; help@moz.com)" "-"
57.141.2.6 - - [29/May/2025:11:41:36 +0900] "GET /shopdetail/23304268 HTTP/2.0" 404 43580 "-" "meta-externalagent/1.1 (+https://developers.facebook.com/docs/sharing/webmasters/crawler)" "-"
66.249.71.64 - - [29/May/2025:11:41:36 +0900] "GET /shopdetail/21568580 HTTP/1.1" 200 25444 "-" "Mozilla/5.0 (Linux; Android 6.0.1; Nexus 5X Build/MMB29P) AppleWebKit/537.36 (KHTML, like Gecko) Chrome/136.0.7103.113 Mobile Safari/537.36 (compatible; Googlebot/2.1; +http://www.google.com/bot.html)" "-"
57.141.2.23 - - [29/May/2025:11:41:50 +0900] "GET /shopdetail/26225824 HTTP/2.0" 404 43580 "-" "meta-externalagent/1.1 (+https://developers.facebook.com/docs/sharing/webmasters/crawler)" "-"
57.141.2.3 - - [29/May/2025:11:41:51 +0900] "GET /shopdetail/2020880 HTTP/2.0" 404 43580 "-" "meta-externalagent/1.1 (+https://developers.facebook.com/docs/sharing/webmasters/crawler)" "-"
57.141.2.13 - - [29/May/2025:11:41:56 +0900] "GET /shopdetail/30075468 HTTP/2.0" 404 43580 "-" "meta-externalagent/1.1 (+https://developers.facebook.com/docs/sharing/webmasters/crawler)" "-"
57.141.2.1 - - [29/May/2025:11:42:00 +0900] "GET /shopdetail/2020880 HTTP/2.0" 404 43580 "-" "meta-externalagent/1.1 (+https://developers.facebook.com/docs/sharing/webmasters/crawler)" "-"
57.141.2.15 - - [29/May/2025:11:42:02 +0900] "GET /shopdetail/14689068 HTTP/2.0" 404 43580 "-" "meta-externalagent/1.1 (+https://developers.facebook.com/docs/sharing/webmasters/crawler)" "-"
57.141.2.29 - - [29/May/2025:11:42:02 +0900] "GET /shopdetail/7916746 HTTP/2.0" 404 43580 "-" "meta-externalagent/1.1 (+https://developers.facebook.com/docs/sharing/webmasters/crawler)" "-"
57.141.2.15 - - [29/May/2025:11:42:09 +0900] "GET /shopdetail/26225824 HTTP/2.0" 404 43580 "-" "meta-externalagent/1.1 (+https://developers.facebook.com/docs/sharing/webmasters/crawler)" "-"
57.141.2.24 - - [29/May/2025:11:42:12 +0900] "GET /shopdetail/15601424 HTTP/2.0" 404 43580 "-" "meta-externalagent/1.1 (+https://developers.facebook.com/docs/sharing/webmasters/crawler)" "-"
57.141.2.29 - - [29/May/2025:11:42:16 +0900] "GET /shopdetail/2269113 HTTP/2.0" 404 43580 "-" "meta-externalagent/1.1 (+https://developers.facebook.com/docs/sharing/webmasters/crawler)" "-"
160.251.148.50 - - [29/May/2025:11:42:21 +0900] "POST /wp-cron.php?doing_wp_cron=1748486541.2764239311218261718750 HTTP/1.1" 403 186 "-" "WordPress/6.7.2; https://kahokutaku.com" "-"
57.141.2.10 - - [29/May/2025:11:42:21 +0900] "GET /shopdetail/12588635 HTTP/2.0" 404 43580 "-" "meta-externalagent/1.1 (+https://developers.facebook.com/docs/sharing/webmasters/crawler)" "-"
57.141.2.4 - - [29/May/2025:11:42:27 +0900] "GET /shopdetail/16185235 HTTP/2.0" 404 43580 "-" "meta-externalagent/1.1 (+https://developers.facebook.com/docs/sharing/webmasters/crawler)" "-"
57.141.2.5 - - [29/May/2025:11:42:27 +0900] "GET /shopdetail/29689046 HTTP/2.0" 404 43580 "-" "meta-externalagent/1.1 (+https://developers.facebook.com/docs/sharing/webmasters/crawler)" "-"
57.141.2.19 - - [29/May/2025:11:42:27 +0900] "GET /shopdetail/7221002 HTTP/2.0" 404 43580 "-" "meta-externalagent/1.1 (+https://developers.facebook.com/docs/sharing/webmasters/crawler)" "-"
57.141.2.19 - - [29/May/2025:11:42:30 +0900] "GET /shopdetail/23234113 HTTP/2.0" 404 43580 "-" "meta-externalagent/1.1 (+https://developers.facebook.com/docs/sharing/webmasters/crawler)" "-"
57.141.2.25 - - [29/May/2025:11:42:33 +0900] "GET /shopdetail/28323057 HTTP/2.0" 404 43580 "-" "meta-externalagent/1.1 (+https://developers.facebook.com/docs/sharing/webmasters/crawler)" "-"
57.141.2.29 - - [29/May/2025:11:42:37 +0900] "GET /shopdetail/29173224 HTTP/2.0" 404 43580 "-" "meta-externalagent/1.1 (+https://developers.facebook.com/docs/sharing/webmasters/crawler)" "-"
57.141.2.21 - - [29/May/2025:11:42:43 +0900] "GET /shopdetail/15276046 HTTP/2.0" 404 43580 "-" "meta-externalagent/1.1 (+https://developers.facebook.com/docs/sharing/webmasters/crawler)" "-"
57.141.2.11 - - [29/May/2025:11:42:43 +0900] "GET /shopdetail/13292046 HTTP/2.0" 404 43580 "-" "meta-externalagent/1.1 (+https://developers.facebook.com/docs/sharing/webmasters/crawler)" "-"
57.141.2.2 - - [29/May/2025:11:42:45 +0900] "GET /shopdetail/28055879 HTTP/2.0" 404 43580 "-" "meta-externalagent/1.1 (+https://developers.facebook.com/docs/sharing/webmasters/crawler)" "-"
57.141.2.9 - - [29/May/2025:11:42:51 +0900] "GET /shopdetail/12588635 HTTP/2.0" 404 43580 "-" "meta-externalagent/1.1 (+https://developers.facebook.com/docs/sharing/webmasters/crawler)" "-"
57.141.2.7 - - [29/May/2025:11:42:57 +0900] "GET /shopdetail/22929468 HTTP/2.0" 404 43580 "-" "meta-externalagent/1.1 (+https://developers.facebook.com/docs/sharing/webmasters/crawler)" "-"
57.141.2.4 - - [29/May/2025:11:43:03 +0900] "GET /shopdetail/29689046 HTTP/2.0" 404 43580 "-" "meta-externalagent/1.1 (+https://developers.facebook.com/docs/sharing/webmasters/crawler)" "-"
57.141.2.18 - - [29/May/2025:11:43:08 +0900] "GET /shopdetail/2012035 HTTP/2.0" 404 43580 "-" "meta-externalagent/1.1 (+https://developers.facebook.com/docs/sharing/webmasters/crawler)" "-"
57.141.2.18 - - [29/May/2025:11:43:11 +0900] "GET /shopdetail/6038246 HTTP/2.0" 404 43580 "-" "meta-externalagent/1.1 (+https://developers.facebook.com/docs/sharing/webmasters/crawler)" "-"
57.141.2.24 - - [29/May/2025:11:43:12 +0900] "GET /shopdetail/25119591 HTTP/2.0" 404 43580 "-" "meta-externalagent/1.1 (+https://developers.facebook.com/docs/sharing/webmasters/crawler)" "-"
57.141.2.16 - - [29/May/2025:11:43:13 +0900] "GET /shopdetail/16185235 HTTP/2.0" 404 43580 "-" "meta-externalagent/1.1 (+https://developers.facebook.com/docs/sharing/webmasters/crawler)" "-"
57.141.2.5 - - [29/May/2025:11:43:15 +0900] "GET /shopdetail/22678179 HTTP/2.0" 404 43580 "-" "meta-externalagent/1.1 (+https://developers.facebook.com/docs/sharing/webmasters/crawler)" "-"
160.251.148.50 - - [29/May/2025:11:43:22 +0900] "POST /wp-cron.php?doing_wp_cron=1748486602.0557899475097656250000 HTTP/1.1" 403 186 "-" "WordPress/6.7.2; https://kahokutaku.com" "-"
57.141.2.5 - - [29/May/2025:11:43:22 +0900] "GET /shopdetail/23527502 HTTP/2.0" 404 43580 "-" "meta-externalagent/1.1 (+https://developers.facebook.com/docs/sharing/webmasters/crawler)" "-"
57.141.2.13 - - [29/May/2025:11:43:22 +0900] "GET /shopdetail/9032502 HTTP/2.0" 404 43580 "-" "meta-externalagent/1.1 (+https://developers.facebook.com/docs/sharing/webmasters/crawler)" "-"
57.141.2.29 - - [29/May/2025:11:43:22 +0900] "GET /shopdetail/2529835 HTTP/2.0" 404 43580 "-" "meta-externalagent/1.1 (+https://developers.facebook.com/docs/sharing/webmasters/crawler)" "-"
57.141.2.25 - - [29/May/2025:11:43:26 +0900] "GET /shopdetail/7082591 HTTP/2.0" 404 43580 "-" "meta-externalagent/1.1 (+https://developers.facebook.com/docs/sharing/webmasters/crawler)" "-"
57.141.2.9 - - [29/May/2025:11:43:27 +0900] "GET /shopdetail/16256557 HTTP/2.0" 404 43580 "-" "meta-externalagent/1.1 (+https://developers.facebook.com/docs/sharing/webmasters/crawler)" "-"
57.141.2.20 - - [29/May/2025:11:43:28 +0900] "GET /shopdetail/22929468 HTTP/2.0" 404 43580 "-" "meta-externalagent/1.1 (+https://developers.facebook.com/docs/sharing/webmasters/crawler)" "-"
57.141.2.25 - - [29/May/2025:11:43:32 +0900] "GET /shopdetail/22678179 HTTP/2.0" 404 43580 "-" "meta-externalagent/1.1 (+https://developers.facebook.com/docs/sharing/webmasters/crawler)" "-"
57.141.2.2 - - [29/May/2025:11:43:33 +0900] "GET /shopdetail/2012035 HTTP/2.0" 404 43580 "-" "meta-externalagent/1.1 (+https://developers.facebook.com/docs/sharing/webmasters/crawler)" "-"
57.141.2.13 - - [29/May/2025:11:43:34 +0900] "GET /shopdetail/19815424 HTTP/2.0" 404 43580 "-" "meta-externalagent/1.1 (+https://developers.facebook.com/docs/sharing/webmasters/crawler)" "-"
66.249.71.70 - - [29/May/2025:11:43:43 +0900] "GET /pcmypage?callback=product/review/23187395 HTTP/1.1" 200 25263 "-" "Mozilla/5.0 (Linux; Android 6.0.1; Nexus 5X Build/MMB29P) AppleWebKit/537.36 (KHTML, like Gecko) Chrome/136.0.7103.113 Mobile Safari/537.36 (compatible; Googlebot/2.1; +http://www.google.com/bot.html)" "-"
57.141.2.25 - - [29/May/2025:11:43:44 +0900] "GET /shopdetail/25462891 HTTP/2.0" 404 43580 "-" "meta-externalagent/1.1 (+https://developers.facebook.com/docs/sharing/webmasters/crawler)" "-"
66.249.79.173 - - [29/May/2025:11:43:47 +0900] "POST /get-message-notify HTTP/1.1" 200 22945 "https://www.kahokutaku.com/shopdetail/4561679" "Mozilla/5.0 (Linux; Android 6.0.1; Nexus 5X Build/MMB29P) AppleWebKit/537.36 (KHTML, like Gecko) Chrome/136.0.7103.92 Mobile Safari/537.36 (compatible; Googlebot/2.1; +http://www.google.com/bot.html)" "-"
57.141.2.30 - - [29/May/2025:11:43:49 +0900] "GET /shopdetail/24881113 HTTP/2.0" 404 43580 "-" "meta-externalagent/1.1 (+https://developers.facebook.com/docs/sharing/webmasters/crawler)" "-"
57.141.2.19 - - [29/May/2025:11:43:50 +0900] "GET /shopdetail/24924379 HTTP/2.0" 404 43580 "-" "meta-externalagent/1.1 (+https://developers.facebook.com/docs/sharing/webmasters/crawler)" "-"
66.249.79.172 - - [29/May/2025:11:43:50 +0900] "POST /get-message-notify HTTP/1.1" 200 22945 "https://www.kahokutaku.com/shopdetail/6966691" "Mozilla/5.0 (Linux; Android 6.0.1; Nexus 5X Build/MMB29P) AppleWebKit/537.36 (KHTML, like Gecko) Chrome/136.0.7103.92 Mobile Safari/537.36 (compatible; Googlebot/2.1; +http://www.google.com/bot.html)" "-"
57.141.2.15 - - [29/May/2025:11:43:53 +0900] "GET /shopdetail/11216668 HTTP/2.0" 404 43580 "-" "meta-externalagent/1.1 (+https://developers.facebook.com/docs/sharing/webmasters/crawler)" "-"
57.141.2.25 - - [29/May/2025:11:43:56 +0900] "GET /shopdetail/14153391 HTTP/2.0" 404 43580 "-" "meta-externalagent/1.1 (+https://developers.facebook.com/docs/sharing/webmasters/crawler)" "-"
57.141.2.28 - - [29/May/2025:11:44:02 +0900] "GET /shopdetail/2529835 HTTP/2.0" 404 43580 "-" "meta-externalagent/1.1 (+https://developers.facebook.com/docs/sharing/webmasters/crawler)" "-"
57.141.2.16 - - [29/May/2025:11:44:07 +0900] "GET /shopdetail/1295035 HTTP/2.0" 404 43580 "-" "meta-externalagent/1.1 (+https://developers.facebook.com/docs/sharing/webmasters/crawler)" "-"
57.141.2.23 - - [29/May/2025:11:44:09 +0900] "GET /shopdetail/12555713 HTTP/2.0" 404 43580 "-" "meta-externalagent/1.1 (+https://developers.facebook.com/docs/sharing/webmasters/crawler)" "-"
57.141.2.19 - - [29/May/2025:11:44:14 +0900] "GET /shopdetail/30472191 HTTP/2.0" 404 43580 "-" "meta-externalagent/1.1 (+https://developers.facebook.com/docs/sharing/webmasters/crawler)" "-"
57.141.2.2 - - [29/May/2025:11:44:18 +0900] "GET /shopdetail/18721502 HTTP/2.0" 404 43580 "-" "meta-externalagent/1.1 (+https://developers.facebook.com/docs/sharing/webmasters/crawler)" "-"
57.141.2.3 - - [29/May/2025:11:44:18 +0900] "GET /shopdetail/21317691 HTTP/2.0" 404 43580 "-" "meta-externalagent/1.1 (+https://developers.facebook.com/docs/sharing/webmasters/crawler)" "-"
57.141.2.1 - - [29/May/2025:11:44:20 +0900] "GET /shopdetail/12590057 HTTP/2.0" 404 43580 "-" "meta-externalagent/1.1 (+https://developers.facebook.com/docs/sharing/webmasters/crawler)" "-"
57.141.2.6 - - [29/May/2025:11:44:21 +0900] "GET /shopdetail/13150313 HTTP/2.0" 404 43580 "-" "meta-externalagent/1.1 (+https://developers.facebook.com/docs/sharing/webmasters/crawler)" "-"
160.251.148.50 - - [29/May/2025:11:44:27 +0900] "POST /wp-cron.php?doing_wp_cron=1748486667.1513509750366210937500 HTTP/1.1" 403 186 "-" "WordPress/6.7.2; https://kahokutaku.com" "-"
57.141.2.5 - - [29/May/2025:11:44:27 +0900] "GET /shopdetail/26407146 HTTP/2.0" 404 43580 "-" "meta-externalagent/1.1 (+https://developers.facebook.com/docs/sharing/webmasters/crawler)" "-"
57.141.2.3 - - [29/May/2025:11:44:31 +0900] "GET /shopdetail/21410957 HTTP/2.0" 404 43580 "-" "meta-externalagent/1.1 (+https://developers.facebook.com/docs/sharing/webmasters/crawler)" "-"
57.141.2.20 - - [29/May/2025:11:44:32 +0900] "GET /shopdetail/8175157 HTTP/2.0" 404 43580 "-" "meta-externalagent/1.1 (+https://developers.facebook.com/docs/sharing/webmasters/crawler)" "-"
57.141.2.23 - - [29/May/2025:11:44:35 +0900] "GET /shopdetail/19887780 HTTP/2.0" 404 43580 "-" "meta-externalagent/1.1 (+https://developers.facebook.com/docs/sharing/webmasters/crawler)" "-"
57.141.2.24 - - [29/May/2025:11:44:36 +0900] "GET /shopdetail/14660202 HTTP/2.0" 404 43580 "-" "meta-externalagent/1.1 (+https://developers.facebook.com/docs/sharing/webmasters/crawler)" "-"
57.141.2.27 - - [29/May/2025:11:44:39 +0900] "GET /shopdetail/14089979 HTTP/2.0" 404 43580 "-" "meta-externalagent/1.1 (+https://developers.facebook.com/docs/sharing/webmasters/crawler)" "-"
57.141.2.28 - - [29/May/2025:11:44:52 +0900] "GET /shopdetail/13523502 HTTP/2.0" 404 43580 "-" "meta-externalagent/1.1 (+https://developers.facebook.com/docs/sharing/webmasters/crawler)" "-"
57.141.2.26 - - [29/May/2025:11:44:52 +0900] "GET /shopdetail/3192635 HTTP/2.0" 404 43580 "-" "meta-externalagent/1.1 (+https://developers.facebook.com/docs/sharing/webmasters/crawler)" "-"
57.141.2.16 - - [29/May/2025:11:44:55 +0900] "GET /shopdetail/12377279 HTTP/2.0" 404 43580 "-" "meta-externalagent/1.1 (+https://developers.facebook.com/docs/sharing/webmasters/crawler)" "-"
57.141.2.1 - - [29/May/2025:11:44:55 +0900] "GET /shopdetail/26090124 HTTP/2.0" 404 43580 "-" "meta-externalagent/1.1 (+https://developers.facebook.com/docs/sharing/webmasters/crawler)" "-"
57.141.2.11 - - [29/May/2025:11:45:02 +0900] "GET /shopdetail/9512680 HTTP/2.0" 404 43580 "-" "meta-externalagent/1.1 (+https://developers.facebook.com/docs/sharing/webmasters/crawler)" "-"
57.141.2.9 - - [29/May/2025:11:45:10 +0900] "GET /shopdetail/29170157 HTTP/2.0" 404 43580 "-" "meta-externalagent/1.1 (+https://developers.facebook.com/docs/sharing/webmasters/crawler)" "-"
57.141.2.13 - - [29/May/2025:11:45:18 +0900] "GET /shopdetail/8668435 HTTP/2.0" 404 43580 "-" "meta-externalagent/1.1 (+https://developers.facebook.com/docs/sharing/webmasters/crawler)" "-"
57.141.2.7 - - [29/May/2025:11:45:20 +0900] "GET /shopdetail/19340735 HTTP/2.0" 404 43580 "-" "meta-externalagent/1.1 (+https://developers.facebook.com/docs/sharing/webmasters/crawler)" "-"
57.141.2.16 - - [29/May/2025:11:45:27 +0900] "GET /shopdetail/29170157 HTTP/2.0" 404 43580 "-" "meta-externalagent/1.1 (+https://developers.facebook.com/docs/sharing/webmasters/crawler)" "-"
160.251.148.50 - - [29/May/2025:11:45:28 +0900] "POST /wp-cron.php?doing_wp_cron=1748486728.1570289134979248046875 HTTP/1.1" 403 186 "-" "WordPress/6.7.2; https://kahokutaku.com" "-"
57.141.2.13 - - [29/May/2025:11:45:28 +0900] "GET /shopdetail/29366691 HTTP/2.0" 404 43580 "-" "meta-externalagent/1.1 (+https://developers.facebook.com/docs/sharing/webmasters/crawler)" "-"
57.141.2.22 - - [29/May/2025:11:45:37 +0900] "GET /shopdetail/9547402 HTTP/2.0" 404 43580 "-" "meta-externalagent/1.1 (+https://developers.facebook.com/docs/sharing/webmasters/crawler)" "-"
57.141.2.10 - - [29/May/2025:11:45:38 +0900] "GET /shopdetail/9357146 HTTP/2.0" 404 43580 "-" "meta-externalagent/1.1 (+https://developers.facebook.com/docs/sharing/webmasters/crawler)" "-"
57.141.2.17 - - [29/May/2025:11:45:39 +0900] "GET /shopdetail/4056602 HTTP/2.0" 404 43580 "-" "meta-externalagent/1.1 (+https://developers.facebook.com/docs/sharing/webmasters/crawler)" "-"
57.141.2.16 - - [29/May/2025:11:45:40 +0900] "GET /shopdetail/17503780 HTTP/2.0" 404 43580 "-" "meta-externalagent/1.1 (+https://developers.facebook.com/docs/sharing/webmasters/crawler)" "-"
57.141.2.19 - - [29/May/2025:11:45:41 +0900] "GET /shopdetail/30722035 HTTP/2.0" 404 43580 "-" "meta-externalagent/1.1 (+https://developers.facebook.com/docs/sharing/webmasters/crawler)" "-"
57.141.2.9 - - [29/May/2025:11:45:42 +0900] "GET /shopdetail/27422679 HTTP/2.0" 404 43580 "-" "meta-externalagent/1.1 (+https://developers.facebook.com/docs/sharing/webmasters/crawler)" "-"
57.141.2.18 - - [29/May/2025:11:45:44 +0900] "GET /shopdetail/1852802 HTTP/2.0" 404 43580 "-" "meta-externalagent/1.1 (+https://developers.facebook.com/docs/sharing/webmasters/crawler)" "-"
57.141.2.15 - - [29/May/2025:11:45:46 +0900] "GET /shopdetail/1850779 HTTP/2.0" 404 43580 "-" "meta-externalagent/1.1 (+https://developers.facebook.com/docs/sharing/webmasters/crawler)" "-"
57.141.2.4 - - [29/May/2025:11:46:00 +0900] "GET /shopdetail/11825202 HTTP/2.0" 404 43580 "-" "meta-externalagent/1.1 (+https://developers.facebook.com/docs/sharing/webmasters/crawler)" "-"
57.141.2.14 - - [29/May/2025:11:46:04 +0900] "GET /shopdetail/9512680 HTTP/2.0" 404 43580 "-" "meta-externalagent/1.1 (+https://developers.facebook.com/docs/sharing/webmasters/crawler)" "-"
57.141.2.16 - - [29/May/2025:11:46:14 +0900] "GET /shopdetail/22985691 HTTP/2.0" 404 43580 "-" "meta-externalagent/1.1 (+https://developers.facebook.com/docs/sharing/webmasters/crawler)" "-"
57.141.2.25 - - [29/May/2025:11:46:18 +0900] "GET /shopdetail/25756757 HTTP/2.0" 404 43580 "-" "meta-externalagent/1.1 (+https://developers.facebook.com/docs/sharing/webmasters/crawler)" "-"
216.244.66.200 - - [29/May/2025:11:46:26 +0900] "GET /shopdetail/19272357 HTTP/1.1" 403 0 "-" "Mozilla/5.0 (compatible; DotBot/1.2; +https://opensiteexplorer.org/dotbot; help@moz.com)" "-"
57.141.2.4 - - [29/May/2025:11:46:26 +0900] "GET /shopdetail/5306579 HTTP/2.0" 404 43580 "-" "meta-externalagent/1.1 (+https://developers.facebook.com/docs/sharing/webmasters/crawler)" "-"
160.251.148.50 - - [29/May/2025:11:46:29 +0900] "POST /wp-cron.php?doing_wp_cron=1748486789.0981519222259521484375 HTTP/1.1" 403 186 "-" "WordPress/6.7.2; https://kahokutaku.com" "-"
57.141.2.17 - - [29/May/2025:11:46:29 +0900] "GET /shopdetail/20432902 HTTP/2.0" 404 43580 "-" "meta-externalagent/1.1 (+https://developers.facebook.com/docs/sharing/webmasters/crawler)" "-"
57.141.2.2 - - [29/May/2025:11:46:35 +0900] "GET /shopdetail/5300391 HTTP/2.0" 404 43580 "-" "meta-externalagent/1.1 (+https://developers.facebook.com/docs/sharing/webmasters/crawler)" "-"
57.141.2.23 - - [29/May/2025:11:46:39 +0900] "GET /shopdetail/2621035 HTTP/2.0" 404 43580 "-" "meta-externalagent/1.1 (+https://developers.facebook.com/docs/sharing/webmasters/crawler)" "-"
57.141.2.25 - - [29/May/2025:11:46:46 +0900] "GET /shopdetail/25756757 HTTP/2.0" 404 43580 "-" "meta-externalagent/1.1 (+https://developers.facebook.com/docs/sharing/webmasters/crawler)" "-"
106.73.11.34 - - [29/May/2025:11:46:57 +0900] "GET /shopdetail/2898780 HTTP/2.0" 301 0 "https://www.google.com/url?q=https://www.kahokutaku.com/shopdetail/2898780&sa=U&sqi=2&ved=2ahUKEwi8xaTC08eNAxWXmq8BHRgsMSkQFnoECGgQAQ&usg=AOvVaw1AfotqjI-ogSBbLcEKyY0K" "Mozilla/5.0 (iPhone; CPU iPhone OS 18_5_0 like Mac OS X) AppleWebKit/605.1.15 (KHTML, like Gecko) GSA/370.0.762543316 Mobile/15E148 Safari/604.1" "-"
106.73.11.34 - - [29/May/2025:11:46:58 +0900] "GET /shopdetail/2898780 HTTP/2.0" 404 11672 "https://www.google.com/" "Mozilla/5.0 (iPhone; CPU iPhone OS 18_5_0 like Mac OS X) AppleWebKit/605.1.15 (KHTML, like Gecko) GSA/370.0.762543316 Mobile/15E148 Safari/604.1" "-"
106.73.11.34 - - [29/May/2025:11:46:58 +0900] "GET /wp-includes/blocks/navigation/style.min.css?ver=6.7.2 HTTP/2.0" 200 2795 "https://kahokutaku.com/shopdetail/2898780" "Mozilla/5.0 (iPhone; CPU iPhone OS 18_5_0 like Mac OS X) AppleWebKit/605.1.15 (KHTML, like Gecko) GSA/370.0.762543316 Mobile/15E148 Safari/604.1" "-"
106.73.11.34 - - [29/May/2025:11:46:58 +0900] "GET /wp-content/plugins/contact-form-7/includes/css/styles.css?ver=5.7.4 HTTP/2.0" 200 1088 "https://kahokutaku.com/shopdetail/2898780" "Mozilla/5.0 (iPhone; CPU iPhone OS 18_5_0 like Mac OS X) AppleWebKit/605.1.15 (KHTML, like Gecko) GSA/370.0.762543316 Mobile/15E148 Safari/604.1" "-"
106.73.11.34 - - [29/May/2025:11:46:58 +0900] "GET /wp-content/plugins/contact-form-7/includes/js/index.js?ver=5.7.4 HTTP/2.0" 200 4681 "https://kahokutaku.com/shopdetail/2898780" "Mozilla/5.0 (iPhone; CPU iPhone OS 18_5_0 like Mac OS X) AppleWebKit/605.1.15 (KHTML, like Gecko) GSA/370.0.762543316 Mobile/15E148 Safari/604.1" "-"
106.73.11.34 - - [29/May/2025:11:46:58 +0900] "GET /wp-includes/js/jquery/jquery.min.js?ver=3.7.1 HTTP/2.0" 200 35438 "https://kahokutaku.com/shopdetail/2898780" "Mozilla/5.0 (iPhone; CPU iPhone OS 18_5_0 like Mac OS X) AppleWebKit/605.1.15 (KHTML, like Gecko) GSA/370.0.762543316 Mobile/15E148 Safari/604.1" "-"
106.73.11.34 - - [29/May/2025:11:46:58 +0900] "GET /wp-includes/js/dist/script-modules/block-library/navigation/view.min.js?ver=8ff192874fc8910a284c HTTP/2.0" 200 1206 "https://kahokutaku.com/shopdetail/2898780" "Mozilla/5.0 (iPhone; CPU iPhone OS 18_5_0 like Mac OS X) AppleWebKit/605.1.15 (KHTML, like Gecko) GSA/370.0.762543316 Mobile/15E148 Safari/604.1" "-"
106.73.11.34 - - [29/May/2025:11:46:58 +0900] "GET /wp-content/plugins/contact-form-7/includes/swv/js/index.js?ver=5.7.4 HTTP/2.0" 200 3350 "https://kahokutaku.com/shopdetail/2898780" "Mozilla/5.0 (iPhone; CPU iPhone OS 18_5_0 like Mac OS X) AppleWebKit/605.1.15 (KHTML, like Gecko) GSA/370.0.762543316 Mobile/15E148 Safari/604.1" "-"
106.73.11.34 - - [29/May/2025:11:46:58 +0900] "GET /wp-includes/js/jquery/jquery-migrate.min.js?ver=3.4.1 HTTP/2.0" 200 5342 "https://kahokutaku.com/shopdetail/2898780" "Mozilla/5.0 (iPhone; CPU iPhone OS 18_5_0 like Mac OS X) AppleWebKit/605.1.15 (KHTML, like Gecko) GSA/370.0.762543316 Mobile/15E148 Safari/604.1" "-"
106.73.11.34 - - [29/May/2025:11:46:58 +0900] "GET /wp-content/plugins/shortcodes-ultimate/vendor/animatecss/animate.css?ver=3.1.1 HTTP/2.0" 200 5940 "https://kahokutaku.com/shopdetail/2898780" "Mozilla/5.0 (iPhone; CPU iPhone OS 18_5_0 like Mac OS X) AppleWebKit/605.1.15 (KHTML, like Gecko) GSA/370.0.762543316 Mobile/15E148 Safari/604.1" "-"
106.73.11.34 - - [29/May/2025:11:46:58 +0900] "GET /wp-content/plugins/shortcodes-ultimate/includes/js/shortcodes/index.js?ver=5.12.8 HTTP/2.0" 200 4854 "https://kahokutaku.com/shopdetail/2898780" "Mozilla/5.0 (iPhone; CPU iPhone OS 18_5_0 like Mac OS X) AppleWebKit/605.1.15 (KHTML, like Gecko) GSA/370.0.762543316 Mobile/15E148 Safari/604.1" "-"
106.73.11.34 - - [29/May/2025:11:46:58 +0900] "GET /wp-content/plugins/shortcodes-ultimate/vendor/jquery-inview/jquery-inview.js?ver=1.1.2 HTTP/2.0" 200 780 "https://kahokutaku.com/shopdetail/2898780" "Mozilla/5.0 (iPhone; CPU iPhone OS 18_5_0 like Mac OS X) AppleWebKit/605.1.15 (KHTML, like Gecko) GSA/370.0.762543316 Mobile/15E148 Safari/604.1" "-"
106.73.11.34 - - [29/May/2025:11:46:58 +0900] "GET /wp-includes/js/dist/script-modules/interactivity/index.min.js?ver=907ea3b2f317a78b7b9b HTTP/2.0" 200 15440 "https://kahokutaku.com/shopdetail/2898780" "Mozilla/5.0 (iPhone; CPU iPhone OS 18_5_0 like Mac OS X) AppleWebKit/605.1.15 (KHTML, like Gecko) GSA/370.0.762543316 Mobile/15E148 Safari/604.1" "-"
66.249.79.160 - - [29/May/2025:11:47:03 +0900] "GET /pcmypage?callback=product/review/83449599 HTTP/1.1" 200 22458 "-" "Mozilla/5.0 (Linux; Android 6.0.1; Nexus 5X Build/MMB29P) AppleWebKit/537.36 (KHTML, like Gecko) Chrome/136.0.7103.113 Mobile Safari/537.36 (compatible; Googlebot/2.1; +http://www.google.com/bot.html)" "-"
57.141.2.15 - - [29/May/2025:11:47:11 +0900] "GET /shopdetail/19295946 HTTP/2.0" 404 43580 "-" "meta-externalagent/1.1 (+https://developers.facebook.com/docs/sharing/webmasters/crawler)" "-"
57.141.2.30 - - [29/May/2025:11:47:24 +0900] "GET /shopdetail/10316657 HTTP/2.0" 404 43580 "-" "meta-externalagent/1.1 (+https://developers.facebook.com/docs/sharing/webmasters/crawler)" "-"
57.141.2.19 - - [29/May/2025:11:47:28 +0900] "GET /shopdetail/26701824 HTTP/2.0" 404 43580 "-" "meta-externalagent/1.1 (+https://developers.facebook.com/docs/sharing/webmasters/crawler)" "-"
160.251.148.50 - - [29/May/2025:11:47:31 +0900] "POST /wp-cron.php?doing_wp_cron=1748486851.7305209636688232421875 HTTP/1.1" 403 186 "-" "WordPress/6.7.2; https://kahokutaku.com" "-"
57.141.2.1 - - [29/May/2025:11:47:31 +0900] "GET /shopdetail/29914046 HTTP/2.0" 404 43580 "-" "meta-externalagent/1.1 (+https://developers.facebook.com/docs/sharing/webmasters/crawler)" "-"
57.141.2.17 - - [29/May/2025:11:47:35 +0900] "GET /shopdetail/20432902 HTTP/2.0" 404 43580 "-" "meta-externalagent/1.1 (+https://developers.facebook.com/docs/sharing/webmasters/crawler)" "-"
57.141.2.16 - - [29/May/2025:11:47:36 +0900] "GET /shopdetail/27088879 HTTP/2.0" 404 43580 "-" "meta-externalagent/1.1 (+https://developers.facebook.com/docs/sharing/webmasters/crawler)" "-"
57.141.2.24 - - [29/May/2025:11:47:40 +0900] "GET /shopdetail/22261857 HTTP/2.0" 404 43580 "-" "meta-externalagent/1.1 (+https://developers.facebook.com/docs/sharing/webmasters/crawler)" "-"
66.249.79.172 - - [29/May/2025:11:47:46 +0900] "GET /shopdetail/12941580 HTTP/1.1" 200 25167 "-" "Mozilla/5.0 (Linux; Android 6.0.1; Nexus 5X Build/MMB29P) AppleWebKit/537.36 (KHTML, like Gecko) Chrome/136.0.7103.113 Mobile Safari/537.36 (compatible; Googlebot/2.1; +http://www.google.com/bot.html)" "-"
57.141.2.27 - - [29/May/2025:11:47:53 +0900] "GET /shopdetail/11496713 HTTP/2.0" 404 43580 "-" "meta-externalagent/1.1 (+https://developers.facebook.com/docs/sharing/webmasters/crawler)" "-"
57.141.2.12 - - [29/May/2025:11:47:54 +0900] "GET /shopdetail/5379957 HTTP/2.0" 404 43580 "-" "meta-externalagent/1.1 (+https://developers.facebook.com/docs/sharing/webmasters/crawler)" "-"
57.141.2.23 - - [29/May/2025:11:47:55 +0900] "GET /shopdetail/9023302 HTTP/2.0" 404 43580 "-" "meta-externalagent/1.1 (+https://developers.facebook.com/docs/sharing/webmasters/crawler)" "-"
57.141.2.3 - - [29/May/2025:11:48:09 +0900] "GET /shopdetail/30287513 HTTP/2.0" 404 43580 "-" "meta-externalagent/1.1 (+https://developers.facebook.com/docs/sharing/webmasters/crawler)" "-"
57.141.2.8 - - [29/May/2025:11:48:11 +0900] "GET /shopdetail/18241713 HTTP/2.0" 404 43580 "-" "meta-externalagent/1.1 (+https://developers.facebook.com/docs/sharing/webmasters/crawler)" "-"
57.141.2.19 - - [29/May/2025:11:48:14 +0900] "GET /shopdetail/5766746 HTTP/2.0" 404 43580 "-" "meta-externalagent/1.1 (+https://developers.facebook.com/docs/sharing/webmasters/crawler)" "-"
57.141.2.7 - - [29/May/2025:11:48:14 +0900] "GET /shopdetail/7310680 HTTP/2.0" 404 43580 "-" "meta-externalagent/1.1 (+https://developers.facebook.com/docs/sharing/webmasters/crawler)" "-"
57.141.2.16 - - [29/May/2025:11:48:21 +0900] "GET /shopdetail/15567279 HTTP/2.0" 404 43580 "-" "meta-externalagent/1.1 (+https://developers.facebook.com/docs/sharing/webmasters/crawler)" "-"
57.141.2.24 - - [29/May/2025:11:48:25 +0900] "GET /shopdetail/12886180 HTTP/2.0" 404 43580 "-" "meta-externalagent/1.1 (+https://developers.facebook.com/docs/sharing/webmasters/crawler)" "-"
57.141.2.17 - - [29/May/2025:11:48:27 +0900] "GET /shopdetail/12756746 HTTP/2.0" 404 43580 "-" "meta-externalagent/1.1 (+https://developers.facebook.com/docs/sharing/webmasters/crawler)" "-"
66.249.79.172 - - [29/May/2025:11:48:29 +0900] "POST /get-message-notify HTTP/1.1" 200 22945 "https://www.kahokutaku.com/shopdetail/12249357" "Mozilla/5.0 (Linux; Android 6.0.1; Nexus 5X Build/MMB29P) AppleWebKit/537.36 (KHTML, like Gecko) Chrome/136.0.7103.92 Mobile Safari/537.36 (compatible; Googlebot/2.1; +http://www.google.com/bot.html)" "-"
160.251.148.50 - - [29/May/2025:11:48:31 +0900] "POST /wp-cron.php?doing_wp_cron=1748486911.7727010250091552734375 HTTP/1.1" 403 186 "-" "WordPress/6.7.2; https://kahokutaku.com" "-"
57.141.2.15 - - [29/May/2025:11:48:31 +0900] "GET /shopdetail/18241713 HTTP/2.0" 404 43580 "-" "meta-externalagent/1.1 (+https://developers.facebook.com/docs/sharing/webmasters/crawler)" "-"
57.141.2.26 - - [29/May/2025:11:48:32 +0900] "GET /shopdetail/24012457 HTTP/2.0" 404 43580 "-" "meta-externalagent/1.1 (+https://developers.facebook.com/docs/sharing/webmasters/crawler)" "-"
57.141.2.17 - - [29/May/2025:11:48:32 +0900] "GET /shopdetail/11965257 HTTP/2.0" 404 43580 "-" "meta-externalagent/1.1 (+https://developers.facebook.com/docs/sharing/webmasters/crawler)" "-"
57.141.2.7 - - [29/May/2025:11:48:34 +0900] "GET /shopdetail/12843235 HTTP/2.0" 404 43580 "-" "meta-externalagent/1.1 (+https://developers.facebook.com/docs/sharing/webmasters/crawler)" "-"
57.141.2.24 - - [29/May/2025:11:48:34 +0900] "GET /shopdetail/15567279 HTTP/2.0" 404 43580 "-" "meta-externalagent/1.1 (+https://developers.facebook.com/docs/sharing/webmasters/crawler)" "-"
57.141.2.5 - - [29/May/2025:11:48:35 +0900] "GET /shopdetail/18433624 HTTP/2.0" 404 43580 "-" "meta-externalagent/1.1 (+https://developers.facebook.com/docs/sharing/webmasters/crawler)" "-"
57.141.2.4 - - [29/May/2025:11:48:38 +0900] "GET /shopdetail/5766746 HTTP/2.0" 404 43580 "-" "meta-externalagent/1.1 (+https://developers.facebook.com/docs/sharing/webmasters/crawler)" "-"
57.141.2.19 - - [29/May/2025:11:48:45 +0900] "GET /shopdetail/10754935 HTTP/2.0" 404 43580 "-" "meta-externalagent/1.1 (+https://developers.facebook.com/docs/sharing/webmasters/crawler)" "-"
57.141.2.13 - - [29/May/2025:11:48:46 +0900] "GET /shopdetail/3344668 HTTP/2.0" 404 43580 "-" "meta-externalagent/1.1 (+https://developers.facebook.com/docs/sharing/webmasters/crawler)" "-"
57.141.2.23 - - [29/May/2025:11:48:46 +0900] "GET /shopdetail/15790957 HTTP/2.0" 404 43580 "-" "meta-externalagent/1.1 (+https://developers.facebook.com/docs/sharing/webmasters/crawler)" "-"
57.141.2.15 - - [29/May/2025:11:48:46 +0900] "GET /shopdetail/3333546 HTTP/2.0" 404 43580 "-" "meta-externalagent/1.1 (+https://developers.facebook.com/docs/sharing/webmasters/crawler)" "-"
57.141.2.17 - - [29/May/2025:11:48:56 +0900] "GET /shopdetail/8917068 HTTP/2.0" 404 43580 "-" "meta-externalagent/1.1 (+https://developers.facebook.com/docs/sharing/webmasters/crawler)" "-"
57.141.2.10 - - [29/May/2025:11:49:02 +0900] "GET /shopdetail/4662902 HTTP/2.0" 404 43580 "-" "meta-externalagent/1.1 (+https://developers.facebook.com/docs/sharing/webmasters/crawler)" "-"
57.141.2.7 - - [29/May/2025:11:49:04 +0900] "GET /shopdetail/12804313 HTTP/2.0" 404 43580 "-" "meta-externalagent/1.1 (+https://developers.facebook.com/docs/sharing/webmasters/crawler)" "-"
57.141.2.1 - - [29/May/2025:11:49:06 +0900] "GET /shopdetail/12612402 HTTP/2.0" 404 43580 "-" "meta-externalagent/1.1 (+https://developers.facebook.com/docs/sharing/webmasters/crawler)" "-"
57.141.2.12 - - [29/May/2025:11:49:09 +0900] "GET /shopdetail/5824491 HTTP/2.0" 404 43580 "-" "meta-externalagent/1.1 (+https://developers.facebook.com/docs/sharing/webmasters/crawler)" "-"
57.141.2.29 - - [29/May/2025:11:49:11 +0900] "GET /shopdetail/14747480 HTTP/2.0" 404 43580 "-" "meta-externalagent/1.1 (+https://developers.facebook.com/docs/sharing/webmasters/crawler)" "-"
57.141.2.23 - - [29/May/2025:11:49:14 +0900] "GET /shopdetail/27973391 HTTP/2.0" 404 43580 "-" "meta-externalagent/1.1 (+https://developers.facebook.com/docs/sharing/webmasters/crawler)" "-"
57.141.2.19 - - [29/May/2025:11:49:17 +0900] "GET /shopdetail/22617602 HTTP/2.0" 404 43580 "-" "meta-externalagent/1.1 (+https://developers.facebook.com/docs/sharing/webmasters/crawler)" "-"
57.141.2.23 - - [29/May/2025:11:49:17 +0900] "GET /shopdetail/30675013 HTTP/2.0" 404 43580 "-" "meta-externalagent/1.1 (+https://developers.facebook.com/docs/sharing/webmasters/crawler)" "-"
160.251.148.50 - - [29/May/2025:11:49:37 +0900] "POST /wp-cron.php?doing_wp_cron=1748486977.7414789199829101562500 HTTP/1.1" 403 186 "-" "WordPress/6.7.2; https://kahokutaku.com" "-"
57.141.2.7 - - [29/May/2025:11:49:37 +0900] "GET /shopdetail/17221079 HTTP/2.0" 404 43580 "-" "meta-externalagent/1.1 (+https://developers.facebook.com/docs/sharing/webmasters/crawler)" "-"
57.141.2.19 - - [29/May/2025:11:49:41 +0900] "GET /shopdetail/27744435 HTTP/2.0" 404 43580 "-" "meta-externalagent/1.1 (+https://developers.facebook.com/docs/sharing/webmasters/crawler)" "-"
57.141.2.13 - - [29/May/2025:11:49:51 +0900] "GET /shopdetail/9397246 HTTP/2.0" 404 43580 "-" "meta-externalagent/1.1 (+https://developers.facebook.com/docs/sharing/webmasters/crawler)" "-"
57.141.2.24 - - [29/May/2025:11:49:52 +0900] "GET /shopdetail/24935280 HTTP/2.0" 404 43580 "-" "meta-externalagent/1.1 (+https://developers.facebook.com/docs/sharing/webmasters/crawler)" "-"
57.141.2.26 - - [29/May/2025:11:49:59 +0900] "GET /shopdetail/27362913 HTTP/2.0" 404 43580 "-" "meta-externalagent/1.1 (+https://developers.facebook.com/docs/sharing/webmasters/crawler)" "-"
57.141.2.26 - - [29/May/2025:11:50:00 +0900] "GET /shopdetail/27973391 HTTP/2.0" 404 43580 "-" "meta-externalagent/1.1 (+https://developers.facebook.com/docs/sharing/webmasters/crawler)" "-"
57.141.2.30 - - [29/May/2025:11:50:00 +0900] "GET /shopdetail/30687413 HTTP/2.0" 404 43580 "-" "meta-externalagent/1.1 (+https://developers.facebook.com/docs/sharing/webmasters/crawler)" "-"
