57.141.2.27 - - [29/May/2025:07:54:06 +0900] "GET /shopdetail/6969880 HTTP/2.0" 404 43580 "-" "meta-externalagent/1.1 (+https://developers.facebook.com/docs/sharing/webmasters/crawler)" "-"
57.141.2.7 - - [29/May/2025:07:54:14 +0900] "GET /shopdetail/896268 HTTP/2.0" 404 43580 "-" "meta-externalagent/1.1 (+https://developers.facebook.com/docs/sharing/webmasters/crawler)" "-"
57.141.2.5 - - [29/May/2025:07:54:16 +0900] "GET /shopdetail/24938679 HTTP/2.0" 404 43580 "-" "meta-externalagent/1.1 (+https://developers.facebook.com/docs/sharing/webmasters/crawler)" "-"
57.141.2.21 - - [29/May/2025:07:54:21 +0900] "GET /shopdetail/13431791 HTTP/2.0" 404 43580 "-" "meta-externalagent/1.1 (+https://developers.facebook.com/docs/sharing/webmasters/crawler)" "-"
57.141.2.15 - - [29/May/2025:07:54:22 +0900] "GET /shopdetail/4236013 HTTP/2.0" 404 43580 "-" "meta-externalagent/1.1 (+https://developers.facebook.com/docs/sharing/webmasters/crawler)" "-"
57.141.2.14 - - [29/May/2025:07:54:23 +0900] "GET /shopdetail/3144413 HTTP/2.0" 404 43580 "-" "meta-externalagent/1.1 (+https://developers.facebook.com/docs/sharing/webmasters/crawler)" "-"
57.141.2.28 - - [29/May/2025:07:54:33 +0900] "GET /shopdetail/20822302 HTTP/2.0" 404 43580 "-" "meta-externalagent/1.1 (+https://developers.facebook.com/docs/sharing/webmasters/crawler)" "-"
160.251.148.50 - - [29/May/2025:07:54:38 +0900] "POST /wp-cron.php?doing_wp_cron=1748472878.8290889263153076171875 HTTP/1.1" 403 186 "-" "WordPress/6.7.2; https://kahokutaku.com" "-"
57.141.2.25 - - [29/May/2025:07:54:38 +0900] "GET /shopdetail/11353379 HTTP/2.0" 404 43580 "-" "meta-externalagent/1.1 (+https://developers.facebook.com/docs/sharing/webmasters/crawler)" "-"
57.141.2.6 - - [29/May/2025:07:54:41 +0900] "GET /shopdetail/12416091 HTTP/2.0" 404 43580 "-" "meta-externalagent/1.1 (+https://developers.facebook.com/docs/sharing/webmasters/crawler)" "-"
57.141.2.3 - - [29/May/2025:07:54:44 +0900] "GET /shopdetail/30745135 HTTP/2.0" 404 43580 "-" "meta-externalagent/1.1 (+https://developers.facebook.com/docs/sharing/webmasters/crawler)" "-"
57.141.2.10 - - [29/May/2025:07:54:46 +0900] "GET /shopdetail/4441279 HTTP/2.0" 404 43580 "-" "meta-externalagent/1.1 (+https://developers.facebook.com/docs/sharing/webmasters/crawler)" "-"
57.141.2.20 - - [29/May/2025:07:54:51 +0900] "GET /shopdetail/21905324 HTTP/2.0" 404 43580 "-" "meta-externalagent/1.1 (+https://developers.facebook.com/docs/sharing/webmasters/crawler)" "-"
57.141.2.10 - - [29/May/2025:07:54:51 +0900] "GET /shopdetail/28149891 HTTP/2.0" 404 43580 "-" "meta-externalagent/1.1 (+https://developers.facebook.com/docs/sharing/webmasters/crawler)" "-"
57.141.2.29 - - [29/May/2025:07:54:52 +0900] "GET /shopdetail/2151846 HTTP/2.0" 404 43580 "-" "meta-externalagent/1.1 (+https://developers.facebook.com/docs/sharing/webmasters/crawler)" "-"
57.141.2.17 - - [29/May/2025:07:54:54 +0900] "GET /shopdetail/1901446 HTTP/2.0" 404 43580 "-" "meta-externalagent/1.1 (+https://developers.facebook.com/docs/sharing/webmasters/crawler)" "-"
57.141.2.27 - - [29/May/2025:07:54:55 +0900] "GET /shopdetail/18588035 HTTP/2.0" 404 43580 "-" "meta-externalagent/1.1 (+https://developers.facebook.com/docs/sharing/webmasters/crawler)" "-"
57.141.2.12 - - [29/May/2025:07:54:55 +0900] "GET /shopdetail/24349202 HTTP/2.0" 404 43580 "-" "meta-externalagent/1.1 (+https://developers.facebook.com/docs/sharing/webmasters/crawler)" "-"
57.141.2.18 - - [29/May/2025:07:54:57 +0900] "GET /shopdetail/29942868 HTTP/2.0" 404 43580 "-" "meta-externalagent/1.1 (+https://developers.facebook.com/docs/sharing/webmasters/crawler)" "-"
57.141.2.12 - - [29/May/2025:07:55:01 +0900] "GET /shopdetail/17807557 HTTP/2.0" 404 43580 "-" "meta-externalagent/1.1 (+https://developers.facebook.com/docs/sharing/webmasters/crawler)" "-"
57.141.2.11 - - [29/May/2025:07:55:01 +0900] "GET /shopdetail/19285080 HTTP/2.0" 404 43580 "-" "meta-externalagent/1.1 (+https://developers.facebook.com/docs/sharing/webmasters/crawler)" "-"
57.141.2.23 - - [29/May/2025:07:55:02 +0900] "GET /shopdetail/7591780 HTTP/2.0" 404 43580 "-" "meta-externalagent/1.1 (+https://developers.facebook.com/docs/sharing/webmasters/crawler)" "-"
57.141.2.7 - - [29/May/2025:07:55:11 +0900] "GET /shopdetail/16579013 HTTP/2.0" 404 43580 "-" "meta-externalagent/1.1 (+https://developers.facebook.com/docs/sharing/webmasters/crawler)" "-"
57.141.2.26 - - [29/May/2025:07:55:20 +0900] "GET /shopdetail/27581813 HTTP/2.0" 404 43580 "-" "meta-externalagent/1.1 (+https://developers.facebook.com/docs/sharing/webmasters/crawler)" "-"
57.141.2.9 - - [29/May/2025:07:55:24 +0900] "GET /shopdetail/18588035 HTTP/2.0" 404 43580 "-" "meta-externalagent/1.1 (+https://developers.facebook.com/docs/sharing/webmasters/crawler)" "-"
57.141.2.13 - - [29/May/2025:07:55:31 +0900] "GET /shopdetail/11766535 HTTP/2.0" 404 43580 "-" "meta-externalagent/1.1 (+https://developers.facebook.com/docs/sharing/webmasters/crawler)" "-"
57.141.2.17 - - [29/May/2025:07:55:32 +0900] "GET /shopdetail/28149891 HTTP/2.0" 404 43580 "-" "meta-externalagent/1.1 (+https://developers.facebook.com/docs/sharing/webmasters/crawler)" "-"
57.141.2.1 - - [29/May/2025:07:55:35 +0900] "GET /shopdetail/2204591 HTTP/2.0" 404 43580 "-" "meta-externalagent/1.1 (+https://developers.facebook.com/docs/sharing/webmasters/crawler)" "-"
160.251.148.50 - - [29/May/2025:07:55:43 +0900] "POST /wp-cron.php?doing_wp_cron=1748472943.4455931186676025390625 HTTP/1.1" 403 186 "-" "WordPress/6.7.2; https://kahokutaku.com" "-"
57.141.2.17 - - [29/May/2025:07:55:43 +0900] "GET /shopdetail/30745135 HTTP/2.0" 404 43580 "-" "meta-externalagent/1.1 (+https://developers.facebook.com/docs/sharing/webmasters/crawler)" "-"
57.141.2.22 - - [29/May/2025:07:55:52 +0900] "GET /shopdetail/2151846 HTTP/2.0" 404 43580 "-" "meta-externalagent/1.1 (+https://developers.facebook.com/docs/sharing/webmasters/crawler)" "-"
57.141.2.16 - - [29/May/2025:07:55:53 +0900] "GET /shopdetail/1901446 HTTP/2.0" 404 43580 "-" "meta-externalagent/1.1 (+https://developers.facebook.com/docs/sharing/webmasters/crawler)" "-"
57.141.2.4 - - [29/May/2025:07:55:53 +0900] "GET /shopdetail/4441279 HTTP/2.0" 404 43580 "-" "meta-externalagent/1.1 (+https://developers.facebook.com/docs/sharing/webmasters/crawler)" "-"
57.141.2.19 - - [29/May/2025:07:55:57 +0900] "GET /shopdetail/2204591 HTTP/2.0" 404 43580 "-" "meta-externalagent/1.1 (+https://developers.facebook.com/docs/sharing/webmasters/crawler)" "-"
57.141.2.20 - - [29/May/2025:07:55:57 +0900] "GET /shopdetail/1037635 HTTP/2.0" 404 43580 "-" "meta-externalagent/1.1 (+https://developers.facebook.com/docs/sharing/webmasters/crawler)" "-"
57.141.2.28 - - [29/May/2025:07:56:32 +0900] "GET /shopdetail/9801024 HTTP/2.0" 404 43580 "-" "meta-externalagent/1.1 (+https://developers.facebook.com/docs/sharing/webmasters/crawler)" "-"
57.141.2.1 - - [29/May/2025:07:56:38 +0900] "GET /shopdetail/21915535 HTTP/2.0" 404 43580 "-" "meta-externalagent/1.1 (+https://developers.facebook.com/docs/sharing/webmasters/crawler)" "-"
160.251.148.50 - - [29/May/2025:07:56:51 +0900] "POST /wp-cron.php?doing_wp_cron=1748473011.3728780746459960937500 HTTP/1.1" 403 186 "-" "WordPress/6.7.2; https://kahokutaku.com" "-"
126.133.252.200 - - [29/May/2025:07:56:51 +0900] "GET / HTTP/2.0" 200 14111 "-" "Mozilla/5.0 (Linux; Android 15; Pixel 6a Build/BP1A.250505.005; wv) AppleWebKit/537.36 (KHTML, like Gecko) Version/4.0 Chrome/136.0.7103.125 Mobile Safari/537.36 Line/15.7.1/IAB" "-"
126.133.252.200 - - [29/May/2025:07:56:51 +0900] "GET /favicon.ico HTTP/2.0" 302 0 "https://kahokutaku.com/" "Mozilla/5.0 (Linux; Android 15; Pixel 6a Build/BP1A.250505.005; wv) AppleWebKit/537.36 (KHTML, like Gecko) Version/4.0 Chrome/136.0.7103.125 Mobile Safari/537.36 Line/15.7.1/IAB" "-"
126.133.252.200 - - [29/May/2025:07:56:52 +0900] "GET /%e7%b7%b4%e7%bf%92%e3%83%bb%e5%a4%a7%e4%bc%9a%e4%ba%88%e5%ae%9a/ HTTP/2.0" 200 12050 "https://kahokutaku.com/" "Mozilla/5.0 (Linux; Android 15; Pixel 6a Build/BP1A.250505.005; wv) AppleWebKit/537.36 (KHTML, like Gecko) Version/4.0 Chrome/136.0.7103.125 Mobile Safari/537.36 Line/15.7.1/IAB" "-"
126.133.252.200 - - [29/May/2025:07:56:54 +0900] "GET /favicon.ico HTTP/2.0" 302 0 "https://kahokutaku.com/%e7%b7%b4%e7%bf%92%e3%83%bb%e5%a4%a7%e4%bc%9a%e4%ba%88%e5%ae%9a/" "Mozilla/5.0 (Linux; Android 15; Pixel 6a Build/BP1A.250505.005; wv) AppleWebKit/537.36 (KHTML, like Gecko) Version/4.0 Chrome/136.0.7103.125 Mobile Safari/537.36 Line/15.7.1/IAB" "-"
57.141.2.4 - - [29/May/2025:07:57:04 +0900] "GET /shopdetail/15090613 HTTP/2.0" 404 43580 "-" "meta-externalagent/1.1 (+https://developers.facebook.com/docs/sharing/webmasters/crawler)" "-"
57.141.2.10 - - [29/May/2025:07:57:04 +0900] "GET /shopdetail/27163868 HTTP/2.0" 404 43580 "-" "meta-externalagent/1.1 (+https://developers.facebook.com/docs/sharing/webmasters/crawler)" "-"
57.141.2.19 - - [29/May/2025:07:57:06 +0900] "GET /shopdetail/23094291 HTTP/2.0" 404 43580 "-" "meta-externalagent/1.1 (+https://developers.facebook.com/docs/sharing/webmasters/crawler)" "-"
57.141.2.19 - - [29/May/2025:07:57:07 +0900] "GET /shopdetail/2599324 HTTP/2.0" 404 43580 "-" "meta-externalagent/1.1 (+https://developers.facebook.com/docs/sharing/webmasters/crawler)" "-"
57.141.2.12 - - [29/May/2025:07:57:07 +0900] "GET /shopdetail/11681891 HTTP/2.0" 404 43580 "-" "meta-externalagent/1.1 (+https://developers.facebook.com/docs/sharing/webmasters/crawler)" "-"
57.141.2.8 - - [29/May/2025:07:57:08 +0900] "GET /shopdetail/6611002 HTTP/2.0" 404 43580 "-" "meta-externalagent/1.1 (+https://developers.facebook.com/docs/sharing/webmasters/crawler)" "-"
57.141.2.6 - - [29/May/2025:07:57:08 +0900] "GET /shopdetail/14910668 HTTP/2.0" 404 43580 "-" "meta-externalagent/1.1 (+https://developers.facebook.com/docs/sharing/webmasters/crawler)" "-"
57.141.2.18 - - [29/May/2025:07:57:09 +0900] "GET /shopdetail/19200279 HTTP/2.0" 404 43580 "-" "meta-externalagent/1.1 (+https://developers.facebook.com/docs/sharing/webmasters/crawler)" "-"
57.141.2.30 - - [29/May/2025:07:57:15 +0900] "GET /shopdetail/9282991 HTTP/2.0" 404 43580 "-" "meta-externalagent/1.1 (+https://developers.facebook.com/docs/sharing/webmasters/crawler)" "-"
57.141.2.9 - - [29/May/2025:07:57:25 +0900] "GET /shopdetail/13149491 HTTP/2.0" 404 43580 "-" "meta-externalagent/1.1 (+https://developers.facebook.com/docs/sharing/webmasters/crawler)" "-"
57.141.2.28 - - [29/May/2025:07:57:28 +0900] "GET /shopdetail/26312424 HTTP/2.0" 404 43580 "-" "meta-externalagent/1.1 (+https://developers.facebook.com/docs/sharing/webmasters/crawler)" "-"
57.141.2.13 - - [29/May/2025:07:57:30 +0900] "GET /shopdetail/23045780 HTTP/2.0" 404 43580 "-" "meta-externalagent/1.1 (+https://developers.facebook.com/docs/sharing/webmasters/crawler)" "-"
57.141.2.3 - - [29/May/2025:07:57:31 +0900] "GET /shopdetail/14610257 HTTP/2.0" 404 43580 "-" "meta-externalagent/1.1 (+https://developers.facebook.com/docs/sharing/webmasters/crawler)" "-"
57.141.2.22 - - [29/May/2025:07:57:31 +0900] "GET /shopdetail/8040291 HTTP/2.0" 404 43580 "-" "meta-externalagent/1.1 (+https://developers.facebook.com/docs/sharing/webmasters/crawler)" "-"
57.141.2.13 - - [29/May/2025:07:57:37 +0900] "GET /shopdetail/9980335 HTTP/2.0" 404 43580 "-" "meta-externalagent/1.1 (+https://developers.facebook.com/docs/sharing/webmasters/crawler)" "-"
57.141.2.10 - - [29/May/2025:07:57:38 +0900] "GET /shopdetail/27688135 HTTP/2.0" 404 43580 "-" "meta-externalagent/1.1 (+https://developers.facebook.com/docs/sharing/webmasters/crawler)" "-"
57.141.2.9 - - [29/May/2025:07:57:47 +0900] "GET /shopdetail/19740824 HTTP/2.0" 404 43580 "-" "meta-externalagent/1.1 (+https://developers.facebook.com/docs/sharing/webmasters/crawler)" "-"
57.141.2.15 - - [29/May/2025:07:57:49 +0900] "GET /shopdetail/3694668 HTTP/2.0" 404 43580 "-" "meta-externalagent/1.1 (+https://developers.facebook.com/docs/sharing/webmasters/crawler)" "-"
57.141.2.2 - - [29/May/2025:07:57:49 +0900] "GET /shopdetail/19676313 HTTP/2.0" 404 43580 "-" "meta-externalagent/1.1 (+https://developers.facebook.com/docs/sharing/webmasters/crawler)" "-"
160.251.148.50 - - [29/May/2025:07:57:52 +0900] "POST /wp-cron.php?doing_wp_cron=1748473072.2764999866485595703125 HTTP/1.1" 403 186 "-" "WordPress/6.7.2; https://kahokutaku.com" "-"
57.141.2.30 - - [29/May/2025:07:57:52 +0900] "GET /shopdetail/27509457 HTTP/2.0" 404 43580 "-" "meta-externalagent/1.1 (+https://developers.facebook.com/docs/sharing/webmasters/crawler)" "-"
57.141.2.1 - - [29/May/2025:07:57:54 +0900] "GET /shopdetail/23096057 HTTP/2.0" 404 43580 "-" "meta-externalagent/1.1 (+https://developers.facebook.com/docs/sharing/webmasters/crawler)" "-"
57.141.2.26 - - [29/May/2025:07:57:55 +0900] "GET /shopdetail/20826413 HTTP/2.0" 404 43580 "-" "meta-externalagent/1.1 (+https://developers.facebook.com/docs/sharing/webmasters/crawler)" "-"
57.141.2.29 - - [29/May/2025:07:57:57 +0900] "GET /shopdetail/15663580 HTTP/2.0" 404 43580 "-" "meta-externalagent/1.1 (+https://developers.facebook.com/docs/sharing/webmasters/crawler)" "-"
57.141.2.25 - - [29/May/2025:07:57:57 +0900] "GET /shopdetail/14893957 HTTP/2.0" 404 43580 "-" "meta-externalagent/1.1 (+https://developers.facebook.com/docs/sharing/webmasters/crawler)" "-"
57.141.2.4 - - [29/May/2025:07:57:58 +0900] "GET /shopdetail/14910668 HTTP/2.0" 404 43580 "-" "meta-externalagent/1.1 (+https://developers.facebook.com/docs/sharing/webmasters/crawler)" "-"
57.141.2.16 - - [29/May/2025:07:57:59 +0900] "GET /shopdetail/28029691 HTTP/2.0" 404 43580 "-" "meta-externalagent/1.1 (+https://developers.facebook.com/docs/sharing/webmasters/crawler)" "-"
57.141.2.18 - - [29/May/2025:07:58:00 +0900] "GET /shopdetail/22522191 HTTP/2.0" 404 43580 "-" "meta-externalagent/1.1 (+https://developers.facebook.com/docs/sharing/webmasters/crawler)" "-"
57.141.2.4 - - [29/May/2025:07:58:00 +0900] "GET /shopdetail/8040291 HTTP/2.0" 404 43580 "-" "meta-externalagent/1.1 (+https://developers.facebook.com/docs/sharing/webmasters/crawler)" "-"
57.141.2.19 - - [29/May/2025:07:58:00 +0900] "GET /shopdetail/3754368 HTTP/2.0" 404 43580 "-" "meta-externalagent/1.1 (+https://developers.facebook.com/docs/sharing/webmasters/crawler)" "-"
57.141.2.28 - - [29/May/2025:07:58:02 +0900] "GET /shopdetail/9970079 HTTP/2.0" 404 43580 "-" "meta-externalagent/1.1 (+https://developers.facebook.com/docs/sharing/webmasters/crawler)" "-"
57.141.2.18 - - [29/May/2025:07:58:03 +0900] "GET /shopdetail/13315691 HTTP/2.0" 404 43580 "-" "meta-externalagent/1.1 (+https://developers.facebook.com/docs/sharing/webmasters/crawler)" "-"
57.141.2.22 - - [29/May/2025:07:58:05 +0900] "GET /shopdetail/28467691 HTTP/2.0" 404 43580 "-" "meta-externalagent/1.1 (+https://developers.facebook.com/docs/sharing/webmasters/crawler)" "-"
57.141.2.4 - - [29/May/2025:07:58:05 +0900] "GET /shopdetail/12156068 HTTP/2.0" 404 43580 "-" "meta-externalagent/1.1 (+https://developers.facebook.com/docs/sharing/webmasters/crawler)" "-"
47.128.54.57 - - [29/May/2025:07:58:07 +0900] "GET /robots.txt HTTP/1.1" 200 180 "-" "Mozilla/5.0 (Linux; Android 5.0) AppleWebKit/537.36 (KHTML, like Gecko) Mobile Safari/537.36 (compatible; Bytespider; spider-feedback@bytedance.com)" "-"
57.141.2.8 - - [29/May/2025:07:58:09 +0900] "GET /shopdetail/24438635 HTTP/2.0" 404 43580 "-" "meta-externalagent/1.1 (+https://developers.facebook.com/docs/sharing/webmasters/crawler)" "-"
57.141.2.7 - - [29/May/2025:07:58:09 +0900] "GET /shopdetail/21980657 HTTP/2.0" 404 43580 "-" "meta-externalagent/1.1 (+https://developers.facebook.com/docs/sharing/webmasters/crawler)" "-"
57.141.2.15 - - [29/May/2025:07:58:12 +0900] "GET /shopdetail/24129157 HTTP/2.0" 404 43580 "-" "meta-externalagent/1.1 (+https://developers.facebook.com/docs/sharing/webmasters/crawler)" "-"
57.141.2.24 - - [29/May/2025:07:58:12 +0900] "GET /shopdetail/27474968 HTTP/2.0" 404 43580 "-" "meta-externalagent/1.1 (+https://developers.facebook.com/docs/sharing/webmasters/crawler)" "-"
57.141.2.30 - - [29/May/2025:07:58:14 +0900] "GET /shopdetail/3079880 HTTP/2.0" 404 43580 "-" "meta-externalagent/1.1 (+https://developers.facebook.com/docs/sharing/webmasters/crawler)" "-"
57.141.2.20 - - [29/May/2025:07:58:16 +0900] "GET /shopdetail/23094291 HTTP/2.0" 404 43580 "-" "meta-externalagent/1.1 (+https://developers.facebook.com/docs/sharing/webmasters/crawler)" "-"
57.141.2.16 - - [29/May/2025:07:58:16 +0900] "GET /shopdetail/981779 HTTP/2.0" 404 43580 "-" "meta-externalagent/1.1 (+https://developers.facebook.com/docs/sharing/webmasters/crawler)" "-"
57.141.2.8 - - [29/May/2025:07:58:16 +0900] "GET /shopdetail/3673835 HTTP/2.0" 404 43580 "-" "meta-externalagent/1.1 (+https://developers.facebook.com/docs/sharing/webmasters/crawler)" "-"
57.141.2.16 - - [29/May/2025:07:58:19 +0900] "GET /shopdetail/18054980 HTTP/2.0" 404 43580 "-" "meta-externalagent/1.1 (+https://developers.facebook.com/docs/sharing/webmasters/crawler)" "-"
57.141.2.12 - - [29/May/2025:07:58:19 +0900] "GET /shopdetail/10712824 HTTP/2.0" 404 43580 "-" "meta-externalagent/1.1 (+https://developers.facebook.com/docs/sharing/webmasters/crawler)" "-"
66.249.71.64 - - [29/May/2025:07:58:22 +0900] "GET /shopdetail/4484902 HTTP/1.1" 200 22521 "-" "Mozilla/5.0 (Linux; Android 6.0.1; Nexus 5X Build/MMB29P) AppleWebKit/537.36 (KHTML, like Gecko) Chrome/136.0.7103.113 Mobile Safari/537.36 (compatible; Googlebot/2.1; +http://www.google.com/bot.html)" "-"
57.141.2.1 - - [29/May/2025:07:58:22 +0900] "GET /shopdetail/20125391 HTTP/2.0" 404 43580 "-" "meta-externalagent/1.1 (+https://developers.facebook.com/docs/sharing/webmasters/crawler)" "-"
57.141.2.4 - - [29/May/2025:07:58:23 +0900] "GET /shopdetail/19740824 HTTP/2.0" 404 43580 "-" "meta-externalagent/1.1 (+https://developers.facebook.com/docs/sharing/webmasters/crawler)" "-"
57.141.2.15 - - [29/May/2025:07:58:26 +0900] "GET /shopdetail/14615157 HTTP/2.0" 404 43580 "-" "meta-externalagent/1.1 (+https://developers.facebook.com/docs/sharing/webmasters/crawler)" "-"
57.141.2.20 - - [29/May/2025:07:58:29 +0900] "GET /shopdetail/16519913 HTTP/2.0" 404 43580 "-" "meta-externalagent/1.1 (+https://developers.facebook.com/docs/sharing/webmasters/crawler)" "-"
57.141.2.8 - - [29/May/2025:07:58:30 +0900] "GET /shopdetail/7020191 HTTP/2.0" 404 43580 "-" "meta-externalagent/1.1 (+https://developers.facebook.com/docs/sharing/webmasters/crawler)" "-"
66.249.79.172 - - [29/May/2025:07:58:48 +0900] "GET /shopdetail/13389491 HTTP/1.1" 200 24413 "-" "Mozilla/5.0 (Linux; Android 6.0.1; Nexus 5X Build/MMB29P) AppleWebKit/537.36 (KHTML, like Gecko) Chrome/136.0.7103.113 Mobile Safari/537.36 (compatible; Googlebot/2.1; +http://www.google.com/bot.html)" "-"
160.251.148.50 - - [29/May/2025:07:58:56 +0900] "POST /wp-cron.php?doing_wp_cron=1748473136.6905219554901123046875 HTTP/1.1" 403 186 "-" "WordPress/6.7.2; https://kahokutaku.com" "-"
57.141.2.20 - - [29/May/2025:07:58:56 +0900] "GET /shopdetail/15576057 HTTP/2.0" 404 43580 "-" "meta-externalagent/1.1 (+https://developers.facebook.com/docs/sharing/webmasters/crawler)" "-"
57.141.2.2 - - [29/May/2025:07:58:58 +0900] "GET /shopdetail/16519913 HTTP/2.0" 404 43580 "-" "meta-externalagent/1.1 (+https://developers.facebook.com/docs/sharing/webmasters/crawler)" "-"
57.141.2.14 - - [29/May/2025:07:59:14 +0900] "GET /shopdetail/14615157 HTTP/2.0" 404 43580 "-" "meta-externalagent/1.1 (+https://developers.facebook.com/docs/sharing/webmasters/crawler)" "-"
57.141.2.4 - - [29/May/2025:07:59:17 +0900] "GET /shopdetail/15618935 HTTP/2.0" 404 43580 "-" "meta-externalagent/1.1 (+https://developers.facebook.com/docs/sharing/webmasters/crawler)" "-"
57.141.2.28 - - [29/May/2025:07:59:24 +0900] "GET /shopdetail/25977346 HTTP/2.0" 404 43580 "-" "meta-externalagent/1.1 (+https://developers.facebook.com/docs/sharing/webmasters/crawler)" "-"
57.141.2.30 - - [29/May/2025:07:59:24 +0900] "GET /shopdetail/27823080 HTTP/2.0" 404 43580 "-" "meta-externalagent/1.1 (+https://developers.facebook.com/docs/sharing/webmasters/crawler)" "-"
57.141.2.14 - - [29/May/2025:07:59:25 +0900] "GET /shopdetail/4319046 HTTP/2.0" 404 43580 "-" "meta-externalagent/1.1 (+https://developers.facebook.com/docs/sharing/webmasters/crawler)" "-"
66.249.79.173 - - [29/May/2025:07:59:26 +0900] "GET /pcmypage?callback=/product/detail/14061388 HTTP/1.1" 200 25735 "-" "Mozilla/5.0 (Linux; Android 6.0.1; Nexus 5X Build/MMB29P) AppleWebKit/537.36 (KHTML, like Gecko) Chrome/136.0.7103.113 Mobile Safari/537.36 (compatible; Googlebot/2.1; +http://www.google.com/bot.html)" "-"
57.141.2.11 - - [29/May/2025:07:59:32 +0900] "GET /shopdetail/30756124 HTTP/2.0" 404 43580 "-" "meta-externalagent/1.1 (+https://developers.facebook.com/docs/sharing/webmasters/crawler)" "-"
57.141.2.22 - - [29/May/2025:07:59:33 +0900] "GET /shopdetail/11360335 HTTP/2.0" 404 43580 "-" "meta-externalagent/1.1 (+https://developers.facebook.com/docs/sharing/webmasters/crawler)" "-"
57.141.2.1 - - [29/May/2025:07:59:35 +0900] "GET /shopdetail/11930413 HTTP/2.0" 404 43580 "-" "meta-externalagent/1.1 (+https://developers.facebook.com/docs/sharing/webmasters/crawler)" "-"
57.141.2.17 - - [29/May/2025:07:59:38 +0900] "GET /shopdetail/2180702 HTTP/2.0" 404 43580 "-" "meta-externalagent/1.1 (+https://developers.facebook.com/docs/sharing/webmasters/crawler)" "-"
40.77.167.62 - - [29/May/2025:07:59:42 +0900] "GET /shopdetail/1555880 HTTP/2.0" 200 22979 "-" "Mozilla/5.0 AppleWebKit/537.36 (KHTML, like Gecko; compatible; bingbot/2.0; +http://www.bing.com/bingbot.htm) Chrome/116.0.1938.76 Safari/537.36" "-"
57.141.2.6 - - [29/May/2025:07:59:43 +0900] "GET /shopdetail/22492735 HTTP/2.0" 404 43580 "-" "meta-externalagent/1.1 (+https://developers.facebook.com/docs/sharing/webmasters/crawler)" "-"
57.141.2.7 - - [29/May/2025:07:59:43 +0900] "GET /shopdetail/28653746 HTTP/2.0" 404 43580 "-" "meta-externalagent/1.1 (+https://developers.facebook.com/docs/sharing/webmasters/crawler)" "-"
57.141.2.18 - - [29/May/2025:07:59:55 +0900] "GET /shopdetail/4319046 HTTP/2.0" 404 43580 "-" "meta-externalagent/1.1 (+https://developers.facebook.com/docs/sharing/webmasters/crawler)" "-"
160.251.148.50 - - [29/May/2025:07:59:57 +0900] "POST /wp-cron.php?doing_wp_cron=1748473196.9570350646972656250000 HTTP/1.1" 403 186 "-" "WordPress/6.7.2; https://kahokutaku.com" "-"
57.141.2.19 - - [29/May/2025:07:59:57 +0900] "GET /shopdetail/14797046 HTTP/2.0" 404 43580 "-" "meta-externalagent/1.1 (+https://developers.facebook.com/docs/sharing/webmasters/crawler)" "-"
147.92.179.114 - - [29/May/2025:07:59:57 +0900] "GET / HTTP/1.1" 301 162 "-" "facebookexternalhit/1.1;line-poker/1.0" "-"
147.92.179.114 - - [29/May/2025:07:59:57 +0900] "GET / HTTP/1.1" 200 14124 "-" "facebookexternalhit/1.1;line-poker/1.0" "-"
57.141.2.5 - - [29/May/2025:07:59:58 +0900] "GET /shopdetail/23861724 HTTP/2.0" 404 43580 "-" "meta-externalagent/1.1 (+https://developers.facebook.com/docs/sharing/webmasters/crawler)" "-"
57.141.2.25 - - [29/May/2025:07:59:58 +0900] "GET /shopdetail/17993413 HTTP/2.0" 404 43580 "-" "meta-externalagent/1.1 (+https://developers.facebook.com/docs/sharing/webmasters/crawler)" "-"
106.129.63.225 - - [29/May/2025:07:59:58 +0900] "GET / HTTP/2.0" 200 14111 "-" "Mozilla/5.0 (Linux; Android 15; Pixel 8a Build/BP1A.250505.005.B1; wv) AppleWebKit/537.36 (KHTML, like Gecko) Version/4.0 Chrome/136.0.7103.125 Mobile Safari/537.36 Line/15.7.1/IAB" "-"
106.129.63.225 - - [29/May/2025:07:59:59 +0900] "GET /favicon.ico HTTP/2.0" 302 0 "https://kahokutaku.com/" "Mozilla/5.0 (Linux; Android 15; Pixel 8a Build/BP1A.250505.005.B1; wv) AppleWebKit/537.36 (KHTML, like Gecko) Version/4.0 Chrome/136.0.7103.125 Mobile Safari/537.36 Line/15.7.1/IAB" "-"
106.129.63.225 - - [29/May/2025:08:00:00 +0900] "GET /%e7%b7%b4%e7%bf%92%e3%83%bb%e5%a4%a7%e4%bc%9a%e4%ba%88%e5%ae%9a/ HTTP/2.0" 200 12050 "https://kahokutaku.com/" "Mozilla/5.0 (Linux; Android 15; Pixel 8a Build/BP1A.250505.005.B1; wv) AppleWebKit/537.36 (KHTML, like Gecko) Version/4.0 Chrome/136.0.7103.125 Mobile Safari/537.36 Line/15.7.1/IAB" "-"
57.141.2.23 - - [29/May/2025:08:00:05 +0900] "GET /shopdetail/29149535 HTTP/2.0" 404 43580 "-" "meta-externalagent/1.1 (+https://developers.facebook.com/docs/sharing/webmasters/crawler)" "-"
57.141.2.23 - - [29/May/2025:08:00:07 +0900] "GET /shopdetail/11920791 HTTP/2.0" 404 43580 "-" "meta-externalagent/1.1 (+https://developers.facebook.com/docs/sharing/webmasters/crawler)" "-"
106.129.63.225 - - [29/May/2025:08:00:08 +0900] "GET /favicon.ico HTTP/2.0" 302 0 "https://kahokutaku.com/%e7%b7%b4%e7%bf%92%e3%83%bb%e5%a4%a7%e4%bc%9a%e4%ba%88%e5%ae%9a/" "Mozilla/5.0 (Linux; Android 15; Pixel 8a Build/BP1A.250505.005.B1; wv) AppleWebKit/537.36 (KHTML, like Gecko) Version/4.0 Chrome/136.0.7103.125 Mobile Safari/537.36 Line/15.7.1/IAB" "-"
57.141.2.22 - - [29/May/2025:08:00:19 +0900] "GET /shopdetail/21230291 HTTP/2.0" 404 43580 "-" "meta-externalagent/1.1 (+https://developers.facebook.com/docs/sharing/webmasters/crawler)" "-"
57.141.2.26 - - [29/May/2025:08:00:41 +0900] "GET /shopdetail/22482624 HTTP/2.0" 404 43580 "-" "meta-externalagent/1.1 (+https://developers.facebook.com/docs/sharing/webmasters/crawler)" "-"
57.141.2.23 - - [29/May/2025:08:00:41 +0900] "GET /shopdetail/22913946 HTTP/2.0" 404 43580 "-" "meta-externalagent/1.1 (+https://developers.facebook.com/docs/sharing/webmasters/crawler)" "-"
57.141.2.9 - - [29/May/2025:08:00:43 +0900] "GET /shopdetail/7319324 HTTP/2.0" 404 43580 "-" "meta-externalagent/1.1 (+https://developers.facebook.com/docs/sharing/webmasters/crawler)" "-"
57.141.2.5 - - [29/May/2025:08:00:46 +0900] "GET /shopdetail/910868 HTTP/2.0" 404 43580 "-" "meta-externalagent/1.1 (+https://developers.facebook.com/docs/sharing/webmasters/crawler)" "-"
57.141.2.7 - - [29/May/2025:08:00:47 +0900] "GET /shopdetail/11920791 HTTP/2.0" 404 43580 "-" "meta-externalagent/1.1 (+https://developers.facebook.com/docs/sharing/webmasters/crawler)" "-"
57.141.2.4 - - [29/May/2025:08:00:54 +0900] "GET /shopdetail/18346613 HTTP/2.0" 404 43580 "-" "meta-externalagent/1.1 (+https://developers.facebook.com/docs/sharing/webmasters/crawler)" "-"
66.249.79.173 - - [29/May/2025:08:01:00 +0900] "GET /shopdetail/7947146 HTTP/1.1" 200 23682 "-" "Mozilla/5.0 (Linux; Android 6.0.1; Nexus 5X Build/MMB29P) AppleWebKit/537.36 (KHTML, like Gecko) Chrome/136.0.7103.113 Mobile Safari/537.36 (compatible; Googlebot/2.1; +http://www.google.com/bot.html)" "-"
160.251.148.50 - - [29/May/2025:08:01:03 +0900] "POST /wp-cron.php?doing_wp_cron=1748473263.3281719684600830078125 HTTP/1.1" 403 186 "-" "WordPress/6.7.2; https://kahokutaku.com" "-"
57.141.2.14 - - [29/May/2025:08:01:03 +0900] "GET /shopdetail/10332468 HTTP/2.0" 404 43580 "-" "meta-externalagent/1.1 (+https://developers.facebook.com/docs/sharing/webmasters/crawler)" "-"
57.141.2.4 - - [29/May/2025:08:01:09 +0900] "GET /shopdetail/22913946 HTTP/2.0" 404 43580 "-" "meta-externalagent/1.1 (+https://developers.facebook.com/docs/sharing/webmasters/crawler)" "-"
57.141.2.26 - - [29/May/2025:08:01:12 +0900] "GET /shopdetail/1458335 HTTP/2.0" 404 43580 "-" "meta-externalagent/1.1 (+https://developers.facebook.com/docs/sharing/webmasters/crawler)" "-"
57.141.2.19 - - [29/May/2025:08:01:29 +0900] "GET /shopdetail/16460179 HTTP/2.0" 404 43580 "-" "meta-externalagent/1.1 (+https://developers.facebook.com/docs/sharing/webmasters/crawler)" "-"
57.141.2.23 - - [29/May/2025:08:01:30 +0900] "GET /shopdetail/12434991 HTTP/2.0" 404 43580 "-" "meta-externalagent/1.1 (+https://developers.facebook.com/docs/sharing/webmasters/crawler)" "-"
57.141.2.4 - - [29/May/2025:08:01:38 +0900] "GET /shopdetail/1507202 HTTP/2.0" 404 43580 "-" "meta-externalagent/1.1 (+https://developers.facebook.com/docs/sharing/webmasters/crawler)" "-"
57.141.2.20 - - [29/May/2025:08:01:41 +0900] "GET /shopdetail/20205635 HTTP/2.0" 404 43580 "-" "meta-externalagent/1.1 (+https://developers.facebook.com/docs/sharing/webmasters/crawler)" "-"
126.133.252.200 - - [29/May/2025:08:01:41 +0900] "GET / HTTP/2.0" 200 14111 "-" "Mozilla/5.0 (Linux; Android 15; Pixel 6a Build/BP1A.250505.005; wv) AppleWebKit/537.36 (KHTML, like Gecko) Version/4.0 Chrome/136.0.7103.125 Mobile Safari/537.36 Line/15.7.1/IAB" "-"
126.133.252.200 - - [29/May/2025:08:01:42 +0900] "GET /favicon.ico HTTP/2.0" 302 0 "https://kahokutaku.com/" "Mozilla/5.0 (Linux; Android 15; Pixel 6a Build/BP1A.250505.005; wv) AppleWebKit/537.36 (KHTML, like Gecko) Version/4.0 Chrome/136.0.7103.125 Mobile Safari/537.36 Line/15.7.1/IAB" "-"
57.141.2.20 - - [29/May/2025:08:01:42 +0900] "GET /shopdetail/5180568 HTTP/2.0" 404 43580 "-" "meta-externalagent/1.1 (+https://developers.facebook.com/docs/sharing/webmasters/crawler)" "-"
126.133.252.200 - - [29/May/2025:08:01:43 +0900] "GET /%e7%b7%b4%e7%bf%92%e3%83%bb%e5%a4%a7%e4%bc%9a%e4%ba%88%e5%ae%9a/ HTTP/2.0" 200 12050 "https://kahokutaku.com/" "Mozilla/5.0 (Linux; Android 15; Pixel 6a Build/BP1A.250505.005; wv) AppleWebKit/537.36 (KHTML, like Gecko) Version/4.0 Chrome/136.0.7103.125 Mobile Safari/537.36 Line/15.7.1/IAB" "-"
126.133.252.200 - - [29/May/2025:08:01:43 +0900] "GET /favicon.ico HTTP/2.0" 302 0 "https://kahokutaku.com/%e7%b7%b4%e7%bf%92%e3%83%bb%e5%a4%a7%e4%bc%9a%e4%ba%88%e5%ae%9a/" "Mozilla/5.0 (Linux; Android 15; Pixel 6a Build/BP1A.250505.005; wv) AppleWebKit/537.36 (KHTML, like Gecko) Version/4.0 Chrome/136.0.7103.125 Mobile Safari/537.36 Line/15.7.1/IAB" "-"
57.141.2.14 - - [29/May/2025:08:01:47 +0900] "GET /shopdetail/27851968 HTTP/2.0" 404 43580 "-" "meta-externalagent/1.1 (+https://developers.facebook.com/docs/sharing/webmasters/crawler)" "-"
57.141.2.22 - - [29/May/2025:08:01:58 +0900] "GET /shopdetail/16460179 HTTP/2.0" 404 43580 "-" "meta-externalagent/1.1 (+https://developers.facebook.com/docs/sharing/webmasters/crawler)" "-"
57.141.2.28 - - [29/May/2025:08:02:00 +0900] "GET /shopdetail/30460679 HTTP/2.0" 404 43580 "-" "meta-externalagent/1.1 (+https://developers.facebook.com/docs/sharing/webmasters/crawler)" "-"
57.141.2.2 - - [29/May/2025:08:02:02 +0900] "GET /shopdetail/20205635 HTTP/2.0" 404 43580 "-" "meta-externalagent/1.1 (+https://developers.facebook.com/docs/sharing/webmasters/crawler)" "-"
160.251.148.50 - - [29/May/2025:08:02:05 +0900] "POST /wp-cron.php?doing_wp_cron=1748473325.5198969841003417968750 HTTP/1.1" 403 186 "-" "WordPress/6.7.2; https://kahokutaku.com" "-"
57.141.2.17 - - [29/May/2025:08:02:05 +0900] "GET /shopdetail/24206235 HTTP/2.0" 404 43580 "-" "meta-externalagent/1.1 (+https://developers.facebook.com/docs/sharing/webmasters/crawler)" "-"
57.141.2.27 - - [29/May/2025:08:02:06 +0900] "GET /shopdetail/27565880 HTTP/2.0" 404 43580 "-" "meta-externalagent/1.1 (+https://developers.facebook.com/docs/sharing/webmasters/crawler)" "-"
47.128.97.101 - - [29/May/2025:08:02:07 +0900] "GET /shopdetail/3133179 HTTP/2.0" 403 0 "-" "Mozilla/5.0 (Linux; Android 5.0) AppleWebKit/537.36 (KHTML, like Gecko) Mobile Safari/537.36 (compatible; Bytespider; spider-feedback@bytedance.com)" "-"
57.141.2.12 - - [29/May/2025:08:02:08 +0900] "GET /shopdetail/12514735 HTTP/2.0" 404 43580 "-" "meta-externalagent/1.1 (+https://developers.facebook.com/docs/sharing/webmasters/crawler)" "-"
57.141.2.2 - - [29/May/2025:08:02:08 +0900] "GET /shopdetail/6877780 HTTP/2.0" 404 43580 "-" "meta-externalagent/1.1 (+https://developers.facebook.com/docs/sharing/webmasters/crawler)" "-"
57.141.2.29 - - [29/May/2025:08:02:24 +0900] "GET /shopdetail/12358379 HTTP/2.0" 404 43580 "-" "meta-externalagent/1.1 (+https://developers.facebook.com/docs/sharing/webmasters/crawler)" "-"
57.141.2.10 - - [29/May/2025:08:02:36 +0900] "GET /shopdetail/29930635 HTTP/2.0" 404 43580 "-" "meta-externalagent/1.1 (+https://developers.facebook.com/docs/sharing/webmasters/crawler)" "-"
57.141.2.17 - - [29/May/2025:08:02:55 +0900] "GET /shopdetail/15540313 HTTP/2.0" 404 43580 "-" "meta-externalagent/1.1 (+https://developers.facebook.com/docs/sharing/webmasters/crawler)" "-"
57.141.2.24 - - [29/May/2025:08:02:58 +0900] "GET /shopdetail/2568324 HTTP/2.0" 404 43580 "-" "meta-externalagent/1.1 (+https://developers.facebook.com/docs/sharing/webmasters/crawler)" "-"
160.251.148.50 - - [29/May/2025:08:03:10 +0900] "POST /wp-cron.php?doing_wp_cron=1748473390.0911250114440917968750 HTTP/1.1" 403 186 "-" "WordPress/6.7.2; https://kahokutaku.com" "-"
57.141.2.18 - - [29/May/2025:08:03:10 +0900] "GET /shopdetail/18760613 HTTP/2.0" 404 43580 "-" "meta-externalagent/1.1 (+https://developers.facebook.com/docs/sharing/webmasters/crawler)" "-"
57.141.2.24 - - [29/May/2025:08:03:24 +0900] "GET /shopdetail/16053935 HTTP/2.0" 404 43580 "-" "meta-externalagent/1.1 (+https://developers.facebook.com/docs/sharing/webmasters/crawler)" "-"
66.249.79.173 - - [29/May/2025:08:03:30 +0900] "GET /pcmypage?callback=product/review/10572911 HTTP/1.1" 200 21901 "-" "Mozilla/5.0 (Linux; Android 6.0.1; Nexus 5X Build/MMB29P) AppleWebKit/537.36 (KHTML, like Gecko) Chrome/136.0.7103.113 Mobile Safari/537.36 (compatible; Googlebot/2.1; +http://www.google.com/bot.html)" "-"
57.141.2.24 - - [29/May/2025:08:03:34 +0900] "GET /shopdetail/2568324 HTTP/2.0" 404 43580 "-" "meta-externalagent/1.1 (+https://developers.facebook.com/docs/sharing/webmasters/crawler)" "-"
57.141.2.17 - - [29/May/2025:08:03:36 +0900] "GET /shopdetail/17935691 HTTP/2.0" 404 43580 "-" "meta-externalagent/1.1 (+https://developers.facebook.com/docs/sharing/webmasters/crawler)" "-"
57.141.2.11 - - [29/May/2025:08:03:38 +0900] "GET /shopdetail/18760613 HTTP/2.0" 404 43580 "-" "meta-externalagent/1.1 (+https://developers.facebook.com/docs/sharing/webmasters/crawler)" "-"
57.141.2.19 - - [29/May/2025:08:03:39 +0900] "GET /shopdetail/8941346 HTTP/2.0" 404 43580 "-" "meta-externalagent/1.1 (+https://developers.facebook.com/docs/sharing/webmasters/crawler)" "-"
57.141.2.2 - - [29/May/2025:08:03:40 +0900] "GET /shopdetail/2689746 HTTP/2.0" 404 43580 "-" "meta-externalagent/1.1 (+https://developers.facebook.com/docs/sharing/webmasters/crawler)" "-"
57.141.2.10 - - [29/May/2025:08:03:41 +0900] "GET /shopdetail/6534257 HTTP/2.0" 404 43580 "-" "meta-externalagent/1.1 (+https://developers.facebook.com/docs/sharing/webmasters/crawler)" "-"
57.141.2.6 - - [29/May/2025:08:03:41 +0900] "GET /shopdetail/2859702 HTTP/2.0" 404 43580 "-" "meta-externalagent/1.1 (+https://developers.facebook.com/docs/sharing/webmasters/crawler)" "-"
57.141.2.19 - - [29/May/2025:08:03:49 +0900] "GET /shopdetail/19631091 HTTP/2.0" 404 43580 "-" "meta-externalagent/1.1 (+https://developers.facebook.com/docs/sharing/webmasters/crawler)" "-"
57.141.2.11 - - [29/May/2025:08:03:53 +0900] "GET /shopdetail/16053935 HTTP/2.0" 404 43580 "-" "meta-externalagent/1.1 (+https://developers.facebook.com/docs/sharing/webmasters/crawler)" "-"
57.141.2.17 - - [29/May/2025:08:03:55 +0900] "GET /shopdetail/15474968 HTTP/2.0" 404 43580 "-" "meta-externalagent/1.1 (+https://developers.facebook.com/docs/sharing/webmasters/crawler)" "-"
57.141.2.27 - - [29/May/2025:08:03:57 +0900] "GET /shopdetail/19847768 HTTP/2.0" 404 43580 "-" "meta-externalagent/1.1 (+https://developers.facebook.com/docs/sharing/webmasters/crawler)" "-"
57.141.2.20 - - [29/May/2025:08:03:58 +0900] "GET /shopdetail/30107302 HTTP/2.0" 404 43580 "-" "meta-externalagent/1.1 (+https://developers.facebook.com/docs/sharing/webmasters/crawler)" "-"
57.141.2.16 - - [29/May/2025:08:04:04 +0900] "GET /shopdetail/30621391 HTTP/2.0" 404 43580 "-" "meta-externalagent/1.1 (+https://developers.facebook.com/docs/sharing/webmasters/crawler)" "-"
57.141.2.6 - - [29/May/2025:08:04:05 +0900] "GET /shopdetail/17935691 HTTP/2.0" 404 43580 "-" "meta-externalagent/1.1 (+https://developers.facebook.com/docs/sharing/webmasters/crawler)" "-"
57.141.2.18 - - [29/May/2025:08:04:08 +0900] "GET /shopdetail/16071857 HTTP/2.0" 404 43580 "-" "meta-externalagent/1.1 (+https://developers.facebook.com/docs/sharing/webmasters/crawler)" "-"
160.251.148.50 - - [29/May/2025:08:04:18 +0900] "POST /wp-cron.php?doing_wp_cron=1748473458.1567809581756591796875 HTTP/1.1" 403 186 "-" "WordPress/6.7.2; https://kahokutaku.com" "-"
57.141.2.16 - - [29/May/2025:08:04:18 +0900] "GET /shopdetail/10650024 HTTP/2.0" 404 43580 "-" "meta-externalagent/1.1 (+https://developers.facebook.com/docs/sharing/webmasters/crawler)" "-"
57.141.2.24 - - [29/May/2025:08:04:19 +0900] "GET /shopdetail/13566391 HTTP/2.0" 404 43580 "-" "meta-externalagent/1.1 (+https://developers.facebook.com/docs/sharing/webmasters/crawler)" "-"
57.141.2.23 - - [29/May/2025:08:04:24 +0900] "GET /shopdetail/2154579 HTTP/2.0" 404 43580 "-" "meta-externalagent/1.1 (+https://developers.facebook.com/docs/sharing/webmasters/crawler)" "-"
57.141.2.19 - - [29/May/2025:08:04:27 +0900] "GET /shopdetail/26860313 HTTP/2.0" 404 43580 "-" "meta-externalagent/1.1 (+https://developers.facebook.com/docs/sharing/webmasters/crawler)" "-"
57.141.2.18 - - [29/May/2025:08:04:28 +0900] "GET /shopdetail/25070991 HTTP/2.0" 404 43580 "-" "meta-externalagent/1.1 (+https://developers.facebook.com/docs/sharing/webmasters/crawler)" "-"
57.141.2.18 - - [29/May/2025:08:04:29 +0900] "GET /shopdetail/25959768 HTTP/2.0" 404 43580 "-" "meta-externalagent/1.1 (+https://developers.facebook.com/docs/sharing/webmasters/crawler)" "-"
57.141.2.1 - - [29/May/2025:08:04:31 +0900] "GET /shopdetail/21877680 HTTP/2.0" 404 43580 "-" "meta-externalagent/1.1 (+https://developers.facebook.com/docs/sharing/webmasters/crawler)" "-"
57.141.2.17 - - [29/May/2025:08:04:34 +0900] "GET /shopdetail/24149613 HTTP/2.0" 404 43580 "-" "meta-externalagent/1.1 (+https://developers.facebook.com/docs/sharing/webmasters/crawler)" "-"
57.141.2.6 - - [29/May/2025:08:04:34 +0900] "GET /shopdetail/29727602 HTTP/2.0" 404 43580 "-" "meta-externalagent/1.1 (+https://developers.facebook.com/docs/sharing/webmasters/crawler)" "-"
57.141.2.4 - - [29/May/2025:08:04:47 +0900] "GET /shopdetail/10869102 HTTP/2.0" 404 43580 "-" "meta-externalagent/1.1 (+https://developers.facebook.com/docs/sharing/webmasters/crawler)" "-"
57.141.2.26 - - [29/May/2025:08:04:50 +0900] "GET /shopdetail/23840179 HTTP/2.0" 404 43580 "-" "meta-externalagent/1.1 (+https://developers.facebook.com/docs/sharing/webmasters/crawler)" "-"
57.141.2.6 - - [29/May/2025:08:04:52 +0900] "GET /shopdetail/5489168 HTTP/2.0" 404 43580 "-" "meta-externalagent/1.1 (+https://developers.facebook.com/docs/sharing/webmasters/crawler)" "-"
57.141.2.29 - - [29/May/2025:08:04:59 +0900] "GET /shopdetail/30221035 HTTP/2.0" 404 43580 "-" "meta-externalagent/1.1 (+https://developers.facebook.com/docs/sharing/webmasters/crawler)" "-"
57.141.2.11 - - [29/May/2025:08:05:00 +0900] "GET /shopdetail/8213724 HTTP/2.0" 404 43580 "-" "meta-externalagent/1.1 (+https://developers.facebook.com/docs/sharing/webmasters/crawler)" "-"
57.141.2.1 - - [29/May/2025:08:05:02 +0900] "GET /shopdetail/7907668 HTTP/2.0" 404 43580 "-" "meta-externalagent/1.1 (+https://developers.facebook.com/docs/sharing/webmasters/crawler)" "-"
57.141.2.23 - - [29/May/2025:08:05:04 +0900] "GET /shopdetail/5790902 HTTP/2.0" 404 43580 "-" "meta-externalagent/1.1 (+https://developers.facebook.com/docs/sharing/webmasters/crawler)" "-"
57.141.2.20 - - [29/May/2025:08:05:04 +0900] "GET /shopdetail/12998991 HTTP/2.0" 404 43580 "-" "meta-externalagent/1.1 (+https://developers.facebook.com/docs/sharing/webmasters/crawler)" "-"
57.141.2.20 - - [29/May/2025:08:05:04 +0900] "GET /shopdetail/2505591 HTTP/2.0" 404 43580 "-" "meta-externalagent/1.1 (+https://developers.facebook.com/docs/sharing/webmasters/crawler)" "-"
57.141.2.6 - - [29/May/2025:08:05:12 +0900] "GET /shopdetail/15284680 HTTP/2.0" 404 43580 "-" "meta-externalagent/1.1 (+https://developers.facebook.com/docs/sharing/webmasters/crawler)" "-"
57.141.2.30 - - [29/May/2025:08:05:15 +0900] "GET /shopdetail/7907668 HTTP/2.0" 404 43580 "-" "meta-externalagent/1.1 (+https://developers.facebook.com/docs/sharing/webmasters/crawler)" "-"
160.251.148.50 - - [29/May/2025:08:05:19 +0900] "POST /wp-cron.php?doing_wp_cron=1748473519.1275279521942138671875 HTTP/1.1" 403 186 "-" "WordPress/6.7.2; https://kahokutaku.com" "-"
57.141.2.17 - - [29/May/2025:08:05:19 +0900] "GET /shopdetail/10621413 HTTP/2.0" 404 43580 "-" "meta-externalagent/1.1 (+https://developers.facebook.com/docs/sharing/webmasters/crawler)" "-"
57.141.2.13 - - [29/May/2025:08:05:22 +0900] "GET /shopdetail/27575780 HTTP/2.0" 404 43580 "-" "meta-externalagent/1.1 (+https://developers.facebook.com/docs/sharing/webmasters/crawler)" "-"
57.141.2.27 - - [29/May/2025:08:05:22 +0900] "GET /shopdetail/5213735 HTTP/2.0" 404 43580 "-" "meta-externalagent/1.1 (+https://developers.facebook.com/docs/sharing/webmasters/crawler)" "-"
57.141.2.9 - - [29/May/2025:08:05:27 +0900] "GET /shopdetail/15252724 HTTP/2.0" 404 43580 "-" "meta-externalagent/1.1 (+https://developers.facebook.com/docs/sharing/webmasters/crawler)" "-"
57.141.2.13 - - [29/May/2025:08:05:29 +0900] "GET /shopdetail/27575780 HTTP/2.0" 404 43580 "-" "meta-externalagent/1.1 (+https://developers.facebook.com/docs/sharing/webmasters/crawler)" "-"
57.141.2.26 - - [29/May/2025:08:05:33 +0900] "GET /shopdetail/5402580 HTTP/2.0" 404 43580 "-" "meta-externalagent/1.1 (+https://developers.facebook.com/docs/sharing/webmasters/crawler)" "-"
57.141.2.6 - - [29/May/2025:08:05:33 +0900] "GET /shopdetail/5723380 HTTP/2.0" 404 43580 "-" "meta-externalagent/1.1 (+https://developers.facebook.com/docs/sharing/webmasters/crawler)" "-"
57.141.2.16 - - [29/May/2025:08:05:36 +0900] "GET /shopdetail/27738968 HTTP/2.0" 404 43580 "-" "meta-externalagent/1.1 (+https://developers.facebook.com/docs/sharing/webmasters/crawler)" "-"
57.141.2.2 - - [29/May/2025:08:05:37 +0900] "GET /shopdetail/25760602 HTTP/2.0" 404 43580 "-" "meta-externalagent/1.1 (+https://developers.facebook.com/docs/sharing/webmasters/crawler)" "-"
57.141.2.6 - - [29/May/2025:08:05:41 +0900] "GET /shopdetail/13258102 HTTP/2.0" 404 43580 "-" "meta-externalagent/1.1 (+https://developers.facebook.com/docs/sharing/webmasters/crawler)" "-"
57.141.2.3 - - [29/May/2025:08:05:51 +0900] "GET /shopdetail/29358991 HTTP/2.0" 404 43580 "-" "meta-externalagent/1.1 (+https://developers.facebook.com/docs/sharing/webmasters/crawler)" "-"
57.141.2.7 - - [29/May/2025:08:06:00 +0900] "GET /shopdetail/27224213 HTTP/2.0" 404 43580 "-" "meta-externalagent/1.1 (+https://developers.facebook.com/docs/sharing/webmasters/crawler)" "-"
57.141.2.19 - - [29/May/2025:08:06:03 +0900] "GET /shopdetail/25155257 HTTP/2.0" 404 43580 "-" "meta-externalagent/1.1 (+https://developers.facebook.com/docs/sharing/webmasters/crawler)" "-"
57.141.2.15 - - [29/May/2025:08:06:05 +0900] "GET /shopdetail/17394235 HTTP/2.0" 404 43580 "-" "meta-externalagent/1.1 (+https://developers.facebook.com/docs/sharing/webmasters/crawler)" "-"
57.141.2.2 - - [29/May/2025:08:06:14 +0900] "GET /shopdetail/11105879 HTTP/2.0" 404 43580 "-" "meta-externalagent/1.1 (+https://developers.facebook.com/docs/sharing/webmasters/crawler)" "-"
57.141.2.3 - - [29/May/2025:08:06:19 +0900] "GET /shopdetail/21079168 HTTP/2.0" 404 43580 "-" "meta-externalagent/1.1 (+https://developers.facebook.com/docs/sharing/webmasters/crawler)" "-"
160.251.148.50 - - [29/May/2025:08:06:20 +0900] "POST /wp-cron.php?doing_wp_cron=1748473580.0931859016418457031250 HTTP/1.1" 403 186 "-" "WordPress/6.7.2; https://kahokutaku.com" "-"
57.141.2.30 - - [29/May/2025:08:06:20 +0900] "GET /shopdetail/3733102 HTTP/2.0" 404 43580 "-" "meta-externalagent/1.1 (+https://developers.facebook.com/docs/sharing/webmasters/crawler)" "-"
57.141.2.19 - - [29/May/2025:08:06:20 +0900] "GET /shopdetail/6804557 HTTP/2.0" 404 43580 "-" "meta-externalagent/1.1 (+https://developers.facebook.com/docs/sharing/webmasters/crawler)" "-"
57.141.2.4 - - [29/May/2025:08:06:27 +0900] "GET /shopdetail/25155257 HTTP/2.0" 404 43580 "-" "meta-externalagent/1.1 (+https://developers.facebook.com/docs/sharing/webmasters/crawler)" "-"
57.141.2.7 - - [29/May/2025:08:06:32 +0900] "GET /shopdetail/1037635 HTTP/2.0" 404 43580 "-" "meta-externalagent/1.1 (+https://developers.facebook.com/docs/sharing/webmasters/crawler)" "-"
57.141.2.1 - - [29/May/2025:08:06:36 +0900] "GET /shopdetail/18022279 HTTP/2.0" 404 43580 "-" "meta-externalagent/1.1 (+https://developers.facebook.com/docs/sharing/webmasters/crawler)" "-"
57.141.2.21 - - [29/May/2025:08:06:39 +0900] "GET /shopdetail/4876446 HTTP/2.0" 404 43580 "-" "meta-externalagent/1.1 (+https://developers.facebook.com/docs/sharing/webmasters/crawler)" "-"
66.249.71.70 - - [29/May/2025:08:06:47 +0900] "GET /shopdetail/22646991 HTTP/1.1" 200 24510 "-" "Mozilla/5.0 (Linux; Android 6.0.1; Nexus 5X Build/MMB29P) AppleWebKit/537.36 (KHTML, like Gecko) Chrome/136.0.7103.113 Mobile Safari/537.36 (compatible; Googlebot/2.1; +http://www.google.com/bot.html)" "-"
57.141.2.3 - - [29/May/2025:08:06:58 +0900] "GET /shopdetail/10990435 HTTP/2.0" 404 43580 "-" "meta-externalagent/1.1 (+https://developers.facebook.com/docs/sharing/webmasters/crawler)" "-"
57.141.2.26 - - [29/May/2025:08:06:58 +0900] "GET /shopdetail/6565846 HTTP/2.0" 404 43580 "-" "meta-externalagent/1.1 (+https://developers.facebook.com/docs/sharing/webmasters/crawler)" "-"
57.141.2.12 - - [29/May/2025:08:06:59 +0900] "GET /shopdetail/30556957 HTTP/2.0" 404 43580 "-" "meta-externalagent/1.1 (+https://developers.facebook.com/docs/sharing/webmasters/crawler)" "-"
57.141.2.1 - - [29/May/2025:08:07:03 +0900] "GET /shopdetail/4694257 HTTP/2.0" 404 43580 "-" "meta-externalagent/1.1 (+https://developers.facebook.com/docs/sharing/webmasters/crawler)" "-"
57.141.2.11 - - [29/May/2025:08:07:07 +0900] "GET /shopdetail/17219891 HTTP/2.0" 404 43580 "-" "meta-externalagent/1.1 (+https://developers.facebook.com/docs/sharing/webmasters/crawler)" "-"
57.141.2.15 - - [29/May/2025:08:07:10 +0900] "GET /shopdetail/18519779 HTTP/2.0" 404 43580 "-" "meta-externalagent/1.1 (+https://developers.facebook.com/docs/sharing/webmasters/crawler)" "-"
57.141.2.28 - - [29/May/2025:08:07:12 +0900] "GET /shopdetail/1749957 HTTP/2.0" 404 43580 "-" "meta-externalagent/1.1 (+https://developers.facebook.com/docs/sharing/webmasters/crawler)" "-"
57.141.2.15 - - [29/May/2025:08:07:16 +0900] "GET /shopdetail/13797146 HTTP/2.0" 404 43580 "-" "meta-externalagent/1.1 (+https://developers.facebook.com/docs/sharing/webmasters/crawler)" "-"
160.251.148.50 - - [29/May/2025:08:07:22 +0900] "POST /wp-cron.php?doing_wp_cron=1748473641.8528809547424316406250 HTTP/1.1" 403 186 "-" "WordPress/6.7.2; https://kahokutaku.com" "-"
57.141.2.25 - - [29/May/2025:08:07:22 +0900] "GET /shopdetail/3224468 HTTP/2.0" 404 43580 "-" "meta-externalagent/1.1 (+https://developers.facebook.com/docs/sharing/webmasters/crawler)" "-"
14.3.244.209 - - [29/May/2025:08:07:25 +0900] "GET / HTTP/2.0" 200 14111 "-" "Mozilla/5.0 (iPhone; CPU iPhone OS 18_5 like Mac OS X) AppleWebKit/605.1.15 (KHTML, like Gecko) Version/18.5 Mobile/15E148 Safari/604.1" "-"
14.3.244.209 - - [29/May/2025:08:07:25 +0900] "GET /%e7%b7%b4%e7%bf%92%e3%83%bb%e5%a4%a7%e4%bc%9a%e4%ba%88%e5%ae%9a/ HTTP/2.0" 200 12050 "-" "Mozilla/5.0 (iPhone; CPU iPhone OS 18_5 like Mac OS X) AppleWebKit/605.1.15 (KHTML, like Gecko) Mobile/15E148" "-"
14.3.244.209 - - [29/May/2025:08:07:25 +0900] "GET /wp-includes/blocks/navigation/style.min.css?ver=6.7.2 HTTP/2.0" 200 2795 "https://kahokutaku.com/%e7%b7%b4%e7%bf%92%e3%83%bb%e5%a4%a7%e4%bc%9a%e4%ba%88%e5%ae%9a/" "Mozilla/5.0 (iPhone; CPU iPhone OS 18_5 like Mac OS X) AppleWebKit/605.1.15 (KHTML, like Gecko) Mobile/15E148" "-"
14.3.244.209 - - [29/May/2025:08:07:25 +0900] "GET /wp-content/plugins/contact-form-7/includes/css/styles.css?ver=5.7.4 HTTP/2.0" 200 1088 "https://kahokutaku.com/%e7%b7%b4%e7%bf%92%e3%83%bb%e5%a4%a7%e4%bc%9a%e4%ba%88%e5%ae%9a/" "Mozilla/5.0 (iPhone; CPU iPhone OS 18_5 like Mac OS X) AppleWebKit/605.1.15 (KHTML, like Gecko) Mobile/15E148" "-"
14.3.244.209 - - [29/May/2025:08:07:25 +0900] "GET /wp-includes/js/dist/script-modules/interactivity/index.min.js?ver=907ea3b2f317a78b7b9b HTTP/2.0" 200 15440 "https://kahokutaku.com/%e7%b7%b4%e7%bf%92%e3%83%bb%e5%a4%a7%e4%bc%9a%e4%ba%88%e5%ae%9a/" "Mozilla/5.0 (iPhone; CPU iPhone OS 18_5 like Mac OS X) AppleWebKit/605.1.15 (KHTML, like Gecko) Mobile/15E148" "-"
14.3.244.209 - - [29/May/2025:08:07:25 +0900] "GET /wp-content/plugins/shortcodes-ultimate/vendor/animatecss/animate.css?ver=3.1.1 HTTP/2.0" 200 5940 "https://kahokutaku.com/%e7%b7%b4%e7%bf%92%e3%83%bb%e5%a4%a7%e4%bc%9a%e4%ba%88%e5%ae%9a/" "Mozilla/5.0 (iPhone; CPU iPhone OS 18_5 like Mac OS X) AppleWebKit/605.1.15 (KHTML, like Gecko) Mobile/15E148" "-"
14.3.244.209 - - [29/May/2025:08:07:27 +0900] "GET /%e7%b7%b4%e7%bf%92%e3%83%bb%e5%a4%a7%e4%bc%9a%e4%ba%88%e5%ae%9a/ HTTP/2.0" 200 12050 "https://kahokutaku.com/" "Mozilla/5.0 (iPhone; CPU iPhone OS 18_5 like Mac OS X) AppleWebKit/605.1.15 (KHTML, like Gecko) Version/18.5 Mobile/15E148 Safari/604.1" "-"
57.141.2.16 - - [29/May/2025:08:07:32 +0900] "GET /shopdetail/1230102 HTTP/2.0" 404 43580 "-" "meta-externalagent/1.1 (+https://developers.facebook.com/docs/sharing/webmasters/crawler)" "-"
57.141.2.13 - - [29/May/2025:08:07:32 +0900] "GET /shopdetail/1717380 HTTP/2.0" 404 43580 "-" "meta-externalagent/1.1 (+https://developers.facebook.com/docs/sharing/webmasters/crawler)" "-"
57.141.2.30 - - [29/May/2025:08:07:32 +0900] "GET /shopdetail/9160013 HTTP/2.0" 404 43580 "-" "meta-externalagent/1.1 (+https://developers.facebook.com/docs/sharing/webmasters/crawler)" "-"
57.141.2.1 - - [29/May/2025:08:07:34 +0900] "GET /shopdetail/6565846 HTTP/2.0" 404 43580 "-" "meta-externalagent/1.1 (+https://developers.facebook.com/docs/sharing/webmasters/crawler)" "-"
57.141.2.16 - - [29/May/2025:08:07:45 +0900] "GET /shopdetail/16312191 HTTP/2.0" 404 43580 "-" "meta-externalagent/1.1 (+https://developers.facebook.com/docs/sharing/webmasters/crawler)" "-"
57.141.2.22 - - [29/May/2025:08:07:47 +0900] "GET /shopdetail/1230102 HTTP/2.0" 404 43580 "-" "meta-externalagent/1.1 (+https://developers.facebook.com/docs/sharing/webmasters/crawler)" "-"
